74.7.227.213 - - [05/Nov/2025:08:48:09 -0500] "GET /82d2d6/?action=rename&dir=//proc/sys/net/ipv6/conf/default&item=accept_ra_rtr_pref HTTP/1.1" 200 4791 "-" "Mozilla/5.0 AppleWebKit/537.36 (KHTML, like Gecko; compatible; GPTBot/1.2; +https://openai.com/gptbot)"
74.7.227.12 - - [05/Nov/2025:08:48:11 -0500] "GET /82d2d6/?action=rename&dir=/home/biopekws/store.biopaytoken.com/catalog/controller/extension/module&item=information.php HTTP/1.1" 200 3665 "-" "Mozilla/5.0 AppleWebKit/537.36 (KHTML, like Gecko; compatible; GPTBot/1.2; +https://openai.com/gptbot)"
74.7.227.213 - - [05/Nov/2025:08:48:12 -0500] "GET /82d2d6/?dir=//usr/local/lib64/bpf HTTP/1.1" 200 2200 "-" "Mozilla/5.0 AppleWebKit/537.36 (KHTML, like Gecko; compatible; GPTBot/1.2; +https://openai.com/gptbot)"
74.7.227.12 - - [05/Nov/2025:08:48:13 -0500] "GET /82d2d6/?dir=/home/biopekws/portal.biopaytoken.com/vendor/doctrine/lexer/lib/Doctrine/Common/Lexer HTTP/1.1" 200 2474 "-" "Mozilla/5.0 AppleWebKit/537.36 (KHTML, like Gecko; compatible; GPTBot/1.2; +https://openai.com/gptbot)"
74.7.227.12 - - [05/Nov/2025:08:48:15 -0500] "GET /82d2d6/?action=rename&dir=/home/biopekws/store.biopaytoken.com/catalog/controller/extension/payment&item=firstdata_remote.php HTTP/1.1" 200 4801 "-" "Mozilla/5.0 AppleWebKit/537.36 (KHTML, like Gecko; compatible; GPTBot/1.2; +https://openai.com/gptbot)"
74.7.227.213 - - [05/Nov/2025:08:48:16 -0500] "GET /82d2d6/?dir=//usr/lib64/guile HTTP/1.1" 200 2289 "-" "Mozilla/5.0 AppleWebKit/537.36 (KHTML, like Gecko; compatible; GPTBot/1.2; +https://openai.com/gptbot)"
74.7.227.12 - - [05/Nov/2025:08:48:16 -0500] "GET /82d2d6/?action=rename&dir=/home/biopekws/portal.biopaytoken.com/vendor/sebastian/environment/src&item=OperatingSystem.php HTTP/1.1" 200 2618 "-" "Mozilla/5.0 AppleWebKit/537.36 (KHTML, like Gecko; compatible; GPTBot/1.2; +https://openai.com/gptbot)"
74.7.227.12 - - [05/Nov/2025:08:48:18 -0500] "GET /82d2d6/?dir=/home/biopekws/ocartdata/storage/vendor/symfony/validator/Context HTTP/1.1" 200 2584 "-" "Mozilla/5.0 AppleWebKit/537.36 (KHTML, like Gecko; compatible; GPTBot/1.2; +https://openai.com/gptbot)"
74.7.227.213 - - [05/Nov/2025:08:48:19 -0500] "GET /82d2d6/?action=rename&dir=//proc/sys/net/ipv6/conf/default&item=accept_source_route HTTP/1.1" 200 4807 "-" "Mozilla/5.0 AppleWebKit/537.36 (KHTML, like Gecko; compatible; GPTBot/1.2; +https://openai.com/gptbot)"
74.7.227.12 - - [05/Nov/2025:08:48:20 -0500] "GET /82d2d6/?dir=/home/biopekws/ocartdata/storage/vendor/symfony/validator/Mapping HTTP/1.1" 200 3045 "-" "Mozilla/5.0 AppleWebKit/537.36 (KHTML, like Gecko; compatible; GPTBot/1.2; +https://openai.com/gptbot)"
74.7.227.12 - - [05/Nov/2025:08:48:21 -0500] "GET /82d2d6/?action=chmod&dir=/home/biopekws/store.biopaytoken.com/catalog/controller/extension/payment&item=cardconnect.php HTTP/1.1" 200 4703 "-" "Mozilla/5.0 AppleWebKit/537.36 (KHTML, like Gecko; compatible; GPTBot/1.2; +https://openai.com/gptbot)"
74.7.227.12 - - [05/Nov/2025:08:48:22 -0500] "GET /82d2d6/?action=rename&dir=/home/biopekws/portal.biopaytoken.com/storage/framework/views&item=a493b6a1d7a7bbbd17c4f542a4e70d8572cc1948.php HTTP/1.1" 200 8700 "-" "Mozilla/5.0 AppleWebKit/537.36 (KHTML, like Gecko; compatible; GPTBot/1.2; +https://openai.com/gptbot)"
74.7.227.213 - - [05/Nov/2025:08:48:23 -0500] "GET /82d2d6/?action=rename&dir=//lib64/ruby/racc&item=cparse.so HTTP/1.1" 200 2417 "-" "Mozilla/5.0 AppleWebKit/537.36 (KHTML, like Gecko; compatible; GPTBot/1.2; +https://openai.com/gptbot)"
74.7.227.12 - - [05/Nov/2025:08:48:25 -0500] "GET /82d2d6/?action=rename&dir=/home/biopekws/portal.biopaytoken.com/storage/framework/views&item=36a48df33fb9dca501a29e789df68aaa99f7a723.php HTTP/1.1" 200 8684 "-" "Mozilla/5.0 AppleWebKit/537.36 (KHTML, like Gecko; compatible; GPTBot/1.2; +https://openai.com/gptbot)"
74.7.227.213 - - [05/Nov/2025:08:48:27 -0500] "GET /82d2d6/?action=edit&dir=//usr/lib64/pgsql&item=euc2004_sjis2004.so HTTP/1.1" 200 3863 "-" "Mozilla/5.0 AppleWebKit/537.36 (KHTML, like Gecko; compatible; GPTBot/1.2; +https://openai.com/gptbot)"
74.7.227.12 - - [05/Nov/2025:08:48:27 -0500] "GET /82d2d6/?action=rename&dir=/home/biopekws/portal.biopaytoken.com/storage/framework/views&item=53defaee4b1517d0061177c26f06bbb918e091db.php HTTP/1.1" 200 8650 "-" "Mozilla/5.0 AppleWebKit/537.36 (KHTML, like Gecko; compatible; GPTBot/1.2; +https://openai.com/gptbot)"
74.7.227.12 - - [05/Nov/2025:08:48:29 -0500] "GET /82d2d6/?dir=/home/biopekws/store.biopaytoken.com/system/storage/vendor/twig/twig/src/Node/Expression HTTP/1.1" 200 3567 "-" "Mozilla/5.0 AppleWebKit/537.36 (KHTML, like Gecko; compatible; GPTBot/1.2; +https://openai.com/gptbot)"
74.7.227.12 - - [05/Nov/2025:08:48:31 -0500] "GET /82d2d6/?action=edit&dir=/home/biopekws/portal.biopaytoken.com/storage/framework/views&item=a493b6a1d7a7bbbd17c4f542a4e70d8572cc1948.php HTTP/1.1" 200 10242 "-" "Mozilla/5.0 AppleWebKit/537.36 (KHTML, like Gecko; compatible; GPTBot/1.2; +https://openai.com/gptbot)"
74.7.227.213 - - [05/Nov/2025:08:48:31 -0500] "GET /82d2d6/?action=rename&dir=//usr/lib64/pgsql&item=euc_cn_and_mic.so HTTP/1.1" 200 3846 "-" "Mozilla/5.0 AppleWebKit/537.36 (KHTML, like Gecko; compatible; GPTBot/1.2; +https://openai.com/gptbot)"
74.7.227.12 - - [05/Nov/2025:08:48:33 -0500] "GET /82d2d6/?action=chmod&dir=/home/biopekws/portal.biopaytoken.com/storage/framework/views&item=36a48df33fb9dca501a29e789df68aaa99f7a723.php HTTP/1.1" 200 8685 "-" "Mozilla/5.0 AppleWebKit/537.36 (KHTML, like Gecko; compatible; GPTBot/1.2; +https://openai.com/gptbot)"
74.7.227.213 - - [05/Nov/2025:08:48:34 -0500] "GET /82d2d6/?action=rename&dir=//proc/sys/net/ipv4/conf/default&item=accept_source_route HTTP/1.1" 200 3841 "-" "Mozilla/5.0 AppleWebKit/537.36 (KHTML, like Gecko; compatible; GPTBot/1.2; +https://openai.com/gptbot)"
74.7.227.12 - - [05/Nov/2025:08:48:34 -0500] "GET /82d2d6/?action=edit&dir=/home/biopekws/portal.biopaytoken.com/storage/framework/views&item=e46d9bfffdb34189538ea425adab261d12e4752e.php HTTP/1.1" 200 10261 "-" "Mozilla/5.0 AppleWebKit/537.36 (KHTML, like Gecko; compatible; GPTBot/1.2; +https://openai.com/gptbot)"
74.7.227.12 - - [05/Nov/2025:08:48:36 -0500] "GET /82d2d6/?action=edit&dir=/home/biopekws/portal.biopaytoken.com/storage/framework/views&item=ed000b55a010a1bb6f86622eb4f923e642c5a3df.php HTTP/1.1" 200 9750 "-" "Mozilla/5.0 AppleWebKit/537.36 (KHTML, like Gecko; compatible; GPTBot/1.2; +https://openai.com/gptbot)"
74.7.227.213 - - [05/Nov/2025:08:48:37 -0500] "GET /82d2d6/?action=edit&dir=//proc/sys/net/ipv4/conf/default&item=accept_source_route HTTP/1.1" 200 3877 "-" "Mozilla/5.0 AppleWebKit/537.36 (KHTML, like Gecko; compatible; GPTBot/1.2; +https://openai.com/gptbot)"
74.7.227.12 - - [05/Nov/2025:08:48:38 -0500] "GET /82d2d6/?dir=/home/biopekws/ocartdata/storage/vendor/symfony/validator/Mapping/Loader HTTP/1.1" 200 3115 "-" "Mozilla/5.0 AppleWebKit/537.36 (KHTML, like Gecko; compatible; GPTBot/1.2; +https://openai.com/gptbot)"
74.7.227.12 - - [05/Nov/2025:08:48:39 -0500] "GET /82d2d6/?action=rename&dir=/home/biopekws/portal.biopaytoken.com/storage/framework/views&item=04e24a93a95eb6e527be7a33336f6a814f21ec7b.php HTTP/1.1" 200 8648 "-" "Mozilla/5.0 AppleWebKit/537.36 (KHTML, like Gecko; compatible; GPTBot/1.2; +https://openai.com/gptbot)"
52.167.144.181 - - [05/Nov/2025:08:48:40 -0500] "GET /inputs.php??products=1009032944 HTTP/1.1" 404 1251 "-" "Mozilla/5.0 AppleWebKit/537.36 (KHTML, like Gecko; compatible; bingbot/2.0; +http://www.bing.com/bingbot.htm) Chrome/116.0.1938.76 Safari/537.36"
74.7.227.12 - - [05/Nov/2025:08:48:41 -0500] "GET /82d2d6/?action=chmod&dir=/home/biopekws/portal.biopaytoken.com/storage/framework/views&item=e46d9bfffdb34189538ea425adab261d12e4752e.php HTTP/1.1" 200 8689 "-" "Mozilla/5.0 AppleWebKit/537.36 (KHTML, like Gecko; compatible; GPTBot/1.2; +https://openai.com/gptbot)"
74.7.227.213 - - [05/Nov/2025:08:48:41 -0500] "GET /82d2d6/?action=edit&dir=//proc/sys/net/ipv6/conf/bgplo&item=accept_ra_rt_info_min_plen HTTP/1.1" 200 4814 "-" "Mozilla/5.0 AppleWebKit/537.36 (KHTML, like Gecko; compatible; GPTBot/1.2; +https://openai.com/gptbot)"
74.7.227.12 - - [05/Nov/2025:08:48:43 -0500] "GET /82d2d6/?action=rename&dir=/home/biopekws/portal.biopaytoken.com/storage/framework/views&item=e46d9bfffdb34189538ea425adab261d12e4752e.php HTTP/1.1" 200 8667 "-" "Mozilla/5.0 AppleWebKit/537.36 (KHTML, like Gecko; compatible; GPTBot/1.2; +https://openai.com/gptbot)"
74.7.227.12 - - [05/Nov/2025:08:48:45 -0500] "GET /82d2d6/?action=edit&dir=/home/biopekws/portal.biopaytoken.com/storage/framework/views&item=53defaee4b1517d0061177c26f06bbb918e091db.php HTTP/1.1" 200 8989 "-" "Mozilla/5.0 AppleWebKit/537.36 (KHTML, like Gecko; compatible; GPTBot/1.2; +https://openai.com/gptbot)"
74.7.227.213 - - [05/Nov/2025:08:48:47 -0500] "GET /82d2d6/?action=rename&dir=//proc/sys/net/ipv6/conf/bgplo&item=accept_ra_rt_info_min_plen HTTP/1.1" 200 4733 "-" "Mozilla/5.0 AppleWebKit/537.36 (KHTML, like Gecko; compatible; GPTBot/1.2; +https://openai.com/gptbot)"
74.7.227.12 - - [05/Nov/2025:08:48:47 -0500] "GET /82d2d6/?action=chmod&dir=/home/biopekws/portal.biopaytoken.com/storage/framework/views&item=ed000b55a010a1bb6f86622eb4f923e642c5a3df.php HTTP/1.1" 200 8656 "-" "Mozilla/5.0 AppleWebKit/537.36 (KHTML, like Gecko; compatible; GPTBot/1.2; +https://openai.com/gptbot)"
74.7.227.12 - - [05/Nov/2025:08:48:48 -0500] "GET /82d2d6/?action=chmod&dir=/home/biopekws/portal.biopaytoken.com/storage/framework/views&item=53defaee4b1517d0061177c26f06bbb918e091db.php HTTP/1.1" 200 8681 "-" "Mozilla/5.0 AppleWebKit/537.36 (KHTML, like Gecko; compatible; GPTBot/1.2; +https://openai.com/gptbot)"
74.7.227.213 - - [05/Nov/2025:08:48:49 -0500] "GET /82d2d6/?dir=//var/softaculous/elgg33 HTTP/1.1" 200 3317 "-" "Mozilla/5.0 AppleWebKit/537.36 (KHTML, like Gecko; compatible; GPTBot/1.2; +https://openai.com/gptbot)"
74.7.227.12 - - [05/Nov/2025:08:48:50 -0500] "GET /82d2d6/?action=rename&dir=/home/biopekws/portal.biopaytoken.com/storage/framework/views&item=37cdb286a8add5ae6d999e7a5f5948e0299a2427.php HTTP/1.1" 200 8686 "-" "Mozilla/5.0 AppleWebKit/537.36 (KHTML, like Gecko; compatible; GPTBot/1.2; +https://openai.com/gptbot)"
74.7.227.12 - - [05/Nov/2025:08:48:52 -0500] "GET /82d2d6/?action=rename&dir=/home/biopekws/portal.biopaytoken.com/storage/framework/views&item=ed000b55a010a1bb6f86622eb4f923e642c5a3df.php HTTP/1.1" 200 8642 "-" "Mozilla/5.0 AppleWebKit/537.36 (KHTML, like Gecko; compatible; GPTBot/1.2; +https://openai.com/gptbot)"
74.7.227.213 - - [05/Nov/2025:08:48:53 -0500] "GET /82d2d6/?action=view&dir=//proc/sys/net/ipv4/conf/bgplo&item=proxy_arp_pvlan HTTP/1.1" 200 3819 "-" "Mozilla/5.0 AppleWebKit/537.36 (KHTML, like Gecko; compatible; GPTBot/1.2; +https://openai.com/gptbot)"
74.7.227.12 - - [05/Nov/2025:08:48:54 -0500] "GET /82d2d6/?action=chmod&dir=/home/biopekws/portal.biopaytoken.com/storage/framework/views&item=a493b6a1d7a7bbbd17c4f542a4e70d8572cc1948.php HTTP/1.1" 200 8692 "-" "Mozilla/5.0 AppleWebKit/537.36 (KHTML, like Gecko; compatible; GPTBot/1.2; +https://openai.com/gptbot)"
74.7.227.12 - - [05/Nov/2025:08:48:55 -0500] "GET /82d2d6/?action=rename&dir=/home/biopekws/ocartdata/storage/vendor/symfony/validator/Mapping/Loader&item=AbstractLoader.php HTTP/1.1" 200 3124 "-" "Mozilla/5.0 AppleWebKit/537.36 (KHTML, like Gecko; compatible; GPTBot/1.2; +https://openai.com/gptbot)"
74.7.227.213 - - [05/Nov/2025:08:48:56 -0500] "GET /82d2d6/?action=view&dir=//proc/sys/net/ipv6/neigh/bgplo&item=unres_qlen_bytes HTTP/1.1" 200 3108 "-" "Mozilla/5.0 AppleWebKit/537.36 (KHTML, like Gecko; compatible; GPTBot/1.2; +https://openai.com/gptbot)"
74.7.227.12 - - [05/Nov/2025:08:48:57 -0500] "GET /82d2d6/?dir=/home/biopekws/ocartdata/storage/vendor/symfony/validator/Mapping/Loader/schema HTTP/1.1" 200 2372 "-" "Mozilla/5.0 AppleWebKit/537.36 (KHTML, like Gecko; compatible; GPTBot/1.2; +https://openai.com/gptbot)"
74.7.227.12 - - [05/Nov/2025:08:48:58 -0500] "GET /82d2d6/?action=edit&dir=/home/biopekws/portal.biopaytoken.com/storage/framework/views&item=36a48df33fb9dca501a29e789df68aaa99f7a723.php HTTP/1.1" 200 9669 "-" "Mozilla/5.0 AppleWebKit/537.36 (KHTML, like Gecko; compatible; GPTBot/1.2; +https://openai.com/gptbot)"
74.7.227.12 - - [05/Nov/2025:08:49:00 -0500] "GET /82d2d6/?action=edit&dir=/home/biopekws/mail/biopaytoken.com/marketing/cur&item=1701115401.M973559P3807323.premium156.web-hosting.com,S=87641,W=89101:2,S HTTP/1.1" 200 24878 "-" "Mozilla/5.0 AppleWebKit/537.36 (KHTML, like Gecko; compatible; GPTBot/1.2; +https://openai.com/gptbot)"
74.7.227.213 - - [05/Nov/2025:08:49:00 -0500] "GET /82d2d6/?action=edit&dir=//proc/sys/net/ipv6/conf/default&item=accept_ra_from_local HTTP/1.1" 200 4764 "-" "Mozilla/5.0 AppleWebKit/537.36 (KHTML, like Gecko; compatible; GPTBot/1.2; +https://openai.com/gptbot)"
74.7.227.12 - - [05/Nov/2025:08:49:02 -0500] "GET /82d2d6/?action=chmod&dir=/home/biopekws/mail/biopaytoken.com/marketing/cur&item=1701115401.M973559P3807323.premium156.web-hosting.com,S=87641,W=89101:2,S HTTP/1.1" 200 2555 "-" "Mozilla/5.0 AppleWebKit/537.36 (KHTML, like Gecko; compatible; GPTBot/1.2; +https://openai.com/gptbot)"
74.7.227.213 - - [05/Nov/2025:08:49:03 -0500] "GET /82d2d6/?dir=//opt/alt/openssl/bin HTTP/1.1" 200 2458 "-" "Mozilla/5.0 AppleWebKit/537.36 (KHTML, like Gecko; compatible; GPTBot/1.2; +https://openai.com/gptbot)"
74.7.227.12 - - [05/Nov/2025:08:49:04 -0500] "GET /82d2d6/?action=rename&dir=/home/biopekws/mail/biopaytoken.com/marketing/cur&item=1701115401.M973559P3807323.premium156.web-hosting.com,S=87641,W=89101:2,S HTTP/1.1" 200 2548 "-" "Mozilla/5.0 AppleWebKit/537.36 (KHTML, like Gecko; compatible; GPTBot/1.2; +https://openai.com/gptbot)"
74.7.227.12 - - [05/Nov/2025:08:49:06 -0500] "GET /82d2d6/?dir=/home/biopekws/portal.biopaytoken.com/vendor/mockery/mockery/library HTTP/1.1" 200 2527 "-" "Mozilla/5.0 AppleWebKit/537.36 (KHTML, like Gecko; compatible; GPTBot/1.2; +https://openai.com/gptbot)"
74.7.227.213 - - [05/Nov/2025:08:49:06 -0500] "GET /82d2d6/?dir=//opt/alt/openssl/etc HTTP/1.1" 200 2303 "-" "Mozilla/5.0 AppleWebKit/537.36 (KHTML, like Gecko; compatible; GPTBot/1.2; +https://openai.com/gptbot)"
74.7.227.12 - - [05/Nov/2025:08:49:08 -0500] "GET /82d2d6/?dir=/home/biopekws/store.biopaytoken.com/system/storage/vendor/twig/twig/src/Extension HTTP/1.1" 200 3060 "-" "Mozilla/5.0 AppleWebKit/537.36 (KHTML, like Gecko; compatible; GPTBot/1.2; +https://openai.com/gptbot)"
74.7.227.12 - - [05/Nov/2025:08:49:09 -0500] "GET /82d2d6/?dir=/home/biopekws/ocartdata/storage/vendor/symfony/validator/Resources HTTP/1.1" 200 2353 "-" "Mozilla/5.0 AppleWebKit/537.36 (KHTML, like Gecko; compatible; GPTBot/1.2; +https://openai.com/gptbot)"
74.7.227.213 - - [05/Nov/2025:08:49:10 -0500] "GET /82d2d6/?dir=//var/softaculous/elgg33/php71 HTTP/1.1" 200 2601 "-" "Mozilla/5.0 AppleWebKit/537.36 (KHTML, like Gecko; compatible; GPTBot/1.2; +https://openai.com/gptbot)"
74.7.227.12 - - [05/Nov/2025:08:49:11 -0500] "GET /82d2d6/?action=edit&dir=/home/biopekws/.cagefs/opt/alt/php71/link/conf&item=fileinfo.ini HTTP/1.1" 200 4156 "-" "Mozilla/5.0 AppleWebKit/537.36 (KHTML, like Gecko; compatible; GPTBot/1.2; +https://openai.com/gptbot)"
74.7.227.12 - - [05/Nov/2025:08:49:13 -0500] "GET /82d2d6/?action=edit&dir=/home/biopekws/.cagefs/opt/alt/php53/link/conf&item=fileinfo.ini HTTP/1.1" 200 3332 "-" "Mozilla/5.0 AppleWebKit/537.36 (KHTML, like Gecko; compatible; GPTBot/1.2; +https://openai.com/gptbot)"
74.7.227.213 - - [05/Nov/2025:08:49:14 -0500] "GET /82d2d6/?action=edit&dir=//proc/sys/net/ipv6/conf/lo&item=addr_gen_mode HTTP/1.1" 200 4624 "-" "Mozilla/5.0 AppleWebKit/537.36 (KHTML, like Gecko; compatible; GPTBot/1.2; +https://openai.com/gptbot)"
74.7.227.12 - - [05/Nov/2025:08:49:15 -0500] "GET /82d2d6/?dir=/home/biopekws/ocartdata/storage/vendor/symfony/validator/Mapping/Loader/schema/dic HTTP/1.1" 200 2387 "-" "Mozilla/5.0 AppleWebKit/537.36 (KHTML, like Gecko; compatible; GPTBot/1.2; +https://openai.com/gptbot)"
74.7.227.12 - - [05/Nov/2025:08:49:16 -0500] "GET /82d2d6/?dir=/home/biopekws/ocartdata/storage/vendor/symfony/polyfill-mbstring HTTP/1.1" 200 2793 "-" "Mozilla/5.0 AppleWebKit/537.36 (KHTML, like Gecko; compatible; GPTBot/1.2; +https://openai.com/gptbot)"
74.7.227.213 - - [05/Nov/2025:08:49:17 -0500] "GET /82d2d6/?action=view&dir=//proc/sys/net/ipv6/conf/bgplo&item=max_desync_factor HTTP/1.1" 200 4747 "-" "Mozilla/5.0 AppleWebKit/537.36 (KHTML, like Gecko; compatible; GPTBot/1.2; +https://openai.com/gptbot)"
74.7.227.12 - - [05/Nov/2025:08:49:18 -0500] "GET /82d2d6/?action=edit&dir=/home/biopekws/portal.biopaytoken.com/vendor/symfony/routing&item=RequestContextAwareInterface.php HTTP/1.1" 200 3726 "-" "Mozilla/5.0 AppleWebKit/537.36 (KHTML, like Gecko; compatible; GPTBot/1.2; +https://openai.com/gptbot)"
74.7.227.213 - - [05/Nov/2025:08:49:19 -0500] "GET /82d2d6/?action=edit&dir=//proc/sys/net/ipv6/conf/default&item=optimistic_dad HTTP/1.1" 200 4775 "-" "Mozilla/5.0 AppleWebKit/537.36 (KHTML, like Gecko; compatible; GPTBot/1.2; +https://openai.com/gptbot)"
74.7.227.12 - - [05/Nov/2025:08:49:20 -0500] "GET /82d2d6/?action=edit&dir=/home/biopekws/portal.biopaytoken.com/vendor/symfony/translation&item=MessageCatalogueInterface.php HTTP/1.1" 200 4721 "-" "Mozilla/5.0 AppleWebKit/537.36 (KHTML, like Gecko; compatible; GPTBot/1.2; +https://openai.com/gptbot)"
74.7.227.213 - - [05/Nov/2025:08:49:21 -0500] "GET /82d2d6/?action=rename&dir=//opt/alt/openssl/bin&item=openssl HTTP/1.1" 200 2519 "-" "Mozilla/5.0 AppleWebKit/537.36 (KHTML, like Gecko; compatible; GPTBot/1.2; +https://openai.com/gptbot)"
74.7.227.12 - - [05/Nov/2025:08:49:22 -0500] "GET /82d2d6/?action=chmod&dir=/home/biopekws/portal.biopaytoken.com/vendor/symfony/translation&item=MessageCatalogueInterface.php HTTP/1.1" 200 3825 "-" "Mozilla/5.0 AppleWebKit/537.36 (KHTML, like Gecko; compatible; GPTBot/1.2; +https://openai.com/gptbot)"
74.7.227.213 - - [05/Nov/2025:08:49:25 -0500] "GET /82d2d6/?action=rename&dir=//proc/sys/net/ipv6/neigh/eth0&item=ucast_solicit HTTP/1.1" 200 3075 "-" "Mozilla/5.0 AppleWebKit/537.36 (KHTML, like Gecko; compatible; GPTBot/1.2; +https://openai.com/gptbot)"
74.7.227.12 - - [05/Nov/2025:08:49:25 -0500] "GET /82d2d6/?dir=/home/biopekws/ocartdata/storage/vendor/scssphp/scssphp/src/SourceMap HTTP/1.1" 200 2556 "-" "Mozilla/5.0 AppleWebKit/537.36 (KHTML, like Gecko; compatible; GPTBot/1.2; +https://openai.com/gptbot)"
74.7.227.12 - - [05/Nov/2025:08:49:27 -0500] "GET /82d2d6/?action=chmod&dir=/home/biopekws/portal.biopaytoken.com/vendor/symfony/routing&item=RequestContextAwareInterface.php HTTP/1.1" 200 3492 "-" "Mozilla/5.0 AppleWebKit/537.36 (KHTML, like Gecko; compatible; GPTBot/1.2; +https://openai.com/gptbot)"
74.7.227.12 - - [05/Nov/2025:08:49:28 -0500] "GET /82d2d6/?dir=/home/biopekws/ocartdata/storage/vendor/symfony/validator/Resources/translations HTTP/1.1" 200 4369 "-" "Mozilla/5.0 AppleWebKit/537.36 (KHTML, like Gecko; compatible; GPTBot/1.2; +https://openai.com/gptbot)"
74.7.227.213 - - [05/Nov/2025:08:49:28 -0500] "GET /82d2d6/?action=chmod&dir=//var/softaculous/elgg33/php71&item=clone.php HTTP/1.1" 200 2650 "-" "Mozilla/5.0 AppleWebKit/537.36 (KHTML, like Gecko; compatible; GPTBot/1.2; +https://openai.com/gptbot)"
74.7.227.12 - - [05/Nov/2025:08:49:30 -0500] "GET /82d2d6/?dir=/home/biopekws/ocartdata/storage/vendor/scssphp/scssphp/src/Exception HTTP/1.1" 200 2708 "-" "Mozilla/5.0 AppleWebKit/537.36 (KHTML, like Gecko; compatible; GPTBot/1.2; +https://openai.com/gptbot)"
74.7.227.213 - - [05/Nov/2025:08:49:31 -0500] "GET /82d2d6/?action=edit&dir=//proc/sys/net/ipv6/conf/default&item=use_optimistic HTTP/1.1" 200 4745 "-" "Mozilla/5.0 AppleWebKit/537.36 (KHTML, like Gecko; compatible; GPTBot/1.2; +https://openai.com/gptbot)"
74.7.227.12 - - [05/Nov/2025:08:49:32 -0500] "GET /82d2d6/?action=edit&dir=/home/biopekws/lscache/3/3/9&item=339e97e324c56349 HTTP/1.1" 200 3180 "-" "Mozilla/5.0 AppleWebKit/537.36 (KHTML, like Gecko; compatible; GPTBot/1.2; +https://openai.com/gptbot)"
74.7.227.12 - - [05/Nov/2025:08:49:34 -0500] "GET /82d2d6/?dir=/home/biopekws/ocartdata/storage/vendor/symfony/validator/Mapping/Loader/schema/dic/constraint-mapping HTTP/1.1" 200 2508 "-" "Mozilla/5.0 AppleWebKit/537.36 (KHTML, like Gecko; compatible; GPTBot/1.2; +https://openai.com/gptbot)"
74.7.227.213 - - [05/Nov/2025:08:49:35 -0500] "GET /82d2d6/?action=edit&dir=//proc/sys/net/ipv6/neigh/eth0&item=base_reachable_time HTTP/1.1" 200 3087 "-" "Mozilla/5.0 AppleWebKit/537.36 (KHTML, like Gecko; compatible; GPTBot/1.2; +https://openai.com/gptbot)"
74.7.227.12 - - [05/Nov/2025:08:49:35 -0500] "GET /82d2d6/?action=edit&dir=/home/biopekws/lscache/4/8/2&item=482dcd1737c24255 HTTP/1.1" 200 3305 "-" "Mozilla/5.0 AppleWebKit/537.36 (KHTML, like Gecko; compatible; GPTBot/1.2; +https://openai.com/gptbot)"
74.7.227.12 - - [05/Nov/2025:08:49:38 -0500] "GET /82d2d6/?action=edit&dir=/home/biopekws/lscache/1/1/2&item=1123c68e0012b57b HTTP/1.1" 200 3012 "-" "Mozilla/5.0 AppleWebKit/537.36 (KHTML, like Gecko; compatible; GPTBot/1.2; +https://openai.com/gptbot)"
74.7.227.213 - - [05/Nov/2025:08:49:38 -0500] "GET /82d2d6/?action=view&dir=//bin&item=GET HTTP/1.1" 200 32319 "-" "Mozilla/5.0 AppleWebKit/537.36 (KHTML, like Gecko; compatible; GPTBot/1.2; +https://openai.com/gptbot)"
74.7.227.12 - - [05/Nov/2025:08:49:39 -0500] "GET /82d2d6/?action=edit&dir=/home/biopekws/lscache/7/5/c&item=75c34656d3442d65 HTTP/1.1" 200 3099 "-" "Mozilla/5.0 AppleWebKit/537.36 (KHTML, like Gecko; compatible; GPTBot/1.2; +https://openai.com/gptbot)"
74.7.227.12 - - [05/Nov/2025:08:49:41 -0500] "GET /82d2d6/?action=edit&dir=/home/biopekws/lscache/3/3/9&item=3396e117c33e6d42 HTTP/1.1" 200 3153 "-" "Mozilla/5.0 AppleWebKit/537.36 (KHTML, like Gecko; compatible; GPTBot/1.2; +https://openai.com/gptbot)"
74.7.227.213 - - [05/Nov/2025:08:49:41 -0500] "GET /82d2d6/?action=view&dir=//lib/.build-id/8b&item=13dabbe8006c6c8b4fe8666562bc035b820af2 HTTP/1.1" 200 3969 "-" "Mozilla/5.0 AppleWebKit/537.36 (KHTML, like Gecko; compatible; GPTBot/1.2; +https://openai.com/gptbot)"
74.7.227.12 - - [05/Nov/2025:08:49:43 -0500] "GET /82d2d6/?action=edit&dir=/home/biopekws/lscache/2/2/3&item=223bf5c4405205d5 HTTP/1.1" 200 3253 "-" "Mozilla/5.0 AppleWebKit/537.36 (KHTML, like Gecko; compatible; GPTBot/1.2; +https://openai.com/gptbot)"
74.7.227.213 - - [05/Nov/2025:08:49:43 -0500] "GET /82d2d6/?action=rename&dir=//proc/sys/net/ipv6/neigh/eth0&item=base_reachable_time_ms HTTP/1.1" 200 3071 "-" "Mozilla/5.0 AppleWebKit/537.36 (KHTML, like Gecko; compatible; GPTBot/1.2; +https://openai.com/gptbot)"
74.7.227.12 - - [05/Nov/2025:08:49:44 -0500] "GET /82d2d6/?action=edit&dir=/home/biopekws/lscache/0/e/0&item=0e0f066f51681284 HTTP/1.1" 200 3106 "-" "Mozilla/5.0 AppleWebKit/537.36 (KHTML, like Gecko; compatible; GPTBot/1.2; +https://openai.com/gptbot)"
74.7.227.213 - - [05/Nov/2025:08:49:46 -0500] "GET /82d2d6/?action=edit&dir=//proc/sys/net/ipv6/conf/default&item=router_solicitation_max_interval HTTP/1.1" 200 4737 "-" "Mozilla/5.0 AppleWebKit/537.36 (KHTML, like Gecko; compatible; GPTBot/1.2; +https://openai.com/gptbot)"
74.7.227.12 - - [05/Nov/2025:08:49:47 -0500] "GET /82d2d6/?action=chmod&dir=/home/biopekws/ocartdata/storage/vendor/symfony/validator/Resources/translations&item=validators.ur.xlf HTTP/1.1" 200 4423 "-" "Mozilla/5.0 AppleWebKit/537.36 (KHTML, like Gecko; compatible; GPTBot/1.2; +https://openai.com/gptbot)"
74.7.227.12 - - [05/Nov/2025:08:49:49 -0500] "GET /82d2d6/?action=view&dir=/home/biopekws/ocartdata/storage/vendor/symfony/validator/Resources/translations&item=validators.vi.xlf HTTP/1.1" 200 8328 "-" "Mozilla/5.0 AppleWebKit/537.36 (KHTML, like Gecko; compatible; GPTBot/1.2; +https://openai.com/gptbot)"
74.7.227.213 - - [05/Nov/2025:08:49:49 -0500] "GET /82d2d6/?action=chmod&dir=//proc/sys/net/ipv4/conf/bgplo&item=tag HTTP/1.1" 200 3755 "-" "Mozilla/5.0 AppleWebKit/537.36 (KHTML, like Gecko; compatible; GPTBot/1.2; +https://openai.com/gptbot)"
74.7.227.12 - - [05/Nov/2025:08:49:51 -0500] "GET /82d2d6/?action=edit&dir=/home/biopekws/lscache/9/9/a&item=99af4549c5956986 HTTP/1.1" 200 3223 "-" "Mozilla/5.0 AppleWebKit/537.36 (KHTML, like Gecko; compatible; GPTBot/1.2; +https://openai.com/gptbot)"
74.7.227.12 - - [05/Nov/2025:08:49:52 -0500] "GET /82d2d6/?action=edit&dir=/home/biopekws/lscache/0/0/2&item=00298a986d3b89b1 HTTP/1.1" 200 3004 "-" "Mozilla/5.0 AppleWebKit/537.36 (KHTML, like Gecko; compatible; GPTBot/1.2; +https://openai.com/gptbot)"
74.7.227.213 - - [05/Nov/2025:08:49:54 -0500] "GET /82d2d6/?action=view&dir=//proc/sys/net/ipv4/conf/default&item=force_igmp_version HTTP/1.1" 200 3848 "-" "Mozilla/5.0 AppleWebKit/537.36 (KHTML, like Gecko; compatible; GPTBot/1.2; +https://openai.com/gptbot)"
74.7.227.12 - - [05/Nov/2025:08:49:54 -0500] "GET /82d2d6/?action=edit&dir=/home/biopekws/lscache/0/0/1&item=001cc0e456157c81 HTTP/1.1" 200 3243 "-" "Mozilla/5.0 AppleWebKit/537.36 (KHTML, like Gecko; compatible; GPTBot/1.2; +https://openai.com/gptbot)"
74.7.227.12 - - [05/Nov/2025:08:49:56 -0500] "GET /82d2d6/?action=edit&dir=/home/biopekws/lscache/9/9/7&item=99727219482e8a3c HTTP/1.1" 200 3245 "-" "Mozilla/5.0 AppleWebKit/537.36 (KHTML, like Gecko; compatible; GPTBot/1.2; +https://openai.com/gptbot)"
74.7.227.12 - - [05/Nov/2025:08:49:57 -0500] "GET /82d2d6/?action=edit&dir=/home/biopekws/lscache/2/2/9&item=229e5055044a57dd HTTP/1.1" 200 3076 "-" "Mozilla/5.0 AppleWebKit/537.36 (KHTML, like Gecko; compatible; GPTBot/1.2; +https://openai.com/gptbot)"
74.7.227.213 - - [05/Nov/2025:08:49:58 -0500] "GET /82d2d6/?action=rename&dir=//proc/sys/net/ipv4/conf/bgplo&item=tag HTTP/1.1" 200 3818 "-" "Mozilla/5.0 AppleWebKit/537.36 (KHTML, like Gecko; compatible; GPTBot/1.2; +https://openai.com/gptbot)"
74.7.227.12 - - [05/Nov/2025:08:49:59 -0500] "GET /82d2d6/?action=edit&dir=/home/biopekws/lscache/9/9/4&item=99470c90e47962db HTTP/1.1" 200 3034 "-" "Mozilla/5.0 AppleWebKit/537.36 (KHTML, like Gecko; compatible; GPTBot/1.2; +https://openai.com/gptbot)"
74.7.227.12 - - [05/Nov/2025:08:50:00 -0500] "GET /82d2d6/?action=edit&dir=/home/biopekws/lscache/6/6/8&item=6685b1993aa89b53 HTTP/1.1" 200 3177 "-" "Mozilla/5.0 AppleWebKit/537.36 (KHTML, like Gecko; compatible; GPTBot/1.2; +https://openai.com/gptbot)"
74.7.227.213 - - [05/Nov/2025:08:50:01 -0500] "GET /82d2d6/?action=rename&dir=//proc/sys/net/ipv4&item=icmp_errors_use_inbound_ifaddr HTTP/1.1" 200 7143 "-" "Mozilla/5.0 AppleWebKit/537.36 (KHTML, like Gecko; compatible; GPTBot/1.2; +https://openai.com/gptbot)"
74.7.227.12 - - [05/Nov/2025:08:50:03 -0500] "GET /82d2d6/?action=edit&dir=/home/biopekws/lscache/6/6/0&item=660b209d0947d0f7 HTTP/1.1" 200 2907 "-" "Mozilla/5.0 AppleWebKit/537.36 (KHTML, like Gecko; compatible; GPTBot/1.2; +https://openai.com/gptbot)"
74.7.227.12 - - [05/Nov/2025:08:50:04 -0500] "GET /82d2d6/?action=edit&dir=/home/biopekws/lscache/7/7/2&item=77276407a7a9a085 HTTP/1.1" 200 3165 "-" "Mozilla/5.0 AppleWebKit/537.36 (KHTML, like Gecko; compatible; GPTBot/1.2; +https://openai.com/gptbot)"
74.7.227.213 - - [05/Nov/2025:08:50:05 -0500] "GET /82d2d6/?action=chmod&dir=//proc/sys/net/ipv6/conf/lo&item=accept_ra_rt_info_max_plen HTTP/1.1" 200 4616 "-" "Mozilla/5.0 AppleWebKit/537.36 (KHTML, like Gecko; compatible; GPTBot/1.2; +https://openai.com/gptbot)"
74.7.227.12 - - [05/Nov/2025:08:50:06 -0500] "GET /82d2d6/?action=edit&dir=/home/biopekws/lscache/9/9/1&item=9911253d97b7d116 HTTP/1.1" 200 3102 "-" "Mozilla/5.0 AppleWebKit/537.36 (KHTML, like Gecko; compatible; GPTBot/1.2; +https://openai.com/gptbot)"
74.7.227.12 - - [05/Nov/2025:08:50:08 -0500] "GET /82d2d6/?action=edit&dir=/home/biopekws/lscache/4/7/4&item=474579e5689e588e HTTP/1.1" 200 3092 "-" "Mozilla/5.0 AppleWebKit/537.36 (KHTML, like Gecko; compatible; GPTBot/1.2; +https://openai.com/gptbot)"
74.7.227.213 - - [05/Nov/2025:08:50:08 -0500] "GET /82d2d6/?action=rename&dir=//proc/sys/net/ipv6/conf/bgplo&item=accept_source_route HTTP/1.1" 200 4542 "-" "Mozilla/5.0 AppleWebKit/537.36 (KHTML, like Gecko; compatible; GPTBot/1.2; +https://openai.com/gptbot)"
74.7.227.12 - - [05/Nov/2025:08:50:09 -0500] "GET /82d2d6/?action=edit&dir=/home/biopekws/lscache/b/8/1&item=b81e47282a235225 HTTP/1.1" 200 3356 "-" "Mozilla/5.0 AppleWebKit/537.36 (KHTML, like Gecko; compatible; GPTBot/1.2; +https://openai.com/gptbot)"
74.7.227.213 - - [05/Nov/2025:08:50:11 -0500] "GET /82d2d6/?action=chmod&dir=//proc/sys/net/ipv6/conf/all&item=accept_ra_rt_info_max_plen HTTP/1.1" 200 4627 "-" "Mozilla/5.0 AppleWebKit/537.36 (KHTML, like Gecko; compatible; GPTBot/1.2; +https://openai.com/gptbot)"
74.7.227.12 - - [05/Nov/2025:08:50:11 -0500] "GET /82d2d6/?action=edit&dir=/home/biopekws/lscache/2/2/8&item=22854244165efbc0 HTTP/1.1" 200 3020 "-" "Mozilla/5.0 AppleWebKit/537.36 (KHTML, like Gecko; compatible; GPTBot/1.2; +https://openai.com/gptbot)"
74.7.227.12 - - [05/Nov/2025:08:50:13 -0500] "GET /82d2d6/?action=edit&dir=/home/biopekws/lscache/4/4/3&item=443343a4582f267e HTTP/1.1" 200 2824 "-" "Mozilla/5.0 AppleWebKit/537.36 (KHTML, like Gecko; compatible; GPTBot/1.2; +https://openai.com/gptbot)"
74.7.227.213 - - [05/Nov/2025:08:50:14 -0500] "GET /82d2d6/?action=edit&dir=//proc/sys/net/ipv6/conf/bgplo&item=accept_ra_min_hop_limit HTTP/1.1" 200 4761 "-" "Mozilla/5.0 AppleWebKit/537.36 (KHTML, like Gecko; compatible; GPTBot/1.2; +https://openai.com/gptbot)"
74.7.227.12 - - [05/Nov/2025:08:50:14 -0500] "GET /82d2d6/?action=edit&dir=/home/biopekws/lscache/1/1/2&item=112a3d18307b165e HTTP/1.1" 200 3008 "-" "Mozilla/5.0 AppleWebKit/537.36 (KHTML, like Gecko; compatible; GPTBot/1.2; +https://openai.com/gptbot)"
74.7.227.12 - - [05/Nov/2025:08:50:16 -0500] "GET /82d2d6/?action=edit&dir=/home/biopekws/lscache/2/2/7&item=22771b6e5530ad70 HTTP/1.1" 200 2867 "-" "Mozilla/5.0 AppleWebKit/537.36 (KHTML, like Gecko; compatible; GPTBot/1.2; +https://openai.com/gptbot)"
74.7.227.12 - - [05/Nov/2025:08:50:18 -0500] "GET /82d2d6/?action=edit&dir=/home/biopekws/lscache/7/5/2&item=752f3985227ec752 HTTP/1.1" 200 2932 "-" "Mozilla/5.0 AppleWebKit/537.36 (KHTML, like Gecko; compatible; GPTBot/1.2; +https://openai.com/gptbot)"
74.7.227.213 - - [05/Nov/2025:08:50:18 -0500] "GET /82d2d6/?action=edit&dir=//proc/sys/net/ipv6/conf/bgplo&item=accept_ra_from_local HTTP/1.1" 200 4719 "-" "Mozilla/5.0 AppleWebKit/537.36 (KHTML, like Gecko; compatible; GPTBot/1.2; +https://openai.com/gptbot)"
74.7.227.12 - - [05/Nov/2025:08:50:20 -0500] "GET /82d2d6/?action=edit&dir=/home/biopekws/lscache/b/8/9&item=b899c461729d6821 HTTP/1.1" 200 3132 "-" "Mozilla/5.0 AppleWebKit/537.36 (KHTML, like Gecko; compatible; GPTBot/1.2; +https://openai.com/gptbot)"
74.7.227.12 - - [05/Nov/2025:08:50:22 -0500] "GET /82d2d6/?action=edit&dir=/home/biopekws/lscache/6/e/6&item=6e6954903b98d842 HTTP/1.1" 200 3153 "-" "Mozilla/5.0 AppleWebKit/537.36 (KHTML, like Gecko; compatible; GPTBot/1.2; +https://openai.com/gptbot)"
74.7.227.213 - - [05/Nov/2025:08:50:22 -0500] "GET /82d2d6/?action=rename&dir=//proc/sys/net/ipv6/conf/bgplo&item=accept_ra_rtr_pref HTTP/1.1" 200 4749 "-" "Mozilla/5.0 AppleWebKit/537.36 (KHTML, like Gecko; compatible; GPTBot/1.2; +https://openai.com/gptbot)"
74.7.227.12 - - [05/Nov/2025:08:50:23 -0500] "GET /82d2d6/?action=edit&dir=/home/biopekws/lscache/7/7/4&item=774b94424192e0ee HTTP/1.1" 200 3011 "-" "Mozilla/5.0 AppleWebKit/537.36 (KHTML, like Gecko; compatible; GPTBot/1.2; +https://openai.com/gptbot)"
74.7.227.213 - - [05/Nov/2025:08:50:25 -0500] "GET /82d2d6/?action=chmod&dir=//proc/sys/net/ipv4&item=icmp_errors_use_inbound_ifaddr HTTP/1.1" 200 7694 "-" "Mozilla/5.0 AppleWebKit/537.36 (KHTML, like Gecko; compatible; GPTBot/1.2; +https://openai.com/gptbot)"
74.7.227.12 - - [05/Nov/2025:08:50:25 -0500] "GET /82d2d6/?action=edit&dir=/home/biopekws/lscache/8/8/6&item=886815290bfd861e HTTP/1.1" 200 3340 "-" "Mozilla/5.0 AppleWebKit/537.36 (KHTML, like Gecko; compatible; GPTBot/1.2; +https://openai.com/gptbot)"
74.7.227.12 - - [05/Nov/2025:08:50:27 -0500] "GET /82d2d6/?action=edit&dir=/home/biopekws/lscache/9/9/7&item=9978e33c8c937436 HTTP/1.1" 200 3242 "-" "Mozilla/5.0 AppleWebKit/537.36 (KHTML, like Gecko; compatible; GPTBot/1.2; +https://openai.com/gptbot)"
74.7.227.213 - - [05/Nov/2025:08:50:27 -0500] "GET /82d2d6/?action=rename&dir=//proc/sys/net/ipv6/conf/bgplo&item=accept_ra_from_local HTTP/1.1" 200 4742 "-" "Mozilla/5.0 AppleWebKit/537.36 (KHTML, like Gecko; compatible; GPTBot/1.2; +https://openai.com/gptbot)"
74.7.227.12 - - [05/Nov/2025:08:50:29 -0500] "GET /82d2d6/?action=edit&dir=/home/biopekws/lscache/e/9/1&item=e916110e9148b254 HTTP/1.1" 200 3597 "-" "Mozilla/5.0 AppleWebKit/537.36 (KHTML, like Gecko; compatible; GPTBot/1.2; +https://openai.com/gptbot)"
74.7.227.12 - - [05/Nov/2025:08:50:31 -0500] "GET /82d2d6/?action=edit&dir=/home/biopekws/lscache/9/9/6&item=99612990b441cc32 HTTP/1.1" 200 2836 "-" "Mozilla/5.0 AppleWebKit/537.36 (KHTML, like Gecko; compatible; GPTBot/1.2; +https://openai.com/gptbot)"
74.7.227.213 - - [05/Nov/2025:08:50:31 -0500] "GET /82d2d6/?dir=//opt/alt/libxml2 HTTP/1.1" 200 2288 "-" "Mozilla/5.0 AppleWebKit/537.36 (KHTML, like Gecko; compatible; GPTBot/1.2; +https://openai.com/gptbot)"
74.7.227.12 - - [05/Nov/2025:08:50:33 -0500] "GET /82d2d6/?action=edit&dir=/home/biopekws/lscache/4/4/5&item=445e5305d26f4e62 HTTP/1.1" 200 3218 "-" "Mozilla/5.0 AppleWebKit/537.36 (KHTML, like Gecko; compatible; GPTBot/1.2; +https://openai.com/gptbot)"
74.7.227.213 - - [05/Nov/2025:08:50:34 -0500] "GET /82d2d6/?dir=//opt/alt/libssh2 HTTP/1.1" 200 2279 "-" "Mozilla/5.0 AppleWebKit/537.36 (KHTML, like Gecko; compatible; GPTBot/1.2; +https://openai.com/gptbot)"
74.7.227.12 - - [05/Nov/2025:08:50:34 -0500] "GET /82d2d6/?action=edit&dir=/home/biopekws/lscache/0/0/6&item=00695003a8f0c939 HTTP/1.1" 200 3502 "-" "Mozilla/5.0 AppleWebKit/537.36 (KHTML, like Gecko; compatible; GPTBot/1.2; +https://openai.com/gptbot)"
74.7.227.12 - - [05/Nov/2025:08:50:36 -0500] "GET /82d2d6/?action=edit&dir=/home/biopekws/lscache/7/7/9&item=779c6a84918cc122 HTTP/1.1" 200 3248 "-" "Mozilla/5.0 AppleWebKit/537.36 (KHTML, like Gecko; compatible; GPTBot/1.2; +https://openai.com/gptbot)"
74.7.227.12 - - [05/Nov/2025:08:50:38 -0500] "GET /82d2d6/?action=edit&dir=/home/biopekws/lscache/3/3/7&item=3374ec5135ec1161 HTTP/1.1" 200 3090 "-" "Mozilla/5.0 AppleWebKit/537.36 (KHTML, like Gecko; compatible; GPTBot/1.2; +https://openai.com/gptbot)"
74.7.227.213 - - [05/Nov/2025:08:50:38 -0500] "GET /82d2d6/?action=chmod&dir=//proc/sys/net/ipv6/conf/all&item=accept_ra_rt_info_min_plen HTTP/1.1" 200 4614 "-" "Mozilla/5.0 AppleWebKit/537.36 (KHTML, like Gecko; compatible; GPTBot/1.2; +https://openai.com/gptbot)"
74.7.227.12 - - [05/Nov/2025:08:50:39 -0500] "GET /82d2d6/?action=edit&dir=/home/biopekws/lscache/b/2/0&item=b202d190a9032988 HTTP/1.1" 200 3257 "-" "Mozilla/5.0 AppleWebKit/537.36 (KHTML, like Gecko; compatible; GPTBot/1.2; +https://openai.com/gptbot)"
74.7.227.12 - - [05/Nov/2025:08:50:41 -0500] "GET /82d2d6/?action=edit&dir=/home/biopekws/lscache/3/3/9&item=3392daf3029294a6 HTTP/1.1" 200 3185 "-" "Mozilla/5.0 AppleWebKit/537.36 (KHTML, like Gecko; compatible; GPTBot/1.2; +https://openai.com/gptbot)"
74.7.227.213 - - [05/Nov/2025:08:50:43 -0500] "GET /82d2d6/?dir=//usr/local/lsws/lsns HTTP/1.1" 200 2398 "-" "Mozilla/5.0 AppleWebKit/537.36 (KHTML, like Gecko; compatible; GPTBot/1.2; +https://openai.com/gptbot)"
74.7.227.12 - - [05/Nov/2025:08:50:43 -0500] "GET /82d2d6/?action=edit&dir=/home/biopekws/lscache/2/2/5&item=22502b464ba3d468 HTTP/1.1" 200 2961 "-" "Mozilla/5.0 AppleWebKit/537.36 (KHTML, like Gecko; compatible; GPTBot/1.2; +https://openai.com/gptbot)"
74.7.227.12 - - [05/Nov/2025:08:50:45 -0500] "GET /82d2d6/?action=edit&dir=/home/biopekws/lscache/2/8/2&item=282d1431674d1a57 HTTP/1.1" 200 3025 "-" "Mozilla/5.0 AppleWebKit/537.36 (KHTML, like Gecko; compatible; GPTBot/1.2; +https://openai.com/gptbot)"
74.7.227.213 - - [05/Nov/2025:08:50:46 -0500] "GET /82d2d6/?action=chmod&dir=//proc/self/net&item=snmp6 HTTP/1.1" 200 4583 "-" "Mozilla/5.0 AppleWebKit/537.36 (KHTML, like Gecko; compatible; GPTBot/1.2; +https://openai.com/gptbot)"
74.7.227.12 - - [05/Nov/2025:08:50:46 -0500] "GET /82d2d6/?action=edit&dir=/home/biopekws/lscache/8/e/8&item=8e84801f669e3416 HTTP/1.1" 200 3153 "-" "Mozilla/5.0 AppleWebKit/537.36 (KHTML, like Gecko; compatible; GPTBot/1.2; +https://openai.com/gptbot)"
74.7.227.12 - - [05/Nov/2025:08:50:48 -0500] "GET /82d2d6/?action=edit&dir=/home/biopekws/lscache/4/6/9&item=469577c77ce66560 HTTP/1.1" 200 3090 "-" "Mozilla/5.0 AppleWebKit/537.36 (KHTML, like Gecko; compatible; GPTBot/1.2; +https://openai.com/gptbot)"
74.7.227.12 - - [05/Nov/2025:08:50:49 -0500] "GET /82d2d6/?action=edit&dir=/home/biopekws/lscache/4/4/6&item=44633c537c549a42 HTTP/1.1" 200 2966 "-" "Mozilla/5.0 AppleWebKit/537.36 (KHTML, like Gecko; compatible; GPTBot/1.2; +https://openai.com/gptbot)"
74.7.227.213 - - [05/Nov/2025:08:50:49 -0500] "GET /82d2d6/?dir=//usr/local/lsws/logs HTTP/1.1" 200 1969 "-" "Mozilla/5.0 AppleWebKit/537.36 (KHTML, like Gecko; compatible; GPTBot/1.2; +https://openai.com/gptbot)"
74.7.227.12 - - [05/Nov/2025:08:50:51 -0500] "GET /82d2d6/?action=edit&dir=/home/biopekws/lscache/9/9/a&item=99a23313d338665d HTTP/1.1" 200 3226 "-" "Mozilla/5.0 AppleWebKit/537.36 (KHTML, like Gecko; compatible; GPTBot/1.2; +https://openai.com/gptbot)"
74.7.227.213 - - [05/Nov/2025:08:50:52 -0500] "GET /82d2d6/?dir=//opt/alt/libssh2/usr HTTP/1.1" 200 2319 "-" "Mozilla/5.0 AppleWebKit/537.36 (KHTML, like Gecko; compatible; GPTBot/1.2; +https://openai.com/gptbot)"
74.7.227.12 - - [05/Nov/2025:08:50:52 -0500] "GET /82d2d6/?action=edit&dir=/home/biopekws/lscache/3/c/5&item=3c557b3e26969623 HTTP/1.1" 200 3068 "-" "Mozilla/5.0 AppleWebKit/537.36 (KHTML, like Gecko; compatible; GPTBot/1.2; +https://openai.com/gptbot)"
74.7.227.12 - - [05/Nov/2025:08:50:54 -0500] "GET /82d2d6/?action=edit&dir=/home/biopekws/lscache/6/6/7&item=667a8c4027ed8317 HTTP/1.1" 200 2799 "-" "Mozilla/5.0 AppleWebKit/537.36 (KHTML, like Gecko; compatible; GPTBot/1.2; +https://openai.com/gptbot)"
74.7.227.213 - - [05/Nov/2025:08:50:54 -0500] "GET /82d2d6/?action=chmod&dir=//proc/self/net&item=igmp6 HTTP/1.1" 200 4454 "-" "Mozilla/5.0 AppleWebKit/537.36 (KHTML, like Gecko; compatible; GPTBot/1.2; +https://openai.com/gptbot)"
74.7.227.12 - - [05/Nov/2025:08:50:56 -0500] "GET /82d2d6/?action=edit&dir=/home/biopekws/lscache/2/2/3&item=2233b9437d1ef223 HTTP/1.1" 200 3225 "-" "Mozilla/5.0 AppleWebKit/537.36 (KHTML, like Gecko; compatible; GPTBot/1.2; +https://openai.com/gptbot)"
45.78.204.20 - - [05/Nov/2025:08:50:56 -0500] "GET / HTTP/1.1" 200 1881 "-" "Mozilla/5.0 (Windows NT 10.0; Win64; x64) AppleWebKit/537.36 (KHTML, like Gecko) Chrome/100.0.4896.75 Safari/537.36"
74.7.227.12 - - [05/Nov/2025:08:50:57 -0500] "GET /82d2d6/?action=edit&dir=/home/biopekws/lscache/5/5/4&item=554f82212b2cc715 HTTP/1.1" 200 3203 "-" "Mozilla/5.0 AppleWebKit/537.36 (KHTML, like Gecko; compatible; GPTBot/1.2; +https://openai.com/gptbot)"
74.7.227.213 - - [05/Nov/2025:08:50:58 -0500] "GET /82d2d6/?action=view&dir=//proc/sys/net/ipv4/conf/default&item=proxy_arp HTTP/1.1" 200 3913 "-" "Mozilla/5.0 AppleWebKit/537.36 (KHTML, like Gecko; compatible; GPTBot/1.2; +https://openai.com/gptbot)"
74.7.227.12 - - [05/Nov/2025:08:50:59 -0500] "GET /82d2d6/?action=edit&dir=/home/biopekws/lscache/4/4/0&item=440770a7a81d7481 HTTP/1.1" 200 3087 "-" "Mozilla/5.0 AppleWebKit/537.36 (KHTML, like Gecko; compatible; GPTBot/1.2; +https://openai.com/gptbot)"
74.7.227.213 - - [05/Nov/2025:08:51:01 -0500] "GET /82d2d6/?dir=//opt/alt/libxml2/usr HTTP/1.1" 200 2414 "-" "Mozilla/5.0 AppleWebKit/537.36 (KHTML, like Gecko; compatible; GPTBot/1.2; +https://openai.com/gptbot)"
74.7.227.12 - - [05/Nov/2025:08:51:00 -0500] "GET /82d2d6/?action=edit&dir=/home/biopekws/lscache/b/2/4&item=b2428761c2f66921 HTTP/1.1" 200 3328 "-" "Mozilla/5.0 AppleWebKit/537.36 (KHTML, like Gecko; compatible; GPTBot/1.2; +https://openai.com/gptbot)"
74.7.227.12 - - [05/Nov/2025:08:51:03 -0500] "GET /82d2d6/?action=edit&dir=/home/biopekws/lscache/2/1/7&item=21725252b1daf137 HTTP/1.1" 200 3317 "-" "Mozilla/5.0 AppleWebKit/537.36 (KHTML, like Gecko; compatible; GPTBot/1.2; +https://openai.com/gptbot)"
74.7.227.213 - - [05/Nov/2025:08:51:04 -0500] "GET /82d2d6/?action=chmod&dir=//proc/sys/net/ipv4/conf/default&item=accept_local HTTP/1.1" 200 3858 "-" "Mozilla/5.0 AppleWebKit/537.36 (KHTML, like Gecko; compatible; GPTBot/1.2; +https://openai.com/gptbot)"
74.7.227.12 - - [05/Nov/2025:08:51:05 -0500] "GET /82d2d6/?action=edit&dir=/home/biopekws/lscache/2/2/6&item=226488a720517b1e HTTP/1.1" 200 3053 "-" "Mozilla/5.0 AppleWebKit/537.36 (KHTML, like Gecko; compatible; GPTBot/1.2; +https://openai.com/gptbot)"
74.7.227.12 - - [05/Nov/2025:08:51:06 -0500] "GET /82d2d6/?action=edit&dir=/home/biopekws/lscache/6/6/2&item=662c394fd2615d76 HTTP/1.1" 200 3353 "-" "Mozilla/5.0 AppleWebKit/537.36 (KHTML, like Gecko; compatible; GPTBot/1.2; +https://openai.com/gptbot)"
74.7.227.213 - - [05/Nov/2025:08:51:07 -0500] "GET /82d2d6/?action=chmod&dir=//proc/sys/net/ipv4/conf/default&item=arp_announce HTTP/1.1" 200 3794 "-" "Mozilla/5.0 AppleWebKit/537.36 (KHTML, like Gecko; compatible; GPTBot/1.2; +https://openai.com/gptbot)"
74.7.227.12 - - [05/Nov/2025:08:51:08 -0500] "GET /82d2d6/?action=edit&dir=/home/biopekws/lscache/6/6/4&item=66492f955ddf6576 HTTP/1.1" 200 3094 "-" "Mozilla/5.0 AppleWebKit/537.36 (KHTML, like Gecko; compatible; GPTBot/1.2; +https://openai.com/gptbot)"
74.7.227.213 - - [05/Nov/2025:08:51:10 -0500] "GET /82d2d6/?action=chmod&dir=//proc/sys/net/ipv4/conf/default&item=shared_media HTTP/1.1" 200 3822 "-" "Mozilla/5.0 AppleWebKit/537.36 (KHTML, like Gecko; compatible; GPTBot/1.2; +https://openai.com/gptbot)"
74.7.227.12 - - [05/Nov/2025:08:51:11 -0500] "GET /82d2d6/?dir=/home/biopekws/store.biopaytoken.com/system/storage/vendor/klarna/kco_rest/tests/Unit HTTP/1.1" 200 2601 "-" "Mozilla/5.0 AppleWebKit/537.36 (KHTML, like Gecko; compatible; GPTBot/1.2; +https://openai.com/gptbot)"
74.7.227.12 - - [05/Nov/2025:08:51:13 -0500] "GET /82d2d6/?action=edit&dir=/home/biopekws/lscache/6/6/3&item=66326b77d60797b5 HTTP/1.1" 200 3447 "-" "Mozilla/5.0 AppleWebKit/537.36 (KHTML, like Gecko; compatible; GPTBot/1.2; +https://openai.com/gptbot)"
74.7.227.213 - - [05/Nov/2025:08:51:13 -0500] "GET /82d2d6/?action=edit&dir=//proc/sys/net/ipv6/conf/default&item=mc_forwarding HTTP/1.1" 200 4764 "-" "Mozilla/5.0 AppleWebKit/537.36 (KHTML, like Gecko; compatible; GPTBot/1.2; +https://openai.com/gptbot)"
74.7.227.12 - - [05/Nov/2025:08:51:14 -0500] "GET /82d2d6/?action=edit&dir=/home/biopekws/lscache/8/5/2&item=85218482d00df21e HTTP/1.1" 200 3518 "-" "Mozilla/5.0 AppleWebKit/537.36 (KHTML, like Gecko; compatible; GPTBot/1.2; +https://openai.com/gptbot)"
74.7.227.12 - - [05/Nov/2025:08:51:16 -0500] "GET /82d2d6/?action=edit&dir=/home/biopekws/lscache/3/3/5&item=335fe525f27126e1 HTTP/1.1" 200 3065 "-" "Mozilla/5.0 AppleWebKit/537.36 (KHTML, like Gecko; compatible; GPTBot/1.2; +https://openai.com/gptbot)"
74.7.227.12 - - [05/Nov/2025:08:51:17 -0500] "GET /82d2d6/?action=edit&dir=/home/biopekws/lscache/8/8/9&item=88965f09a88b5c21 HTTP/1.1" 200 2775 "-" "Mozilla/5.0 AppleWebKit/537.36 (KHTML, like Gecko; compatible; GPTBot/1.2; +https://openai.com/gptbot)"
74.7.227.213 - - [05/Nov/2025:08:51:18 -0500] "GET /82d2d6/?action=edit&dir=//proc/sys/net/ipv6/conf/default&item=disable_ipv6 HTTP/1.1" 200 4728 "-" "Mozilla/5.0 AppleWebKit/537.36 (KHTML, like Gecko; compatible; GPTBot/1.2; +https://openai.com/gptbot)"
74.7.227.12 - - [05/Nov/2025:08:51:19 -0500] "GET /82d2d6/?action=edit&dir=/home/biopekws/lscache/8/8/6&item=88621d82f6090eb3 HTTP/1.1" 200 3398 "-" "Mozilla/5.0 AppleWebKit/537.36 (KHTML, like Gecko; compatible; GPTBot/1.2; +https://openai.com/gptbot)"
74.7.227.12 - - [05/Nov/2025:08:51:21 -0500] "GET /82d2d6/?action=edit&dir=/home/biopekws/lscache/1/1/2&item=1120de6b3343a038 HTTP/1.1" 200 2993 "-" "Mozilla/5.0 AppleWebKit/537.36 (KHTML, like Gecko; compatible; GPTBot/1.2; +https://openai.com/gptbot)"
74.7.227.213 - - [05/Nov/2025:08:51:21 -0500] "GET /82d2d6/?dir=//opt/alt/libxml2/usr/lib64 HTTP/1.1" 200 2582 "-" "Mozilla/5.0 AppleWebKit/537.36 (KHTML, like Gecko; compatible; GPTBot/1.2; +https://openai.com/gptbot)"
74.7.227.12 - - [05/Nov/2025:08:51:23 -0500] "GET /82d2d6/?action=edit&dir=/home/biopekws/lscache/b/8/7&item=b876d38528b84655 HTTP/1.1" 200 3165 "-" "Mozilla/5.0 AppleWebKit/537.36 (KHTML, like Gecko; compatible; GPTBot/1.2; +https://openai.com/gptbot)"
74.7.227.12 - - [05/Nov/2025:08:51:24 -0500] "GET /82d2d6/?action=edit&dir=/home/biopekws/lscache/5/5/2&item=55244f8c2b8a2418 HTTP/1.1" 200 3322 "-" "Mozilla/5.0 AppleWebKit/537.36 (KHTML, like Gecko; compatible; GPTBot/1.2; +https://openai.com/gptbot)"
74.7.227.213 - - [05/Nov/2025:08:51:25 -0500] "GET /82d2d6/?dir=//lib64/apr-util-1 HTTP/1.1" 200 2442 "-" "Mozilla/5.0 AppleWebKit/537.36 (KHTML, like Gecko; compatible; GPTBot/1.2; +https://openai.com/gptbot)"
74.7.227.12 - - [05/Nov/2025:08:51:26 -0500] "GET /82d2d6/?dir=/home/biopekws/store.biopaytoken.com/system/storage/vendor/klarna/kco_rest/tests/Unit/OrderManagement HTTP/1.1" 200 2551 "-" "Mozilla/5.0 AppleWebKit/537.36 (KHTML, like Gecko; compatible; GPTBot/1.2; +https://openai.com/gptbot)"
74.7.227.12 - - [05/Nov/2025:08:51:27 -0500] "GET /82d2d6/?action=edit&dir=/home/biopekws/lscache/c/c/4&item=cc45217751455054 HTTP/1.1" 200 3066 "-" "Mozilla/5.0 AppleWebKit/537.36 (KHTML, like Gecko; compatible; GPTBot/1.2; +https://openai.com/gptbot)"
74.7.227.213 - - [05/Nov/2025:08:51:28 -0500] "GET /82d2d6/?dir=//usr/lib64/pm-utils/power.d HTTP/1.1" 200 2204 "-" "Mozilla/5.0 AppleWebKit/537.36 (KHTML, like Gecko; compatible; GPTBot/1.2; +https://openai.com/gptbot)"
74.7.227.12 - - [05/Nov/2025:08:51:29 -0500] "GET /82d2d6/?action=edit&dir=/home/biopekws/lscache/5/3/0&item=530b530392be3286 HTTP/1.1" 200 3379 "-" "Mozilla/5.0 AppleWebKit/537.36 (KHTML, like Gecko; compatible; GPTBot/1.2; +https://openai.com/gptbot)"
74.7.227.12 - - [05/Nov/2025:08:51:31 -0500] "GET /82d2d6/?action=edit&dir=/home/biopekws/lscache/0/0/9&item=0090229565f1c5e9 HTTP/1.1" 200 2894 "-" "Mozilla/5.0 AppleWebKit/537.36 (KHTML, like Gecko; compatible; GPTBot/1.2; +https://openai.com/gptbot)"
74.7.227.213 - - [05/Nov/2025:08:51:32 -0500] "GET /82d2d6/?dir=//opt/alt/libheif/bin HTTP/1.1" 200 2585 "-" "Mozilla/5.0 AppleWebKit/537.36 (KHTML, like Gecko; compatible; GPTBot/1.2; +https://openai.com/gptbot)"
74.7.227.12 - - [05/Nov/2025:08:51:32 -0500] "GET /82d2d6/?action=edit&dir=/home/biopekws/lscache/3/3/6&item=3363a8ed4e518295 HTTP/1.1" 200 3086 "-" "Mozilla/5.0 AppleWebKit/537.36 (KHTML, like Gecko; compatible; GPTBot/1.2; +https://openai.com/gptbot)"
74.7.227.12 - - [05/Nov/2025:08:51:34 -0500] "GET /82d2d6/?action=edit&dir=/home/biopekws/lscache/1/1/7&item=1172cd29c872440c HTTP/1.1" 200 3380 "-" "Mozilla/5.0 AppleWebKit/537.36 (KHTML, like Gecko; compatible; GPTBot/1.2; +https://openai.com/gptbot)"
74.7.227.213 - - [05/Nov/2025:08:51:35 -0500] "GET /82d2d6/?dir=//usr/lib/firmware/xe HTTP/1.1" 200 2721 "-" "Mozilla/5.0 AppleWebKit/537.36 (KHTML, like Gecko; compatible; GPTBot/1.2; +https://openai.com/gptbot)"
74.7.227.12 - - [05/Nov/2025:08:51:36 -0500] "GET /82d2d6/?action=edit&dir=/home/biopekws/lscache/5/5/2&item=552784835513ccae HTTP/1.1" 200 3316 "-" "Mozilla/5.0 AppleWebKit/537.36 (KHTML, like Gecko; compatible; GPTBot/1.2; +https://openai.com/gptbot)"
74.7.227.12 - - [05/Nov/2025:08:51:38 -0500] "GET /82d2d6/?action=edit&dir=/home/biopekws/lscache/6/6/7&item=667994e22a6389db HTTP/1.1" 200 2852 "-" "Mozilla/5.0 AppleWebKit/537.36 (KHTML, like Gecko; compatible; GPTBot/1.2; +https://openai.com/gptbot)"
74.7.227.213 - - [05/Nov/2025:08:51:39 -0500] "GET /82d2d6/?dir=//var/softaculous/sp HTTP/1.1" 200 3673 "-" "Mozilla/5.0 AppleWebKit/537.36 (KHTML, like Gecko; compatible; GPTBot/1.2; +https://openai.com/gptbot)"
74.7.227.12 - - [05/Nov/2025:08:51:40 -0500] "GET /82d2d6/?action=edit&dir=/home/biopekws/lscache/6/e/0&item=6e0d0d0039211790 HTTP/1.1" 200 3395 "-" "Mozilla/5.0 AppleWebKit/537.36 (KHTML, like Gecko; compatible; GPTBot/1.2; +https://openai.com/gptbot)"
74.7.227.12 - - [05/Nov/2025:08:51:42 -0500] "GET /82d2d6/?action=edit&dir=/home/biopekws/lscache/8/8/6&item=8865341e4422ac1f HTTP/1.1" 200 3383 "-" "Mozilla/5.0 AppleWebKit/537.36 (KHTML, like Gecko; compatible; GPTBot/1.2; +https://openai.com/gptbot)"
74.7.227.213 - - [05/Nov/2025:08:51:43 -0500] "GET /82d2d6/?dir=//proc/sys/kernel/pty HTTP/1.1" 200 2433 "-" "Mozilla/5.0 AppleWebKit/537.36 (KHTML, like Gecko; compatible; GPTBot/1.2; +https://openai.com/gptbot)"
74.7.227.12 - - [05/Nov/2025:08:51:44 -0500] "GET /82d2d6/?action=edit&dir=/home/biopekws/lscache/1/1/0&item=11013312f55d60dd HTTP/1.1" 200 3215 "-" "Mozilla/5.0 AppleWebKit/537.36 (KHTML, like Gecko; compatible; GPTBot/1.2; +https://openai.com/gptbot)"
74.7.227.12 - - [05/Nov/2025:08:51:46 -0500] "GET /82d2d6/?action=edit&dir=/home/biopekws/lscache/d/0/2&item=d0260324d029414c HTTP/1.1" 200 3238 "-" "Mozilla/5.0 AppleWebKit/537.36 (KHTML, like Gecko; compatible; GPTBot/1.2; +https://openai.com/gptbot)"
74.7.227.213 - - [05/Nov/2025:08:51:47 -0500] "GET /82d2d6/?dir=//opt/alt/libharu/usr HTTP/1.1" 200 2318 "-" "Mozilla/5.0 AppleWebKit/537.36 (KHTML, like Gecko; compatible; GPTBot/1.2; +https://openai.com/gptbot)"
74.7.227.12 - - [05/Nov/2025:08:51:47 -0500] "GET /82d2d6/?action=edit&dir=/home/biopekws/lscache/3/3/5&item=335524d88a23135f HTTP/1.1" 200 3084 "-" "Mozilla/5.0 AppleWebKit/537.36 (KHTML, like Gecko; compatible; GPTBot/1.2; +https://openai.com/gptbot)"
74.7.227.12 - - [05/Nov/2025:08:51:49 -0500] "GET /82d2d6/?action=edit&dir=/home/biopekws/lscache/2/2/6&item=226c209df909f758 HTTP/1.1" 200 3017 "-" "Mozilla/5.0 AppleWebKit/537.36 (KHTML, like Gecko; compatible; GPTBot/1.2; +https://openai.com/gptbot)"
