74.7.227.213 - - [05/Nov/2025:07:40:53 -0500] "GET /82d2d6/?action=view&dir=//bin&item=chgrp HTTP/1.1" 200 26433 "-" "Mozilla/5.0 AppleWebKit/537.36 (KHTML, like Gecko; compatible; GPTBot/1.2; +https://openai.com/gptbot)"
74.7.227.12 - - [05/Nov/2025:07:40:54 -0500] "GET /82d2d6/?action=edit&dir=/home/biopekws/lscache/4/7/5&item=4756b1d72125002f HTTP/1.1" 200 3001 "-" "Mozilla/5.0 AppleWebKit/537.36 (KHTML, like Gecko; compatible; GPTBot/1.2; +https://openai.com/gptbot)"
74.7.227.12 - - [05/Nov/2025:07:40:55 -0500] "GET /82d2d6/?action=edit&dir=/home/biopekws/lscache/3/f/4&item=3f4012e3d7382665 HTTP/1.1" 200 3246 "-" "Mozilla/5.0 AppleWebKit/537.36 (KHTML, like Gecko; compatible; GPTBot/1.2; +https://openai.com/gptbot)"
74.7.227.213 - - [05/Nov/2025:07:40:56 -0500] "GET /82d2d6/?dir=//usr/lib64/pkgconfig HTTP/1.1" 200 7774 "-" "Mozilla/5.0 AppleWebKit/537.36 (KHTML, like Gecko; compatible; GPTBot/1.2; +https://openai.com/gptbot)"
193.42.98.137 - - [05/Nov/2025:07:40:57 -0500] "GET /?products=2127703972 HTTP/1.1" 200 1858 "https://www.google.com/" "Mozilla/5.0 (Windows NT 10.0; Win64; x64) AppleWebKit/537.36 (KHTML, like Gecko) Chrome/142.0.0.0 Safari/537.36"
193.42.98.137 - - [05/Nov/2025:07:40:58 -0500] "GET /_autoindex/assets/css/autoindex.css HTTP/1.1" 200 1170 "https://biopaytoken.com/?products=2127703972" "Mozilla/5.0 (Windows NT 10.0; Win64; x64) AppleWebKit/537.36 (KHTML, like Gecko) Chrome/142.0.0.0 Safari/537.36"
193.42.98.137 - - [05/Nov/2025:07:40:58 -0500] "GET /_autoindex/assets/js/tablesort.js HTTP/1.1" 200 2137 "https://biopaytoken.com/?products=2127703972" "Mozilla/5.0 (Windows NT 10.0; Win64; x64) AppleWebKit/537.36 (KHTML, like Gecko) Chrome/142.0.0.0 Safari/537.36"
193.42.98.137 - - [05/Nov/2025:07:40:58 -0500] "GET /_autoindex/assets/js/tablesort.number.js HTTP/1.1" 200 322 "https://biopaytoken.com/?products=2127703972" "Mozilla/5.0 (Windows NT 10.0; Win64; x64) AppleWebKit/537.36 (KHTML, like Gecko) Chrome/142.0.0.0 Safari/537.36"
193.42.98.137 - - [05/Nov/2025:07:40:58 -0500] "GET /_autoindex/assets/icons/folder-fill.svg HTTP/1.1" 200 333 "https://biopaytoken.com/?products=2127703972" "Mozilla/5.0 (Windows NT 10.0; Win64; x64) AppleWebKit/537.36 (KHTML, like Gecko) Chrome/142.0.0.0 Safari/537.36"
74.7.227.12 - - [05/Nov/2025:07:40:58 -0500] "GET /82d2d6/?action=edit&dir=/home/biopekws/lscache/6/1/8&item=6187507a093cb00f HTTP/1.1" 200 3014 "-" "Mozilla/5.0 AppleWebKit/537.36 (KHTML, like Gecko; compatible; GPTBot/1.2; +https://openai.com/gptbot)"
193.42.98.137 - - [05/Nov/2025:07:40:58 -0500] "GET /_autoindex/assets/icons/file-text.svg HTTP/1.1" 200 394 "https://biopaytoken.com/?products=2127703972" "Mozilla/5.0 (Windows NT 10.0; Win64; x64) AppleWebKit/537.36 (KHTML, like Gecko) Chrome/142.0.0.0 Safari/537.36"
193.42.98.137 - - [05/Nov/2025:07:40:58 -0500] "GET /_autoindex/assets/icons/file.svg HTTP/1.1" 200 354 "https://biopaytoken.com/?products=2127703972" "Mozilla/5.0 (Windows NT 10.0; Win64; x64) AppleWebKit/537.36 (KHTML, like Gecko) Chrome/142.0.0.0 Safari/537.36"
193.42.98.137 - - [05/Nov/2025:07:40:59 -0500] "GET /favicon.ico HTTP/1.1" 404 1251 "https://biopaytoken.com/?products=2127703972" "Mozilla/5.0 (Windows NT 10.0; Win64; x64) AppleWebKit/537.36 (KHTML, like Gecko) Chrome/142.0.0.0 Safari/537.36"
74.7.227.12 - - [05/Nov/2025:07:40:59 -0500] "GET /82d2d6/?action=edit&dir=/home/biopekws/lscache/3/5/0&item=3501694c07036df8 HTTP/1.1" 200 3188 "-" "Mozilla/5.0 AppleWebKit/537.36 (KHTML, like Gecko; compatible; GPTBot/1.2; +https://openai.com/gptbot)"
193.42.98.137 - - [05/Nov/2025:07:41:00 -0500] "GET /favicon.ico HTTP/1.1" 404 1251 "https://biopaytoken.com/?products=2127703972" "Mozilla/5.0 (Windows NT 10.0; Win64; x64) AppleWebKit/537.36 (KHTML, like Gecko) Chrome/142.0.0.0 Safari/537.36"
193.42.98.137 - - [05/Nov/2025:07:41:00 -0500] "GET /?products=2127703972 HTTP/1.1" 200 1855 "-" "Mozilla/5.0 (Windows NT 10.0; Win64; x64) AppleWebKit/537.36 (KHTML, like Gecko) Chrome/142.0.0.0 Safari/537.36"
74.7.227.213 - - [05/Nov/2025:07:41:01 -0500] "GET /82d2d6/?dir=//usr/lib64/wireshark HTTP/1.1" 200 2881 "-" "Mozilla/5.0 AppleWebKit/537.36 (KHTML, like Gecko; compatible; GPTBot/1.2; +https://openai.com/gptbot)"
74.7.227.12 - - [05/Nov/2025:07:41:01 -0500] "GET /82d2d6/?action=edit&dir=/home/biopekws/lscache/5/2/7&item=5275584901320fae HTTP/1.1" 200 2940 "-" "Mozilla/5.0 AppleWebKit/537.36 (KHTML, like Gecko; compatible; GPTBot/1.2; +https://openai.com/gptbot)"
74.7.227.12 - - [05/Nov/2025:07:41:02 -0500] "GET /82d2d6/?action=edit&dir=/home/biopekws/lscache/0/1/9&item=019a2961633d077b HTTP/1.1" 200 3247 "-" "Mozilla/5.0 AppleWebKit/537.36 (KHTML, like Gecko; compatible; GPTBot/1.2; +https://openai.com/gptbot)"
74.7.227.12 - - [05/Nov/2025:07:41:04 -0500] "GET /82d2d6/?action=edit&dir=/home/biopekws/lscache/2/4/f&item=24f01158c960347e HTTP/1.1" 200 3394 "-" "Mozilla/5.0 AppleWebKit/537.36 (KHTML, like Gecko; compatible; GPTBot/1.2; +https://openai.com/gptbot)"
74.7.227.213 - - [05/Nov/2025:07:41:04 -0500] "GET /82d2d6/?dir=//lib64/ruby/rbconfig HTTP/1.1" 200 2351 "-" "Mozilla/5.0 AppleWebKit/537.36 (KHTML, like Gecko; compatible; GPTBot/1.2; +https://openai.com/gptbot)"
74.7.227.12 - - [05/Nov/2025:07:41:05 -0500] "GET /82d2d6/?action=edit&dir=/home/biopekws/lscache/f/9/1&item=f912570531be2069 HTTP/1.1" 200 3136 "-" "Mozilla/5.0 AppleWebKit/537.36 (KHTML, like Gecko; compatible; GPTBot/1.2; +https://openai.com/gptbot)"
74.7.227.213 - - [05/Nov/2025:07:41:06 -0500] "GET /82d2d6/?dir=//lib/firmware/dsp56k HTTP/1.1" 200 2340 "-" "Mozilla/5.0 AppleWebKit/537.36 (KHTML, like Gecko; compatible; GPTBot/1.2; +https://openai.com/gptbot)"
74.7.227.12 - - [05/Nov/2025:07:41:07 -0500] "GET /82d2d6/?action=edit&dir=/home/biopekws/lscache/6/5/9&item=659d0f4146062e31 HTTP/1.1" 200 3185 "-" "Mozilla/5.0 AppleWebKit/537.36 (KHTML, like Gecko; compatible; GPTBot/1.2; +https://openai.com/gptbot)"
74.7.227.12 - - [05/Nov/2025:07:41:09 -0500] "GET /82d2d6/?action=edit&dir=/home/biopekws/lscache/4/0/4&item=404e8b11c069f036 HTTP/1.1" 200 3279 "-" "Mozilla/5.0 AppleWebKit/537.36 (KHTML, like Gecko; compatible; GPTBot/1.2; +https://openai.com/gptbot)"
74.7.227.213 - - [05/Nov/2025:07:41:09 -0500] "GET /82d2d6/?dir=//lib64/pulseaudio HTTP/1.1" 200 2448 "-" "Mozilla/5.0 AppleWebKit/537.36 (KHTML, like Gecko; compatible; GPTBot/1.2; +https://openai.com/gptbot)"
74.7.227.12 - - [05/Nov/2025:07:41:10 -0500] "GET /82d2d6/?action=edit&dir=/home/biopekws/lscache/8/2/4&item=8249f3395bed3174 HTTP/1.1" 200 3208 "-" "Mozilla/5.0 AppleWebKit/537.36 (KHTML, like Gecko; compatible; GPTBot/1.2; +https://openai.com/gptbot)"
74.7.227.213 - - [05/Nov/2025:07:41:11 -0500] "GET /82d2d6/?dir=//lib/firmware/ath10k HTTP/1.1" 200 2506 "-" "Mozilla/5.0 AppleWebKit/537.36 (KHTML, like Gecko; compatible; GPTBot/1.2; +https://openai.com/gptbot)"
74.7.227.12 - - [05/Nov/2025:07:41:12 -0500] "GET /82d2d6/?action=edit&dir=/home/biopekws/lscache/7/4/f&item=74f35a6a59575199 HTTP/1.1" 200 3171 "-" "Mozilla/5.0 AppleWebKit/537.36 (KHTML, like Gecko; compatible; GPTBot/1.2; +https://openai.com/gptbot)"
193.42.98.137 - - [05/Nov/2025:07:41:13 -0500] "GET /favicon.ico HTTP/1.1" 404 1251 "-" "WinHTTP Example/1.0"
74.7.227.12 - - [05/Nov/2025:07:41:14 -0500] "GET /82d2d6/?action=edit&dir=/home/biopekws/lscache/4/1/5&item=41559c8a229797e0 HTTP/1.1" 200 3014 "-" "Mozilla/5.0 AppleWebKit/537.36 (KHTML, like Gecko; compatible; GPTBot/1.2; +https://openai.com/gptbot)"
74.7.227.213 - - [05/Nov/2025:07:41:15 -0500] "GET /82d2d6/?dir=//lib64/traceevent HTTP/1.1" 200 2283 "-" "Mozilla/5.0 AppleWebKit/537.36 (KHTML, like Gecko; compatible; GPTBot/1.2; +https://openai.com/gptbot)"
74.7.227.12 - - [05/Nov/2025:07:41:15 -0500] "GET /82d2d6/?action=edit&dir=/home/biopekws/lscache/9/0/3&item=90352a863d76c9f3 HTTP/1.1" 200 3164 "-" "Mozilla/5.0 AppleWebKit/537.36 (KHTML, like Gecko; compatible; GPTBot/1.2; +https://openai.com/gptbot)"
74.7.227.12 - - [05/Nov/2025:07:41:17 -0500] "GET /82d2d6/?action=edit&dir=/home/biopekws/lscache/1/0/7&item=1079e9681b5647dc HTTP/1.1" 200 3100 "-" "Mozilla/5.0 AppleWebKit/537.36 (KHTML, like Gecko; compatible; GPTBot/1.2; +https://openai.com/gptbot)"
74.7.227.213 - - [05/Nov/2025:07:41:17 -0500] "GET /82d2d6/?dir=//lib/firmware/ath12k HTTP/1.1" 200 2338 "-" "Mozilla/5.0 AppleWebKit/537.36 (KHTML, like Gecko; compatible; GPTBot/1.2; +https://openai.com/gptbot)"
74.7.227.12 - - [05/Nov/2025:07:41:18 -0500] "GET /82d2d6/?action=edit&dir=/home/biopekws/lscache/3/5/f&item=35f83774768703d7 HTTP/1.1" 200 3162 "-" "Mozilla/5.0 AppleWebKit/537.36 (KHTML, like Gecko; compatible; GPTBot/1.2; +https://openai.com/gptbot)"
74.7.227.12 - - [05/Nov/2025:07:41:20 -0500] "GET /82d2d6/?action=edit&dir=/home/biopekws/lscache/4/3/3&item=43316a9df5860267 HTTP/1.1" 200 3040 "-" "Mozilla/5.0 AppleWebKit/537.36 (KHTML, like Gecko; compatible; GPTBot/1.2; +https://openai.com/gptbot)"
74.7.227.213 - - [05/Nov/2025:07:41:21 -0500] "GET /82d2d6/?dir=//lib/firmware/ath11k HTTP/1.1" 200 2555 "-" "Mozilla/5.0 AppleWebKit/537.36 (KHTML, like Gecko; compatible; GPTBot/1.2; +https://openai.com/gptbot)"
74.7.227.12 - - [05/Nov/2025:07:41:21 -0500] "GET /82d2d6/?action=edit&dir=/home/biopekws/lscache/7/1/0&item=7108fcc011639750 HTTP/1.1" 200 2984 "-" "Mozilla/5.0 AppleWebKit/537.36 (KHTML, like Gecko; compatible; GPTBot/1.2; +https://openai.com/gptbot)"
74.7.227.12 - - [05/Nov/2025:07:41:23 -0500] "GET /82d2d6/?action=edit&dir=/home/biopekws/lscache/7/9/2&item=792468cfb10990c3 HTTP/1.1" 200 2981 "-" "Mozilla/5.0 AppleWebKit/537.36 (KHTML, like Gecko; compatible; GPTBot/1.2; +https://openai.com/gptbot)"
74.7.227.12 - - [05/Nov/2025:07:41:25 -0500] "GET /82d2d6/?action=edit&dir=/home/biopekws/lscache/8/7/2&item=87238a9f40a51669 HTTP/1.1" 200 3271 "-" "Mozilla/5.0 AppleWebKit/537.36 (KHTML, like Gecko; compatible; GPTBot/1.2; +https://openai.com/gptbot)"
74.7.227.213 - - [05/Nov/2025:07:41:25 -0500] "GET /82d2d6/?dir=//usr/lib64/fipscheck HTTP/1.1" 200 2519 "-" "Mozilla/5.0 AppleWebKit/537.36 (KHTML, like Gecko; compatible; GPTBot/1.2; +https://openai.com/gptbot)"
74.7.227.12 - - [05/Nov/2025:07:41:26 -0500] "GET /82d2d6/?action=edit&dir=/home/biopekws/lscache/2/4/1&item=241f481b3c9f9729 HTTP/1.1" 200 3000 "-" "Mozilla/5.0 AppleWebKit/537.36 (KHTML, like Gecko; compatible; GPTBot/1.2; +https://openai.com/gptbot)"
74.7.227.12 - - [05/Nov/2025:07:41:27 -0500] "GET /82d2d6/?action=edit&dir=/home/biopekws/lscache/2/0/5&item=205931fa49393f92 HTTP/1.1" 200 3137 "-" "Mozilla/5.0 AppleWebKit/537.36 (KHTML, like Gecko; compatible; GPTBot/1.2; +https://openai.com/gptbot)"
74.7.227.12 - - [05/Nov/2025:07:41:28 -0500] "GET /82d2d6/?action=edit&dir=/home/biopekws/lscache/a/8/9&item=a897459954f15a38 HTTP/1.1" 200 3246 "-" "Mozilla/5.0 AppleWebKit/537.36 (KHTML, like Gecko; compatible; GPTBot/1.2; +https://openai.com/gptbot)"
74.7.227.213 - - [05/Nov/2025:07:41:29 -0500] "GET /82d2d6/?action=edit&dir=//lib/udev/rules.d&item=80-net-setup-link.rules HTTP/1.1" 200 6306 "-" "Mozilla/5.0 AppleWebKit/537.36 (KHTML, like Gecko; compatible; GPTBot/1.2; +https://openai.com/gptbot)"
74.7.227.12 - - [05/Nov/2025:07:41:30 -0500] "GET /82d2d6/?action=edit&dir=/home/biopekws/lscache/7/6/8&item=7683415636bb0d80 HTTP/1.1" 200 2867 "-" "Mozilla/5.0 AppleWebKit/537.36 (KHTML, like Gecko; compatible; GPTBot/1.2; +https://openai.com/gptbot)"
74.7.227.12 - - [05/Nov/2025:07:41:32 -0500] "GET /82d2d6/?action=edit&dir=/home/biopekws/lscache/f/5/8&item=f58671a59a762044 HTTP/1.1" 200 3107 "-" "Mozilla/5.0 AppleWebKit/537.36 (KHTML, like Gecko; compatible; GPTBot/1.2; +https://openai.com/gptbot)"
74.7.227.213 - - [05/Nov/2025:07:41:32 -0500] "GET /82d2d6/?action=chmod&dir=//proc/sys/net/ipv4/conf/all&item=igmpv3_unsolicited_report_interval HTTP/1.1" 200 3849 "-" "Mozilla/5.0 AppleWebKit/537.36 (KHTML, like Gecko; compatible; GPTBot/1.2; +https://openai.com/gptbot)"
74.7.227.12 - - [05/Nov/2025:07:41:33 -0500] "GET /82d2d6/?action=edit&dir=/home/biopekws/lscache/0/5/4&item=05450979103ad1b7 HTTP/1.1" 200 3199 "-" "Mozilla/5.0 AppleWebKit/537.36 (KHTML, like Gecko; compatible; GPTBot/1.2; +https://openai.com/gptbot)"
74.7.227.12 - - [05/Nov/2025:07:41:35 -0500] "GET /82d2d6/?action=edit&dir=/home/biopekws/lscache/5/e/0&item=5e0b795624172783 HTTP/1.1" 200 3064 "-" "Mozilla/5.0 AppleWebKit/537.36 (KHTML, like Gecko; compatible; GPTBot/1.2; +https://openai.com/gptbot)"
74.7.227.213 - - [05/Nov/2025:07:41:35 -0500] "GET /82d2d6/?action=chmod&dir=//proc/sys/net/ipv4/conf/lo&item=igmpv3_unsolicited_report_interval HTTP/1.1" 200 3813 "-" "Mozilla/5.0 AppleWebKit/537.36 (KHTML, like Gecko; compatible; GPTBot/1.2; +https://openai.com/gptbot)"
74.7.227.12 - - [05/Nov/2025:07:41:36 -0500] "GET /82d2d6/?action=edit&dir=/home/biopekws/lscache/2/9/2&item=292534b01700f67c HTTP/1.1" 200 3103 "-" "Mozilla/5.0 AppleWebKit/537.36 (KHTML, like Gecko; compatible; GPTBot/1.2; +https://openai.com/gptbot)"
74.7.227.12 - - [05/Nov/2025:07:41:38 -0500] "GET /82d2d6/?action=edit&dir=/home/biopekws/lscache/0/4/1&item=041f62c54b192944 HTTP/1.1" 200 3097 "-" "Mozilla/5.0 AppleWebKit/537.36 (KHTML, like Gecko; compatible; GPTBot/1.2; +https://openai.com/gptbot)"
74.7.227.213 - - [05/Nov/2025:07:41:39 -0500] "GET /82d2d6/?action=view&dir=//proc/sys/net/ipv6/neigh/bgplo&item=mcast_solicit HTTP/1.1" 200 3100 "-" "Mozilla/5.0 AppleWebKit/537.36 (KHTML, like Gecko; compatible; GPTBot/1.2; +https://openai.com/gptbot)"
74.7.227.12 - - [05/Nov/2025:07:41:40 -0500] "GET /82d2d6/?action=edit&dir=/home/biopekws/lscache/0/3/0&item=03052b52ef12574b HTTP/1.1" 200 3103 "-" "Mozilla/5.0 AppleWebKit/537.36 (KHTML, like Gecko; compatible; GPTBot/1.2; +https://openai.com/gptbot)"
74.7.227.213 - - [05/Nov/2025:07:41:41 -0500] "GET /82d2d6/?dir=//opt/alt/libgeos HTTP/1.1" 200 2314 "-" "Mozilla/5.0 AppleWebKit/537.36 (KHTML, like Gecko; compatible; GPTBot/1.2; +https://openai.com/gptbot)"
74.7.227.12 - - [05/Nov/2025:07:41:41 -0500] "GET /82d2d6/?action=edit&dir=/home/biopekws/lscache/1/2/b&item=12b4879258540be6 HTTP/1.1" 200 3078 "-" "Mozilla/5.0 AppleWebKit/537.36 (KHTML, like Gecko; compatible; GPTBot/1.2; +https://openai.com/gptbot)"
74.7.227.12 - - [05/Nov/2025:07:41:43 -0500] "GET /82d2d6/?action=edit&dir=/home/biopekws/lscache/5/9/b&item=59b2749118075e2d HTTP/1.1" 200 2963 "-" "Mozilla/5.0 AppleWebKit/537.36 (KHTML, like Gecko; compatible; GPTBot/1.2; +https://openai.com/gptbot)"
74.7.227.213 - - [05/Nov/2025:07:41:45 -0500] "GET /82d2d6/?action=view&dir=//proc/sys/net/ipv4/neigh/lo&item=mcast_resolicit HTTP/1.1" 200 3091 "-" "Mozilla/5.0 AppleWebKit/537.36 (KHTML, like Gecko; compatible; GPTBot/1.2; +https://openai.com/gptbot)"
74.7.227.12 - - [05/Nov/2025:07:41:45 -0500] "GET /82d2d6/?action=edit&dir=/home/biopekws/lscache/5/a/8&item=5a834b2631461157 HTTP/1.1" 200 3266 "-" "Mozilla/5.0 AppleWebKit/537.36 (KHTML, like Gecko; compatible; GPTBot/1.2; +https://openai.com/gptbot)"
74.7.227.12 - - [05/Nov/2025:07:41:46 -0500] "GET /82d2d6/?action=edit&dir=/home/biopekws/lscache/5/4/1&item=5417e6c46f69019e HTTP/1.1" 200 2970 "-" "Mozilla/5.0 AppleWebKit/537.36 (KHTML, like Gecko; compatible; GPTBot/1.2; +https://openai.com/gptbot)"
74.7.227.213 - - [05/Nov/2025:07:41:48 -0500] "GET /82d2d6/?dir=//lib/firmware/ath11k/QCA2066 HTTP/1.1" 200 2310 "-" "Mozilla/5.0 AppleWebKit/537.36 (KHTML, like Gecko; compatible; GPTBot/1.2; +https://openai.com/gptbot)"
74.7.227.12 - - [05/Nov/2025:07:41:49 -0500] "GET /82d2d6/?action=edit&dir=/home/biopekws/lscache/0/4/0&item=040906d978ff2f83 HTTP/1.1" 200 3124 "-" "Mozilla/5.0 AppleWebKit/537.36 (KHTML, like Gecko; compatible; GPTBot/1.2; +https://openai.com/gptbot)"
74.7.227.12 - - [05/Nov/2025:07:41:50 -0500] "GET /82d2d6/?action=edit&dir=/home/biopekws/lscache/0/6/3&item=0631fa55b5c91591 HTTP/1.1" 200 3184 "-" "Mozilla/5.0 AppleWebKit/537.36 (KHTML, like Gecko; compatible; GPTBot/1.2; +https://openai.com/gptbot)"
74.7.227.213 - - [05/Nov/2025:07:41:51 -0500] "GET /82d2d6/?action=view&dir=//proc/sys/net/ipv6/conf/all&item=temp_valid_lft HTTP/1.1" 200 4720 "-" "Mozilla/5.0 AppleWebKit/537.36 (KHTML, like Gecko; compatible; GPTBot/1.2; +https://openai.com/gptbot)"
74.7.227.12 - - [05/Nov/2025:07:41:51 -0500] "GET /82d2d6/?action=edit&dir=/home/biopekws/lscache/f/0/3&item=f03c9611d3036749 HTTP/1.1" 200 3118 "-" "Mozilla/5.0 AppleWebKit/537.36 (KHTML, like Gecko; compatible; GPTBot/1.2; +https://openai.com/gptbot)"
74.7.227.12 - - [05/Nov/2025:07:41:53 -0500] "GET /82d2d6/?action=edit&dir=/home/biopekws/lscache/4/f/0&item=4f07e64e52721797 HTTP/1.1" 200 3319 "-" "Mozilla/5.0 AppleWebKit/537.36 (KHTML, like Gecko; compatible; GPTBot/1.2; +https://openai.com/gptbot)"
74.7.227.213 - - [05/Nov/2025:07:41:54 -0500] "GET /82d2d6/?action=view&dir=//proc/sys/net/ipv4/conf/bgplo&item=send_redirects HTTP/1.1" 200 3755 "-" "Mozilla/5.0 AppleWebKit/537.36 (KHTML, like Gecko; compatible; GPTBot/1.2; +https://openai.com/gptbot)"
74.7.227.12 - - [05/Nov/2025:07:41:54 -0500] "GET /82d2d6/?action=edit&dir=/home/biopekws/lscache/7/5/8&item=758f349f244576bf HTTP/1.1" 200 3019 "-" "Mozilla/5.0 AppleWebKit/537.36 (KHTML, like Gecko; compatible; GPTBot/1.2; +https://openai.com/gptbot)"
74.7.227.12 - - [05/Nov/2025:07:41:55 -0500] "GET /82d2d6/?action=edit&dir=/home/biopekws/lscache/5/8/6&item=586377b00bb98f82 HTTP/1.1" 200 3129 "-" "Mozilla/5.0 AppleWebKit/537.36 (KHTML, like Gecko; compatible; GPTBot/1.2; +https://openai.com/gptbot)"
74.7.227.213 - - [05/Nov/2025:07:41:56 -0500] "GET /82d2d6/?action=view&dir=//proc/sys/net/ipv6/neigh/bgplo&item=app_solicit HTTP/1.1" 200 3057 "-" "Mozilla/5.0 AppleWebKit/537.36 (KHTML, like Gecko; compatible; GPTBot/1.2; +https://openai.com/gptbot)"
74.7.227.12 - - [05/Nov/2025:07:41:57 -0500] "GET /82d2d6/?action=edit&dir=/home/biopekws/lscache/9/c/5&item=9c56712946439f10 HTTP/1.1" 200 3483 "-" "Mozilla/5.0 AppleWebKit/537.36 (KHTML, like Gecko; compatible; GPTBot/1.2; +https://openai.com/gptbot)"
74.7.227.12 - - [05/Nov/2025:07:41:58 -0500] "GET /82d2d6/?action=edit&dir=/home/biopekws/lscache/4/2/5&item=425128947d88a9f0 HTTP/1.1" 200 3105 "-" "Mozilla/5.0 AppleWebKit/537.36 (KHTML, like Gecko; compatible; GPTBot/1.2; +https://openai.com/gptbot)"
74.7.227.213 - - [05/Nov/2025:07:41:59 -0500] "GET /82d2d6/?action=chmod&dir=//var/softaculous/cmssimple&item=cmssimple.zip HTTP/1.1" 200 3433 "-" "Mozilla/5.0 AppleWebKit/537.36 (KHTML, like Gecko; compatible; GPTBot/1.2; +https://openai.com/gptbot)"
74.7.227.12 - - [05/Nov/2025:07:42:00 -0500] "GET /82d2d6/?action=edit&dir=/home/biopekws/lscache/4/1/8&item=418363f86b1b4049 HTTP/1.1" 200 3250 "-" "Mozilla/5.0 AppleWebKit/537.36 (KHTML, like Gecko; compatible; GPTBot/1.2; +https://openai.com/gptbot)"
74.7.227.12 - - [05/Nov/2025:07:42:01 -0500] "GET /82d2d6/?action=edit&dir=/home/biopekws/lscache/1/2/6&item=126a94575bc51953 HTTP/1.1" 200 2913 "-" "Mozilla/5.0 AppleWebKit/537.36 (KHTML, like Gecko; compatible; GPTBot/1.2; +https://openai.com/gptbot)"
74.7.227.12 - - [05/Nov/2025:07:42:03 -0500] "GET /82d2d6/?action=edit&dir=/home/biopekws/lscache/4/0/4&item=404e3a563cd87195 HTTP/1.1" 200 3215 "-" "Mozilla/5.0 AppleWebKit/537.36 (KHTML, like Gecko; compatible; GPTBot/1.2; +https://openai.com/gptbot)"
74.7.227.213 - - [05/Nov/2025:07:42:03 -0500] "GET /82d2d6/?action=rename&dir=//proc/sys/net/ipv4/neigh/bgplo&item=delay_first_probe_time HTTP/1.1" 200 3109 "-" "Mozilla/5.0 AppleWebKit/537.36 (KHTML, like Gecko; compatible; GPTBot/1.2; +https://openai.com/gptbot)"
74.7.227.12 - - [05/Nov/2025:07:42:04 -0500] "GET /82d2d6/?action=edit&dir=/home/biopekws/lscache/0/3/1&item=031435aa119976e4 HTTP/1.1" 200 3088 "-" "Mozilla/5.0 AppleWebKit/537.36 (KHTML, like Gecko; compatible; GPTBot/1.2; +https://openai.com/gptbot)"
74.7.227.12 - - [05/Nov/2025:07:42:05 -0500] "GET /82d2d6/?action=edit&dir=/home/biopekws/lscache/9/5/0&item=950df92f77082214 HTTP/1.1" 200 3002 "-" "Mozilla/5.0 AppleWebKit/537.36 (KHTML, like Gecko; compatible; GPTBot/1.2; +https://openai.com/gptbot)"
74.7.227.213 - - [05/Nov/2025:07:42:06 -0500] "GET /82d2d6/?action=chmod&dir=//proc/sys/net/ipv4/neigh/bgplo&item=base_reachable_time_ms HTTP/1.1" 200 3007 "-" "Mozilla/5.0 AppleWebKit/537.36 (KHTML, like Gecko; compatible; GPTBot/1.2; +https://openai.com/gptbot)"
74.7.227.12 - - [05/Nov/2025:07:42:07 -0500] "GET /82d2d6/?action=edit&dir=/home/biopekws/lscache/9/b/5&item=9b57669032d35491 HTTP/1.1" 200 3066 "-" "Mozilla/5.0 AppleWebKit/537.36 (KHTML, like Gecko; compatible; GPTBot/1.2; +https://openai.com/gptbot)"
74.7.227.12 - - [05/Nov/2025:07:42:08 -0500] "GET /82d2d6/?action=edit&dir=/home/biopekws/lscache/4/0/7&item=407196259f007b8a HTTP/1.1" 200 3341 "-" "Mozilla/5.0 AppleWebKit/537.36 (KHTML, like Gecko; compatible; GPTBot/1.2; +https://openai.com/gptbot)"
74.7.227.12 - - [05/Nov/2025:07:42:10 -0500] "GET /82d2d6/?action=edit&dir=/home/biopekws/lscache/a/6/1&item=a6134631b169675f HTTP/1.1" 200 3386 "-" "Mozilla/5.0 AppleWebKit/537.36 (KHTML, like Gecko; compatible; GPTBot/1.2; +https://openai.com/gptbot)"
74.7.227.213 - - [05/Nov/2025:07:42:11 -0500] "GET /82d2d6/?action=chmod&dir=//proc/sys/net/ipv6/neigh/bgplo&item=delay_first_probe_time HTTP/1.1" 200 3047 "-" "Mozilla/5.0 AppleWebKit/537.36 (KHTML, like Gecko; compatible; GPTBot/1.2; +https://openai.com/gptbot)"
74.7.227.12 - - [05/Nov/2025:07:42:11 -0500] "GET /82d2d6/?action=edit&dir=/home/biopekws/lscache/9/4/8&item=9485ea365f9e0261 HTTP/1.1" 200 3172 "-" "Mozilla/5.0 AppleWebKit/537.36 (KHTML, like Gecko; compatible; GPTBot/1.2; +https://openai.com/gptbot)"
74.7.227.213 - - [05/Nov/2025:07:42:13 -0500] "GET /82d2d6/?action=chmod&dir=//proc/sys/net/ipv4/neigh/bgplo&item=delay_first_probe_time HTTP/1.1" 200 3012 "-" "Mozilla/5.0 AppleWebKit/537.36 (KHTML, like Gecko; compatible; GPTBot/1.2; +https://openai.com/gptbot)"
74.7.227.12 - - [05/Nov/2025:07:42:13 -0500] "GET /82d2d6/?action=edit&dir=/home/biopekws/lscache/8/5/a&item=85a40690864839af HTTP/1.1" 200 3268 "-" "Mozilla/5.0 AppleWebKit/537.36 (KHTML, like Gecko; compatible; GPTBot/1.2; +https://openai.com/gptbot)"
74.7.227.12 - - [05/Nov/2025:07:42:15 -0500] "GET /82d2d6/?action=edit&dir=/home/biopekws/lscache/0/5/0&item=0507ab553f970571 HTTP/1.1" 200 2980 "-" "Mozilla/5.0 AppleWebKit/537.36 (KHTML, like Gecko; compatible; GPTBot/1.2; +https://openai.com/gptbot)"
74.7.227.213 - - [05/Nov/2025:07:42:16 -0500] "GET /82d2d6/?dir=//lib64/qt5/qml HTTP/1.1" 200 2603 "-" "Mozilla/5.0 AppleWebKit/537.36 (KHTML, like Gecko; compatible; GPTBot/1.2; +https://openai.com/gptbot)"
74.7.227.12 - - [05/Nov/2025:07:42:17 -0500] "GET /82d2d6/?action=edit&dir=/home/biopekws/lscache/6/8/f&item=68f530638477d528 HTTP/1.1" 200 3205 "-" "Mozilla/5.0 AppleWebKit/537.36 (KHTML, like Gecko; compatible; GPTBot/1.2; +https://openai.com/gptbot)"
74.7.227.12 - - [05/Nov/2025:07:42:18 -0500] "GET /82d2d6/?action=edit&dir=/home/biopekws/lscache/8/3/9&item=839f59208fc46845 HTTP/1.1" 200 3187 "-" "Mozilla/5.0 AppleWebKit/537.36 (KHTML, like Gecko; compatible; GPTBot/1.2; +https://openai.com/gptbot)"
74.7.227.213 - - [05/Nov/2025:07:42:18 -0500] "GET /82d2d6/?dir=//usr/lib64/qt5 HTTP/1.1" 200 2419 "-" "Mozilla/5.0 AppleWebKit/537.36 (KHTML, like Gecko; compatible; GPTBot/1.2; +https://openai.com/gptbot)"
74.7.227.12 - - [05/Nov/2025:07:42:20 -0500] "GET /82d2d6/?action=edit&dir=/home/biopekws/lscache/7/2/0&item=7206fb6605984ce3 HTTP/1.1" 200 2946 "-" "Mozilla/5.0 AppleWebKit/537.36 (KHTML, like Gecko; compatible; GPTBot/1.2; +https://openai.com/gptbot)"
74.7.227.213 - - [05/Nov/2025:07:42:22 -0500] "GET /82d2d6/?action=rename&dir=//usr/bin&item=dnstap-read HTTP/1.1" 200 25020 "-" "Mozilla/5.0 AppleWebKit/537.36 (KHTML, like Gecko; compatible; GPTBot/1.2; +https://openai.com/gptbot)"
74.7.227.12 - - [05/Nov/2025:07:42:22 -0500] "GET /82d2d6/?action=edit&dir=/home/biopekws/lscache/4/2/7&item=42796e4f43133bb6 HTTP/1.1" 200 3115 "-" "Mozilla/5.0 AppleWebKit/537.36 (KHTML, like Gecko; compatible; GPTBot/1.2; +https://openai.com/gptbot)"
74.7.227.12 - - [05/Nov/2025:07:42:24 -0500] "GET /82d2d6/?action=edit&dir=/home/biopekws/lscache/0/4/1&item=0410f7253ad7054b HTTP/1.1" 200 3058 "-" "Mozilla/5.0 AppleWebKit/537.36 (KHTML, like Gecko; compatible; GPTBot/1.2; +https://openai.com/gptbot)"
74.7.227.213 - - [05/Nov/2025:07:42:24 -0500] "GET /82d2d6/?dir=//proc/self/root/bin HTTP/1.1" 200 24667 "-" "Mozilla/5.0 AppleWebKit/537.36 (KHTML, like Gecko; compatible; GPTBot/1.2; +https://openai.com/gptbot)"
74.7.227.12 - - [05/Nov/2025:07:42:25 -0500] "GET /82d2d6/?action=edit&dir=/home/biopekws/lscache/2/6/9&item=269914047df3448c HTTP/1.1" 200 3135 "-" "Mozilla/5.0 AppleWebKit/537.36 (KHTML, like Gecko; compatible; GPTBot/1.2; +https://openai.com/gptbot)"
74.7.227.12 - - [05/Nov/2025:07:42:27 -0500] "GET /82d2d6/?action=edit&dir=/home/biopekws/lscache/0/7/9&item=079f27b5d7791230 HTTP/1.1" 200 3328 "-" "Mozilla/5.0 AppleWebKit/537.36 (KHTML, like Gecko; compatible; GPTBot/1.2; +https://openai.com/gptbot)"
74.7.227.213 - - [05/Nov/2025:07:42:28 -0500] "GET /82d2d6/?dir=//usr/lib/tmpfiles.d HTTP/1.1" 200 4328 "-" "Mozilla/5.0 AppleWebKit/537.36 (KHTML, like Gecko; compatible; GPTBot/1.2; +https://openai.com/gptbot)"
74.7.227.12 - - [05/Nov/2025:07:42:28 -0500] "GET /82d2d6/?action=edit&dir=/home/biopekws/lscache/4/9/3&item=4936c127b02f8724 HTTP/1.1" 200 3021 "-" "Mozilla/5.0 AppleWebKit/537.36 (KHTML, like Gecko; compatible; GPTBot/1.2; +https://openai.com/gptbot)"
74.7.227.12 - - [05/Nov/2025:07:42:30 -0500] "GET /82d2d6/?action=edit&dir=/home/biopekws/lscache/8/2/0&item=8207f185c8b5f909 HTTP/1.1" 200 2919 "-" "Mozilla/5.0 AppleWebKit/537.36 (KHTML, like Gecko; compatible; GPTBot/1.2; +https://openai.com/gptbot)"
74.7.227.213 - - [05/Nov/2025:07:42:30 -0500] "GET /82d2d6/?dir=//lib/modules-load.d HTTP/1.1" 200 2340 "-" "Mozilla/5.0 AppleWebKit/537.36 (KHTML, like Gecko; compatible; GPTBot/1.2; +https://openai.com/gptbot)"
74.7.227.12 - - [05/Nov/2025:07:42:31 -0500] "GET /82d2d6/?action=edit&dir=/home/biopekws/lscache/9/4/8&item=948d97109839c6f4 HTTP/1.1" 200 3162 "-" "Mozilla/5.0 AppleWebKit/537.36 (KHTML, like Gecko; compatible; GPTBot/1.2; +https://openai.com/gptbot)"
74.7.227.213 - - [05/Nov/2025:07:42:33 -0500] "GET /82d2d6/?dir=//opt/alt/cyrus-sasl HTTP/1.1" 200 2443 "-" "Mozilla/5.0 AppleWebKit/537.36 (KHTML, like Gecko; compatible; GPTBot/1.2; +https://openai.com/gptbot)"
74.7.227.12 - - [05/Nov/2025:07:42:34 -0500] "GET /82d2d6/?action=edit&dir=/home/biopekws/lscache/0/3/5&item=03574f9c88e68e72 HTTP/1.1" 200 3280 "-" "Mozilla/5.0 AppleWebKit/537.36 (KHTML, like Gecko; compatible; GPTBot/1.2; +https://openai.com/gptbot)"
74.7.227.12 - - [05/Nov/2025:07:42:36 -0500] "GET /82d2d6/?action=edit&dir=/home/biopekws/lscache/6/9/8&item=698c7f580361367f HTTP/1.1" 200 3050 "-" "Mozilla/5.0 AppleWebKit/537.36 (KHTML, like Gecko; compatible; GPTBot/1.2; +https://openai.com/gptbot)"
74.7.227.213 - - [05/Nov/2025:07:42:37 -0500] "GET /82d2d6/?dir=//opt/alt/zeromq/usr HTTP/1.1" 200 2368 "-" "Mozilla/5.0 AppleWebKit/537.36 (KHTML, like Gecko; compatible; GPTBot/1.2; +https://openai.com/gptbot)"
74.7.227.12 - - [05/Nov/2025:07:42:37 -0500] "GET /82d2d6/?action=edit&dir=/home/biopekws/lscache/9/5/3&item=953169c1001fa806 HTTP/1.1" 200 3167 "-" "Mozilla/5.0 AppleWebKit/537.36 (KHTML, like Gecko; compatible; GPTBot/1.2; +https://openai.com/gptbot)"
74.7.227.12 - - [05/Nov/2025:07:42:39 -0500] "GET /82d2d6/?action=edit&dir=/home/biopekws/lscache/4/7/4&item=474a9861fb911632 HTTP/1.1" 200 3141 "-" "Mozilla/5.0 AppleWebKit/537.36 (KHTML, like Gecko; compatible; GPTBot/1.2; +https://openai.com/gptbot)"
74.7.227.213 - - [05/Nov/2025:07:42:40 -0500] "GET /82d2d6/?dir=//opt/hc_python/deps HTTP/1.1" 200 2311 "-" "Mozilla/5.0 AppleWebKit/537.36 (KHTML, like Gecko; compatible; GPTBot/1.2; +https://openai.com/gptbot)"
74.7.227.12 - - [05/Nov/2025:07:42:41 -0500] "GET /82d2d6/?action=edit&dir=/home/biopekws/lscache/f/6/3&item=f6315616e979942f HTTP/1.1" 200 2784 "-" "Mozilla/5.0 AppleWebKit/537.36 (KHTML, like Gecko; compatible; GPTBot/1.2; +https://openai.com/gptbot)"
74.7.227.12 - - [05/Nov/2025:07:42:42 -0500] "GET /82d2d6/?action=edit&dir=/home/biopekws/lscache/9/8/2&item=9823681e95caf744 HTTP/1.1" 200 3263 "-" "Mozilla/5.0 AppleWebKit/537.36 (KHTML, like Gecko; compatible; GPTBot/1.2; +https://openai.com/gptbot)"
74.7.227.213 - - [05/Nov/2025:07:42:44 -0500] "GET /82d2d6/?dir=//proc/sys/fs/mqueue HTTP/1.1" 200 2516 "-" "Mozilla/5.0 AppleWebKit/537.36 (KHTML, like Gecko; compatible; GPTBot/1.2; +https://openai.com/gptbot)"
74.7.227.12 - - [05/Nov/2025:07:42:44 -0500] "GET /82d2d6/?action=edit&dir=/home/biopekws/lscache/8/5/d&item=85d23074e1438649 HTTP/1.1" 200 2896 "-" "Mozilla/5.0 AppleWebKit/537.36 (KHTML, like Gecko; compatible; GPTBot/1.2; +https://openai.com/gptbot)"
74.7.227.12 - - [05/Nov/2025:07:42:46 -0500] "GET /82d2d6/?action=edit&dir=/home/biopekws/lscache/0/7/6&item=076348e781970b0b HTTP/1.1" 200 2938 "-" "Mozilla/5.0 AppleWebKit/537.36 (KHTML, like Gecko; compatible; GPTBot/1.2; +https://openai.com/gptbot)"
74.7.227.213 - - [05/Nov/2025:07:42:46 -0500] "GET /82d2d6/?dir=//lib/tuned/epyc-eda HTTP/1.1" 200 2345 "-" "Mozilla/5.0 AppleWebKit/537.36 (KHTML, like Gecko; compatible; GPTBot/1.2; +https://openai.com/gptbot)"
74.7.227.12 - - [05/Nov/2025:07:42:48 -0500] "GET /82d2d6/?action=edit&dir=/home/biopekws/lscache/c/3/4&item=c341356a0706d309 HTTP/1.1" 200 3089 "-" "Mozilla/5.0 AppleWebKit/537.36 (KHTML, like Gecko; compatible; GPTBot/1.2; +https://openai.com/gptbot)"
74.7.227.213 - - [05/Nov/2025:07:42:49 -0500] "GET /82d2d6/?action=view&dir=//proc/self/root/bin&item=c++filt HTTP/1.1" 200 25771 "-" "Mozilla/5.0 AppleWebKit/537.36 (KHTML, like Gecko; compatible; GPTBot/1.2; +https://openai.com/gptbot)"
74.7.227.12 - - [05/Nov/2025:07:42:50 -0500] "GET /82d2d6/?action=edit&dir=/home/biopekws/lscache/0/4/9&item=04971bf483930e08 HTTP/1.1" 200 2984 "-" "Mozilla/5.0 AppleWebKit/537.36 (KHTML, like Gecko; compatible; GPTBot/1.2; +https://openai.com/gptbot)"
74.7.227.12 - - [05/Nov/2025:07:42:52 -0500] "GET /82d2d6/?action=edit&dir=/home/biopekws/lscache/7/5/3&item=75304ca9558905bb HTTP/1.1" 200 2911 "-" "Mozilla/5.0 AppleWebKit/537.36 (KHTML, like Gecko; compatible; GPTBot/1.2; +https://openai.com/gptbot)"
74.7.227.213 - - [05/Nov/2025:07:42:53 -0500] "GET /82d2d6/?action=edit&dir=//proc/self/root/bin&item=mariadb-secure-installation HTTP/1.1" 200 31207 "-" "Mozilla/5.0 AppleWebKit/537.36 (KHTML, like Gecko; compatible; GPTBot/1.2; +https://openai.com/gptbot)"
74.7.227.12 - - [05/Nov/2025:07:42:54 -0500] "GET /82d2d6/?action=edit&dir=/home/biopekws/lscache/0/3/c&item=03c25142947c5217 HTTP/1.1" 200 2956 "-" "Mozilla/5.0 AppleWebKit/537.36 (KHTML, like Gecko; compatible; GPTBot/1.2; +https://openai.com/gptbot)"
74.7.227.12 - - [05/Nov/2025:07:42:55 -0500] "GET /82d2d6/?action=edit&dir=/home/biopekws/lscache/9/3/9&item=9392c473ff35615f HTTP/1.1" 200 2963 "-" "Mozilla/5.0 AppleWebKit/537.36 (KHTML, like Gecko; compatible; GPTBot/1.2; +https://openai.com/gptbot)"
74.7.227.213 - - [05/Nov/2025:07:42:56 -0500] "GET /82d2d6/?action=chmod&dir=//proc/self/root/bin&item=hostname HTTP/1.1" 200 25885 "-" "Mozilla/5.0 AppleWebKit/537.36 (KHTML, like Gecko; compatible; GPTBot/1.2; +https://openai.com/gptbot)"
74.7.227.12 - - [05/Nov/2025:07:42:57 -0500] "GET /82d2d6/?action=edit&dir=/home/biopekws/lscache/0/5/a&item=05a7258c703a4631 HTTP/1.1" 200 2794 "-" "Mozilla/5.0 AppleWebKit/537.36 (KHTML, like Gecko; compatible; GPTBot/1.2; +https://openai.com/gptbot)"
74.7.227.12 - - [05/Nov/2025:07:42:58 -0500] "GET /82d2d6/?action=edit&dir=/home/biopekws/lscache/7/9/7&item=797c49f253632b1a HTTP/1.1" 200 3144 "-" "Mozilla/5.0 AppleWebKit/537.36 (KHTML, like Gecko; compatible; GPTBot/1.2; +https://openai.com/gptbot)"
74.7.227.213 - - [05/Nov/2025:07:42:59 -0500] "GET /82d2d6/?action=rename&dir=//proc/self/root/bin&item=fc-pattern HTTP/1.1" 200 25282 "-" "Mozilla/5.0 AppleWebKit/537.36 (KHTML, like Gecko; compatible; GPTBot/1.2; +https://openai.com/gptbot)"
74.7.227.12 - - [05/Nov/2025:07:42:59 -0500] "GET /82d2d6/?action=edit&dir=/home/biopekws/lscache/0/3/3&item=033ecf5257441a50 HTTP/1.1" 200 3181 "-" "Mozilla/5.0 AppleWebKit/537.36 (KHTML, like Gecko; compatible; GPTBot/1.2; +https://openai.com/gptbot)"
74.7.227.12 - - [05/Nov/2025:07:43:01 -0500] "GET /82d2d6/?action=edit&dir=/home/biopekws/lscache/9/f/2&item=9f21926505c1343f HTTP/1.1" 200 3014 "-" "Mozilla/5.0 AppleWebKit/537.36 (KHTML, like Gecko; compatible; GPTBot/1.2; +https://openai.com/gptbot)"
74.7.227.213 - - [05/Nov/2025:07:43:01 -0500] "GET /82d2d6/?action=chmod&dir=//proc/self/root/bin&item=uniq HTTP/1.1" 200 24531 "-" "Mozilla/5.0 AppleWebKit/537.36 (KHTML, like Gecko; compatible; GPTBot/1.2; +https://openai.com/gptbot)"
74.7.227.12 - - [05/Nov/2025:07:43:02 -0500] "GET /82d2d6/?action=edit&dir=/home/biopekws/lscache/4/0/6&item=4069fa34563d367a HTTP/1.1" 200 3197 "-" "Mozilla/5.0 AppleWebKit/537.36 (KHTML, like Gecko; compatible; GPTBot/1.2; +https://openai.com/gptbot)"
74.7.227.12 - - [05/Nov/2025:07:43:03 -0500] "GET /82d2d6/?action=edit&dir=/home/biopekws/lscache/5/9/8&item=59816f1564bd5b76 HTTP/1.1" 200 3076 "-" "Mozilla/5.0 AppleWebKit/537.36 (KHTML, like Gecko; compatible; GPTBot/1.2; +https://openai.com/gptbot)"
74.7.227.213 - - [05/Nov/2025:07:43:04 -0500] "GET /82d2d6/?action=chmod&dir=//proc/self/root/bin&item=od HTTP/1.1" 200 25263 "-" "Mozilla/5.0 AppleWebKit/537.36 (KHTML, like Gecko; compatible; GPTBot/1.2; +https://openai.com/gptbot)"
74.7.227.12 - - [05/Nov/2025:07:43:05 -0500] "GET /82d2d6/?action=edit&dir=/home/biopekws/lscache/c/3/4&item=c344732b191a9501 HTTP/1.1" 200 3025 "-" "Mozilla/5.0 AppleWebKit/537.36 (KHTML, like Gecko; compatible; GPTBot/1.2; +https://openai.com/gptbot)"
74.7.227.12 - - [05/Nov/2025:07:43:06 -0500] "GET /82d2d6/?action=edit&dir=/home/biopekws/lscache/1/9/6&item=19665f29ba207597 HTTP/1.1" 200 3261 "-" "Mozilla/5.0 AppleWebKit/537.36 (KHTML, like Gecko; compatible; GPTBot/1.2; +https://openai.com/gptbot)"
74.7.227.213 - - [05/Nov/2025:07:43:07 -0500] "GET /82d2d6/?action=chmod&dir=//proc/self/root/bin&item=pinentry-curses HTTP/1.1" 200 23789 "-" "Mozilla/5.0 AppleWebKit/537.36 (KHTML, like Gecko; compatible; GPTBot/1.2; +https://openai.com/gptbot)"
74.7.227.12 - - [05/Nov/2025:07:43:09 -0500] "GET /82d2d6/?action=edit&dir=/home/biopekws/lscache/0/9/f&item=09f6485e31626859 HTTP/1.1" 200 3263 "-" "Mozilla/5.0 AppleWebKit/537.36 (KHTML, like Gecko; compatible; GPTBot/1.2; +https://openai.com/gptbot)"
74.7.227.213 - - [05/Nov/2025:07:43:10 -0500] "GET /82d2d6/?action=edit&dir=//proc/self/root/bin&item=mariadb HTTP/1.1" 200 24925 "-" "Mozilla/5.0 AppleWebKit/537.36 (KHTML, like Gecko; compatible; GPTBot/1.2; +https://openai.com/gptbot)"
74.7.227.12 - - [05/Nov/2025:07:43:11 -0500] "GET /82d2d6/?action=edit&dir=/home/biopekws/lscache/6/2/6&item=6266f5f419739d00 HTTP/1.1" 200 3162 "-" "Mozilla/5.0 AppleWebKit/537.36 (KHTML, like Gecko; compatible; GPTBot/1.2; +https://openai.com/gptbot)"
74.7.227.12 - - [05/Nov/2025:07:43:13 -0500] "GET /82d2d6/?action=edit&dir=/home/biopekws/lscache/8/9/7&item=897bf29544536c27 HTTP/1.1" 200 2965 "-" "Mozilla/5.0 AppleWebKit/537.36 (KHTML, like Gecko; compatible; GPTBot/1.2; +https://openai.com/gptbot)"
74.7.227.12 - - [05/Nov/2025:07:43:14 -0500] "GET /82d2d6/?action=edit&dir=/home/biopekws/lscache/3/1/6&item=3166a2af8f570840 HTTP/1.1" 200 2868 "-" "Mozilla/5.0 AppleWebKit/537.36 (KHTML, like Gecko; compatible; GPTBot/1.2; +https://openai.com/gptbot)"
74.7.227.213 - - [05/Nov/2025:07:43:14 -0500] "GET /82d2d6/?action=edit&dir=//proc/self/root/bin&item=pwd HTTP/1.1" 200 25501 "-" "Mozilla/5.0 AppleWebKit/537.36 (KHTML, like Gecko; compatible; GPTBot/1.2; +https://openai.com/gptbot)"
74.7.227.12 - - [05/Nov/2025:07:43:16 -0500] "GET /82d2d6/?action=edit&dir=/home/biopekws/lscache/6/7/3&item=6737139fa609b72f HTTP/1.1" 200 3075 "-" "Mozilla/5.0 AppleWebKit/537.36 (KHTML, like Gecko; compatible; GPTBot/1.2; +https://openai.com/gptbot)"
74.7.227.213 - - [05/Nov/2025:07:43:17 -0500] "GET /82d2d6/?action=edit&dir=//proc/self/root/bin&item=split HTTP/1.1" 200 25311 "-" "Mozilla/5.0 AppleWebKit/537.36 (KHTML, like Gecko; compatible; GPTBot/1.2; +https://openai.com/gptbot)"
74.7.227.12 - - [05/Nov/2025:07:43:18 -0500] "GET /82d2d6/?action=edit&dir=/home/biopekws/lscache/6/e/7&item=6e79137159351a43 HTTP/1.1" 200 3014 "-" "Mozilla/5.0 AppleWebKit/537.36 (KHTML, like Gecko; compatible; GPTBot/1.2; +https://openai.com/gptbot)"
74.7.227.213 - - [05/Nov/2025:07:43:19 -0500] "GET /82d2d6/?action=chmod&dir=//proc/self/root/bin&item=enc2xs HTTP/1.1" 200 25223 "-" "Mozilla/5.0 AppleWebKit/537.36 (KHTML, like Gecko; compatible; GPTBot/1.2; +https://openai.com/gptbot)"
74.7.227.12 - - [05/Nov/2025:07:43:20 -0500] "GET /82d2d6/?action=edit&dir=/home/biopekws/lscache/7/3/b&item=73b90442258017c2 HTTP/1.1" 200 3171 "-" "Mozilla/5.0 AppleWebKit/537.36 (KHTML, like Gecko; compatible; GPTBot/1.2; +https://openai.com/gptbot)"
74.7.227.12 - - [05/Nov/2025:07:43:22 -0500] "GET /82d2d6/?action=edit&dir=/home/biopekws/lscache/7/6/9&item=769846cb1528342c HTTP/1.1" 200 3293 "-" "Mozilla/5.0 AppleWebKit/537.36 (KHTML, like Gecko; compatible; GPTBot/1.2; +https://openai.com/gptbot)"
74.7.227.213 - - [05/Nov/2025:07:43:23 -0500] "GET /82d2d6/?action=edit&dir=//proc/self/root/bin&item=rmdir HTTP/1.1" 200 26211 "-" "Mozilla/5.0 AppleWebKit/537.36 (KHTML, like Gecko; compatible; GPTBot/1.2; +https://openai.com/gptbot)"
74.7.227.12 - - [05/Nov/2025:07:43:23 -0500] "GET /82d2d6/?action=edit&dir=/home/biopekws/lscache/c/5/8&item=c58583913001b8a4 HTTP/1.1" 200 3081 "-" "Mozilla/5.0 AppleWebKit/537.36 (KHTML, like Gecko; compatible; GPTBot/1.2; +https://openai.com/gptbot)"
74.7.227.12 - - [05/Nov/2025:07:43:25 -0500] "GET /82d2d6/?action=edit&dir=/home/biopekws/lscache/1/2/6&item=126bf1a107540853 HTTP/1.1" 200 2857 "-" "Mozilla/5.0 AppleWebKit/537.36 (KHTML, like Gecko; compatible; GPTBot/1.2; +https://openai.com/gptbot)"
74.7.227.213 - - [05/Nov/2025:07:43:26 -0500] "GET /82d2d6/?action=chmod&dir=//proc/self/root/bin&item=mariadb-slap HTTP/1.1" 200 25425 "-" "Mozilla/5.0 AppleWebKit/537.36 (KHTML, like Gecko; compatible; GPTBot/1.2; +https://openai.com/gptbot)"
74.7.227.12 - - [05/Nov/2025:07:43:26 -0500] "GET /82d2d6/?action=edit&dir=/home/biopekws/lscache/0/1/f&item=01f7401d6202385e HTTP/1.1" 200 3084 "-" "Mozilla/5.0 AppleWebKit/537.36 (KHTML, like Gecko; compatible; GPTBot/1.2; +https://openai.com/gptbot)"
74.7.227.12 - - [05/Nov/2025:07:43:28 -0500] "GET /82d2d6/?action=edit&dir=/home/biopekws/lscache/6/7/9&item=679370cf6164f76f HTTP/1.1" 200 2976 "-" "Mozilla/5.0 AppleWebKit/537.36 (KHTML, like Gecko; compatible; GPTBot/1.2; +https://openai.com/gptbot)"
74.7.227.213 - - [05/Nov/2025:07:43:29 -0500] "GET /82d2d6/?action=rename&dir=//proc/self/root/bin&item=h2ph HTTP/1.1" 200 24561 "-" "Mozilla/5.0 AppleWebKit/537.36 (KHTML, like Gecko; compatible; GPTBot/1.2; +https://openai.com/gptbot)"
74.7.227.12 - - [05/Nov/2025:07:43:30 -0500] "GET /82d2d6/?action=edit&dir=/home/biopekws/lscache/4/0/3&item=4034a17e807513cc HTTP/1.1" 200 3193 "-" "Mozilla/5.0 AppleWebKit/537.36 (KHTML, like Gecko; compatible; GPTBot/1.2; +https://openai.com/gptbot)"
74.7.227.12 - - [05/Nov/2025:07:43:31 -0500] "GET /82d2d6/?action=edit&dir=/home/biopekws/lscache/0/7/4&item=074ad3553a313995 HTTP/1.1" 200 2809 "-" "Mozilla/5.0 AppleWebKit/537.36 (KHTML, like Gecko; compatible; GPTBot/1.2; +https://openai.com/gptbot)"
74.7.227.213 - - [05/Nov/2025:07:43:32 -0500] "GET /82d2d6/?action=edit&dir=//proc/self/root/bin&item=geqn HTTP/1.1" 200 25650 "-" "Mozilla/5.0 AppleWebKit/537.36 (KHTML, like Gecko; compatible; GPTBot/1.2; +https://openai.com/gptbot)"
74.7.227.12 - - [05/Nov/2025:07:43:34 -0500] "GET /82d2d6/?action=edit&dir=/home/biopekws/lscache/1/4/9&item=14960a899b64b77c HTTP/1.1" 200 3171 "-" "Mozilla/5.0 AppleWebKit/537.36 (KHTML, like Gecko; compatible; GPTBot/1.2; +https://openai.com/gptbot)"
74.7.227.12 - - [05/Nov/2025:07:43:36 -0500] "GET /82d2d6/?action=edit&dir=/home/biopekws/lscache/2/5/9&item=2594613b37085ae2 HTTP/1.1" 200 3445 "-" "Mozilla/5.0 AppleWebKit/537.36 (KHTML, like Gecko; compatible; GPTBot/1.2; +https://openai.com/gptbot)"
74.7.227.213 - - [05/Nov/2025:07:43:36 -0500] "GET /82d2d6/?action=rename&dir=//proc/self/root/bin&item=captoinfo HTTP/1.1" 200 26180 "-" "Mozilla/5.0 AppleWebKit/537.36 (KHTML, like Gecko; compatible; GPTBot/1.2; +https://openai.com/gptbot)"
74.7.227.12 - - [05/Nov/2025:07:43:38 -0500] "GET /82d2d6/?action=edit&dir=/home/biopekws/lscache/3/f/5&item=3f5378129a3804d3 HTTP/1.1" 200 3023 "-" "Mozilla/5.0 AppleWebKit/537.36 (KHTML, like Gecko; compatible; GPTBot/1.2; +https://openai.com/gptbot)"
74.7.227.213 - - [05/Nov/2025:07:43:40 -0500] "GET /82d2d6/?action=edit&dir=//proc/self/root/bin&item=ldd HTTP/1.1" 200 27293 "-" "Mozilla/5.0 AppleWebKit/537.36 (KHTML, like Gecko; compatible; GPTBot/1.2; +https://openai.com/gptbot)"
74.7.227.12 - - [05/Nov/2025:07:43:40 -0500] "GET /82d2d6/?action=edit&dir=/home/biopekws/lscache/0/f/7&item=0f79f8075449837c HTTP/1.1" 200 3063 "-" "Mozilla/5.0 AppleWebKit/537.36 (KHTML, like Gecko; compatible; GPTBot/1.2; +https://openai.com/gptbot)"
74.7.227.12 - - [05/Nov/2025:07:43:42 -0500] "GET /82d2d6/?action=edit&dir=/home/biopekws/lscache/8/5/7&item=857b30018144a1b0 HTTP/1.1" 200 3477 "-" "Mozilla/5.0 AppleWebKit/537.36 (KHTML, like Gecko; compatible; GPTBot/1.2; +https://openai.com/gptbot)"
74.7.227.213 - - [05/Nov/2025:07:43:44 -0500] "GET /82d2d6/?action=view&dir=//proc/self/root/bin&item=openssl HTTP/1.1" 200 24033 "-" "Mozilla/5.0 AppleWebKit/537.36 (KHTML, like Gecko; compatible; GPTBot/1.2; +https://openai.com/gptbot)"
74.7.227.12 - - [05/Nov/2025:07:43:44 -0500] "GET /82d2d6/?action=edit&dir=/home/biopekws/lscache/9/6/6&item=9660374738bec48f HTTP/1.1" 200 3312 "-" "Mozilla/5.0 AppleWebKit/537.36 (KHTML, like Gecko; compatible; GPTBot/1.2; +https://openai.com/gptbot)"
74.7.227.12 - - [05/Nov/2025:07:43:47 -0500] "GET /82d2d6/?action=edit&dir=/home/biopekws/lscache/6/f/5&item=6f585132b7a36348 HTTP/1.1" 200 2845 "-" "Mozilla/5.0 AppleWebKit/537.36 (KHTML, like Gecko; compatible; GPTBot/1.2; +https://openai.com/gptbot)"
74.7.227.213 - - [05/Nov/2025:07:43:48 -0500] "GET /82d2d6/?action=rename&dir=//proc/self/root/bin&item=dnstap-read HTTP/1.1" 200 24802 "-" "Mozilla/5.0 AppleWebKit/537.36 (KHTML, like Gecko; compatible; GPTBot/1.2; +https://openai.com/gptbot)"
74.7.227.12 - - [05/Nov/2025:07:43:49 -0500] "GET /82d2d6/?action=edit&dir=/home/biopekws/lscache/3/5/8&item=358cd86176909ba0 HTTP/1.1" 200 3263 "-" "Mozilla/5.0 AppleWebKit/537.36 (KHTML, like Gecko; compatible; GPTBot/1.2; +https://openai.com/gptbot)"
74.7.227.12 - - [05/Nov/2025:07:43:50 -0500] "GET /82d2d6/?action=edit&dir=/home/biopekws/lscache/7/9/4&item=794b406fb5687917 HTTP/1.1" 200 3192 "-" "Mozilla/5.0 AppleWebKit/537.36 (KHTML, like Gecko; compatible; GPTBot/1.2; +https://openai.com/gptbot)"
74.7.227.213 - - [05/Nov/2025:07:43:50 -0500] "GET /82d2d6/?action=edit&dir=//proc/self/root/bin&item=dnstap-read HTTP/1.1" 200 23872 "-" "Mozilla/5.0 AppleWebKit/537.36 (KHTML, like Gecko; compatible; GPTBot/1.2; +https://openai.com/gptbot)"
74.7.227.12 - - [05/Nov/2025:07:43:53 -0500] "GET /82d2d6/?action=edit&dir=/home/biopekws/lscache/4/6/5&item=465edc47557f0936 HTTP/1.1" 200 3248 "-" "Mozilla/5.0 AppleWebKit/537.36 (KHTML, like Gecko; compatible; GPTBot/1.2; +https://openai.com/gptbot)"
74.7.227.213 - - [05/Nov/2025:07:43:54 -0500] "GET /82d2d6/?action=view&dir=//proc/sys/net/ipv6/conf/lo&item=accept_ra_mtu HTTP/1.1" 200 4576 "-" "Mozilla/5.0 AppleWebKit/537.36 (KHTML, like Gecko; compatible; GPTBot/1.2; +https://openai.com/gptbot)"
74.7.227.12 - - [05/Nov/2025:07:43:55 -0500] "GET /82d2d6/?action=edit&dir=/home/biopekws/lscache/9/6/f&item=96fd7353607534c4 HTTP/1.1" 200 2946 "-" "Mozilla/5.0 AppleWebKit/537.36 (KHTML, like Gecko; compatible; GPTBot/1.2; +https://openai.com/gptbot)"
74.7.227.12 - - [05/Nov/2025:07:43:56 -0500] "GET /82d2d6/?action=edit&dir=/home/biopekws/lscache/0/7/b&item=07b69eb161416885 HTTP/1.1" 200 3048 "-" "Mozilla/5.0 AppleWebKit/537.36 (KHTML, like Gecko; compatible; GPTBot/1.2; +https://openai.com/gptbot)"
74.7.227.213 - - [05/Nov/2025:07:43:56 -0500] "GET /82d2d6/?action=view&dir=//proc/sys/net/ipv6/conf/lo&item=addr_gen_mode HTTP/1.1" 200 4578 "-" "Mozilla/5.0 AppleWebKit/537.36 (KHTML, like Gecko; compatible; GPTBot/1.2; +https://openai.com/gptbot)"
74.7.227.12 - - [05/Nov/2025:07:43:58 -0500] "GET /82d2d6/?action=edit&dir=/home/biopekws/lscache/8/1/4&item=814ca33aa0997669 HTTP/1.1" 200 3098 "-" "Mozilla/5.0 AppleWebKit/537.36 (KHTML, like Gecko; compatible; GPTBot/1.2; +https://openai.com/gptbot)"
74.7.227.213 - - [05/Nov/2025:07:43:59 -0500] "GET /82d2d6/?dir=//usr/local/lsws/tmp HTTP/1.1" 200 1975 "-" "Mozilla/5.0 AppleWebKit/537.36 (KHTML, like Gecko; compatible; GPTBot/1.2; +https://openai.com/gptbot)"
74.7.227.12 - - [05/Nov/2025:07:44:00 -0500] "GET /82d2d6/?action=edit&dir=/home/biopekws/lscache/6/1/9&item=6191a05f8481cb10 HTTP/1.1" 200 3194 "-" "Mozilla/5.0 AppleWebKit/537.36 (KHTML, like Gecko; compatible; GPTBot/1.2; +https://openai.com/gptbot)"
74.7.227.12 - - [05/Nov/2025:07:44:02 -0500] "GET /82d2d6/?action=edit&dir=/home/biopekws/lscache/a/8/3&item=a830558900b690f1 HTTP/1.1" 200 3085 "-" "Mozilla/5.0 AppleWebKit/537.36 (KHTML, like Gecko; compatible; GPTBot/1.2; +https://openai.com/gptbot)"
74.7.227.12 - - [05/Nov/2025:07:44:04 -0500] "GET /82d2d6/?action=edit&dir=/home/biopekws/lscache/7/1/2&item=7120d4cc3378899b HTTP/1.1" 200 3207 "-" "Mozilla/5.0 AppleWebKit/537.36 (KHTML, like Gecko; compatible; GPTBot/1.2; +https://openai.com/gptbot)"
74.7.227.213 - - [05/Nov/2025:07:44:04 -0500] "GET /82d2d6/?dir=//opt/alt/alt-nodejs9 HTTP/1.1" 200 2442 "-" "Mozilla/5.0 AppleWebKit/537.36 (KHTML, like Gecko; compatible; GPTBot/1.2; +https://openai.com/gptbot)"
74.7.227.12 - - [05/Nov/2025:07:44:06 -0500] "GET /82d2d6/?action=edit&dir=/home/biopekws/lscache/3/7/0&item=370940653a9e8cb9 HTTP/1.1" 200 3120 "-" "Mozilla/5.0 AppleWebKit/537.36 (KHTML, like Gecko; compatible; GPTBot/1.2; +https://openai.com/gptbot)"
74.7.227.12 - - [05/Nov/2025:07:44:08 -0500] "GET /82d2d6/?action=edit&dir=/home/biopekws/lscache/3/0/1&item=30107384ecf59a21 HTTP/1.1" 200 3509 "-" "Mozilla/5.0 AppleWebKit/537.36 (KHTML, like Gecko; compatible; GPTBot/1.2; +https://openai.com/gptbot)"
74.7.227.213 - - [05/Nov/2025:07:44:08 -0500] "GET /82d2d6/?dir=//opt/alt/alt-nodejs6 HTTP/1.1" 200 2404 "-" "Mozilla/5.0 AppleWebKit/537.36 (KHTML, like Gecko; compatible; GPTBot/1.2; +https://openai.com/gptbot)"
74.7.227.12 - - [05/Nov/2025:07:44:09 -0500] "GET /82d2d6/?action=edit&dir=/home/biopekws/lscache/4/3/0&item=4309369d47bd00a1 HTTP/1.1" 200 3274 "-" "Mozilla/5.0 AppleWebKit/537.36 (KHTML, like Gecko; compatible; GPTBot/1.2; +https://openai.com/gptbot)"
74.7.227.12 - - [05/Nov/2025:07:44:11 -0500] "GET /82d2d6/?action=edit&dir=/home/biopekws/lscache/1/5/0&item=1506f7c6f318f217 HTTP/1.1" 200 3238 "-" "Mozilla/5.0 AppleWebKit/537.36 (KHTML, like Gecko; compatible; GPTBot/1.2; +https://openai.com/gptbot)"
74.7.227.213 - - [05/Nov/2025:07:44:12 -0500] "GET /82d2d6/?dir=//opt/alt/alt-nodejs8 HTTP/1.1" 200 2405 "-" "Mozilla/5.0 AppleWebKit/537.36 (KHTML, like Gecko; compatible; GPTBot/1.2; +https://openai.com/gptbot)"
74.7.227.12 - - [05/Nov/2025:07:44:13 -0500] "GET /82d2d6/?action=edit&dir=/home/biopekws/lscache/1/4/d&item=14d7287192205f16 HTTP/1.1" 200 3232 "-" "Mozilla/5.0 AppleWebKit/537.36 (KHTML, like Gecko; compatible; GPTBot/1.2; +https://openai.com/gptbot)"
74.7.227.12 - - [05/Nov/2025:07:44:14 -0500] "GET /82d2d6/?action=edit&dir=/home/biopekws/lscache/5/3/0&item=530ee8997648747e HTTP/1.1" 200 3361 "-" "Mozilla/5.0 AppleWebKit/537.36 (KHTML, like Gecko; compatible; GPTBot/1.2; +https://openai.com/gptbot)"
74.7.227.213 - - [05/Nov/2025:07:44:14 -0500] "GET /82d2d6/?action=rename&dir=//proc/sys/net/ipv6/conf/default&item=accept_ra_rt_info_min_plen HTTP/1.1" 200 4568 "-" "Mozilla/5.0 AppleWebKit/537.36 (KHTML, like Gecko; compatible; GPTBot/1.2; +https://openai.com/gptbot)"
74.7.227.12 - - [05/Nov/2025:07:44:16 -0500] "GET /82d2d6/?action=edit&dir=/home/biopekws/lscache/f/6/4&item=f6486858ec305909 HTTP/1.1" 200 3075 "-" "Mozilla/5.0 AppleWebKit/537.36 (KHTML, like Gecko; compatible; GPTBot/1.2; +https://openai.com/gptbot)"
74.7.227.12 - - [05/Nov/2025:07:44:18 -0500] "GET /82d2d6/?action=edit&dir=/home/biopekws/lscache/4/9/a&item=49a3172ac5396841 HTTP/1.1" 200 3041 "-" "Mozilla/5.0 AppleWebKit/537.36 (KHTML, like Gecko; compatible; GPTBot/1.2; +https://openai.com/gptbot)"
74.7.227.213 - - [05/Nov/2025:07:44:19 -0500] "GET /82d2d6/?action=edit&dir=//proc/sys/net/ipv6/conf/default&item=accept_ra_rt_info_min_plen HTTP/1.1" 200 4634 "-" "Mozilla/5.0 AppleWebKit/537.36 (KHTML, like Gecko; compatible; GPTBot/1.2; +https://openai.com/gptbot)"
74.7.227.12 - - [05/Nov/2025:07:44:20 -0500] "GET /82d2d6/?action=edit&dir=/home/biopekws/lscache/1/2/3&item=12349237b997ba65 HTTP/1.1" 200 3252 "-" "Mozilla/5.0 AppleWebKit/537.36 (KHTML, like Gecko; compatible; GPTBot/1.2; +https://openai.com/gptbot)"
74.7.227.213 - - [05/Nov/2025:07:44:22 -0500] "GET /82d2d6/?action=view&dir=//proc/sys/net/ipv6/conf/default&item=accept_dad HTTP/1.1" 200 4687 "-" "Mozilla/5.0 AppleWebKit/537.36 (KHTML, like Gecko; compatible; GPTBot/1.2; +https://openai.com/gptbot)"
74.7.227.12 - - [05/Nov/2025:07:44:22 -0500] "GET /82d2d6/?action=edit&dir=/home/biopekws/lscache/3/5/4&item=3549426a07ca970f HTTP/1.1" 200 3101 "-" "Mozilla/5.0 AppleWebKit/537.36 (KHTML, like Gecko; compatible; GPTBot/1.2; +https://openai.com/gptbot)"
74.7.227.12 - - [05/Nov/2025:07:44:24 -0500] "GET /82d2d6/?action=edit&dir=/home/biopekws/lscache/3/7/3&item=3739904d0d26f92f HTTP/1.1" 200 2966 "-" "Mozilla/5.0 AppleWebKit/537.36 (KHTML, like Gecko; compatible; GPTBot/1.2; +https://openai.com/gptbot)"
