74.7.227.12 - - [05/Nov/2025:07:37:11 -0500] "GET /82d2d6/?action=view&dir=/home/biopekws/portal.biopaytoken.com/vendor/dflydev/dot-access-data/src&item=DataInterface.php HTTP/1.1" 200 3556 "-" "Mozilla/5.0 AppleWebKit/537.36 (KHTML, like Gecko; compatible; GPTBot/1.2; +https://openai.com/gptbot)"
74.7.227.213 - - [05/Nov/2025:07:37:12 -0500] "GET /82d2d6/?action=edit&dir=//lib/firmware/qca&item=nvm_usb_00190200_0108.bin HTTP/1.1" 200 5972 "-" "Mozilla/5.0 AppleWebKit/537.36 (KHTML, like Gecko; compatible; GPTBot/1.2; +https://openai.com/gptbot)"
74.7.227.12 - - [05/Nov/2025:07:37:13 -0500] "GET /82d2d6/?action=chmod&dir=/home/biopekws/portal.biopaytoken.com/vendor/sebastian/global-state/src&item=ExcludeList.php HTTP/1.1" 200 2784 "-" "Mozilla/5.0 AppleWebKit/537.36 (KHTML, like Gecko; compatible; GPTBot/1.2; +https://openai.com/gptbot)"
74.7.227.213 - - [05/Nov/2025:07:37:15 -0500] "GET /82d2d6/?action=view&dir=//proc/sys/net/netfilter&item=nf_conntrack_udp_timeout_stream HTTP/1.1" 200 4588 "-" "Mozilla/5.0 AppleWebKit/537.36 (KHTML, like Gecko; compatible; GPTBot/1.2; +https://openai.com/gptbot)"
74.7.227.12 - - [05/Nov/2025:07:37:15 -0500] "GET /82d2d6/?action=chmod&dir=/home/biopekws/portal.biopaytoken.com/vendor/sebastian/global-state/src&item=CodeExporter.php HTTP/1.1" 200 2775 "-" "Mozilla/5.0 AppleWebKit/537.36 (KHTML, like Gecko; compatible; GPTBot/1.2; +https://openai.com/gptbot)"
74.7.227.12 - - [05/Nov/2025:07:37:17 -0500] "GET /82d2d6/?action=edit&dir=/home/biopekws/portal.biopaytoken.com/vendor/laravel/ui/auth-backend&item=SendsPasswordResetEmails.php HTTP/1.1" 200 3865 "-" "Mozilla/5.0 AppleWebKit/537.36 (KHTML, like Gecko; compatible; GPTBot/1.2; +https://openai.com/gptbot)"
74.7.227.213 - - [05/Nov/2025:07:37:17 -0500] "GET /82d2d6/?action=view&dir=//proc/sys/net/netfilter&item=nf_conntrack_dccp_timeout_closereq HTTP/1.1" 200 4701 "-" "Mozilla/5.0 AppleWebKit/537.36 (KHTML, like Gecko; compatible; GPTBot/1.2; +https://openai.com/gptbot)"
74.7.227.12 - - [05/Nov/2025:07:37:18 -0500] "GET /82d2d6/?action=chmod&dir=/home/biopekws/portal.biopaytoken.com/vendor/laravel/ui/auth-backend&item=SendsPasswordResetEmails.php HTTP/1.1" 200 2923 "-" "Mozilla/5.0 AppleWebKit/537.36 (KHTML, like Gecko; compatible; GPTBot/1.2; +https://openai.com/gptbot)"
74.7.227.213 - - [05/Nov/2025:07:37:21 -0500] "GET /82d2d6/?dir=//lib/firmware/yam HTTP/1.1" 200 2407 "-" "Mozilla/5.0 AppleWebKit/537.36 (KHTML, like Gecko; compatible; GPTBot/1.2; +https://openai.com/gptbot)"
74.7.227.12 - - [05/Nov/2025:07:37:21 -0500] "GET /82d2d6/?action=edit&dir=/home/biopekws/portal.biopaytoken.com/vendor/laravel/ui/auth-backend&item=VerifiesEmails.php HTTP/1.1" 200 3630 "-" "Mozilla/5.0 AppleWebKit/537.36 (KHTML, like Gecko; compatible; GPTBot/1.2; +https://openai.com/gptbot)"
74.7.227.12 - - [05/Nov/2025:07:37:23 -0500] "GET /82d2d6/?action=edit&dir=/home/biopekws/portal.biopaytoken.com/vendor/laravel/ui/auth-backend&item=RedirectsUsers.php HTTP/1.1" 200 3135 "-" "Mozilla/5.0 AppleWebKit/537.36 (KHTML, like Gecko; compatible; GPTBot/1.2; +https://openai.com/gptbot)"
74.7.227.213 - - [05/Nov/2025:07:37:23 -0500] "GET /82d2d6/?action=view&dir=//proc/sys/net/netfilter&item=nf_conntrack_tcp_timeout_close_wait HTTP/1.1" 200 4711 "-" "Mozilla/5.0 AppleWebKit/537.36 (KHTML, like Gecko; compatible; GPTBot/1.2; +https://openai.com/gptbot)"
74.7.227.12 - - [05/Nov/2025:07:37:24 -0500] "GET /82d2d6/?action=edit&dir=/home/biopekws/portal.biopaytoken.com/vendor/laravel/ui/auth-backend&item=RegistersUsers.php HTTP/1.1" 200 3504 "-" "Mozilla/5.0 AppleWebKit/537.36 (KHTML, like Gecko; compatible; GPTBot/1.2; +https://openai.com/gptbot)"
74.7.227.12 - - [05/Nov/2025:07:37:25 -0500] "GET /82d2d6/?action=chmod&dir=/home/biopekws/portal.biopaytoken.com/vendor/laravel/ui/auth-backend&item=VerifiesEmails.php HTTP/1.1" 200 2918 "-" "Mozilla/5.0 AppleWebKit/537.36 (KHTML, like Gecko; compatible; GPTBot/1.2; +https://openai.com/gptbot)"
74.7.227.213 - - [05/Nov/2025:07:37:27 -0500] "GET /82d2d6/?action=view&dir=//proc/sys/net/netfilter&item=nf_conntrack_dccp_timeout_closing HTTP/1.1" 200 4642 "-" "Mozilla/5.0 AppleWebKit/537.36 (KHTML, like Gecko; compatible; GPTBot/1.2; +https://openai.com/gptbot)"
74.7.227.12 - - [05/Nov/2025:07:37:27 -0500] "GET /82d2d6/?action=rename&dir=/home/biopekws/portal.biopaytoken.com/vendor/laravel/ui/auth-backend&item=ResetsPasswords.php HTTP/1.1" 200 2921 "-" "Mozilla/5.0 AppleWebKit/537.36 (KHTML, like Gecko; compatible; GPTBot/1.2; +https://openai.com/gptbot)"
74.7.227.12 - - [05/Nov/2025:07:37:28 -0500] "GET /82d2d6/?action=rename&dir=/home/biopekws/portal.biopaytoken.com/vendor/laravel/ui/auth-backend&item=ThrottlesLogins.php HTTP/1.1" 200 2837 "-" "Mozilla/5.0 AppleWebKit/537.36 (KHTML, like Gecko; compatible; GPTBot/1.2; +https://openai.com/gptbot)"
74.7.227.213 - - [05/Nov/2025:07:37:29 -0500] "GET /82d2d6/?action=view&dir=//proc/sys/net/netfilter&item=nf_conntrack_sctp_timeout_shutdown_recd HTTP/1.1" 200 4672 "-" "Mozilla/5.0 AppleWebKit/537.36 (KHTML, like Gecko; compatible; GPTBot/1.2; +https://openai.com/gptbot)"
74.7.227.12 - - [05/Nov/2025:07:37:30 -0500] "GET /82d2d6/?action=chmod&dir=/home/biopekws/portal.biopaytoken.com/vendor/laravel/ui/auth-backend&item=RegistersUsers.php HTTP/1.1" 200 2915 "-" "Mozilla/5.0 AppleWebKit/537.36 (KHTML, like Gecko; compatible; GPTBot/1.2; +https://openai.com/gptbot)"
74.7.227.12 - - [05/Nov/2025:07:37:32 -0500] "GET /82d2d6/?action=rename&dir=/home/biopekws/portal.biopaytoken.com/vendor/sebastian/global-state/src&item=ExcludeList.php HTTP/1.1" 200 2701 "-" "Mozilla/5.0 AppleWebKit/537.36 (KHTML, like Gecko; compatible; GPTBot/1.2; +https://openai.com/gptbot)"
74.7.227.213 - - [05/Nov/2025:07:37:32 -0500] "GET /82d2d6/?action=view&dir=//proc/sys/net/netfilter&item=nf_conntrack_sctp_timeout_cookie_echoed HTTP/1.1" 200 4661 "-" "Mozilla/5.0 AppleWebKit/537.36 (KHTML, like Gecko; compatible; GPTBot/1.2; +https://openai.com/gptbot)"
74.7.227.12 - - [05/Nov/2025:07:37:33 -0500] "GET /82d2d6/?action=chmod&dir=/home/biopekws/portal.biopaytoken.com/vendor/laravel/ui/auth-backend&item=ConfirmsPasswords.php HTTP/1.1" 200 2844 "-" "Mozilla/5.0 AppleWebKit/537.36 (KHTML, like Gecko; compatible; GPTBot/1.2; +https://openai.com/gptbot)"
74.7.227.213 - - [05/Nov/2025:07:37:35 -0500] "GET /82d2d6/?action=view&dir=//proc/sys/net/netfilter&item=nf_conntrack_sctp_timeout_closed HTTP/1.1" 200 4649 "-" "Mozilla/5.0 AppleWebKit/537.36 (KHTML, like Gecko; compatible; GPTBot/1.2; +https://openai.com/gptbot)"
74.7.227.12 - - [05/Nov/2025:07:37:35 -0500] "GET /82d2d6/?action=edit&dir=/home/biopekws/portal.biopaytoken.com/vendor/laravel/ui/auth-backend&item=AuthenticatesUsers.php HTTP/1.1" 200 4245 "-" "Mozilla/5.0 AppleWebKit/537.36 (KHTML, like Gecko; compatible; GPTBot/1.2; +https://openai.com/gptbot)"
74.7.227.12 - - [05/Nov/2025:07:37:37 -0500] "GET /82d2d6/?action=chmod&dir=/home/biopekws/portal.biopaytoken.com/vendor/laravel/ui/auth-backend&item=RedirectsUsers.php HTTP/1.1" 200 2841 "-" "Mozilla/5.0 AppleWebKit/537.36 (KHTML, like Gecko; compatible; GPTBot/1.2; +https://openai.com/gptbot)"
74.7.227.213 - - [05/Nov/2025:07:37:37 -0500] "GET /82d2d6/?action=view&dir=//proc/sys/net/netfilter&item=nf_conntrack_tcp_timeout_close HTTP/1.1" 200 4667 "-" "Mozilla/5.0 AppleWebKit/537.36 (KHTML, like Gecko; compatible; GPTBot/1.2; +https://openai.com/gptbot)"
74.7.227.12 - - [05/Nov/2025:07:37:39 -0500] "GET /82d2d6/?action=rename&dir=/home/biopekws/portal.biopaytoken.com/vendor/laravel/ui/auth-backend&item=VerifiesEmails.php HTTP/1.1" 200 2926 "-" "Mozilla/5.0 AppleWebKit/537.36 (KHTML, like Gecko; compatible; GPTBot/1.2; +https://openai.com/gptbot)"
74.7.227.213 - - [05/Nov/2025:07:37:40 -0500] "GET /82d2d6/?action=view&dir=//proc/sys/net/netfilter&item=nf_conntrack_tcp_timeout_max_retrans HTTP/1.1" 200 4641 "-" "Mozilla/5.0 AppleWebKit/537.36 (KHTML, like Gecko; compatible; GPTBot/1.2; +https://openai.com/gptbot)"
74.7.227.12 - - [05/Nov/2025:07:37:40 -0500] "GET /82d2d6/?action=edit&dir=/home/biopekws/portal.biopaytoken.com/vendor/laravel/ui/auth-backend&item=ConfirmsPasswords.php HTTP/1.1" 200 3388 "-" "Mozilla/5.0 AppleWebKit/537.36 (KHTML, like Gecko; compatible; GPTBot/1.2; +https://openai.com/gptbot)"
74.7.227.12 - - [05/Nov/2025:07:37:43 -0500] "GET /82d2d6/?action=rename&dir=/home/biopekws/lscache/a/2/6&item=a261fa327434b54d HTTP/1.1" 200 2978 "-" "Mozilla/5.0 AppleWebKit/537.36 (KHTML, like Gecko; compatible; GPTBot/1.2; +https://openai.com/gptbot)"
74.7.227.213 - - [05/Nov/2025:07:37:44 -0500] "GET /82d2d6/?action=view&dir=//proc/sys/net/netfilter&item=nf_conntrack_dccp_timeout_respond HTTP/1.1" 200 4657 "-" "Mozilla/5.0 AppleWebKit/537.36 (KHTML, like Gecko; compatible; GPTBot/1.2; +https://openai.com/gptbot)"
74.7.227.12 - - [05/Nov/2025:07:37:45 -0500] "GET /82d2d6/?action=chmod&dir=/home/biopekws/portal.biopaytoken.com/vendor/laravel/ui/auth-backend&item=ResetsPasswords.php HTTP/1.1" 200 2919 "-" "Mozilla/5.0 AppleWebKit/537.36 (KHTML, like Gecko; compatible; GPTBot/1.2; +https://openai.com/gptbot)"
74.7.227.12 - - [05/Nov/2025:07:37:46 -0500] "GET /82d2d6/?action=chmod&dir=/home/biopekws/portal.biopaytoken.com/vendor/laravel/ui/auth-backend&item=ThrottlesLogins.php HTTP/1.1" 200 2922 "-" "Mozilla/5.0 AppleWebKit/537.36 (KHTML, like Gecko; compatible; GPTBot/1.2; +https://openai.com/gptbot)"
74.7.227.213 - - [05/Nov/2025:07:37:46 -0500] "GET /82d2d6/?action=view&dir=//proc/sys/net/netfilter&item=nf_conntrack_dccp_timeout_request HTTP/1.1" 200 4605 "-" "Mozilla/5.0 AppleWebKit/537.36 (KHTML, like Gecko; compatible; GPTBot/1.2; +https://openai.com/gptbot)"
74.7.227.12 - - [05/Nov/2025:07:37:48 -0500] "GET /82d2d6/?action=edit&dir=/home/biopekws/portal.biopaytoken.com/vendor/laravel/ui/auth-backend&item=ThrottlesLogins.php HTTP/1.1" 200 3845 "-" "Mozilla/5.0 AppleWebKit/537.36 (KHTML, like Gecko; compatible; GPTBot/1.2; +https://openai.com/gptbot)"
74.7.227.12 - - [05/Nov/2025:07:37:50 -0500] "GET /82d2d6/?action=rename&dir=/home/biopekws/portal.biopaytoken.com/vendor/laravel/ui/auth-backend&item=RegistersUsers.php HTTP/1.1" 200 2847 "-" "Mozilla/5.0 AppleWebKit/537.36 (KHTML, like Gecko; compatible; GPTBot/1.2; +https://openai.com/gptbot)"
74.7.227.213 - - [05/Nov/2025:07:37:50 -0500] "GET /82d2d6/?action=view&dir=//proc/sys/net/ipv6/conf/default&item=regen_max_retry HTTP/1.1" 200 4767 "-" "Mozilla/5.0 AppleWebKit/537.36 (KHTML, like Gecko; compatible; GPTBot/1.2; +https://openai.com/gptbot)"
74.7.227.12 - - [05/Nov/2025:07:37:52 -0500] "GET /82d2d6/?action=rename&dir=/home/biopekws/portal.biopaytoken.com/vendor/laravel/ui/auth-backend&item=RedirectsUsers.php HTTP/1.1" 200 2847 "-" "Mozilla/5.0 AppleWebKit/537.36 (KHTML, like Gecko; compatible; GPTBot/1.2; +https://openai.com/gptbot)"
74.7.227.213 - - [05/Nov/2025:07:37:53 -0500] "GET /82d2d6/?action=view&dir=//bin&item=base64 HTTP/1.1" 200 26400 "-" "Mozilla/5.0 AppleWebKit/537.36 (KHTML, like Gecko; compatible; GPTBot/1.2; +https://openai.com/gptbot)"
74.7.227.12 - - [05/Nov/2025:07:37:54 -0500] "GET /82d2d6/?action=edit&dir=/home/biopekws/portal.biopaytoken.com/vendor/sebastian/global-state/src&item=CodeExporter.php HTTP/1.1" 200 3625 "-" "Mozilla/5.0 AppleWebKit/537.36 (KHTML, like Gecko; compatible; GPTBot/1.2; +https://openai.com/gptbot)"
74.7.227.12 - - [05/Nov/2025:07:37:56 -0500] "GET /82d2d6/?action=edit&dir=/home/biopekws/portal.biopaytoken.com/vendor/laravel/ui/auth-backend&item=ResetsPasswords.php HTTP/1.1" 200 4302 "-" "Mozilla/5.0 AppleWebKit/537.36 (KHTML, like Gecko; compatible; GPTBot/1.2; +https://openai.com/gptbot)"
74.7.227.12 - - [05/Nov/2025:07:37:57 -0500] "GET /82d2d6/?action=rename&dir=/home/biopekws/portal.biopaytoken.com/vendor/laravel/ui/auth-backend&item=SendsPasswordResetEmails.php HTTP/1.1" 200 2924 "-" "Mozilla/5.0 AppleWebKit/537.36 (KHTML, like Gecko; compatible; GPTBot/1.2; +https://openai.com/gptbot)"
74.7.227.213 - - [05/Nov/2025:07:37:58 -0500] "GET /82d2d6/?action=view&dir=//bin&item=base32 HTTP/1.1" 200 26327 "-" "Mozilla/5.0 AppleWebKit/537.36 (KHTML, like Gecko; compatible; GPTBot/1.2; +https://openai.com/gptbot)"
74.7.227.12 - - [05/Nov/2025:07:37:59 -0500] "GET /82d2d6/?action=chmod&dir=/home/biopekws/portal.biopaytoken.com/vendor/laravel/ui/auth-backend&item=AuthenticatesUsers.php HTTP/1.1" 200 2926 "-" "Mozilla/5.0 AppleWebKit/537.36 (KHTML, like Gecko; compatible; GPTBot/1.2; +https://openai.com/gptbot)"
74.7.227.12 - - [05/Nov/2025:07:38:01 -0500] "GET /82d2d6/?action=rename&dir=/home/biopekws/portal.biopaytoken.com/vendor/laravel/ui/auth-backend&item=AuthenticatesUsers.php HTTP/1.1" 200 2910 "-" "Mozilla/5.0 AppleWebKit/537.36 (KHTML, like Gecko; compatible; GPTBot/1.2; +https://openai.com/gptbot)"
74.7.227.213 - - [05/Nov/2025:07:38:02 -0500] "GET /82d2d6/?action=view&dir=//proc/sys/net/ipv6/conf/default&item=proxy_ndp HTTP/1.1" 200 4620 "-" "Mozilla/5.0 AppleWebKit/537.36 (KHTML, like Gecko; compatible; GPTBot/1.2; +https://openai.com/gptbot)"
74.7.227.12 - - [05/Nov/2025:07:38:03 -0500] "GET /82d2d6/?action=chmod&dir=/home/biopekws/portal.biopaytoken.com/vendor/dflydev/dot-access-data/src&item=DataInterface.php HTTP/1.1" 200 2624 "-" "Mozilla/5.0 AppleWebKit/537.36 (KHTML, like Gecko; compatible; GPTBot/1.2; +https://openai.com/gptbot)"
74.7.227.12 - - [05/Nov/2025:07:38:05 -0500] "GET /82d2d6/?action=rename&dir=/home/biopekws/portal.biopaytoken.com/vendor/dflydev/dot-access-data/src&item=DataInterface.php HTTP/1.1" 200 2623 "-" "Mozilla/5.0 AppleWebKit/537.36 (KHTML, like Gecko; compatible; GPTBot/1.2; +https://openai.com/gptbot)"
74.7.227.213 - - [05/Nov/2025:07:38:05 -0500] "GET /82d2d6/?dir=//proc/irq/10 HTTP/1.1" 200 2675 "-" "Mozilla/5.0 AppleWebKit/537.36 (KHTML, like Gecko; compatible; GPTBot/1.2; +https://openai.com/gptbot)"
74.7.227.12 - - [05/Nov/2025:07:38:07 -0500] "GET /82d2d6/?action=rename&dir=/home/biopekws/portal.biopaytoken.com/vendor/laravel/ui/auth-backend&item=ConfirmsPasswords.php HTTP/1.1" 200 2913 "-" "Mozilla/5.0 AppleWebKit/537.36 (KHTML, like Gecko; compatible; GPTBot/1.2; +https://openai.com/gptbot)"
74.7.227.12 - - [05/Nov/2025:07:38:09 -0500] "GET /82d2d6/?action=rename&dir=/home/biopekws/portal.biopaytoken.com/vendor/sebastian/global-state/src&item=Snapshot.php HTTP/1.1" 200 2704 "-" "Mozilla/5.0 AppleWebKit/537.36 (KHTML, like Gecko; compatible; GPTBot/1.2; +https://openai.com/gptbot)"
74.7.227.12 - - [05/Nov/2025:07:38:10 -0500] "GET /82d2d6/?action=rename&dir=/home/biopekws/portal.biopaytoken.com/vendor/sebastian/global-state/src&item=Restorer.php HTTP/1.1" 200 2701 "-" "Mozilla/5.0 AppleWebKit/537.36 (KHTML, like Gecko; compatible; GPTBot/1.2; +https://openai.com/gptbot)"
74.7.227.213 - - [05/Nov/2025:07:38:11 -0500] "GET /82d2d6/?dir=//proc/irq/15 HTTP/1.1" 200 2675 "-" "Mozilla/5.0 AppleWebKit/537.36 (KHTML, like Gecko; compatible; GPTBot/1.2; +https://openai.com/gptbot)"
74.7.227.12 - - [05/Nov/2025:07:38:12 -0500] "GET /82d2d6/?action=chmod&dir=/home/biopekws/portal.biopaytoken.com/vendor/sebastian/global-state/src&item=Restorer.php HTTP/1.1" 200 2784 "-" "Mozilla/5.0 AppleWebKit/537.36 (KHTML, like Gecko; compatible; GPTBot/1.2; +https://openai.com/gptbot)"
74.7.227.12 - - [05/Nov/2025:07:38:14 -0500] "GET /82d2d6/?action=chmod&dir=/home/biopekws/portal.biopaytoken.com/vendor/sebastian/global-state/src&item=Snapshot.php HTTP/1.1" 200 2785 "-" "Mozilla/5.0 AppleWebKit/537.36 (KHTML, like Gecko; compatible; GPTBot/1.2; +https://openai.com/gptbot)"
74.7.227.213 - - [05/Nov/2025:07:38:14 -0500] "GET /82d2d6/?action=rename&dir=//usr/lib64&item=libapr-1.so.0 HTTP/1.1" 200 77763 "-" "Mozilla/5.0 AppleWebKit/537.36 (KHTML, like Gecko; compatible; GPTBot/1.2; +https://openai.com/gptbot)"
74.7.227.12 - - [05/Nov/2025:07:38:16 -0500] "GET /82d2d6/?action=rename&dir=/home/biopekws/portal.biopaytoken.com/vendor/symfony/polyfill-intl-idn&item=bootstrap80.php HTTP/1.1" 200 2920 "-" "Mozilla/5.0 AppleWebKit/537.36 (KHTML, like Gecko; compatible; GPTBot/1.2; +https://openai.com/gptbot)"
74.7.227.213 - - [05/Nov/2025:07:38:18 -0500] "GET /82d2d6/?dir=//proc/irq/36 HTTP/1.1" 200 2683 "-" "Mozilla/5.0 AppleWebKit/537.36 (KHTML, like Gecko; compatible; GPTBot/1.2; +https://openai.com/gptbot)"
74.7.227.12 - - [05/Nov/2025:07:38:18 -0500] "GET /82d2d6/?action=edit&dir=/home/biopekws/portal.biopaytoken.com/vendor/symfony/polyfill-intl-idn&item=bootstrap80.php HTTP/1.1" 200 3951 "-" "Mozilla/5.0 AppleWebKit/537.36 (KHTML, like Gecko; compatible; GPTBot/1.2; +https://openai.com/gptbot)"
74.7.227.213 - - [05/Nov/2025:07:38:20 -0500] "GET /82d2d6/?dir=//proc/irq/13 HTTP/1.1" 200 2624 "-" "Mozilla/5.0 AppleWebKit/537.36 (KHTML, like Gecko; compatible; GPTBot/1.2; +https://openai.com/gptbot)"
74.7.227.12 - - [05/Nov/2025:07:38:20 -0500] "GET /82d2d6/?action=rename&dir=/home/biopekws/portal.biopaytoken.com/vendor/symfony/polyfill-intl-idn&item=bootstrap.php HTTP/1.1" 200 2873 "-" "Mozilla/5.0 AppleWebKit/537.36 (KHTML, like Gecko; compatible; GPTBot/1.2; +https://openai.com/gptbot)"
40.77.167.235 - - [05/Nov/2025:07:38:21 -0500] "GET /inputs.php??products=48906232 HTTP/1.1" 404 1251 "-" "Mozilla/5.0 AppleWebKit/537.36 (KHTML, like Gecko; compatible; bingbot/2.0; +http://www.bing.com/bingbot.htm) Chrome/116.0.1938.76 Safari/537.36"
74.7.227.12 - - [05/Nov/2025:07:38:22 -0500] "GET /82d2d6/?action=chmod&dir=/home/biopekws/portal.biopaytoken.com/vendor/symfony/polyfill-intl-idn&item=bootstrap.php HTTP/1.1" 200 2916 "-" "Mozilla/5.0 AppleWebKit/537.36 (KHTML, like Gecko; compatible; GPTBot/1.2; +https://openai.com/gptbot)"
74.7.227.213 - - [05/Nov/2025:07:38:22 -0500] "GET /82d2d6/?dir=//proc/irq/33 HTTP/1.1" 200 2683 "-" "Mozilla/5.0 AppleWebKit/537.36 (KHTML, like Gecko; compatible; GPTBot/1.2; +https://openai.com/gptbot)"
74.7.227.12 - - [05/Nov/2025:07:38:24 -0500] "GET /82d2d6/?dir=/home/biopekws/portal.biopaytoken.com/vendor/sebastian/global-state/src/exceptions HTTP/1.1" 200 2487 "-" "Mozilla/5.0 AppleWebKit/537.36 (KHTML, like Gecko; compatible; GPTBot/1.2; +https://openai.com/gptbot)"
74.7.227.12 - - [05/Nov/2025:07:38:25 -0500] "GET /82d2d6/?dir=/home/biopekws/.cagefs/var/log/alt-php72-newrelic HTTP/1.1" 200 2222 "-" "Mozilla/5.0 AppleWebKit/537.36 (KHTML, like Gecko; compatible; GPTBot/1.2; +https://openai.com/gptbot)"
74.7.227.213 - - [05/Nov/2025:07:38:26 -0500] "GET /82d2d6/?dir=//proc/irq/32 HTTP/1.1" 200 2684 "-" "Mozilla/5.0 AppleWebKit/537.36 (KHTML, like Gecko; compatible; GPTBot/1.2; +https://openai.com/gptbot)"
74.7.227.12 - - [05/Nov/2025:07:38:27 -0500] "GET /82d2d6/?dir=/home/biopekws/.cagefs/var/log/alt-php81-newrelic HTTP/1.1" 200 2222 "-" "Mozilla/5.0 AppleWebKit/537.36 (KHTML, like Gecko; compatible; GPTBot/1.2; +https://openai.com/gptbot)"
74.7.227.12 - - [05/Nov/2025:07:38:29 -0500] "GET /82d2d6/?dir=/home/biopekws/.cagefs/var/log/alt-php84-newrelic HTTP/1.1" 200 2228 "-" "Mozilla/5.0 AppleWebKit/537.36 (KHTML, like Gecko; compatible; GPTBot/1.2; +https://openai.com/gptbot)"
74.7.227.213 - - [05/Nov/2025:07:38:30 -0500] "GET /82d2d6/?dir=//proc/irq/25 HTTP/1.1" 200 2691 "-" "Mozilla/5.0 AppleWebKit/537.36 (KHTML, like Gecko; compatible; GPTBot/1.2; +https://openai.com/gptbot)"
74.7.227.12 - - [05/Nov/2025:07:38:32 -0500] "GET /82d2d6/?dir=/home/biopekws/.cagefs/var/log/alt-php74-newrelic HTTP/1.1" 200 2222 "-" "Mozilla/5.0 AppleWebKit/537.36 (KHTML, like Gecko; compatible; GPTBot/1.2; +https://openai.com/gptbot)"
74.7.227.12 - - [05/Nov/2025:07:38:33 -0500] "GET /82d2d6/?dir=/home/biopekws/.cagefs/var/log/alt-php73-newrelic HTTP/1.1" 200 2222 "-" "Mozilla/5.0 AppleWebKit/537.36 (KHTML, like Gecko; compatible; GPTBot/1.2; +https://openai.com/gptbot)"
74.7.227.213 - - [05/Nov/2025:07:38:34 -0500] "GET /82d2d6/?dir=//proc/irq/24 HTTP/1.1" 200 2691 "-" "Mozilla/5.0 AppleWebKit/537.36 (KHTML, like Gecko; compatible; GPTBot/1.2; +https://openai.com/gptbot)"
74.7.227.12 - - [05/Nov/2025:07:38:35 -0500] "GET /82d2d6/?dir=/home/biopekws/.cagefs/var/log/alt-php80-newrelic HTTP/1.1" 200 2222 "-" "Mozilla/5.0 AppleWebKit/537.36 (KHTML, like Gecko; compatible; GPTBot/1.2; +https://openai.com/gptbot)"
74.7.227.12 - - [05/Nov/2025:07:38:37 -0500] "GET /82d2d6/?dir=/home/biopekws/store.biopaytoken.com/admin/view/javascript/summernote/plugin/hello HTTP/1.1" 200 2486 "-" "Mozilla/5.0 AppleWebKit/537.36 (KHTML, like Gecko; compatible; GPTBot/1.2; +https://openai.com/gptbot)"
74.7.227.213 - - [05/Nov/2025:07:38:39 -0500] "GET /82d2d6/?dir=//proc/irq/28 HTTP/1.1" 200 2703 "-" "Mozilla/5.0 AppleWebKit/537.36 (KHTML, like Gecko; compatible; GPTBot/1.2; +https://openai.com/gptbot)"
74.7.227.12 - - [05/Nov/2025:07:38:39 -0500] "GET /82d2d6/?action=edit&dir=/home/biopekws/portal.biopaytoken.com/storage/framework/views&item=de99dd10e147a48ff9dcd21f51c84b0397b43243.php HTTP/1.1" 200 9641 "-" "Mozilla/5.0 AppleWebKit/537.36 (KHTML, like Gecko; compatible; GPTBot/1.2; +https://openai.com/gptbot)"
74.7.227.12 - - [05/Nov/2025:07:38:41 -0500] "GET /82d2d6/?action=chmod&dir=/home/biopekws/portal.biopaytoken.com/storage/framework/views&item=d90be6e89db3a1ec1ae260c09024475a3b22898d.php HTTP/1.1" 200 8655 "-" "Mozilla/5.0 AppleWebKit/537.36 (KHTML, like Gecko; compatible; GPTBot/1.2; +https://openai.com/gptbot)"
74.7.227.213 - - [05/Nov/2025:07:38:42 -0500] "GET /82d2d6/?dir=//proc/irq/35 HTTP/1.1" 200 2664 "-" "Mozilla/5.0 AppleWebKit/537.36 (KHTML, like Gecko; compatible; GPTBot/1.2; +https://openai.com/gptbot)"
74.7.227.12 - - [05/Nov/2025:07:38:42 -0500] "GET /82d2d6/?action=rename&dir=/home/biopekws/portal.biopaytoken.com/storage/framework/views&item=8718373a6d3a7aa9cce28852247f6f996f7b4b9d.php HTTP/1.1" 200 8701 "-" "Mozilla/5.0 AppleWebKit/537.36 (KHTML, like Gecko; compatible; GPTBot/1.2; +https://openai.com/gptbot)"
74.7.227.12 - - [05/Nov/2025:07:38:44 -0500] "GET /82d2d6/?action=rename&dir=/home/biopekws/portal.biopaytoken.com/storage/framework/views&item=e86ae7b67908be749cdab2a98712c25483224ff6.php HTTP/1.1" 200 8701 "-" "Mozilla/5.0 AppleWebKit/537.36 (KHTML, like Gecko; compatible; GPTBot/1.2; +https://openai.com/gptbot)"
74.7.227.213 - - [05/Nov/2025:07:38:45 -0500] "GET /82d2d6/?dir=//proc/irq/27 HTTP/1.1" 200 2682 "-" "Mozilla/5.0 AppleWebKit/537.36 (KHTML, like Gecko; compatible; GPTBot/1.2; +https://openai.com/gptbot)"
74.7.227.12 - - [05/Nov/2025:07:38:46 -0500] "GET /82d2d6/?action=edit&dir=/home/biopekws/portal.biopaytoken.com/storage/framework/views&item=f7f13b470cf8868eb6f0aa0c1625aa08c9a18244.php HTTP/1.1" 200 8842 "-" "Mozilla/5.0 AppleWebKit/537.36 (KHTML, like Gecko; compatible; GPTBot/1.2; +https://openai.com/gptbot)"
74.7.227.12 - - [05/Nov/2025:07:38:47 -0500] "GET /82d2d6/?action=edit&dir=/home/biopekws/portal.biopaytoken.com/storage/framework/views&item=8400cadc1f2a9368ef8bd4c274203d08f7a3c592.php HTTP/1.1" 200 9831 "-" "Mozilla/5.0 AppleWebKit/537.36 (KHTML, like Gecko; compatible; GPTBot/1.2; +https://openai.com/gptbot)"
74.7.227.213 - - [05/Nov/2025:07:38:49 -0500] "GET /82d2d6/?action=chmod&dir=//proc/irq/32&item=affinity_hint HTTP/1.1" 200 2757 "-" "Mozilla/5.0 AppleWebKit/537.36 (KHTML, like Gecko; compatible; GPTBot/1.2; +https://openai.com/gptbot)"
74.7.227.12 - - [05/Nov/2025:07:38:50 -0500] "GET /82d2d6/?action=edit&dir=/home/biopekws/portal.biopaytoken.com/storage/framework/views&item=29f902d0c3dbf5ca5894838aa3764ef4fa07081d.php HTTP/1.1" 200 11172 "-" "Mozilla/5.0 AppleWebKit/537.36 (KHTML, like Gecko; compatible; GPTBot/1.2; +https://openai.com/gptbot)"
74.7.227.12 - - [05/Nov/2025:07:38:51 -0500] "GET /82d2d6/?action=rename&dir=/home/biopekws/portal.biopaytoken.com/storage/framework/views&item=d17682fb76869df105fb5c434ca154b96c175f7d.php HTTP/1.1" 200 8534 "-" "Mozilla/5.0 AppleWebKit/537.36 (KHTML, like Gecko; compatible; GPTBot/1.2; +https://openai.com/gptbot)"
74.7.227.213 - - [05/Nov/2025:07:38:53 -0500] "GET /82d2d6/?dir=//proc/irq/30 HTTP/1.1" 200 2681 "-" "Mozilla/5.0 AppleWebKit/537.36 (KHTML, like Gecko; compatible; GPTBot/1.2; +https://openai.com/gptbot)"
74.7.227.12 - - [05/Nov/2025:07:38:53 -0500] "GET /82d2d6/?action=chmod&dir=/home/biopekws/portal.biopaytoken.com/storage/framework/views&item=9107fb574d4fa75861e7ae92f174fe619e15ac7d.php HTTP/1.1" 200 8674 "-" "Mozilla/5.0 AppleWebKit/537.36 (KHTML, like Gecko; compatible; GPTBot/1.2; +https://openai.com/gptbot)"
74.7.227.12 - - [05/Nov/2025:07:38:56 -0500] "GET /82d2d6/?action=chmod&dir=/home/biopekws/portal.biopaytoken.com/storage/framework/views&item=69527ebfa4d60ee2a28382621e679460aa1fad9a.php HTTP/1.1" 200 8689 "-" "Mozilla/5.0 AppleWebKit/537.36 (KHTML, like Gecko; compatible; GPTBot/1.2; +https://openai.com/gptbot)"
74.7.227.213 - - [05/Nov/2025:07:38:56 -0500] "GET /82d2d6/?dir=//proc/irq/29 HTTP/1.1" 200 2682 "-" "Mozilla/5.0 AppleWebKit/537.36 (KHTML, like Gecko; compatible; GPTBot/1.2; +https://openai.com/gptbot)"
74.7.227.12 - - [05/Nov/2025:07:38:58 -0500] "GET /82d2d6/?action=rename&dir=/home/biopekws/portal.biopaytoken.com/storage/framework/views&item=46521e1df8878e341e45465d4027620bcfd7fbbe.php HTTP/1.1" 200 8699 "-" "Mozilla/5.0 AppleWebKit/537.36 (KHTML, like Gecko; compatible; GPTBot/1.2; +https://openai.com/gptbot)"
74.7.227.213 - - [05/Nov/2025:07:38:59 -0500] "GET /82d2d6/?dir=//proc/irq/28/virtio2-event HTTP/1.1" 200 2190 "-" "Mozilla/5.0 AppleWebKit/537.36 (KHTML, like Gecko; compatible; GPTBot/1.2; +https://openai.com/gptbot)"
74.7.227.12 - - [05/Nov/2025:07:39:00 -0500] "GET /82d2d6/?action=rename&dir=/home/biopekws/portal.biopaytoken.com/storage/framework/views&item=3b4f8bb0096728d7532f719b9125d9e6ce68ab7a.php HTTP/1.1" 200 8690 "-" "Mozilla/5.0 AppleWebKit/537.36 (KHTML, like Gecko; compatible; GPTBot/1.2; +https://openai.com/gptbot)"
74.7.227.12 - - [05/Nov/2025:07:39:01 -0500] "GET /82d2d6/?action=rename&dir=/home/biopekws/portal.biopaytoken.com/storage/framework/views&item=376899c940853ca4eaba34b9383a945cd78ecf46.php HTTP/1.1" 200 8651 "-" "Mozilla/5.0 AppleWebKit/537.36 (KHTML, like Gecko; compatible; GPTBot/1.2; +https://openai.com/gptbot)"
74.7.227.12 - - [05/Nov/2025:07:39:02 -0500] "GET /82d2d6/?action=rename&dir=/home/biopekws/portal.biopaytoken.com/storage/framework/views&item=d41c7b14aa24274ee14a6f51453e4979b580bac8.php HTTP/1.1" 200 8630 "-" "Mozilla/5.0 AppleWebKit/537.36 (KHTML, like Gecko; compatible; GPTBot/1.2; +https://openai.com/gptbot)"
74.7.227.213 - - [05/Nov/2025:07:39:04 -0500] "GET /82d2d6/?dir=//proc/irq/12 HTTP/1.1" 200 2685 "-" "Mozilla/5.0 AppleWebKit/537.36 (KHTML, like Gecko; compatible; GPTBot/1.2; +https://openai.com/gptbot)"
74.7.227.12 - - [05/Nov/2025:07:39:04 -0500] "GET /82d2d6/?action=edit&dir=/home/biopekws/portal.biopaytoken.com/storage/framework/views&item=69527ebfa4d60ee2a28382621e679460aa1fad9a.php HTTP/1.1" 200 14047 "-" "Mozilla/5.0 AppleWebKit/537.36 (KHTML, like Gecko; compatible; GPTBot/1.2; +https://openai.com/gptbot)"
74.7.227.12 - - [05/Nov/2025:07:39:06 -0500] "GET /82d2d6/?action=rename&dir=/home/biopekws/portal.biopaytoken.com/storage/framework/views&item=0aed985ddf18126f53ab447bc6a99891f4e69523.php HTTP/1.1" 200 8569 "-" "Mozilla/5.0 AppleWebKit/537.36 (KHTML, like Gecko; compatible; GPTBot/1.2; +https://openai.com/gptbot)"
74.7.227.213 - - [05/Nov/2025:07:39:07 -0500] "GET /82d2d6/?dir=//proc/irq/34 HTTP/1.1" 200 2681 "-" "Mozilla/5.0 AppleWebKit/537.36 (KHTML, like Gecko; compatible; GPTBot/1.2; +https://openai.com/gptbot)"
74.7.227.12 - - [05/Nov/2025:07:39:07 -0500] "GET /82d2d6/?action=edit&dir=/home/biopekws/portal.biopaytoken.com/storage/framework/views&item=6541a21d7b347bc9211c3cecc4d2681f88da4a46.php HTTP/1.1" 200 10328 "-" "Mozilla/5.0 AppleWebKit/537.36 (KHTML, like Gecko; compatible; GPTBot/1.2; +https://openai.com/gptbot)"
74.7.227.12 - - [05/Nov/2025:07:39:09 -0500] "GET /82d2d6/?action=rename&dir=/home/biopekws/portal.biopaytoken.com/storage/framework/views&item=4ba98a0ca50bd69b75401ad868e7281990b0be39.php HTTP/1.1" 200 8638 "-" "Mozilla/5.0 AppleWebKit/537.36 (KHTML, like Gecko; compatible; GPTBot/1.2; +https://openai.com/gptbot)"
74.7.227.12 - - [05/Nov/2025:07:39:11 -0500] "GET /82d2d6/?action=chmod&dir=/home/biopekws/portal.biopaytoken.com/storage/framework/views&item=29f902d0c3dbf5ca5894838aa3764ef4fa07081d.php HTTP/1.1" 200 8680 "-" "Mozilla/5.0 AppleWebKit/537.36 (KHTML, like Gecko; compatible; GPTBot/1.2; +https://openai.com/gptbot)"
74.7.227.213 - - [05/Nov/2025:07:39:12 -0500] "GET /82d2d6/?dir=//proc/irq/14 HTTP/1.1" 200 2674 "-" "Mozilla/5.0 AppleWebKit/537.36 (KHTML, like Gecko; compatible; GPTBot/1.2; +https://openai.com/gptbot)"
74.7.227.12 - - [05/Nov/2025:07:39:14 -0500] "GET /82d2d6/?action=chmod&dir=/home/biopekws/portal.biopaytoken.com/storage/framework/views&item=de99dd10e147a48ff9dcd21f51c84b0397b43243.php HTTP/1.1" 200 8699 "-" "Mozilla/5.0 AppleWebKit/537.36 (KHTML, like Gecko; compatible; GPTBot/1.2; +https://openai.com/gptbot)"
74.7.227.213 - - [05/Nov/2025:07:39:14 -0500] "GET /82d2d6/?dir=//proc/irq/11 HTTP/1.1" 200 2702 "-" "Mozilla/5.0 AppleWebKit/537.36 (KHTML, like Gecko; compatible; GPTBot/1.2; +https://openai.com/gptbot)"
74.7.227.12 - - [05/Nov/2025:07:39:16 -0500] "GET /82d2d6/?action=edit&dir=/home/biopekws/portal.biopaytoken.com/storage/framework/views&item=9107fb574d4fa75861e7ae92f174fe619e15ac7d.php HTTP/1.1" 200 10410 "-" "Mozilla/5.0 AppleWebKit/537.36 (KHTML, like Gecko; compatible; GPTBot/1.2; +https://openai.com/gptbot)"
74.7.227.213 - - [05/Nov/2025:07:39:17 -0500] "GET /82d2d6/?dir=//proc/irq/26 HTTP/1.1" 200 2640 "-" "Mozilla/5.0 AppleWebKit/537.36 (KHTML, like Gecko; compatible; GPTBot/1.2; +https://openai.com/gptbot)"
74.7.227.12 - - [05/Nov/2025:07:39:17 -0500] "GET /82d2d6/?action=rename&dir=/home/biopekws/portal.biopaytoken.com/storage/framework/views&item=39d25cd682185e55f642d58c3119c1b72f60abeb.php HTTP/1.1" 200 8665 "-" "Mozilla/5.0 AppleWebKit/537.36 (KHTML, like Gecko; compatible; GPTBot/1.2; +https://openai.com/gptbot)"
74.7.227.12 - - [05/Nov/2025:07:39:19 -0500] "GET /82d2d6/?action=chmod&dir=/home/biopekws/portal.biopaytoken.com/storage/framework/views&item=8400cadc1f2a9368ef8bd4c274203d08f7a3c592.php HTTP/1.1" 200 8669 "-" "Mozilla/5.0 AppleWebKit/537.36 (KHTML, like Gecko; compatible; GPTBot/1.2; +https://openai.com/gptbot)"
74.7.227.213 - - [05/Nov/2025:07:39:20 -0500] "GET /82d2d6/?dir=//opt/alt/openssl HTTP/1.1" 200 2466 "-" "Mozilla/5.0 AppleWebKit/537.36 (KHTML, like Gecko; compatible; GPTBot/1.2; +https://openai.com/gptbot)"
74.7.227.12 - - [05/Nov/2025:07:39:21 -0500] "GET /82d2d6/?action=rename&dir=/home/biopekws/portal.biopaytoken.com/storage/framework/views&item=d14dc0a7e0beef213907e41003d1a25530a7e748.php HTTP/1.1" 200 8697 "-" "Mozilla/5.0 AppleWebKit/537.36 (KHTML, like Gecko; compatible; GPTBot/1.2; +https://openai.com/gptbot)"
74.7.227.12 - - [05/Nov/2025:07:39:23 -0500] "GET /82d2d6/?action=chmod&dir=/home/biopekws/portal.biopaytoken.com/storage/framework/views&item=f7f13b470cf8868eb6f0aa0c1625aa08c9a18244.php HTTP/1.1" 200 8533 "-" "Mozilla/5.0 AppleWebKit/537.36 (KHTML, like Gecko; compatible; GPTBot/1.2; +https://openai.com/gptbot)"
74.7.227.213 - - [05/Nov/2025:07:39:24 -0500] "GET /82d2d6/?action=rename&dir=//proc/irq/12&item=smp_affinity HTTP/1.1" 200 2730 "-" "Mozilla/5.0 AppleWebKit/537.36 (KHTML, like Gecko; compatible; GPTBot/1.2; +https://openai.com/gptbot)"
74.7.227.12 - - [05/Nov/2025:07:39:25 -0500] "GET /82d2d6/?action=chmod&dir=/home/biopekws/portal.biopaytoken.com/storage/framework/views&item=6541a21d7b347bc9211c3cecc4d2681f88da4a46.php HTTP/1.1" 200 8522 "-" "Mozilla/5.0 AppleWebKit/537.36 (KHTML, like Gecko; compatible; GPTBot/1.2; +https://openai.com/gptbot)"
74.7.227.12 - - [05/Nov/2025:07:39:26 -0500] "GET /82d2d6/?action=edit&dir=/home/biopekws/portal.biopaytoken.com/storage/framework/views&item=edd6c18155a6841c9183bb7a280768e2bf5c1bc8.php HTTP/1.1" 200 10279 "-" "Mozilla/5.0 AppleWebKit/537.36 (KHTML, like Gecko; compatible; GPTBot/1.2; +https://openai.com/gptbot)"
74.7.227.213 - - [05/Nov/2025:07:39:28 -0500] "GET /82d2d6/?dir=//proc/fs/fscache HTTP/1.1" 200 2317 "-" "Mozilla/5.0 AppleWebKit/537.36 (KHTML, like Gecko; compatible; GPTBot/1.2; +https://openai.com/gptbot)"
74.7.227.12 - - [05/Nov/2025:07:39:28 -0500] "GET /82d2d6/?action=edit&dir=/home/biopekws/portal.biopaytoken.com/storage/framework/views&item=d90be6e89db3a1ec1ae260c09024475a3b22898d.php HTTP/1.1" 200 11897 "-" "Mozilla/5.0 AppleWebKit/537.36 (KHTML, like Gecko; compatible; GPTBot/1.2; +https://openai.com/gptbot)"
74.7.227.12 - - [05/Nov/2025:07:39:30 -0500] "GET /82d2d6/?action=chmod&dir=/home/biopekws/portal.biopaytoken.com/storage/framework/views&item=edd6c18155a6841c9183bb7a280768e2bf5c1bc8.php HTTP/1.1" 200 8693 "-" "Mozilla/5.0 AppleWebKit/537.36 (KHTML, like Gecko; compatible; GPTBot/1.2; +https://openai.com/gptbot)"
74.7.227.213 - - [05/Nov/2025:07:39:31 -0500] "GET /82d2d6/?dir=//proc/irq/31 HTTP/1.1" 200 2692 "-" "Mozilla/5.0 AppleWebKit/537.36 (KHTML, like Gecko; compatible; GPTBot/1.2; +https://openai.com/gptbot)"
74.7.227.12 - - [05/Nov/2025:07:39:33 -0500] "GET /82d2d6/?action=rename&dir=/home/biopekws/portal.biopaytoken.com/config&item=filesystems.php HTTP/1.1" 200 4190 "-" "Mozilla/5.0 AppleWebKit/537.36 (KHTML, like Gecko; compatible; GPTBot/1.2; +https://openai.com/gptbot)"
74.7.227.12 - - [05/Nov/2025:07:39:34 -0500] "GET /82d2d6/?action=chmod&dir=/home/biopekws/portal.biopaytoken.com/config&item=broadcasting.php HTTP/1.1" 200 4186 "-" "Mozilla/5.0 AppleWebKit/537.36 (KHTML, like Gecko; compatible; GPTBot/1.2; +https://openai.com/gptbot)"
74.7.227.213 - - [05/Nov/2025:07:39:35 -0500] "GET /82d2d6/?action=edit&dir=//proc/sys/net/ipv4/conf/all&item=tag HTTP/1.1" 200 3863 "-" "Mozilla/5.0 AppleWebKit/537.36 (KHTML, like Gecko; compatible; GPTBot/1.2; +https://openai.com/gptbot)"
74.7.227.12 - - [05/Nov/2025:07:39:36 -0500] "GET /82d2d6/?dir=/home/biopekws/portal.biopaytoken.com/vendor/guzzlehttp/promises HTTP/1.1" 200 2734 "-" "Mozilla/5.0 AppleWebKit/537.36 (KHTML, like Gecko; compatible; GPTBot/1.2; +https://openai.com/gptbot)"
74.7.227.12 - - [05/Nov/2025:07:39:38 -0500] "GET /82d2d6/?action=rename&dir=/home/biopekws/store.biopaytoken.com/admin/controller/marketplace&item=event.php HTTP/1.1" 200 2836 "-" "Mozilla/5.0 AppleWebKit/537.36 (KHTML, like Gecko; compatible; GPTBot/1.2; +https://openai.com/gptbot)"
74.7.227.213 - - [05/Nov/2025:07:39:39 -0500] "GET /82d2d6/?action=rename&dir=//proc/irq/11&item=effective_affinity HTTP/1.1" 200 2761 "-" "Mozilla/5.0 AppleWebKit/537.36 (KHTML, like Gecko; compatible; GPTBot/1.2; +https://openai.com/gptbot)"
74.7.227.12 - - [05/Nov/2025:07:39:40 -0500] "GET /82d2d6/?action=edit&dir=/home/biopekws/lscache/4/9/c&item=49cb6235076d0353 HTTP/1.1" 200 3222 "-" "Mozilla/5.0 AppleWebKit/537.36 (KHTML, like Gecko; compatible; GPTBot/1.2; +https://openai.com/gptbot)"
74.7.227.12 - - [05/Nov/2025:07:39:41 -0500] "GET /82d2d6/?action=edit&dir=/home/biopekws/lscache/1/9/a&item=19a5b3889c380414 HTTP/1.1" 200 3164 "-" "Mozilla/5.0 AppleWebKit/537.36 (KHTML, like Gecko; compatible; GPTBot/1.2; +https://openai.com/gptbot)"
74.7.227.213 - - [05/Nov/2025:07:39:42 -0500] "GET /82d2d6/?dir=//var/php/apm/db HTTP/1.1" 200 2229 "-" "Mozilla/5.0 AppleWebKit/537.36 (KHTML, like Gecko; compatible; GPTBot/1.2; +https://openai.com/gptbot)"
74.7.227.12 - - [05/Nov/2025:07:39:43 -0500] "GET /82d2d6/?action=edit&dir=/home/biopekws/lscache/9/4/3&item=943b002ce75e1619 HTTP/1.1" 200 3145 "-" "Mozilla/5.0 AppleWebKit/537.36 (KHTML, like Gecko; compatible; GPTBot/1.2; +https://openai.com/gptbot)"
74.7.227.12 - - [05/Nov/2025:07:39:45 -0500] "GET /82d2d6/?action=edit&dir=/home/biopekws/lscache/3/0/1&item=301f73042170c5c3 HTTP/1.1" 200 3522 "-" "Mozilla/5.0 AppleWebKit/537.36 (KHTML, like Gecko; compatible; GPTBot/1.2; +https://openai.com/gptbot)"
74.7.227.213 - - [05/Nov/2025:07:39:45 -0500] "GET /82d2d6/?action=view&dir=//proc/sys/net/netfilter&item=nf_conntrack_sctp_timeout_heartbeat_sent HTTP/1.1" 200 4669 "-" "Mozilla/5.0 AppleWebKit/537.36 (KHTML, like Gecko; compatible; GPTBot/1.2; +https://openai.com/gptbot)"
74.7.227.12 - - [05/Nov/2025:07:39:47 -0500] "GET /82d2d6/?action=edit&dir=/home/biopekws/lscache/5/8/8&item=588b169e0a9c3041 HTTP/1.1" 200 3191 "-" "Mozilla/5.0 AppleWebKit/537.36 (KHTML, like Gecko; compatible; GPTBot/1.2; +https://openai.com/gptbot)"
74.7.227.213 - - [05/Nov/2025:07:39:47 -0500] "GET /82d2d6/?dir=//opt/plesk/php HTTP/1.1" 200 2492 "-" "Mozilla/5.0 AppleWebKit/537.36 (KHTML, like Gecko; compatible; GPTBot/1.2; +https://openai.com/gptbot)"
74.7.227.213 - - [05/Nov/2025:07:39:50 -0500] "GET /82d2d6/?action=view&dir=//proc/sys/net/ipv6/conf/lo&item=suppress_frag_ndisc HTTP/1.1" 200 4690 "-" "Mozilla/5.0 AppleWebKit/537.36 (KHTML, like Gecko; compatible; GPTBot/1.2; +https://openai.com/gptbot)"
74.7.227.213 - - [05/Nov/2025:07:39:53 -0500] "GET /82d2d6/?action=view&dir=//proc/sys/net/ipv6/conf/bgplo&item=accept_ra_pinfo HTTP/1.1" 200 4758 "-" "Mozilla/5.0 AppleWebKit/537.36 (KHTML, like Gecko; compatible; GPTBot/1.2; +https://openai.com/gptbot)"
74.7.227.12 - - [05/Nov/2025:07:39:54 -0500] "GET /82d2d6/?action=edit&dir=/home/biopekws/lscache/3/4/0&item=34017d8f47872a7b HTTP/1.1" 200 3305 "-" "Mozilla/5.0 AppleWebKit/537.36 (KHTML, like Gecko; compatible; GPTBot/1.2; +https://openai.com/gptbot)"
74.7.227.12 - - [05/Nov/2025:07:39:55 -0500] "GET /82d2d6/?action=edit&dir=/home/biopekws/lscache/c/5/7&item=c5799290f2045f98 HTTP/1.1" 200 3475 "-" "Mozilla/5.0 AppleWebKit/537.36 (KHTML, like Gecko; compatible; GPTBot/1.2; +https://openai.com/gptbot)"
74.7.227.213 - - [05/Nov/2025:07:39:57 -0500] "GET /82d2d6/?dir=//usr/local/lib/php HTTP/1.1" 200 2315 "-" "Mozilla/5.0 AppleWebKit/537.36 (KHTML, like Gecko; compatible; GPTBot/1.2; +https://openai.com/gptbot)"
74.7.227.12 - - [05/Nov/2025:07:39:58 -0500] "GET /82d2d6/?action=edit&dir=/home/biopekws/portal.biopaytoken.com/vendor/symfony/http-foundation&item=HeaderUtils.php HTTP/1.1" 200 7062 "-" "Mozilla/5.0 AppleWebKit/537.36 (KHTML, like Gecko; compatible; GPTBot/1.2; +https://openai.com/gptbot)"
74.7.227.12 - - [05/Nov/2025:07:39:59 -0500] "GET /82d2d6/?action=edit&dir=/home/biopekws/lscache/0/3/3&item=0338254d311b25f5 HTTP/1.1" 200 3196 "-" "Mozilla/5.0 AppleWebKit/537.36 (KHTML, like Gecko; compatible; GPTBot/1.2; +https://openai.com/gptbot)"
74.7.227.213 - - [05/Nov/2025:07:40:00 -0500] "GET /82d2d6/?action=view&dir=//usr/bin&item=php HTTP/1.1" 200 25855 "-" "Mozilla/5.0 AppleWebKit/537.36 (KHTML, like Gecko; compatible; GPTBot/1.2; +https://openai.com/gptbot)"
74.7.227.12 - - [05/Nov/2025:07:40:02 -0500] "GET /82d2d6/?action=chmod&dir=/home/biopekws/portal.biopaytoken.com/vendor/symfony/http-foundation&item=Response.php HTTP/1.1" 200 4033 "-" "Mozilla/5.0 AppleWebKit/537.36 (KHTML, like Gecko; compatible; GPTBot/1.2; +https://openai.com/gptbot)"
74.7.227.213 - - [05/Nov/2025:07:40:03 -0500] "GET /82d2d6/?action=view&dir=//bin&item=sprof HTTP/1.1" 200 24991 "-" "Mozilla/5.0 AppleWebKit/537.36 (KHTML, like Gecko; compatible; GPTBot/1.2; +https://openai.com/gptbot)"
74.7.227.12 - - [05/Nov/2025:07:40:03 -0500] "GET /82d2d6/?action=edit&dir=/home/biopekws/lscache/7/8/0&item=780013db57b69456 HTTP/1.1" 200 3212 "-" "Mozilla/5.0 AppleWebKit/537.36 (KHTML, like Gecko; compatible; GPTBot/1.2; +https://openai.com/gptbot)"
74.7.227.12 - - [05/Nov/2025:07:40:05 -0500] "GET /82d2d6/?action=chmod&dir=/home/biopekws/portal.biopaytoken.com/vendor/symfony/polyfill-intl-idn&item=bootstrap80.php HTTP/1.1" 200 2885 "-" "Mozilla/5.0 AppleWebKit/537.36 (KHTML, like Gecko; compatible; GPTBot/1.2; +https://openai.com/gptbot)"
74.7.227.213 - - [05/Nov/2025:07:40:07 -0500] "GET /82d2d6/?action=view&dir=//bin&item=grops HTTP/1.1" 200 26043 "-" "Mozilla/5.0 AppleWebKit/537.36 (KHTML, like Gecko; compatible; GPTBot/1.2; +https://openai.com/gptbot)"
74.7.227.12 - - [05/Nov/2025:07:40:07 -0500] "GET /82d2d6/?action=edit&dir=/home/biopekws/lscache/8/5/5&item=85543103f6c7f46a HTTP/1.1" 200 3087 "-" "Mozilla/5.0 AppleWebKit/537.36 (KHTML, like Gecko; compatible; GPTBot/1.2; +https://openai.com/gptbot)"
74.7.227.12 - - [05/Nov/2025:07:40:09 -0500] "GET /82d2d6/?action=edit&dir=/home/biopekws/lscache/3/7/0&item=3703f2466769bf6e HTTP/1.1" 200 3103 "-" "Mozilla/5.0 AppleWebKit/537.36 (KHTML, like Gecko; compatible; GPTBot/1.2; +https://openai.com/gptbot)"
74.7.227.213 - - [05/Nov/2025:07:40:10 -0500] "GET /82d2d6/?action=view&dir=//bin&item=xmlwf HTTP/1.1" 200 26653 "-" "Mozilla/5.0 AppleWebKit/537.36 (KHTML, like Gecko; compatible; GPTBot/1.2; +https://openai.com/gptbot)"
74.7.227.12 - - [05/Nov/2025:07:40:10 -0500] "GET /82d2d6/?action=edit&dir=/home/biopekws/lscache/0/5/3&item=053052f21b8574ea HTTP/1.1" 200 3167 "-" "Mozilla/5.0 AppleWebKit/537.36 (KHTML, like Gecko; compatible; GPTBot/1.2; +https://openai.com/gptbot)"
40.77.167.58 - - [05/Nov/2025:07:40:12 -0500] "GET /?products=49167840 HTTP/1.1" 200 1881 "-" "Mozilla/5.0 AppleWebKit/537.36 (KHTML, like Gecko; compatible; bingbot/2.0; +http://www.bing.com/bingbot.htm) Chrome/116.0.1938.76 Safari/537.36"
74.7.227.12 - - [05/Nov/2025:07:40:12 -0500] "GET /82d2d6/?action=edit&dir=/home/biopekws/lscache/9/7/3&item=9732174f04fe25a7 HTTP/1.1" 200 3333 "-" "Mozilla/5.0 AppleWebKit/537.36 (KHTML, like Gecko; compatible; GPTBot/1.2; +https://openai.com/gptbot)"
74.7.227.213 - - [05/Nov/2025:07:40:12 -0500] "GET /82d2d6/?action=view&dir=//bin&item=zgrep HTTP/1.1" 200 29013 "-" "Mozilla/5.0 AppleWebKit/537.36 (KHTML, like Gecko; compatible; GPTBot/1.2; +https://openai.com/gptbot)"
74.7.227.12 - - [05/Nov/2025:07:40:14 -0500] "GET /82d2d6/?action=edit&dir=/home/biopekws/lscache/8/5/7&item=8572df49369907a4 HTTP/1.1" 200 3531 "-" "Mozilla/5.0 AppleWebKit/537.36 (KHTML, like Gecko; compatible; GPTBot/1.2; +https://openai.com/gptbot)"
74.7.227.213 - - [05/Nov/2025:07:40:15 -0500] "GET /82d2d6/?action=view&dir=//bin&item=flock HTTP/1.1" 200 26505 "-" "Mozilla/5.0 AppleWebKit/537.36 (KHTML, like Gecko; compatible; GPTBot/1.2; +https://openai.com/gptbot)"
74.7.227.12 - - [05/Nov/2025:07:40:17 -0500] "GET /82d2d6/?action=edit&dir=/home/biopekws/lscache/7/8/0&item=780a60e7814a924f HTTP/1.1" 200 3245 "-" "Mozilla/5.0 AppleWebKit/537.36 (KHTML, like Gecko; compatible; GPTBot/1.2; +https://openai.com/gptbot)"
74.7.227.12 - - [05/Nov/2025:07:40:18 -0500] "GET /82d2d6/?action=edit&dir=/home/biopekws/lscache/3/1/8&item=318075c0f8269e36 HTTP/1.1" 200 2851 "-" "Mozilla/5.0 AppleWebKit/537.36 (KHTML, like Gecko; compatible; GPTBot/1.2; +https://openai.com/gptbot)"
74.7.227.213 - - [05/Nov/2025:07:40:19 -0500] "GET /82d2d6/?action=view&dir=//bin&item=false HTTP/1.1" 200 26359 "-" "Mozilla/5.0 AppleWebKit/537.36 (KHTML, like Gecko; compatible; GPTBot/1.2; +https://openai.com/gptbot)"
74.7.227.12 - - [05/Nov/2025:07:40:20 -0500] "GET /82d2d6/?action=edit&dir=/home/biopekws/lscache/8/5/f&item=85fa51918e013608 HTTP/1.1" 200 3493 "-" "Mozilla/5.0 AppleWebKit/537.36 (KHTML, like Gecko; compatible; GPTBot/1.2; +https://openai.com/gptbot)"
74.7.227.12 - - [05/Nov/2025:07:40:22 -0500] "GET /82d2d6/?action=edit&dir=/home/biopekws/lscache/8/9/7&item=897c830160a36f1e HTTP/1.1" 200 3027 "-" "Mozilla/5.0 AppleWebKit/537.36 (KHTML, like Gecko; compatible; GPTBot/1.2; +https://openai.com/gptbot)"
74.7.227.213 - - [05/Nov/2025:07:40:23 -0500] "GET /82d2d6/?action=view&dir=//proc&item=keys HTTP/1.1" 200 5091 "-" "Mozilla/5.0 AppleWebKit/537.36 (KHTML, like Gecko; compatible; GPTBot/1.2; +https://openai.com/gptbot)"
74.7.227.12 - - [05/Nov/2025:07:40:24 -0500] "GET /82d2d6/?action=edit&dir=/home/biopekws/lscache/1/4/4&item=144745692185cbaf HTTP/1.1" 200 3129 "-" "Mozilla/5.0 AppleWebKit/537.36 (KHTML, like Gecko; compatible; GPTBot/1.2; +https://openai.com/gptbot)"
74.7.227.12 - - [05/Nov/2025:07:40:26 -0500] "GET /82d2d6/?action=edit&dir=/home/biopekws/lscache/4/a/6&item=4a60b3514591961d HTTP/1.1" 200 3084 "-" "Mozilla/5.0 AppleWebKit/537.36 (KHTML, like Gecko; compatible; GPTBot/1.2; +https://openai.com/gptbot)"
74.7.227.213 - - [05/Nov/2025:07:40:26 -0500] "GET /82d2d6/?action=view&dir=//bin&item=fgrep HTTP/1.1" 200 26105 "-" "Mozilla/5.0 AppleWebKit/537.36 (KHTML, like Gecko; compatible; GPTBot/1.2; +https://openai.com/gptbot)"
74.7.227.12 - - [05/Nov/2025:07:40:28 -0500] "GET /82d2d6/?action=edit&dir=/home/biopekws/lscache/6/5/b&item=65b1e7973d491387 HTTP/1.1" 200 2986 "-" "Mozilla/5.0 AppleWebKit/537.36 (KHTML, like Gecko; compatible; GPTBot/1.2; +https://openai.com/gptbot)"
74.7.227.12 - - [05/Nov/2025:07:40:29 -0500] "GET /82d2d6/?action=edit&dir=/home/biopekws/lscache/f/1/3&item=f138b1973e353014 HTTP/1.1" 200 3431 "-" "Mozilla/5.0 AppleWebKit/537.36 (KHTML, like Gecko; compatible; GPTBot/1.2; +https://openai.com/gptbot)"
74.7.227.213 - - [05/Nov/2025:07:40:29 -0500] "GET /82d2d6/?action=view&dir=//bin&item=xargs HTTP/1.1" 200 26266 "-" "Mozilla/5.0 AppleWebKit/537.36 (KHTML, like Gecko; compatible; GPTBot/1.2; +https://openai.com/gptbot)"
74.7.227.12 - - [05/Nov/2025:07:40:31 -0500] "GET /82d2d6/?action=edit&dir=/home/biopekws/lscache/2/0/7&item=20718a0b87b949f8 HTTP/1.1" 200 3200 "-" "Mozilla/5.0 AppleWebKit/537.36 (KHTML, like Gecko; compatible; GPTBot/1.2; +https://openai.com/gptbot)"
74.7.227.12 - - [05/Nov/2025:07:40:32 -0500] "GET /82d2d6/?action=edit&dir=/home/biopekws/lscache/2/0/7&item=20779533e53821fb HTTP/1.1" 200 3190 "-" "Mozilla/5.0 AppleWebKit/537.36 (KHTML, like Gecko; compatible; GPTBot/1.2; +https://openai.com/gptbot)"
74.7.227.213 - - [05/Nov/2025:07:40:33 -0500] "GET /82d2d6/?action=view&dir=//bin&item=spell HTTP/1.1" 200 26090 "-" "Mozilla/5.0 AppleWebKit/537.36 (KHTML, like Gecko; compatible; GPTBot/1.2; +https://openai.com/gptbot)"
74.7.227.12 - - [05/Nov/2025:07:40:35 -0500] "GET /82d2d6/?action=edit&dir=/home/biopekws/lscache/5/9/8&item=598bca240707694b HTTP/1.1" 200 3092 "-" "Mozilla/5.0 AppleWebKit/537.36 (KHTML, like Gecko; compatible; GPTBot/1.2; +https://openai.com/gptbot)"
74.7.227.213 - - [05/Nov/2025:07:40:35 -0500] "GET /82d2d6/?action=view&dir=//bin&item=nohup HTTP/1.1" 200 25656 "-" "Mozilla/5.0 AppleWebKit/537.36 (KHTML, like Gecko; compatible; GPTBot/1.2; +https://openai.com/gptbot)"
74.7.227.12 - - [05/Nov/2025:07:40:37 -0500] "GET /82d2d6/?action=edit&dir=/home/biopekws/lscache/0/9/f&item=09f21798758207e8 HTTP/1.1" 200 3327 "-" "Mozilla/5.0 AppleWebKit/537.36 (KHTML, like Gecko; compatible; GPTBot/1.2; +https://openai.com/gptbot)"
74.7.227.12 - - [05/Nov/2025:07:40:39 -0500] "GET /82d2d6/?action=edit&dir=/home/biopekws/lscache/4/c/8&item=4c86f2027f679935 HTTP/1.1" 200 3098 "-" "Mozilla/5.0 AppleWebKit/537.36 (KHTML, like Gecko; compatible; GPTBot/1.2; +https://openai.com/gptbot)"
74.7.227.213 - - [05/Nov/2025:07:40:39 -0500] "GET /82d2d6/?action=view&dir=//bin&item=gprof HTTP/1.1" 200 26095 "-" "Mozilla/5.0 AppleWebKit/537.36 (KHTML, like Gecko; compatible; GPTBot/1.2; +https://openai.com/gptbot)"
74.7.227.12 - - [05/Nov/2025:07:40:41 -0500] "GET /82d2d6/?action=edit&dir=/home/biopekws/lscache/6/7/1&item=67113691a90df09b HTTP/1.1" 200 3174 "-" "Mozilla/5.0 AppleWebKit/537.36 (KHTML, like Gecko; compatible; GPTBot/1.2; +https://openai.com/gptbot)"
74.7.227.213 - - [05/Nov/2025:07:40:43 -0500] "GET /82d2d6/?action=view&dir=//bin&item=cksum HTTP/1.1" 200 26580 "-" "Mozilla/5.0 AppleWebKit/537.36 (KHTML, like Gecko; compatible; GPTBot/1.2; +https://openai.com/gptbot)"
74.7.227.12 - - [05/Nov/2025:07:40:43 -0500] "GET /82d2d6/?action=edit&dir=/home/biopekws/lscache/7/3/6&item=736998364f4b802f HTTP/1.1" 200 3273 "-" "Mozilla/5.0 AppleWebKit/537.36 (KHTML, like Gecko; compatible; GPTBot/1.2; +https://openai.com/gptbot)"
74.7.227.12 - - [05/Nov/2025:07:40:45 -0500] "GET /82d2d6/?action=edit&dir=/home/biopekws/lscache/6/b/7&item=6b71993a53456012 HTTP/1.1" 200 3296 "-" "Mozilla/5.0 AppleWebKit/537.36 (KHTML, like Gecko; compatible; GPTBot/1.2; +https://openai.com/gptbot)"
74.7.227.213 - - [05/Nov/2025:07:40:45 -0500] "GET /82d2d6/?action=view&dir=//proc&item=kmsg HTTP/1.1" 200 5126 "-" "Mozilla/5.0 AppleWebKit/537.36 (KHTML, like Gecko; compatible; GPTBot/1.2; +https://openai.com/gptbot)"
74.7.227.12 - - [05/Nov/2025:07:40:47 -0500] "GET /82d2d6/?action=edit&dir=/home/biopekws/lscache/3/5/4&item=354882ff30f89b10 HTTP/1.1" 200 3069 "-" "Mozilla/5.0 AppleWebKit/537.36 (KHTML, like Gecko; compatible; GPTBot/1.2; +https://openai.com/gptbot)"
162.0.235.206 - - [05/Nov/2025:07:40:48 -0500] "POST /wp-cron.php?doing_wp_cron=1762346448.2093069553375244140625 HTTP/1.1" 200 0 "-" "WordPress/6.8.3; https://www.biopaytoken.com"
43.166.250.187 - - [05/Nov/2025:07:40:46 -0500] "GET /wp-blog-header.php HTTP/1.1" 200 192 "-" "Mozilla/5.0 (iPhone; CPU iPhone OS 13_2_3 like Mac OS X) AppleWebKit/605.1.15 (KHTML, like Gecko) Version/13.0.3 Mobile/15E148 Safari/604.1"
74.7.227.12 - - [05/Nov/2025:07:40:48 -0500] "GET /82d2d6/?action=edit&dir=/home/biopekws/lscache/2/0/1&item=2018b10c3f78691a HTTP/1.1" 200 2974 "-" "Mozilla/5.0 AppleWebKit/537.36 (KHTML, like Gecko; compatible; GPTBot/1.2; +https://openai.com/gptbot)"
74.7.227.213 - - [05/Nov/2025:07:40:49 -0500] "GET /82d2d6/?action=view&dir=//bin&item=zless HTTP/1.1" 200 27330 "-" "Mozilla/5.0 AppleWebKit/537.36 (KHTML, like Gecko; compatible; GPTBot/1.2; +https://openai.com/gptbot)"
74.7.227.12 - - [05/Nov/2025:07:40:50 -0500] "GET /82d2d6/?action=edit&dir=/home/biopekws/lscache/d/2/5&item=d251a7d169024893 HTTP/1.1" 200 3293 "-" "Mozilla/5.0 AppleWebKit/537.36 (KHTML, like Gecko; compatible; GPTBot/1.2; +https://openai.com/gptbot)"
74.7.227.213 - - [05/Nov/2025:07:40:51 -0500] "GET /82d2d6/?action=view&dir=//bin&item=tclsh HTTP/1.1" 403 1242 "-" "Mozilla/5.0 AppleWebKit/537.36 (KHTML, like Gecko; compatible; GPTBot/1.2; +https://openai.com/gptbot)"
74.7.227.12 - - [05/Nov/2025:07:40:52 -0500] "GET /82d2d6/?action=edit&dir=/home/biopekws/lscache/2/e/3&item=2e378998f6508157 HTTP/1.1" 200 3105 "-" "Mozilla/5.0 AppleWebKit/537.36 (KHTML, like Gecko; compatible; GPTBot/1.2; +https://openai.com/gptbot)"
