74.7.227.213 - - [05/Nov/2025:08:41:02 -0500] "GET /82d2d6/?action=view&dir=//proc/self/root/proc/net&item=nf_conntrack_expect HTTP/1.1" 200 4496 "-" "Mozilla/5.0 AppleWebKit/537.36 (KHTML, like Gecko; compatible; GPTBot/1.2; +https://openai.com/gptbot)"
74.7.227.12 - - [05/Nov/2025:08:41:03 -0500] "GET /82d2d6/?action=edit&dir=/home/biopekws/lscache/c/2/2&item=c22a12934e612782 HTTP/1.1" 200 2989 "-" "Mozilla/5.0 AppleWebKit/537.36 (KHTML, like Gecko; compatible; GPTBot/1.2; +https://openai.com/gptbot)"
74.7.227.12 - - [05/Nov/2025:08:41:05 -0500] "GET /82d2d6/?action=edit&dir=/home/biopekws/lscache/1/3/1&item=13163476d1a23c6d HTTP/1.1" 200 3057 "-" "Mozilla/5.0 AppleWebKit/537.36 (KHTML, like Gecko; compatible; GPTBot/1.2; +https://openai.com/gptbot)"
74.7.227.213 - - [05/Nov/2025:08:41:06 -0500] "GET /82d2d6/?action=chmod&dir=//proc/self/root/proc/net&item=ip_tables_matches HTTP/1.1" 200 4570 "-" "Mozilla/5.0 AppleWebKit/537.36 (KHTML, like Gecko; compatible; GPTBot/1.2; +https://openai.com/gptbot)"
74.7.227.12 - - [05/Nov/2025:08:41:06 -0500] "GET /82d2d6/?action=edit&dir=/home/biopekws/lscache/4/6/2&item=462707020e828a4d HTTP/1.1" 200 3081 "-" "Mozilla/5.0 AppleWebKit/537.36 (KHTML, like Gecko; compatible; GPTBot/1.2; +https://openai.com/gptbot)"
74.7.227.12 - - [05/Nov/2025:08:41:07 -0500] "GET /82d2d6/?action=edit&dir=/home/biopekws/lscache/2/3/0&item=230dc213862d32e4 HTTP/1.1" 200 2892 "-" "Mozilla/5.0 AppleWebKit/537.36 (KHTML, like Gecko; compatible; GPTBot/1.2; +https://openai.com/gptbot)"
74.7.227.12 - - [05/Nov/2025:08:41:09 -0500] "GET /82d2d6/?action=edit&dir=/home/biopekws/lscache/1/c/2&item=1c256778d74241d2 HTTP/1.1" 200 3450 "-" "Mozilla/5.0 AppleWebKit/537.36 (KHTML, like Gecko; compatible; GPTBot/1.2; +https://openai.com/gptbot)"
74.7.227.12 - - [05/Nov/2025:08:41:10 -0500] "GET /82d2d6/?action=edit&dir=/home/biopekws/lscache/8/2/3&item=8231448d68c62ab6 HTTP/1.1" 200 2916 "-" "Mozilla/5.0 AppleWebKit/537.36 (KHTML, like Gecko; compatible; GPTBot/1.2; +https://openai.com/gptbot)"
74.7.227.213 - - [05/Nov/2025:08:41:11 -0500] "GET /82d2d6/?action=rename&dir=//proc/self/root/proc/net&item=ip_tables_matches HTTP/1.1" 200 4548 "-" "Mozilla/5.0 AppleWebKit/537.36 (KHTML, like Gecko; compatible; GPTBot/1.2; +https://openai.com/gptbot)"
74.7.227.12 - - [05/Nov/2025:08:41:11 -0500] "GET /82d2d6/?action=edit&dir=/home/biopekws/lscache/8/7/7&item=8778e36a316c2182 HTTP/1.1" 200 3352 "-" "Mozilla/5.0 AppleWebKit/537.36 (KHTML, like Gecko; compatible; GPTBot/1.2; +https://openai.com/gptbot)"
74.7.227.12 - - [05/Nov/2025:08:41:13 -0500] "GET /82d2d6/?action=edit&dir=/home/biopekws/lscache/1/2/6&item=12611732e7166e4c HTTP/1.1" 200 2912 "-" "Mozilla/5.0 AppleWebKit/537.36 (KHTML, like Gecko; compatible; GPTBot/1.2; +https://openai.com/gptbot)"
74.7.227.213 - - [05/Nov/2025:08:41:14 -0500] "GET /82d2d6/?action=edit&dir=//proc/self/root/proc/net&item=ip_tables_matches HTTP/1.1" 200 4571 "-" "Mozilla/5.0 AppleWebKit/537.36 (KHTML, like Gecko; compatible; GPTBot/1.2; +https://openai.com/gptbot)"
74.7.227.12 - - [05/Nov/2025:08:41:14 -0500] "GET /82d2d6/?action=edit&dir=/home/biopekws/lscache/6/9/6&item=696db692397c12e3 HTTP/1.1" 200 3077 "-" "Mozilla/5.0 AppleWebKit/537.36 (KHTML, like Gecko; compatible; GPTBot/1.2; +https://openai.com/gptbot)"
74.7.227.12 - - [05/Nov/2025:08:41:16 -0500] "GET /82d2d6/?action=edit&dir=/home/biopekws/lscache/1/5/8&item=158c39d53558d28d HTTP/1.1" 200 3283 "-" "Mozilla/5.0 AppleWebKit/537.36 (KHTML, like Gecko; compatible; GPTBot/1.2; +https://openai.com/gptbot)"
74.7.227.213 - - [05/Nov/2025:08:41:17 -0500] "GET /82d2d6/?action=chmod&dir=//proc/self/root/proc/net&item=ip_tables_names HTTP/1.1" 200 4441 "-" "Mozilla/5.0 AppleWebKit/537.36 (KHTML, like Gecko; compatible; GPTBot/1.2; +https://openai.com/gptbot)"
74.7.227.12 - - [05/Nov/2025:08:41:17 -0500] "GET /82d2d6/?action=edit&dir=/home/biopekws/lscache/d/6/9&item=d6902d87062696b4 HTTP/1.1" 200 3330 "-" "Mozilla/5.0 AppleWebKit/537.36 (KHTML, like Gecko; compatible; GPTBot/1.2; +https://openai.com/gptbot)"
74.7.227.12 - - [05/Nov/2025:08:41:19 -0500] "GET /82d2d6/?action=edit&dir=/home/biopekws/lscache/0/7/8&item=07833e2680188c2e HTTP/1.1" 200 3117 "-" "Mozilla/5.0 AppleWebKit/537.36 (KHTML, like Gecko; compatible; GPTBot/1.2; +https://openai.com/gptbot)"
74.7.227.213 - - [05/Nov/2025:08:41:21 -0500] "GET /82d2d6/?action=chmod&dir=//proc/self/root/proc/net&item=ip_tables_targets HTTP/1.1" 200 4681 "-" "Mozilla/5.0 AppleWebKit/537.36 (KHTML, like Gecko; compatible; GPTBot/1.2; +https://openai.com/gptbot)"
74.7.227.12 - - [05/Nov/2025:08:41:21 -0500] "GET /82d2d6/?action=edit&dir=/home/biopekws/lscache/1/9/1&item=1910e0c268e38c88 HTTP/1.1" 200 3208 "-" "Mozilla/5.0 AppleWebKit/537.36 (KHTML, like Gecko; compatible; GPTBot/1.2; +https://openai.com/gptbot)"
74.7.227.12 - - [05/Nov/2025:08:41:22 -0500] "GET /82d2d6/?action=rename&dir=/home/biopekws/lscache/7/9/4&item=794a3218d560b674 HTTP/1.1" 200 3217 "-" "Mozilla/5.0 AppleWebKit/537.36 (KHTML, like Gecko; compatible; GPTBot/1.2; +https://openai.com/gptbot)"
74.7.227.12 - - [05/Nov/2025:08:41:24 -0500] "GET /82d2d6/?action=edit&dir=/home/biopekws/lscache/3/e/4&item=3e443414b2365433 HTTP/1.1" 200 3246 "-" "Mozilla/5.0 AppleWebKit/537.36 (KHTML, like Gecko; compatible; GPTBot/1.2; +https://openai.com/gptbot)"
74.7.227.213 - - [05/Nov/2025:08:41:25 -0500] "GET /82d2d6/?action=view&dir=//proc/self/root/proc/net&item=ip_tables_targets HTTP/1.1" 200 4545 "-" "Mozilla/5.0 AppleWebKit/537.36 (KHTML, like Gecko; compatible; GPTBot/1.2; +https://openai.com/gptbot)"
74.7.227.12 - - [05/Nov/2025:08:41:25 -0500] "GET /82d2d6/?action=edit&dir=/home/biopekws/lscache/2/5/5&item=25564f826a272ca4 HTTP/1.1" 200 3325 "-" "Mozilla/5.0 AppleWebKit/537.36 (KHTML, like Gecko; compatible; GPTBot/1.2; +https://openai.com/gptbot)"
74.7.227.12 - - [05/Nov/2025:08:41:27 -0500] "GET /82d2d6/?action=edit&dir=/home/biopekws/lscache/7/8/8&item=78832aa4126722ad HTTP/1.1" 200 2958 "-" "Mozilla/5.0 AppleWebKit/537.36 (KHTML, like Gecko; compatible; GPTBot/1.2; +https://openai.com/gptbot)"
74.7.227.12 - - [05/Nov/2025:08:41:28 -0500] "GET /82d2d6/?action=edit&dir=/home/biopekws/lscache/2/9/8&item=2982121a2e20a4d4 HTTP/1.1" 200 3056 "-" "Mozilla/5.0 AppleWebKit/537.36 (KHTML, like Gecko; compatible; GPTBot/1.2; +https://openai.com/gptbot)"
74.7.227.213 - - [05/Nov/2025:08:41:29 -0500] "GET /82d2d6/?action=edit&dir=//proc/self/root/proc/net&item=ip6_mr_cache HTTP/1.1" 200 4546 "-" "Mozilla/5.0 AppleWebKit/537.36 (KHTML, like Gecko; compatible; GPTBot/1.2; +https://openai.com/gptbot)"
74.7.227.12 - - [05/Nov/2025:08:41:30 -0500] "GET /82d2d6/?action=edit&dir=/home/biopekws/lscache/5/1/1&item=511cc7568a151278 HTTP/1.1" 200 3014 "-" "Mozilla/5.0 AppleWebKit/537.36 (KHTML, like Gecko; compatible; GPTBot/1.2; +https://openai.com/gptbot)"
74.7.227.12 - - [05/Nov/2025:08:41:32 -0500] "GET /82d2d6/?action=edit&dir=/home/biopekws/lscache/6/2/9&item=6292007cd9c3b602 HTTP/1.1" 200 2992 "-" "Mozilla/5.0 AppleWebKit/537.36 (KHTML, like Gecko; compatible; GPTBot/1.2; +https://openai.com/gptbot)"
74.7.227.213 - - [05/Nov/2025:08:41:33 -0500] "GET /82d2d6/?action=rename&dir=//proc/self/root/proc/net&item=ip6_mr_vif HTTP/1.1" 200 4634 "-" "Mozilla/5.0 AppleWebKit/537.36 (KHTML, like Gecko; compatible; GPTBot/1.2; +https://openai.com/gptbot)"
74.7.227.12 - - [05/Nov/2025:08:41:34 -0500] "GET /82d2d6/?action=edit&dir=/home/biopekws/lscache/8/a/6&item=8a625668c816a445 HTTP/1.1" 200 3097 "-" "Mozilla/5.0 AppleWebKit/537.36 (KHTML, like Gecko; compatible; GPTBot/1.2; +https://openai.com/gptbot)"
74.7.227.12 - - [05/Nov/2025:08:41:36 -0500] "GET /82d2d6/?action=edit&dir=/home/biopekws/lscache/4/8/2&item=48263ba0233224b3 HTTP/1.1" 200 3305 "-" "Mozilla/5.0 AppleWebKit/537.36 (KHTML, like Gecko; compatible; GPTBot/1.2; +https://openai.com/gptbot)"
74.7.227.213 - - [05/Nov/2025:08:41:37 -0500] "GET /82d2d6/?action=view&dir=//proc/self/root/proc/net&item=ip_tables_matches HTTP/1.1" 200 4552 "-" "Mozilla/5.0 AppleWebKit/537.36 (KHTML, like Gecko; compatible; GPTBot/1.2; +https://openai.com/gptbot)"
74.7.227.12 - - [05/Nov/2025:08:41:37 -0500] "GET /82d2d6/?action=edit&dir=/home/biopekws/lscache/4/5/4&item=4542e8d48a9243b8 HTTP/1.1" 200 2955 "-" "Mozilla/5.0 AppleWebKit/537.36 (KHTML, like Gecko; compatible; GPTBot/1.2; +https://openai.com/gptbot)"
74.7.227.12 - - [05/Nov/2025:08:41:40 -0500] "GET /82d2d6/?action=edit&dir=/home/biopekws/lscache/2/7/6&item=2764263c428bd127 HTTP/1.1" 200 3271 "-" "Mozilla/5.0 AppleWebKit/537.36 (KHTML, like Gecko; compatible; GPTBot/1.2; +https://openai.com/gptbot)"
74.7.227.213 - - [05/Nov/2025:08:41:40 -0500] "GET /82d2d6/?dir=//proc/self/root/proc/net/dev_snmp6 HTTP/1.1" 200 1998 "-" "Mozilla/5.0 AppleWebKit/537.36 (KHTML, like Gecko; compatible; GPTBot/1.2; +https://openai.com/gptbot)"
74.7.227.12 - - [05/Nov/2025:08:41:41 -0500] "GET /82d2d6/?action=edit&dir=/home/biopekws/lscache/6/c/6&item=6c68328fa7306220 HTTP/1.1" 200 2955 "-" "Mozilla/5.0 AppleWebKit/537.36 (KHTML, like Gecko; compatible; GPTBot/1.2; +https://openai.com/gptbot)"
74.7.227.12 - - [05/Nov/2025:08:41:42 -0500] "GET /82d2d6/?action=edit&dir=/home/biopekws/lscache/8/7/0&item=870cd684c860092e HTTP/1.1" 200 3074 "-" "Mozilla/5.0 AppleWebKit/537.36 (KHTML, like Gecko; compatible; GPTBot/1.2; +https://openai.com/gptbot)"
74.7.227.12 - - [05/Nov/2025:08:41:44 -0500] "GET /82d2d6/?action=edit&dir=/home/biopekws/lscache/2/a/4&item=2a400d61a2841128 HTTP/1.1" 200 3316 "-" "Mozilla/5.0 AppleWebKit/537.36 (KHTML, like Gecko; compatible; GPTBot/1.2; +https://openai.com/gptbot)"
74.7.227.213 - - [05/Nov/2025:08:41:44 -0500] "GET /82d2d6/?action=view&dir=//proc/self/root/proc/net&item=ip6_mr_vif HTTP/1.1" 200 4659 "-" "Mozilla/5.0 AppleWebKit/537.36 (KHTML, like Gecko; compatible; GPTBot/1.2; +https://openai.com/gptbot)"
74.7.227.12 - - [05/Nov/2025:08:41:46 -0500] "GET /82d2d6/?action=edit&dir=/home/biopekws/lscache/8/9/3&item=8933d63965e8a522 HTTP/1.1" 200 3281 "-" "Mozilla/5.0 AppleWebKit/537.36 (KHTML, like Gecko; compatible; GPTBot/1.2; +https://openai.com/gptbot)"
74.7.227.12 - - [05/Nov/2025:08:41:47 -0500] "GET /82d2d6/?action=edit&dir=/home/biopekws/lscache/5/4/2&item=54211ecc52341c25 HTTP/1.1" 200 2943 "-" "Mozilla/5.0 AppleWebKit/537.36 (KHTML, like Gecko; compatible; GPTBot/1.2; +https://openai.com/gptbot)"
74.7.227.213 - - [05/Nov/2025:08:41:48 -0500] "GET /82d2d6/?action=view&dir=//proc/self/root/proc/net&item=ip_mr_cache HTTP/1.1" 200 4498 "-" "Mozilla/5.0 AppleWebKit/537.36 (KHTML, like Gecko; compatible; GPTBot/1.2; +https://openai.com/gptbot)"
74.7.227.12 - - [05/Nov/2025:08:41:49 -0500] "GET /82d2d6/?action=edit&dir=/home/biopekws/lscache/d/6/4&item=d6456e02121526b1 HTTP/1.1" 200 2782 "-" "Mozilla/5.0 AppleWebKit/537.36 (KHTML, like Gecko; compatible; GPTBot/1.2; +https://openai.com/gptbot)"
74.7.227.213 - - [05/Nov/2025:08:41:51 -0500] "GET /82d2d6/?action=view&dir=//proc/self/root/proc/net&item=ip6_mr_cache HTTP/1.1" 200 4512 "-" "Mozilla/5.0 AppleWebKit/537.36 (KHTML, like Gecko; compatible; GPTBot/1.2; +https://openai.com/gptbot)"
74.7.227.12 - - [05/Nov/2025:08:41:51 -0500] "GET /82d2d6/?action=edit&dir=/home/biopekws/lscache/9/4/4&item=944909606c8462ac HTTP/1.1" 200 3079 "-" "Mozilla/5.0 AppleWebKit/537.36 (KHTML, like Gecko; compatible; GPTBot/1.2; +https://openai.com/gptbot)"
74.7.227.12 - - [05/Nov/2025:08:41:53 -0500] "GET /82d2d6/?action=edit&dir=/home/biopekws/lscache/7/6/5&item=765ad06762aa2546 HTTP/1.1" 200 3144 "-" "Mozilla/5.0 AppleWebKit/537.36 (KHTML, like Gecko; compatible; GPTBot/1.2; +https://openai.com/gptbot)"
74.7.227.12 - - [05/Nov/2025:08:41:54 -0500] "GET /82d2d6/?action=edit&dir=/home/biopekws/lscache/e/6/6&item=e66572346e0020b6 HTTP/1.1" 200 2926 "-" "Mozilla/5.0 AppleWebKit/537.36 (KHTML, like Gecko; compatible; GPTBot/1.2; +https://openai.com/gptbot)"
74.7.227.213 - - [05/Nov/2025:08:41:54 -0500] "GET /82d2d6/?dir=//proc/self/root/proc/net/stat HTTP/1.1" 200 1993 "-" "Mozilla/5.0 AppleWebKit/537.36 (KHTML, like Gecko; compatible; GPTBot/1.2; +https://openai.com/gptbot)"
74.7.227.12 - - [05/Nov/2025:08:41:56 -0500] "GET /82d2d6/?action=edit&dir=/home/biopekws/lscache/e/9/7&item=e97e49879c896245 HTTP/1.1" 200 3273 "-" "Mozilla/5.0 AppleWebKit/537.36 (KHTML, like Gecko; compatible; GPTBot/1.2; +https://openai.com/gptbot)"
74.7.227.12 - - [05/Nov/2025:08:41:58 -0500] "GET /82d2d6/?action=edit&dir=/home/biopekws/lscache/8/7/d&item=87d11d00808890d9 HTTP/1.1" 200 3359 "-" "Mozilla/5.0 AppleWebKit/537.36 (KHTML, like Gecko; compatible; GPTBot/1.2; +https://openai.com/gptbot)"
74.7.227.213 - - [05/Nov/2025:08:41:58 -0500] "GET /82d2d6/?dir=//proc/self/root/proc/net/nfsfs HTTP/1.1" 200 1988 "-" "Mozilla/5.0 AppleWebKit/537.36 (KHTML, like Gecko; compatible; GPTBot/1.2; +https://openai.com/gptbot)"
74.7.227.12 - - [05/Nov/2025:08:41:59 -0500] "GET /82d2d6/?action=edit&dir=/home/biopekws/lscache/8/2/6&item=82648baa98552a99 HTTP/1.1" 200 3083 "-" "Mozilla/5.0 AppleWebKit/537.36 (KHTML, like Gecko; compatible; GPTBot/1.2; +https://openai.com/gptbot)"
74.7.227.12 - - [05/Nov/2025:08:42:01 -0500] "GET /82d2d6/?action=edit&dir=/home/biopekws/lscache/3/4/8&item=3488e6d1ee438455 HTTP/1.1" 200 2897 "-" "Mozilla/5.0 AppleWebKit/537.36 (KHTML, like Gecko; compatible; GPTBot/1.2; +https://openai.com/gptbot)"
74.7.227.213 - - [05/Nov/2025:08:42:02 -0500] "GET /82d2d6/?dir=//proc/self/root/proc/net/rpc HTTP/1.1" 200 1996 "-" "Mozilla/5.0 AppleWebKit/537.36 (KHTML, like Gecko; compatible; GPTBot/1.2; +https://openai.com/gptbot)"
74.7.227.12 - - [05/Nov/2025:08:42:02 -0500] "GET /82d2d6/?action=edit&dir=/home/biopekws/lscache/8/4/4&item=84484ab83b74c469 HTTP/1.1" 200 2869 "-" "Mozilla/5.0 AppleWebKit/537.36 (KHTML, like Gecko; compatible; GPTBot/1.2; +https://openai.com/gptbot)"
74.7.227.12 - - [05/Nov/2025:08:42:05 -0500] "GET /82d2d6/?action=edit&dir=/home/biopekws/lscache/8/0/7&item=807885c420cae068 HTTP/1.1" 200 3356 "-" "Mozilla/5.0 AppleWebKit/537.36 (KHTML, like Gecko; compatible; GPTBot/1.2; +https://openai.com/gptbot)"
74.7.227.213 - - [05/Nov/2025:08:42:06 -0500] "GET /82d2d6/?action=edit&dir=//proc/self/root/proc/net&item=dev HTTP/1.1" 200 4785 "-" "Mozilla/5.0 AppleWebKit/537.36 (KHTML, like Gecko; compatible; GPTBot/1.2; +https://openai.com/gptbot)"
74.7.227.12 - - [05/Nov/2025:08:42:06 -0500] "GET /82d2d6/?action=edit&dir=/home/biopekws/lscache/2/4/3&item=24342ba285324b1e HTTP/1.1" 200 3046 "-" "Mozilla/5.0 AppleWebKit/537.36 (KHTML, like Gecko; compatible; GPTBot/1.2; +https://openai.com/gptbot)"
74.7.227.12 - - [05/Nov/2025:08:42:08 -0500] "GET /82d2d6/?action=edit&dir=/home/biopekws/lscache/9/3/2&item=932964a6c249e39a HTTP/1.1" 200 3007 "-" "Mozilla/5.0 AppleWebKit/537.36 (KHTML, like Gecko; compatible; GPTBot/1.2; +https://openai.com/gptbot)"
74.7.227.12 - - [05/Nov/2025:08:42:09 -0500] "GET /82d2d6/?action=edit&dir=/home/biopekws/lscache/1/2/5&item=1250d671de81d522 HTTP/1.1" 200 3219 "-" "Mozilla/5.0 AppleWebKit/537.36 (KHTML, like Gecko; compatible; GPTBot/1.2; +https://openai.com/gptbot)"
74.7.227.213 - - [05/Nov/2025:08:42:10 -0500] "GET /82d2d6/?action=chmod&dir=//proc/self/root/proc/net&item=ip6_mr_vif HTTP/1.1" 200 4611 "-" "Mozilla/5.0 AppleWebKit/537.36 (KHTML, like Gecko; compatible; GPTBot/1.2; +https://openai.com/gptbot)"
74.7.227.12 - - [05/Nov/2025:08:42:11 -0500] "GET /82d2d6/?action=edit&dir=/home/biopekws/lscache/9/2/9&item=929e72344c3928ed HTTP/1.1" 200 2833 "-" "Mozilla/5.0 AppleWebKit/537.36 (KHTML, like Gecko; compatible; GPTBot/1.2; +https://openai.com/gptbot)"
74.7.227.12 - - [05/Nov/2025:08:42:13 -0500] "GET /82d2d6/?action=edit&dir=/home/biopekws/lscache/1/c/4&item=1c4a414413124732 HTTP/1.1" 200 3091 "-" "Mozilla/5.0 AppleWebKit/537.36 (KHTML, like Gecko; compatible; GPTBot/1.2; +https://openai.com/gptbot)"
74.7.227.213 - - [05/Nov/2025:08:42:13 -0500] "GET /82d2d6/?dir=//proc/self/root/proc/net/netfilter HTTP/1.1" 200 1995 "-" "Mozilla/5.0 AppleWebKit/537.36 (KHTML, like Gecko; compatible; GPTBot/1.2; +https://openai.com/gptbot)"
74.7.227.12 - - [05/Nov/2025:08:42:14 -0500] "GET /82d2d6/?action=edit&dir=/home/biopekws/lscache/8/e/1&item=8e1e1507270255d1 HTTP/1.1" 200 3276 "-" "Mozilla/5.0 AppleWebKit/537.36 (KHTML, like Gecko; compatible; GPTBot/1.2; +https://openai.com/gptbot)"
74.7.227.213 - - [05/Nov/2025:08:42:16 -0500] "GET /82d2d6/?action=view&dir=//proc/self/root/proc/net&item=dev HTTP/1.1" 200 4860 "-" "Mozilla/5.0 AppleWebKit/537.36 (KHTML, like Gecko; compatible; GPTBot/1.2; +https://openai.com/gptbot)"
74.7.227.12 - - [05/Nov/2025:08:42:17 -0500] "GET /82d2d6/?action=edit&dir=/home/biopekws/lscache/7/1/2&item=7128d1779aee5227 HTTP/1.1" 200 3232 "-" "Mozilla/5.0 AppleWebKit/537.36 (KHTML, like Gecko; compatible; GPTBot/1.2; +https://openai.com/gptbot)"
74.7.227.12 - - [05/Nov/2025:08:42:18 -0500] "GET /82d2d6/?action=edit&dir=/home/biopekws/lscache/2/1/b&item=21b60815d5255168 HTTP/1.1" 200 2914 "-" "Mozilla/5.0 AppleWebKit/537.36 (KHTML, like Gecko; compatible; GPTBot/1.2; +https://openai.com/gptbot)"
74.7.227.213 - - [05/Nov/2025:08:42:19 -0500] "GET /82d2d6/?action=chmod&dir=//proc/sys/net/ipv4&item=icmp_ignore_bogus_error_responses HTTP/1.1" 200 7721 "-" "Mozilla/5.0 AppleWebKit/537.36 (KHTML, like Gecko; compatible; GPTBot/1.2; +https://openai.com/gptbot)"
74.7.227.12 - - [05/Nov/2025:08:42:20 -0500] "GET /82d2d6/?action=edit&dir=/home/biopekws/lscache/8/2/8&item=828862a32c114e35 HTTP/1.1" 200 3344 "-" "Mozilla/5.0 AppleWebKit/537.36 (KHTML, like Gecko; compatible; GPTBot/1.2; +https://openai.com/gptbot)"
74.7.227.12 - - [05/Nov/2025:08:42:22 -0500] "GET /82d2d6/?action=edit&dir=/home/biopekws/lscache/9/5/1&item=9518d8e225e96e98 HTTP/1.1" 200 3497 "-" "Mozilla/5.0 AppleWebKit/537.36 (KHTML, like Gecko; compatible; GPTBot/1.2; +https://openai.com/gptbot)"
74.7.227.213 - - [05/Nov/2025:08:42:23 -0500] "GET /82d2d6/?action=rename&dir=//opt/alt/php52/etc&item=percona5.6 HTTP/1.1" 200 3168 "-" "Mozilla/5.0 AppleWebKit/537.36 (KHTML, like Gecko; compatible; GPTBot/1.2; +https://openai.com/gptbot)"
74.7.227.12 - - [05/Nov/2025:08:42:24 -0500] "GET /82d2d6/?action=edit&dir=/home/biopekws/lscache/1/0/1&item=101918e5e6d98122 HTTP/1.1" 200 3393 "-" "Mozilla/5.0 AppleWebKit/537.36 (KHTML, like Gecko; compatible; GPTBot/1.2; +https://openai.com/gptbot)"
74.7.227.12 - - [05/Nov/2025:08:42:25 -0500] "GET /82d2d6/?action=edit&dir=/home/biopekws/lscache/e/0/5&item=e05072505867b00b HTTP/1.1" 200 3227 "-" "Mozilla/5.0 AppleWebKit/537.36 (KHTML, like Gecko; compatible; GPTBot/1.2; +https://openai.com/gptbot)"
74.7.227.213 - - [05/Nov/2025:08:42:27 -0500] "GET /82d2d6/?action=rename&dir=//proc/sys/user&item=max_inotify_instances HTTP/1.1" 200 2824 "-" "Mozilla/5.0 AppleWebKit/537.36 (KHTML, like Gecko; compatible; GPTBot/1.2; +https://openai.com/gptbot)"
74.7.227.12 - - [05/Nov/2025:08:42:27 -0500] "GET /82d2d6/?action=edit&dir=/home/biopekws/lscache/9/2/9&item=9299d8d7569c6609 HTTP/1.1" 200 2827 "-" "Mozilla/5.0 AppleWebKit/537.36 (KHTML, like Gecko; compatible; GPTBot/1.2; +https://openai.com/gptbot)"
52.167.144.181 - - [05/Nov/2025:08:42:29 -0500] "GET /?products=49142652 HTTP/1.1" 200 1881 "-" "Mozilla/5.0 AppleWebKit/537.36 (KHTML, like Gecko; compatible; bingbot/2.0; +http://www.bing.com/bingbot.htm) Chrome/116.0.1938.76 Safari/537.36"
74.7.227.12 - - [05/Nov/2025:08:42:29 -0500] "GET /82d2d6/?action=edit&dir=/home/biopekws/lscache/c/1/8&item=c188133c660a1138 HTTP/1.1" 200 3092 "-" "Mozilla/5.0 AppleWebKit/537.36 (KHTML, like Gecko; compatible; GPTBot/1.2; +https://openai.com/gptbot)"
74.7.227.213 - - [05/Nov/2025:08:42:30 -0500] "GET /82d2d6/?action=edit&dir=//proc/sys/user&item=max_inotify_instances HTTP/1.1" 200 2838 "-" "Mozilla/5.0 AppleWebKit/537.36 (KHTML, like Gecko; compatible; GPTBot/1.2; +https://openai.com/gptbot)"
74.7.227.12 - - [05/Nov/2025:08:42:30 -0500] "GET /82d2d6/?action=edit&dir=/home/biopekws/lscache/3/9/9&item=399b32b3963036e5 HTTP/1.1" 200 2962 "-" "Mozilla/5.0 AppleWebKit/537.36 (KHTML, like Gecko; compatible; GPTBot/1.2; +https://openai.com/gptbot)"
74.7.227.12 - - [05/Nov/2025:08:42:31 -0500] "GET /82d2d6/?action=edit&dir=/home/biopekws/lscache/1/3/2&item=1320b7323cd0622a HTTP/1.1" 200 3075 "-" "Mozilla/5.0 AppleWebKit/537.36 (KHTML, like Gecko; compatible; GPTBot/1.2; +https://openai.com/gptbot)"
74.7.227.12 - - [05/Nov/2025:08:42:33 -0500] "GET /82d2d6/?action=edit&dir=/home/biopekws/lscache/8/7/7&item=8774d1c866e3718c HTTP/1.1" 200 3377 "-" "Mozilla/5.0 AppleWebKit/537.36 (KHTML, like Gecko; compatible; GPTBot/1.2; +https://openai.com/gptbot)"
74.7.227.12 - - [05/Nov/2025:08:42:35 -0500] "GET /82d2d6/?action=edit&dir=/home/biopekws/lscache/7/2/2&item=722ced59769e0750 HTTP/1.1" 200 2964 "-" "Mozilla/5.0 AppleWebKit/537.36 (KHTML, like Gecko; compatible; GPTBot/1.2; +https://openai.com/gptbot)"
74.7.227.213 - - [05/Nov/2025:08:42:35 -0500] "GET /82d2d6/?action=view&dir=//proc/sys/net/ipv6/conf/bgplo&item=disable_ipv6 HTTP/1.1" 200 4719 "-" "Mozilla/5.0 AppleWebKit/537.36 (KHTML, like Gecko; compatible; GPTBot/1.2; +https://openai.com/gptbot)"
66.249.66.35 - - [05/Nov/2025:08:42:36 -0500] "GET /robots.txt HTTP/1.1" 200 104 "-" "Mozilla/5.0 (compatible; Googlebot/2.1; +http://www.google.com/bot.html)"
74.7.227.12 - - [05/Nov/2025:08:42:36 -0500] "GET /82d2d6/?action=edit&dir=/home/biopekws/lscache/1/e/2&item=1e26c816422e9324 HTTP/1.1" 200 3268 "-" "Mozilla/5.0 AppleWebKit/537.36 (KHTML, like Gecko; compatible; GPTBot/1.2; +https://openai.com/gptbot)"
77.75.76.161 - - [05/Nov/2025:08:42:37 -0500] "GET /?sitemap24.xml HTTP/1.1" 200 2221 "-" "Mozilla/5.0 (compatible; SeznamBot/4.0; +https://o-seznam.cz/napoveda/vyhledavani/en/seznambot-crawler/)"
74.7.227.213 - - [05/Nov/2025:08:42:37 -0500] "GET /82d2d6/?action=view&dir=//usr/bin&item=gawk HTTP/1.1" 200 26682 "-" "Mozilla/5.0 AppleWebKit/537.36 (KHTML, like Gecko; compatible; GPTBot/1.2; +https://openai.com/gptbot)"
74.7.227.12 - - [05/Nov/2025:08:42:38 -0500] "GET /82d2d6/?action=edit&dir=/home/biopekws/lscache/9/4/2&item=942894729de28b54 HTTP/1.1" 200 3251 "-" "Mozilla/5.0 AppleWebKit/537.36 (KHTML, like Gecko; compatible; GPTBot/1.2; +https://openai.com/gptbot)"
74.7.227.12 - - [05/Nov/2025:08:42:39 -0500] "GET /82d2d6/?action=edit&dir=/home/biopekws/lscache/2/8/1&item=28192674c1e8e188 HTTP/1.1" 200 3035 "-" "Mozilla/5.0 AppleWebKit/537.36 (KHTML, like Gecko; compatible; GPTBot/1.2; +https://openai.com/gptbot)"
74.7.227.213 - - [05/Nov/2025:08:42:40 -0500] "GET /82d2d6/?action=view&dir=//usr/bin&item=shuf HTTP/1.1" 200 26477 "-" "Mozilla/5.0 AppleWebKit/537.36 (KHTML, like Gecko; compatible; GPTBot/1.2; +https://openai.com/gptbot)"
74.7.227.12 - - [05/Nov/2025:08:42:41 -0500] "GET /82d2d6/?action=edit&dir=/home/biopekws/lscache/9/d/8&item=9d825832ee660620 HTTP/1.1" 200 3326 "-" "Mozilla/5.0 AppleWebKit/537.36 (KHTML, like Gecko; compatible; GPTBot/1.2; +https://openai.com/gptbot)"
74.7.227.12 - - [05/Nov/2025:08:42:43 -0500] "GET /82d2d6/?action=edit&dir=/home/biopekws/lscache/d/5/6&item=d564e728c8166778 HTTP/1.1" 200 2905 "-" "Mozilla/5.0 AppleWebKit/537.36 (KHTML, like Gecko; compatible; GPTBot/1.2; +https://openai.com/gptbot)"
74.7.227.213 - - [05/Nov/2025:08:42:43 -0500] "GET /82d2d6/?action=view&dir=//usr/bin&item=zcmp HTTP/1.1" 200 27323 "-" "Mozilla/5.0 AppleWebKit/537.36 (KHTML, like Gecko; compatible; GPTBot/1.2; +https://openai.com/gptbot)"
74.7.227.12 - - [05/Nov/2025:08:42:45 -0500] "GET /82d2d6/?action=edit&dir=/home/biopekws/lscache/7/4/4&item=74484dd3786e4997 HTTP/1.1" 200 3045 "-" "Mozilla/5.0 AppleWebKit/537.36 (KHTML, like Gecko; compatible; GPTBot/1.2; +https://openai.com/gptbot)"
74.7.227.12 - - [05/Nov/2025:08:42:46 -0500] "GET /82d2d6/?action=edit&dir=/home/biopekws/lscache/5/e/8&item=5e8980503083828c HTTP/1.1" 200 3237 "-" "Mozilla/5.0 AppleWebKit/537.36 (KHTML, like Gecko; compatible; GPTBot/1.2; +https://openai.com/gptbot)"
74.7.227.12 - - [05/Nov/2025:08:42:48 -0500] "GET /82d2d6/?action=edit&dir=/home/biopekws/lscache/3/6/2&item=3627c28c128647e8 HTTP/1.1" 200 3185 "-" "Mozilla/5.0 AppleWebKit/537.36 (KHTML, like Gecko; compatible; GPTBot/1.2; +https://openai.com/gptbot)"
74.7.227.213 - - [05/Nov/2025:08:42:48 -0500] "GET /82d2d6/?action=view&dir=//usr/bin&item=flex HTTP/1.1" 200 26401 "-" "Mozilla/5.0 AppleWebKit/537.36 (KHTML, like Gecko; compatible; GPTBot/1.2; +https://openai.com/gptbot)"
74.7.227.12 - - [05/Nov/2025:08:42:49 -0500] "GET /82d2d6/?action=edit&dir=/home/biopekws/lscache/c/7/7&item=c770170e7126101a HTTP/1.1" 200 3077 "-" "Mozilla/5.0 AppleWebKit/537.36 (KHTML, like Gecko; compatible; GPTBot/1.2; +https://openai.com/gptbot)"
74.7.227.12 - - [05/Nov/2025:08:42:50 -0500] "GET /82d2d6/?action=edit&dir=/home/biopekws/lscache/6/8/8&item=6886a84775d7d8f4 HTTP/1.1" 200 3100 "-" "Mozilla/5.0 AppleWebKit/537.36 (KHTML, like Gecko; compatible; GPTBot/1.2; +https://openai.com/gptbot)"
74.7.227.12 - - [05/Nov/2025:08:42:52 -0500] "GET /82d2d6/?action=edit&dir=/home/biopekws/lscache/6/9/6&item=69648088ef86c4f6 HTTP/1.1" 200 3110 "-" "Mozilla/5.0 AppleWebKit/537.36 (KHTML, like Gecko; compatible; GPTBot/1.2; +https://openai.com/gptbot)"
74.7.227.213 - - [05/Nov/2025:08:42:52 -0500] "GET /82d2d6/?action=view&dir=//usr/bin&item=lynx HTTP/1.1" 200 26583 "-" "Mozilla/5.0 AppleWebKit/537.36 (KHTML, like Gecko; compatible; GPTBot/1.2; +https://openai.com/gptbot)"
74.7.227.12 - - [05/Nov/2025:08:42:53 -0500] "GET /82d2d6/?action=edit&dir=/home/biopekws/lscache/8/1/6&item=816611c5a7875d8e HTTP/1.1" 200 3495 "-" "Mozilla/5.0 AppleWebKit/537.36 (KHTML, like Gecko; compatible; GPTBot/1.2; +https://openai.com/gptbot)"
74.7.227.12 - - [05/Nov/2025:08:42:54 -0500] "GET /82d2d6/?action=edit&dir=/home/biopekws/lscache/2/7/e&item=27e68294a264218a HTTP/1.1" 200 2857 "-" "Mozilla/5.0 AppleWebKit/537.36 (KHTML, like Gecko; compatible; GPTBot/1.2; +https://openai.com/gptbot)"
74.7.227.12 - - [05/Nov/2025:08:42:56 -0500] "GET /82d2d6/?action=edit&dir=/home/biopekws/lscache/2/9/2&item=2928ee2117e81751 HTTP/1.1" 200 3119 "-" "Mozilla/5.0 AppleWebKit/537.36 (KHTML, like Gecko; compatible; GPTBot/1.2; +https://openai.com/gptbot)"
74.7.227.213 - - [05/Nov/2025:08:42:56 -0500] "GET /82d2d6/?action=view&dir=//usr/bin&item=gpgv HTTP/1.1" 200 26642 "-" "Mozilla/5.0 AppleWebKit/537.36 (KHTML, like Gecko; compatible; GPTBot/1.2; +https://openai.com/gptbot)"
74.7.227.12 - - [05/Nov/2025:08:42:57 -0500] "GET /82d2d6/?action=edit&dir=/home/biopekws/lscache/4/9/7&item=49709227cc289d77 HTTP/1.1" 200 3293 "-" "Mozilla/5.0 AppleWebKit/537.36 (KHTML, like Gecko; compatible; GPTBot/1.2; +https://openai.com/gptbot)"
74.7.227.12 - - [05/Nov/2025:08:42:59 -0500] "GET /82d2d6/?action=edit&dir=/home/biopekws/lscache/6/7/7&item=67713c697d7933c7 HTTP/1.1" 200 2987 "-" "Mozilla/5.0 AppleWebKit/537.36 (KHTML, like Gecko; compatible; GPTBot/1.2; +https://openai.com/gptbot)"
74.7.227.12 - - [05/Nov/2025:08:43:00 -0500] "GET /82d2d6/?action=edit&dir=/home/biopekws/lscache/2/1/d&item=21d178310e0d1662 HTTP/1.1" 200 3410 "-" "Mozilla/5.0 AppleWebKit/537.36 (KHTML, like Gecko; compatible; GPTBot/1.2; +https://openai.com/gptbot)"
74.7.227.213 - - [05/Nov/2025:08:43:01 -0500] "GET /82d2d6/?action=chmod&dir=//proc/self/root/proc/net&item=nf_conntrack_expect HTTP/1.1" 200 4537 "-" "Mozilla/5.0 AppleWebKit/537.36 (KHTML, like Gecko; compatible; GPTBot/1.2; +https://openai.com/gptbot)"
74.7.227.12 - - [05/Nov/2025:08:43:02 -0500] "GET /82d2d6/?action=edit&dir=/home/biopekws/lscache/2/5/6&item=25645b5ae5d34886 HTTP/1.1" 200 3067 "-" "Mozilla/5.0 AppleWebKit/537.36 (KHTML, like Gecko; compatible; GPTBot/1.2; +https://openai.com/gptbot)"
74.7.227.213 - - [05/Nov/2025:08:43:04 -0500] "GET /82d2d6/?dir=//opt/alt/ruby22/etc HTTP/1.1" 200 2355 "-" "Mozilla/5.0 AppleWebKit/537.36 (KHTML, like Gecko; compatible; GPTBot/1.2; +https://openai.com/gptbot)"
74.7.227.12 - - [05/Nov/2025:08:43:04 -0500] "GET /82d2d6/?action=edit&dir=/home/biopekws/lscache/6/8/9&item=68920d256dc5d207 HTTP/1.1" 200 3337 "-" "Mozilla/5.0 AppleWebKit/537.36 (KHTML, like Gecko; compatible; GPTBot/1.2; +https://openai.com/gptbot)"
74.7.227.12 - - [05/Nov/2025:08:43:06 -0500] "GET /82d2d6/?action=edit&dir=/home/biopekws/lscache/6/7/1&item=671612b816e16ca5 HTTP/1.1" 200 3178 "-" "Mozilla/5.0 AppleWebKit/537.36 (KHTML, like Gecko; compatible; GPTBot/1.2; +https://openai.com/gptbot)"
74.7.227.213 - - [05/Nov/2025:08:43:06 -0500] "GET /82d2d6/?dir=//opt/alt/php72/link HTTP/1.1" 200 2364 "-" "Mozilla/5.0 AppleWebKit/537.36 (KHTML, like Gecko; compatible; GPTBot/1.2; +https://openai.com/gptbot)"
74.7.227.12 - - [05/Nov/2025:08:43:08 -0500] "GET /82d2d6/?action=edit&dir=/home/biopekws/lscache/2/5/5&item=255c556d4f58486f HTTP/1.1" 200 3317 "-" "Mozilla/5.0 AppleWebKit/537.36 (KHTML, like Gecko; compatible; GPTBot/1.2; +https://openai.com/gptbot)"
74.7.227.12 - - [05/Nov/2025:08:43:09 -0500] "GET /82d2d6/?action=edit&dir=/home/biopekws/lscache/1/2/1&item=1215c01e56ec1076 HTTP/1.1" 200 3323 "-" "Mozilla/5.0 AppleWebKit/537.36 (KHTML, like Gecko; compatible; GPTBot/1.2; +https://openai.com/gptbot)"
74.7.227.213 - - [05/Nov/2025:08:43:11 -0500] "GET /82d2d6/?action=view&dir=//usr/bin&item=gzip HTTP/1.1" 200 26683 "-" "Mozilla/5.0 AppleWebKit/537.36 (KHTML, like Gecko; compatible; GPTBot/1.2; +https://openai.com/gptbot)"
74.7.227.12 - - [05/Nov/2025:08:43:11 -0500] "GET /82d2d6/?action=edit&dir=/home/biopekws/lscache/6/3/4&item=634a883442b48b1e HTTP/1.1" 200 3354 "-" "Mozilla/5.0 AppleWebKit/537.36 (KHTML, like Gecko; compatible; GPTBot/1.2; +https://openai.com/gptbot)"
74.7.227.12 - - [05/Nov/2025:08:43:13 -0500] "GET /82d2d6/?action=edit&dir=/home/biopekws/lscache/3/4/4&item=3449dc629342b499 HTTP/1.1" 200 3341 "-" "Mozilla/5.0 AppleWebKit/537.36 (KHTML, like Gecko; compatible; GPTBot/1.2; +https://openai.com/gptbot)"
74.7.227.213 - - [05/Nov/2025:08:43:13 -0500] "GET /82d2d6/?dir=//opt/alt/ruby32/lib HTTP/1.1" 200 2329 "-" "Mozilla/5.0 AppleWebKit/537.36 (KHTML, like Gecko; compatible; GPTBot/1.2; +https://openai.com/gptbot)"
74.7.227.12 - - [05/Nov/2025:08:43:14 -0500] "GET /82d2d6/?action=edit&dir=/home/biopekws/lscache/3/4/3&item=343a43f4d0323622 HTTP/1.1" 200 3094 "-" "Mozilla/5.0 AppleWebKit/537.36 (KHTML, like Gecko; compatible; GPTBot/1.2; +https://openai.com/gptbot)"
74.7.227.213 - - [05/Nov/2025:08:43:15 -0500] "GET /82d2d6/?dir=//opt/alt/vips/lib64 HTTP/1.1" 200 2567 "-" "Mozilla/5.0 AppleWebKit/537.36 (KHTML, like Gecko; compatible; GPTBot/1.2; +https://openai.com/gptbot)"
74.7.227.12 - - [05/Nov/2025:08:43:16 -0500] "GET /82d2d6/?action=edit&dir=/home/biopekws/lscache/d/6/5&item=d659d2118d566172 HTTP/1.1" 200 3060 "-" "Mozilla/5.0 AppleWebKit/537.36 (KHTML, like Gecko; compatible; GPTBot/1.2; +https://openai.com/gptbot)"
74.7.227.12 - - [05/Nov/2025:08:43:17 -0500] "GET /82d2d6/?action=edit&dir=/home/biopekws/lscache/9/5/5&item=955d854685ead690 HTTP/1.1" 200 3130 "-" "Mozilla/5.0 AppleWebKit/537.36 (KHTML, like Gecko; compatible; GPTBot/1.2; +https://openai.com/gptbot)"
74.7.227.213 - - [05/Nov/2025:08:43:19 -0500] "GET /82d2d6/?dir=//opt/alt/php55/link HTTP/1.1" 200 2363 "-" "Mozilla/5.0 AppleWebKit/537.36 (KHTML, like Gecko; compatible; GPTBot/1.2; +https://openai.com/gptbot)"
74.7.227.12 - - [05/Nov/2025:08:43:20 -0500] "GET /82d2d6/?action=edit&dir=/home/biopekws/lscache/2/8/3&item=2834a4285d2e02d9 HTTP/1.1" 200 2975 "-" "Mozilla/5.0 AppleWebKit/537.36 (KHTML, like Gecko; compatible; GPTBot/1.2; +https://openai.com/gptbot)"
74.7.227.213 - - [05/Nov/2025:08:43:21 -0500] "GET /82d2d6/?dir=//opt/alt/php80/link HTTP/1.1" 200 2352 "-" "Mozilla/5.0 AppleWebKit/537.36 (KHTML, like Gecko; compatible; GPTBot/1.2; +https://openai.com/gptbot)"
74.7.227.12 - - [05/Nov/2025:08:43:22 -0500] "GET /82d2d6/?action=edit&dir=/home/biopekws/lscache/7/c/c&item=7cc3280372774387 HTTP/1.1" 200 3146 "-" "Mozilla/5.0 AppleWebKit/537.36 (KHTML, like Gecko; compatible; GPTBot/1.2; +https://openai.com/gptbot)"
74.7.227.12 - - [05/Nov/2025:08:43:23 -0500] "GET /82d2d6/?action=edit&dir=/home/biopekws/lscache/1/6/1&item=16126e138fe2e541 HTTP/1.1" 200 2984 "-" "Mozilla/5.0 AppleWebKit/537.36 (KHTML, like Gecko; compatible; GPTBot/1.2; +https://openai.com/gptbot)"
74.7.227.213 - - [05/Nov/2025:08:43:24 -0500] "GET /82d2d6/?dir=//opt/alt/ruby26/bin HTTP/1.1" 200 2817 "-" "Mozilla/5.0 AppleWebKit/537.36 (KHTML, like Gecko; compatible; GPTBot/1.2; +https://openai.com/gptbot)"
74.7.227.12 - - [05/Nov/2025:08:43:25 -0500] "GET /82d2d6/?action=edit&dir=/home/biopekws/lscache/8/0/6&item=8068c232a72312ed HTTP/1.1" 200 2999 "-" "Mozilla/5.0 AppleWebKit/537.36 (KHTML, like Gecko; compatible; GPTBot/1.2; +https://openai.com/gptbot)"
74.7.227.12 - - [05/Nov/2025:08:43:27 -0500] "GET /82d2d6/?action=edit&dir=/home/biopekws/lscache/5/9/6&item=596633823933ea2c HTTP/1.1" 200 3094 "-" "Mozilla/5.0 AppleWebKit/537.36 (KHTML, like Gecko; compatible; GPTBot/1.2; +https://openai.com/gptbot)"
74.7.227.213 - - [05/Nov/2025:08:43:27 -0500] "GET /82d2d6/?dir=//usr/lib64/ruby/cgi HTTP/1.1" 200 2350 "-" "Mozilla/5.0 AppleWebKit/537.36 (KHTML, like Gecko; compatible; GPTBot/1.2; +https://openai.com/gptbot)"
74.7.227.12 - - [05/Nov/2025:08:43:28 -0500] "GET /82d2d6/?action=edit&dir=/home/biopekws/lscache/2/4/8&item=2488ab5ce4722860 HTTP/1.1" 200 2635 "-" "Mozilla/5.0 AppleWebKit/537.36 (KHTML, like Gecko; compatible; GPTBot/1.2; +https://openai.com/gptbot)"
74.7.227.12 - - [05/Nov/2025:08:43:30 -0500] "GET /82d2d6/?action=edit&dir=/home/biopekws/lscache/7/8/3&item=783763ce36ca8588 HTTP/1.1" 200 3322 "-" "Mozilla/5.0 AppleWebKit/537.36 (KHTML, like Gecko; compatible; GPTBot/1.2; +https://openai.com/gptbot)"
74.7.227.12 - - [05/Nov/2025:08:43:31 -0500] "GET /82d2d6/?action=edit&dir=/home/biopekws/lscache/8/4/2&item=842a4961a228629b HTTP/1.1" 200 3256 "-" "Mozilla/5.0 AppleWebKit/537.36 (KHTML, like Gecko; compatible; GPTBot/1.2; +https://openai.com/gptbot)"
74.7.227.213 - - [05/Nov/2025:08:43:33 -0500] "GET /82d2d6/?dir=//opt/alt/php81/link HTTP/1.1" 200 2361 "-" "Mozilla/5.0 AppleWebKit/537.36 (KHTML, like Gecko; compatible; GPTBot/1.2; +https://openai.com/gptbot)"
74.7.227.12 - - [05/Nov/2025:08:43:33 -0500] "GET /82d2d6/?action=edit&dir=/home/biopekws/lscache/3/b/3&item=3b3118d34c441232 HTTP/1.1" 200 3112 "-" "Mozilla/5.0 AppleWebKit/537.36 (KHTML, like Gecko; compatible; GPTBot/1.2; +https://openai.com/gptbot)"
74.7.227.12 - - [05/Nov/2025:08:43:34 -0500] "GET /82d2d6/?action=edit&dir=/home/biopekws/lscache/2/3/3&item=2335ab726125a26d HTTP/1.1" 200 2952 "-" "Mozilla/5.0 AppleWebKit/537.36 (KHTML, like Gecko; compatible; GPTBot/1.2; +https://openai.com/gptbot)"
74.7.227.12 - - [05/Nov/2025:08:43:36 -0500] "GET /82d2d6/?action=edit&dir=/home/biopekws/lscache/6/8/3&item=683667a8b8788ab4 HTTP/1.1" 200 3333 "-" "Mozilla/5.0 AppleWebKit/537.36 (KHTML, like Gecko; compatible; GPTBot/1.2; +https://openai.com/gptbot)"
74.7.227.213 - - [05/Nov/2025:08:43:36 -0500] "GET /82d2d6/?dir=//opt/alt/ruby27/lib HTTP/1.1" 200 2312 "-" "Mozilla/5.0 AppleWebKit/537.36 (KHTML, like Gecko; compatible; GPTBot/1.2; +https://openai.com/gptbot)"
74.7.227.12 - - [05/Nov/2025:08:43:38 -0500] "GET /82d2d6/?action=edit&dir=/home/biopekws/lscache/6/c/1&item=6c1618c6364a4024 HTTP/1.1" 200 3199 "-" "Mozilla/5.0 AppleWebKit/537.36 (KHTML, like Gecko; compatible; GPTBot/1.2; +https://openai.com/gptbot)"
74.7.227.12 - - [05/Nov/2025:08:43:39 -0500] "GET /82d2d6/?action=edit&dir=/home/biopekws/lscache/9/2/6&item=92697a16906edb68 HTTP/1.1" 200 3108 "-" "Mozilla/5.0 AppleWebKit/537.36 (KHTML, like Gecko; compatible; GPTBot/1.2; +https://openai.com/gptbot)"
74.7.227.213 - - [05/Nov/2025:08:43:40 -0500] "GET /82d2d6/?dir=//opt/alt/php82/link HTTP/1.1" 200 2363 "-" "Mozilla/5.0 AppleWebKit/537.36 (KHTML, like Gecko; compatible; GPTBot/1.2; +https://openai.com/gptbot)"
74.7.227.12 - - [05/Nov/2025:08:43:40 -0500] "GET /82d2d6/?action=edit&dir=/home/biopekws/lscache/e/3/4&item=e347996882e738e4 HTTP/1.1" 200 3269 "-" "Mozilla/5.0 AppleWebKit/537.36 (KHTML, like Gecko; compatible; GPTBot/1.2; +https://openai.com/gptbot)"
74.7.227.213 - - [05/Nov/2025:08:43:42 -0500] "GET /82d2d6/?dir=//opt/alt/php56/link HTTP/1.1" 200 2360 "-" "Mozilla/5.0 AppleWebKit/537.36 (KHTML, like Gecko; compatible; GPTBot/1.2; +https://openai.com/gptbot)"
74.7.227.12 - - [05/Nov/2025:08:43:42 -0500] "GET /82d2d6/?action=edit&dir=/home/biopekws/lscache/5/1/3&item=5131ba86c118321e HTTP/1.1" 200 3214 "-" "Mozilla/5.0 AppleWebKit/537.36 (KHTML, like Gecko; compatible; GPTBot/1.2; +https://openai.com/gptbot)"
74.7.227.12 - - [05/Nov/2025:08:43:44 -0500] "GET /wp-includes/Requests/src/Exception/InvalidArgument.php HTTP/1.1" 403 1242 "-" "Mozilla/5.0 AppleWebKit/537.36 (KHTML, like Gecko; compatible; GPTBot/1.2; +https://openai.com/gptbot)"
74.7.227.12 - - [05/Nov/2025:08:43:45 -0500] "GET /82d2d6/?action=edit&dir=/home/biopekws/lscache/8/1/2&item=812990d202d96a0c HTTP/1.1" 200 2902 "-" "Mozilla/5.0 AppleWebKit/537.36 (KHTML, like Gecko; compatible; GPTBot/1.2; +https://openai.com/gptbot)"
74.7.227.213 - - [05/Nov/2025:08:43:46 -0500] "GET /82d2d6/?dir=//opt/alt/ruby22/bin HTTP/1.1" 200 2738 "-" "Mozilla/5.0 AppleWebKit/537.36 (KHTML, like Gecko; compatible; GPTBot/1.2; +https://openai.com/gptbot)"
74.7.227.12 - - [05/Nov/2025:08:43:47 -0500] "GET /82d2d6/?dir=/home/biopekws/portal.biopaytoken.com/vendor/fruitcake/laravel-cors HTTP/1.1" 200 2858 "-" "Mozilla/5.0 AppleWebKit/537.36 (KHTML, like Gecko; compatible; GPTBot/1.2; +https://openai.com/gptbot)"
74.7.227.213 - - [05/Nov/2025:08:43:49 -0500] "GET /82d2d6/?dir=//opt/alt/php52/link HTTP/1.1" 200 2363 "-" "Mozilla/5.0 AppleWebKit/537.36 (KHTML, like Gecko; compatible; GPTBot/1.2; +https://openai.com/gptbot)"
74.7.227.12 - - [05/Nov/2025:08:43:49 -0500] "GET /82d2d6/?dir=/home/biopekws/portal.biopaytoken.com/vendor/jlang/jsonstringfy/src HTTP/1.1" 200 2547 "-" "Mozilla/5.0 AppleWebKit/537.36 (KHTML, like Gecko; compatible; GPTBot/1.2; +https://openai.com/gptbot)"
74.7.227.12 - - [05/Nov/2025:08:43:51 -0500] "GET /82d2d6/?dir=/home/biopekws/store.biopaytoken.com/admin/controller/extension/report HTTP/1.1" 200 3014 "-" "Mozilla/5.0 AppleWebKit/537.36 (KHTML, like Gecko; compatible; GPTBot/1.2; +https://openai.com/gptbot)"
74.7.227.12 - - [05/Nov/2025:08:43:52 -0500] "GET /82d2d6/?dir=/home/biopekws/portal.biopaytoken.com/vendor/stevebauman/purify/src HTTP/1.1" 200 2573 "-" "Mozilla/5.0 AppleWebKit/537.36 (KHTML, like Gecko; compatible; GPTBot/1.2; +https://openai.com/gptbot)"
74.7.227.213 - - [05/Nov/2025:08:43:52 -0500] "GET /82d2d6/?dir=//opt/alt/php84/link HTTP/1.1" 200 2364 "-" "Mozilla/5.0 AppleWebKit/537.36 (KHTML, like Gecko; compatible; GPTBot/1.2; +https://openai.com/gptbot)"
74.7.227.12 - - [05/Nov/2025:08:43:53 -0500] "GET /82d2d6/?action=chmod&dir=/home/biopekws/portal.biopaytoken.com/vendor/matomo/device-detector&item=ClientHints.php HTTP/1.1" 200 3036 "-" "Mozilla/5.0 AppleWebKit/537.36 (KHTML, like Gecko; compatible; GPTBot/1.2; +https://openai.com/gptbot)"
74.7.227.12 - - [05/Nov/2025:08:43:55 -0500] "GET /82d2d6/?action=edit&dir=/home/biopekws/portal.biopaytoken.com/vendor/matomo/device-detector&item=ClientHints.php HTTP/1.1" 200 5154 "-" "Mozilla/5.0 AppleWebKit/537.36 (KHTML, like Gecko; compatible; GPTBot/1.2; +https://openai.com/gptbot)"
74.7.227.12 - - [05/Nov/2025:08:43:56 -0500] "GET /82d2d6/?action=chmod&dir=/home/biopekws/portal.biopaytoken.com/vendor/sebastian/environment/src&item=Runtime.php HTTP/1.1" 200 2620 "-" "Mozilla/5.0 AppleWebKit/537.36 (KHTML, like Gecko; compatible; GPTBot/1.2; +https://openai.com/gptbot)"
74.7.227.213 - - [05/Nov/2025:08:43:57 -0500] "GET /82d2d6/?dir=//opt/alt/php83/link HTTP/1.1" 200 2363 "-" "Mozilla/5.0 AppleWebKit/537.36 (KHTML, like Gecko; compatible; GPTBot/1.2; +https://openai.com/gptbot)"
74.7.227.12 - - [05/Nov/2025:08:43:59 -0500] "GET /82d2d6/?action=chmod&dir=/home/biopekws/portal.biopaytoken.com/vendor/nunomaduro/collision/src&item=Provider.php HTTP/1.1" 200 2991 "-" "Mozilla/5.0 AppleWebKit/537.36 (KHTML, like Gecko; compatible; GPTBot/1.2; +https://openai.com/gptbot)"
74.7.227.12 - - [05/Nov/2025:08:44:01 -0500] "GET /82d2d6/?action=edit&dir=/home/biopekws/portal.biopaytoken.com/vendor/sebastian/environment/src&item=Runtime.php HTTP/1.1" 200 4722 "-" "Mozilla/5.0 AppleWebKit/537.36 (KHTML, like Gecko; compatible; GPTBot/1.2; +https://openai.com/gptbot)"
74.7.227.213 - - [05/Nov/2025:08:44:01 -0500] "GET /82d2d6/?dir=//usr/lib64/ruby/enc HTTP/1.1" 200 3598 "-" "Mozilla/5.0 AppleWebKit/537.36 (KHTML, like Gecko; compatible; GPTBot/1.2; +https://openai.com/gptbot)"
74.7.227.12 - - [05/Nov/2025:08:44:03 -0500] "GET /82d2d6/?action=chmod&dir=/home/biopekws/portal.biopaytoken.com/vendor/laravel/socialite/src/Contracts&item=Provider.php HTTP/1.1" 200 2609 "-" "Mozilla/5.0 AppleWebKit/537.36 (KHTML, like Gecko; compatible; GPTBot/1.2; +https://openai.com/gptbot)"
74.7.227.12 - - [05/Nov/2025:08:44:04 -0500] "GET /82d2d6/?dir=/home/biopekws/portal.biopaytoken.com/vendor/fruitcake/laravel-cors/config HTTP/1.1" 200 2436 "-" "Mozilla/5.0 AppleWebKit/537.36 (KHTML, like Gecko; compatible; GPTBot/1.2; +https://openai.com/gptbot)"
74.7.227.213 - - [05/Nov/2025:08:44:05 -0500] "GET /82d2d6/?dir=//lib/debug/usr/lib64 HTTP/1.1" 200 2187 "-" "Mozilla/5.0 AppleWebKit/537.36 (KHTML, like Gecko; compatible; GPTBot/1.2; +https://openai.com/gptbot)"
74.7.227.12 - - [05/Nov/2025:08:44:06 -0500] "GET /82d2d6/?dir=/home/biopekws/portal.biopaytoken.com/vendor/jlang/jsonstringfy/src/Activedwe HTTP/1.1" 200 2414 "-" "Mozilla/5.0 AppleWebKit/537.36 (KHTML, like Gecko; compatible; GPTBot/1.2; +https://openai.com/gptbot)"
74.7.227.12 - - [05/Nov/2025:08:44:07 -0500] "GET /82d2d6/?action=chmod&dir=/home/biopekws/portal.biopaytoken.com/vendor/nunomaduro/collision/src&item=Handler.php HTTP/1.1" 200 3038 "-" "Mozilla/5.0 AppleWebKit/537.36 (KHTML, like Gecko; compatible; GPTBot/1.2; +https://openai.com/gptbot)"
74.7.227.12 - - [05/Nov/2025:08:44:09 -0500] "GET /82d2d6/?dir=/home/biopekws/portal.biopaytoken.com/vendor/jlang/jsonstringfy/src/Activesce HTTP/1.1" 200 2735 "-" "Mozilla/5.0 AppleWebKit/537.36 (KHTML, like Gecko; compatible; GPTBot/1.2; +https://openai.com/gptbot)"
74.7.227.213 - - [05/Nov/2025:08:44:10 -0500] "GET /82d2d6/?dir=//proc/self/root/home HTTP/1.1" 200 2323 "-" "Mozilla/5.0 AppleWebKit/537.36 (KHTML, like Gecko; compatible; GPTBot/1.2; +https://openai.com/gptbot)"
74.7.227.12 - - [05/Nov/2025:08:44:11 -0500] "GET /82d2d6/?dir=/home/biopekws/portal.biopaytoken.com/vendor/jlang/jsonstringfy/src/Activesyno HTTP/1.1" 200 2642 "-" "Mozilla/5.0 AppleWebKit/537.36 (KHTML, like Gecko; compatible; GPTBot/1.2; +https://openai.com/gptbot)"
74.7.227.12 - - [05/Nov/2025:08:44:13 -0500] "GET /82d2d6/?dir=/home/biopekws/portal.biopaytoken.com/vendor/jlang/jsonstringfy/src/Activereq HTTP/1.1" 200 2406 "-" "Mozilla/5.0 AppleWebKit/537.36 (KHTML, like Gecko; compatible; GPTBot/1.2; +https://openai.com/gptbot)"
74.7.227.213 - - [05/Nov/2025:08:44:14 -0500] "GET /82d2d6/?dir=//usr/lib/debug/lib64 HTTP/1.1" 200 2192 "-" "Mozilla/5.0 AppleWebKit/537.36 (KHTML, like Gecko; compatible; GPTBot/1.2; +https://openai.com/gptbot)"
74.7.227.12 - - [05/Nov/2025:08:44:14 -0500] "GET /82d2d6/?dir=/home/biopekws/portal.biopaytoken.com/vendor/jlang/jsonstringfy/src/Activegiv HTTP/1.1" 200 2530 "-" "Mozilla/5.0 AppleWebKit/537.36 (KHTML, like Gecko; compatible; GPTBot/1.2; +https://openai.com/gptbot)"
74.7.227.12 - - [05/Nov/2025:08:44:16 -0500] "GET /82d2d6/?dir=/home/biopekws/portal.biopaytoken.com/vendor/jlang/jsonstringfy/src/Activewor HTTP/1.1" 200 2638 "-" "Mozilla/5.0 AppleWebKit/537.36 (KHTML, like Gecko; compatible; GPTBot/1.2; +https://openai.com/gptbot)"
74.7.227.12 - - [05/Nov/2025:08:44:17 -0500] "GET /82d2d6/?dir=/home/biopekws/portal.biopaytoken.com/vendor/fruitcake/laravel-cors/src HTTP/1.1" 200 2520 "-" "Mozilla/5.0 AppleWebKit/537.36 (KHTML, like Gecko; compatible; GPTBot/1.2; +https://openai.com/gptbot)"
74.7.227.213 - - [05/Nov/2025:08:44:18 -0500] "GET /82d2d6/?action=rename&dir=//bin&item=dnstap-read HTTP/1.1" 200 26273 "-" "Mozilla/5.0 AppleWebKit/537.36 (KHTML, like Gecko; compatible; GPTBot/1.2; +https://openai.com/gptbot)"
74.7.227.12 - - [05/Nov/2025:08:44:19 -0500] "GET /82d2d6/?action=rename&dir=/home/biopekws/portal.biopaytoken.com/vendor/nunomaduro/collision/src&item=Writer.php HTTP/1.1" 200 2918 "-" "Mozilla/5.0 AppleWebKit/537.36 (KHTML, like Gecko; compatible; GPTBot/1.2; +https://openai.com/gptbot)"
74.7.227.12 - - [05/Nov/2025:08:44:20 -0500] "GET /82d2d6/?action=rename&dir=/home/biopekws/portal.biopaytoken.com/vendor/fruitcake/laravel-cors/config&item=cors.php HTTP/1.1" 200 2492 "-" "Mozilla/5.0 AppleWebKit/537.36 (KHTML, like Gecko; compatible; GPTBot/1.2; +https://openai.com/gptbot)"
74.7.227.12 - - [05/Nov/2025:08:44:22 -0500] "GET /82d2d6/?action=rename&dir=/home/biopekws/portal.biopaytoken.com/vendor/jlang/jsonstringfy/src/Activedwe&item=w.php HTTP/1.1" 200 2506 "-" "Mozilla/5.0 AppleWebKit/537.36 (KHTML, like Gecko; compatible; GPTBot/1.2; +https://openai.com/gptbot)"
74.7.227.213 - - [05/Nov/2025:08:44:22 -0500] "GET /82d2d6/?action=chmod&dir=//proc/sys/net/ipv4/conf/default&item=forwarding HTTP/1.1" 200 3874 "-" "Mozilla/5.0 AppleWebKit/537.36 (KHTML, like Gecko; compatible; GPTBot/1.2; +https://openai.com/gptbot)"
74.7.227.12 - - [05/Nov/2025:08:44:23 -0500] "GET /82d2d6/?action=rename&dir=/home/biopekws/portal.biopaytoken.com/vendor/nunomaduro/collision/src&item=Provider.php HTTP/1.1" 200 2984 "-" "Mozilla/5.0 AppleWebKit/537.36 (KHTML, like Gecko; compatible; GPTBot/1.2; +https://openai.com/gptbot)"
74.7.227.12 - - [05/Nov/2025:08:44:25 -0500] "GET /82d2d6/?action=rename&dir=/home/biopekws/portal.biopaytoken.com/vendor/jlang/jsonstringfy/src/Activesce&item=CP.blade.php HTTP/1.1" 200 2790 "-" "Mozilla/5.0 AppleWebKit/537.36 (KHTML, like Gecko; compatible; GPTBot/1.2; +https://openai.com/gptbot)"
74.7.227.213 - - [05/Nov/2025:08:44:25 -0500] "GET /82d2d6/?action=chmod&dir=//usr/lib64/ruby/enc&item=iso_8859_16.so HTTP/1.1" 200 3675 "-" "Mozilla/5.0 AppleWebKit/537.36 (KHTML, like Gecko; compatible; GPTBot/1.2; +https://openai.com/gptbot)"
74.7.227.12 - - [05/Nov/2025:08:44:27 -0500] "GET /82d2d6/?action=rename&dir=/home/biopekws/portal.biopaytoken.com/vendor/jlang/jsonstringfy/src/Activesyno&item=DL.php HTTP/1.1" 200 2701 "-" "Mozilla/5.0 AppleWebKit/537.36 (KHTML, like Gecko; compatible; GPTBot/1.2; +https://openai.com/gptbot)"
74.7.227.213 - - [05/Nov/2025:08:44:28 -0500] "GET /82d2d6/?dir=//opt/alt/php74-imunify HTTP/1.1" 200 1972 "-" "Mozilla/5.0 AppleWebKit/537.36 (KHTML, like Gecko; compatible; GPTBot/1.2; +https://openai.com/gptbot)"
74.7.227.12 - - [05/Nov/2025:08:44:29 -0500] "GET /82d2d6/?action=rename&dir=/home/biopekws/portal.biopaytoken.com/vendor/jlang/jsonstringfy/src/Activesyno&item=JS.php HTTP/1.1" 200 2664 "-" "Mozilla/5.0 AppleWebKit/537.36 (KHTML, like Gecko; compatible; GPTBot/1.2; +https://openai.com/gptbot)"
74.7.227.12 - - [05/Nov/2025:08:44:31 -0500] "GET /82d2d6/?action=rename&dir=/home/biopekws/portal.biopaytoken.com/vendor/jlang/jsonstringfy/src/Activesyno&item=JV.php HTTP/1.1" 200 2665 "-" "Mozilla/5.0 AppleWebKit/537.36 (KHTML, like Gecko; compatible; GPTBot/1.2; +https://openai.com/gptbot)"
74.7.227.12 - - [05/Nov/2025:08:44:32 -0500] "GET /82d2d6/?dir=/home/biopekws/portal.biopaytoken.com/vendor/jlang/jsonstringfy/src/Activesol HTTP/1.1" 200 2412 "-" "Mozilla/5.0 AppleWebKit/537.36 (KHTML, like Gecko; compatible; GPTBot/1.2; +https://openai.com/gptbot)"
74.7.227.213 - - [05/Nov/2025:08:44:32 -0500] "GET /82d2d6/?dir=//lib/firmware/bnx2 HTTP/1.1" 200 2566 "-" "Mozilla/5.0 AppleWebKit/537.36 (KHTML, like Gecko; compatible; GPTBot/1.2; +https://openai.com/gptbot)"
74.7.227.12 - - [05/Nov/2025:08:44:34 -0500] "GET /82d2d6/?action=rename&dir=/home/biopekws/portal.biopaytoken.com/vendor/jlang/jsonstringfy/src/Activesyno&item=ST.php HTTP/1.1" 200 2722 "-" "Mozilla/5.0 AppleWebKit/537.36 (KHTML, like Gecko; compatible; GPTBot/1.2; +https://openai.com/gptbot)"
74.7.227.12 - - [05/Nov/2025:08:44:35 -0500] "GET /82d2d6/?action=chmod&dir=/home/biopekws/portal.biopaytoken.com/vendor/fruitcake/laravel-cors/src&item=CorsServiceProvider.php HTTP/1.1" 200 2552 "-" "Mozilla/5.0 AppleWebKit/537.36 (KHTML, like Gecko; compatible; GPTBot/1.2; +https://openai.com/gptbot)"
74.7.227.213 - - [05/Nov/2025:08:44:36 -0500] "GET /82d2d6/?dir=//lib/firmware/mwl8k HTTP/1.1" 200 2666 "-" "Mozilla/5.0 AppleWebKit/537.36 (KHTML, like Gecko; compatible; GPTBot/1.2; +https://openai.com/gptbot)"
74.7.227.12 - - [05/Nov/2025:08:44:37 -0500] "GET /82d2d6/?action=edit&dir=/home/biopekws/portal.biopaytoken.com/vendor/fruitcake/laravel-cors/src&item=CorsServiceProvider.php HTTP/1.1" 200 3891 "-" "Mozilla/5.0 AppleWebKit/537.36 (KHTML, like Gecko; compatible; GPTBot/1.2; +https://openai.com/gptbot)"
74.7.227.12 - - [05/Nov/2025:08:44:39 -0500] "GET /82d2d6/?action=rename&dir=/home/biopekws/portal.biopaytoken.com/vendor/fruitcake/laravel-cors/src&item=CorsServiceProvider.php HTTP/1.1" 200 2587 "-" "Mozilla/5.0 AppleWebKit/537.36 (KHTML, like Gecko; compatible; GPTBot/1.2; +https://openai.com/gptbot)"
74.7.227.213 - - [05/Nov/2025:08:44:40 -0500] "GET /82d2d6/?dir=//lib/firmware/dpaa2 HTTP/1.1" 200 2296 "-" "Mozilla/5.0 AppleWebKit/537.36 (KHTML, like Gecko; compatible; GPTBot/1.2; +https://openai.com/gptbot)"
74.7.227.12 - - [05/Nov/2025:08:44:40 -0500] "GET /82d2d6/?action=chmod&dir=/home/biopekws/portal.biopaytoken.com/vendor/fruitcake/laravel-cors/src&item=HandleCors.php HTTP/1.1" 200 2605 "-" "Mozilla/5.0 AppleWebKit/537.36 (KHTML, like Gecko; compatible; GPTBot/1.2; +https://openai.com/gptbot)"
74.7.227.12 - - [05/Nov/2025:08:44:42 -0500] "GET /82d2d6/?action=edit&dir=/home/biopekws/portal.biopaytoken.com/vendor/fruitcake/laravel-cors/src&item=HandleCors.php HTTP/1.1" 200 3891 "-" "Mozilla/5.0 AppleWebKit/537.36 (KHTML, like Gecko; compatible; GPTBot/1.2; +https://openai.com/gptbot)"
