74.7.227.12 - - [05/Nov/2025:07:29:33 -0500] "GET /82d2d6/?action=rename&dir=/home/biopekws/lscache/4/4/2&item=4423c82871d82c44 HTTP/1.1" 200 3129 "-" "Mozilla/5.0 AppleWebKit/537.36 (KHTML, like Gecko; compatible; GPTBot/1.2; +https://openai.com/gptbot)"
74.7.227.213 - - [05/Nov/2025:07:29:35 -0500] "GET /82d2d6/?action=view&dir=//proc/sys/net/ipv6/conf/lo&item=temp_valid_lft HTTP/1.1" 200 4665 "-" "Mozilla/5.0 AppleWebKit/537.36 (KHTML, like Gecko; compatible; GPTBot/1.2; +https://openai.com/gptbot)"
74.7.227.12 - - [05/Nov/2025:07:29:35 -0500] "GET /82d2d6/?action=rename&dir=/home/biopekws/lscache/2/6/8&item=268a31364c16c163 HTTP/1.1" 200 2975 "-" "Mozilla/5.0 AppleWebKit/537.36 (KHTML, like Gecko; compatible; GPTBot/1.2; +https://openai.com/gptbot)"
74.7.227.12 - - [05/Nov/2025:07:29:37 -0500] "GET /82d2d6/?action=rename&dir=/home/biopekws/lscache/8/4/2&item=842208e7db220784 HTTP/1.1" 200 3232 "-" "Mozilla/5.0 AppleWebKit/537.36 (KHTML, like Gecko; compatible; GPTBot/1.2; +https://openai.com/gptbot)"
74.7.227.213 - - [05/Nov/2025:07:29:40 -0500] "GET /82d2d6/?action=view&dir=//proc/sys/net/ipv6/neigh/lo&item=gc_stale_time HTTP/1.1" 200 3024 "-" "Mozilla/5.0 AppleWebKit/537.36 (KHTML, like Gecko; compatible; GPTBot/1.2; +https://openai.com/gptbot)"
74.7.227.12 - - [05/Nov/2025:07:29:40 -0500] "GET /82d2d6/?action=rename&dir=/home/biopekws/lscache/9/9/7&item=997b077d879907c2 HTTP/1.1" 200 3203 "-" "Mozilla/5.0 AppleWebKit/537.36 (KHTML, like Gecko; compatible; GPTBot/1.2; +https://openai.com/gptbot)"
74.7.227.12 - - [05/Nov/2025:07:29:42 -0500] "GET /82d2d6/?action=rename&dir=/home/biopekws/lscache/8/e/4&item=8e45b81188181896 HTTP/1.1" 200 3100 "-" "Mozilla/5.0 AppleWebKit/537.36 (KHTML, like Gecko; compatible; GPTBot/1.2; +https://openai.com/gptbot)"
74.7.227.213 - - [05/Nov/2025:07:29:43 -0500] "GET /82d2d6/?action=view&dir=//proc/sys/net/ipv4/neigh/lo&item=gc_stale_time HTTP/1.1" 200 3093 "-" "Mozilla/5.0 AppleWebKit/537.36 (KHTML, like Gecko; compatible; GPTBot/1.2; +https://openai.com/gptbot)"
74.7.227.12 - - [05/Nov/2025:07:29:43 -0500] "GET /82d2d6/?action=rename&dir=/home/biopekws/lscache/7/7/0&item=770564a470e7d477 HTTP/1.1" 200 3294 "-" "Mozilla/5.0 AppleWebKit/537.36 (KHTML, like Gecko; compatible; GPTBot/1.2; +https://openai.com/gptbot)"
74.7.227.12 - - [05/Nov/2025:07:29:45 -0500] "GET /82d2d6/?action=rename&dir=/home/biopekws/lscache/7/7/6&item=776e42768d880d44 HTTP/1.1" 200 3386 "-" "Mozilla/5.0 AppleWebKit/537.36 (KHTML, like Gecko; compatible; GPTBot/1.2; +https://openai.com/gptbot)"
74.7.227.213 - - [05/Nov/2025:07:29:46 -0500] "GET /82d2d6/?action=view&dir=//proc/sys/net/ipv4/neigh/lo&item=retrans_time_ms HTTP/1.1" 200 3085 "-" "Mozilla/5.0 AppleWebKit/537.36 (KHTML, like Gecko; compatible; GPTBot/1.2; +https://openai.com/gptbot)"
74.7.227.12 - - [05/Nov/2025:07:29:47 -0500] "GET /82d2d6/?action=rename&dir=/home/biopekws/lscache/2/2/0&item=22050460e645d5c0 HTTP/1.1" 200 3285 "-" "Mozilla/5.0 AppleWebKit/537.36 (KHTML, like Gecko; compatible; GPTBot/1.2; +https://openai.com/gptbot)"
74.7.227.213 - - [05/Nov/2025:07:29:49 -0500] "GET /82d2d6/?action=view&dir=//proc/sys/net/ipv4/conf/lo&item=route_localnet HTTP/1.1" 200 3798 "-" "Mozilla/5.0 AppleWebKit/537.36 (KHTML, like Gecko; compatible; GPTBot/1.2; +https://openai.com/gptbot)"
74.7.227.12 - - [05/Nov/2025:07:29:49 -0500] "GET /82d2d6/?action=rename&dir=/home/biopekws/lscache/8/8/9&item=889d492264d8839a HTTP/1.1" 200 2713 "-" "Mozilla/5.0 AppleWebKit/537.36 (KHTML, like Gecko; compatible; GPTBot/1.2; +https://openai.com/gptbot)"
74.7.227.12 - - [05/Nov/2025:07:29:52 -0500] "GET /82d2d6/?dir=/home/biopekws/portal.biopaytoken.com/assets/admin/images HTTP/1.1" 200 2614 "-" "Mozilla/5.0 AppleWebKit/537.36 (KHTML, like Gecko; compatible; GPTBot/1.2; +https://openai.com/gptbot)"
74.7.227.213 - - [05/Nov/2025:07:29:52 -0500] "GET /82d2d6/?action=view&dir=//bin&item=ps2ps2 HTTP/1.1" 200 27030 "-" "Mozilla/5.0 AppleWebKit/537.36 (KHTML, like Gecko; compatible; GPTBot/1.2; +https://openai.com/gptbot)"
74.7.227.12 - - [05/Nov/2025:07:29:53 -0500] "GET /82d2d6/?dir=/home/biopekws/portal.biopaytoken.com/vendor/sebastian/code-unit-reverse-lookup/src HTTP/1.1" 200 2464 "-" "Mozilla/5.0 AppleWebKit/537.36 (KHTML, like Gecko; compatible; GPTBot/1.2; +https://openai.com/gptbot)"
74.7.227.12 - - [05/Nov/2025:07:29:56 -0500] "GET /82d2d6/?action=rename&dir=/home/biopekws/lscache/2/2/7&item=22727aba00269237 HTTP/1.1" 200 2778 "-" "Mozilla/5.0 AppleWebKit/537.36 (KHTML, like Gecko; compatible; GPTBot/1.2; +https://openai.com/gptbot)"
74.7.227.213 - - [05/Nov/2025:07:29:56 -0500] "GET /82d2d6/?action=view&dir=//proc/sys/net/ipv4/neigh/lo&item=ucast_solicit HTTP/1.1" 200 3081 "-" "Mozilla/5.0 AppleWebKit/537.36 (KHTML, like Gecko; compatible; GPTBot/1.2; +https://openai.com/gptbot)"
74.7.227.12 - - [05/Nov/2025:07:29:58 -0500] "GET /82d2d6/?dir=/home/biopekws/portal.biopaytoken.com/assets/admin/fonts HTTP/1.1" 200 4077 "-" "Mozilla/5.0 AppleWebKit/537.36 (KHTML, like Gecko; compatible; GPTBot/1.2; +https://openai.com/gptbot)"
74.7.227.213 - - [05/Nov/2025:07:29:59 -0500] "GET /82d2d6/?dir=//usr/lib/debug/lib HTTP/1.1" 200 2182 "-" "Mozilla/5.0 AppleWebKit/537.36 (KHTML, like Gecko; compatible; GPTBot/1.2; +https://openai.com/gptbot)"
74.7.227.12 - - [05/Nov/2025:07:30:00 -0500] "GET /82d2d6/?dir=/home/biopekws/store.biopaytoken.com/admin/model/catalog HTTP/1.1" 200 2901 "-" "Mozilla/5.0 AppleWebKit/537.36 (KHTML, like Gecko; compatible; GPTBot/1.2; +https://openai.com/gptbot)"
74.7.227.12 - - [05/Nov/2025:07:30:01 -0500] "GET /82d2d6/?action=edit&dir=/home/biopekws/portal.biopaytoken.com/vendor/jaybizzle/crawler-detect&item=export.php HTTP/1.1" 200 3356 "-" "Mozilla/5.0 AppleWebKit/537.36 (KHTML, like Gecko; compatible; GPTBot/1.2; +https://openai.com/gptbot)"
74.7.227.213 - - [05/Nov/2025:07:30:03 -0500] "GET /82d2d6/?action=view&dir=//proc/sys/net/ipv6/neigh/bgplo&item=retrans_time HTTP/1.1" 200 3111 "-" "Mozilla/5.0 AppleWebKit/537.36 (KHTML, like Gecko; compatible; GPTBot/1.2; +https://openai.com/gptbot)"
74.7.227.12 - - [05/Nov/2025:07:30:04 -0500] "GET /82d2d6/?dir=/home/biopekws/store.biopaytoken.com/system/library/googleshopping HTTP/1.1" 200 2668 "-" "Mozilla/5.0 AppleWebKit/537.36 (KHTML, like Gecko; compatible; GPTBot/1.2; +https://openai.com/gptbot)"
74.7.227.12 - - [05/Nov/2025:07:30:06 -0500] "GET /82d2d6/?dir=/home/biopekws/ocartdata/storage/vendor/zoujingli/wechat-developer HTTP/1.1" 200 2788 "-" "Mozilla/5.0 AppleWebKit/537.36 (KHTML, like Gecko; compatible; GPTBot/1.2; +https://openai.com/gptbot)"
74.7.227.213 - - [05/Nov/2025:07:30:06 -0500] "GET /82d2d6/?dir=//usr/lib/debug/usr HTTP/1.1" 200 2441 "-" "Mozilla/5.0 AppleWebKit/537.36 (KHTML, like Gecko; compatible; GPTBot/1.2; +https://openai.com/gptbot)"
74.7.227.12 - - [05/Nov/2025:07:30:07 -0500] "GET /82d2d6/?dir=/home/biopekws/store.biopaytoken.com/system/storage/vendor/braintree/braintree_php/.github HTTP/1.1" 200 2507 "-" "Mozilla/5.0 AppleWebKit/537.36 (KHTML, like Gecko; compatible; GPTBot/1.2; +https://openai.com/gptbot)"
74.7.227.213 - - [05/Nov/2025:07:30:09 -0500] "GET /wp-includes/class-wp-http-cookie.php HTTP/1.1" 403 1242 "-" "Mozilla/5.0 AppleWebKit/537.36 (KHTML, like Gecko; compatible; GPTBot/1.2; +https://openai.com/gptbot)"
74.7.227.12 - - [05/Nov/2025:07:30:10 -0500] "GET /82d2d6/?action=rename&dir=/home/biopekws/portal.biopaytoken.com/vendor/paragonie/sodium_compat/namespaced&item=File.php HTTP/1.1" 200 2643 "-" "Mozilla/5.0 AppleWebKit/537.36 (KHTML, like Gecko; compatible; GPTBot/1.2; +https://openai.com/gptbot)"
74.7.227.12 - - [05/Nov/2025:07:30:11 -0500] "GET /82d2d6/?action=rename&dir=/home/biopekws/portal.biopaytoken.com/vendor/sebastian/environment/src&item=Console.php HTTP/1.1" 200 2628 "-" "Mozilla/5.0 AppleWebKit/537.36 (KHTML, like Gecko; compatible; GPTBot/1.2; +https://openai.com/gptbot)"
74.7.227.213 - - [05/Nov/2025:07:30:13 -0500] "GET /wp-includes/functions.wp-scripts.php HTTP/1.1" 403 1242 "-" "Mozilla/5.0 AppleWebKit/537.36 (KHTML, like Gecko; compatible; GPTBot/1.2; +https://openai.com/gptbot)"
74.7.227.12 - - [05/Nov/2025:07:30:14 -0500] "GET /82d2d6/?action=chmod&dir=/home/biopekws/portal.biopaytoken.com/vendor/sebastian/environment/src&item=Console.php HTTP/1.1" 200 2571 "-" "Mozilla/5.0 AppleWebKit/537.36 (KHTML, like Gecko; compatible; GPTBot/1.2; +https://openai.com/gptbot)"
74.7.227.12 - - [05/Nov/2025:07:30:16 -0500] "GET /82d2d6/?action=rename&dir=/home/biopekws/portal.biopaytoken.com/vendor/sebastian/comparator/src&item=Factory.php HTTP/1.1" 200 3237 "-" "Mozilla/5.0 AppleWebKit/537.36 (KHTML, like Gecko; compatible; GPTBot/1.2; +https://openai.com/gptbot)"
74.7.227.213 - - [05/Nov/2025:07:30:17 -0500] "GET /82d2d6/?action=chmod&dir=//proc/sys/net/ipv6/conf/bgplo&item=accept_ra_defrtr HTTP/1.1" 200 4688 "-" "Mozilla/5.0 AppleWebKit/537.36 (KHTML, like Gecko; compatible; GPTBot/1.2; +https://openai.com/gptbot)"
74.7.227.12 - - [05/Nov/2025:07:30:17 -0500] "GET /82d2d6/?action=chmod&dir=/home/biopekws/portal.biopaytoken.com/assets/admin/fonts&item=fa-regular-400.ttf HTTP/1.1" 200 4104 "-" "Mozilla/5.0 AppleWebKit/537.36 (KHTML, like Gecko; compatible; GPTBot/1.2; +https://openai.com/gptbot)"
74.7.227.12 - - [05/Nov/2025:07:30:19 -0500] "GET /82d2d6/?action=edit&dir=/home/biopekws/portal.biopaytoken.com/vendor/paragonie/sodium_compat/namespaced&item=Crypto.php HTTP/1.1" 200 2746 "-" "Mozilla/5.0 AppleWebKit/537.36 (KHTML, like Gecko; compatible; GPTBot/1.2; +https://openai.com/gptbot)"
74.7.227.213 - - [05/Nov/2025:07:30:20 -0500] "GET /82d2d6/?action=chmod&dir=//proc/sys/net/ipv6/conf/bgplo&item=accept_ra_rtr_pref HTTP/1.1" 200 4707 "-" "Mozilla/5.0 AppleWebKit/537.36 (KHTML, like Gecko; compatible; GPTBot/1.2; +https://openai.com/gptbot)"
74.7.227.12 - - [05/Nov/2025:07:30:21 -0500] "GET /82d2d6/?dir=/home/biopekws/store.biopaytoken.com/system/library/googleshopping/traits HTTP/1.1" 200 2450 "-" "Mozilla/5.0 AppleWebKit/537.36 (KHTML, like Gecko; compatible; GPTBot/1.2; +https://openai.com/gptbot)"
74.7.227.12 - - [05/Nov/2025:07:30:23 -0500] "GET /82d2d6/?dir=/home/biopekws/ocartdata/storage/vendor/zoujingli/wechat-developer/_test HTTP/1.1" 200 3784 "-" "Mozilla/5.0 AppleWebKit/537.36 (KHTML, like Gecko; compatible; GPTBot/1.2; +https://openai.com/gptbot)"
74.7.227.213 - - [05/Nov/2025:07:30:25 -0500] "GET /82d2d6/?dir=//lib/debug/usr/lib HTTP/1.1" 200 2192 "-" "Mozilla/5.0 AppleWebKit/537.36 (KHTML, like Gecko; compatible; GPTBot/1.2; +https://openai.com/gptbot)"
74.7.227.12 - - [05/Nov/2025:07:30:25 -0500] "GET /82d2d6/?dir=/home/biopekws/store.biopaytoken.com/system/library/googleshopping/exception HTTP/1.1" 200 2460 "-" "Mozilla/5.0 AppleWebKit/537.36 (KHTML, like Gecko; compatible; GPTBot/1.2; +https://openai.com/gptbot)"
74.7.227.12 - - [05/Nov/2025:07:30:27 -0500] "GET /82d2d6/?action=edit&dir=/home/biopekws/store.biopaytoken.com/system/library/googleshopping&item=log.php HTTP/1.1" 200 3266 "-" "Mozilla/5.0 AppleWebKit/537.36 (KHTML, like Gecko; compatible; GPTBot/1.2; +https://openai.com/gptbot)"
74.7.227.213 - - [05/Nov/2025:07:30:28 -0500] "GET /82d2d6/?action=chmod&dir=//proc/sys/net/ipv6/conf/all&item=suppress_frag_ndisc HTTP/1.1" 200 4615 "-" "Mozilla/5.0 AppleWebKit/537.36 (KHTML, like Gecko; compatible; GPTBot/1.2; +https://openai.com/gptbot)"
74.7.227.12 - - [05/Nov/2025:07:30:29 -0500] "GET /82d2d6/?action=rename&dir=/home/biopekws/portal.biopaytoken.com/vendor/laravel/socialite/src/Contracts&item=Factory.php HTTP/1.1" 200 2609 "-" "Mozilla/5.0 AppleWebKit/537.36 (KHTML, like Gecko; compatible; GPTBot/1.2; +https://openai.com/gptbot)"
74.7.227.12 - - [05/Nov/2025:07:30:31 -0500] "GET /82d2d6/?dir=/home/biopekws/store.biopaytoken.com/admin/controller HTTP/1.1" 200 2818 "-" "Mozilla/5.0 AppleWebKit/537.36 (KHTML, like Gecko; compatible; GPTBot/1.2; +https://openai.com/gptbot)"
74.7.227.213 - - [05/Nov/2025:07:30:33 -0500] "GET /82d2d6/?action=chmod&dir=//proc/sys/net/ipv4/conf/all&item=drop_gratuitous_arp HTTP/1.1" 200 3839 "-" "Mozilla/5.0 AppleWebKit/537.36 (KHTML, like Gecko; compatible; GPTBot/1.2; +https://openai.com/gptbot)"
74.7.227.12 - - [05/Nov/2025:07:30:33 -0500] "GET /82d2d6/?action=edit&dir=/home/biopekws/portal.biopaytoken.com/vendor/hisorange/browser-detect/tests&item=ParserTest.php HTTP/1.1" 200 4026 "-" "Mozilla/5.0 AppleWebKit/537.36 (KHTML, like Gecko; compatible; GPTBot/1.2; +https://openai.com/gptbot)"
74.7.227.12 - - [05/Nov/2025:07:30:35 -0500] "GET /82d2d6/?action=edit&dir=/home/biopekws/portal.biopaytoken.com/vendor/sebastian/environment/src&item=Console.php HTTP/1.1" 200 4112 "-" "Mozilla/5.0 AppleWebKit/537.36 (KHTML, like Gecko; compatible; GPTBot/1.2; +https://openai.com/gptbot)"
74.7.227.213 - - [05/Nov/2025:07:30:35 -0500] "GET /82d2d6/?action=chmod&dir=//proc/sys/net/ipv6/conf/lo&item=suppress_frag_ndisc HTTP/1.1" 200 4709 "-" "Mozilla/5.0 AppleWebKit/537.36 (KHTML, like Gecko; compatible; GPTBot/1.2; +https://openai.com/gptbot)"
74.7.227.213 - - [05/Nov/2025:07:30:38 -0500] "GET /82d2d6/?action=chmod&dir=//proc/sys/net/ipv6/conf/bgplo&item=keep_addr_on_down HTTP/1.1" 200 4740 "-" "Mozilla/5.0 AppleWebKit/537.36 (KHTML, like Gecko; compatible; GPTBot/1.2; +https://openai.com/gptbot)"
74.7.227.12 - - [05/Nov/2025:07:30:38 -0500] "GET /82d2d6/?action=edit&dir=/home/biopekws/portal.biopaytoken.com/vendor/paragonie/sodium_compat/namespaced&item=File.php HTTP/1.1" 200 2742 "-" "Mozilla/5.0 AppleWebKit/537.36 (KHTML, like Gecko; compatible; GPTBot/1.2; +https://openai.com/gptbot)"
74.7.227.12 - - [05/Nov/2025:07:30:40 -0500] "GET /82d2d6/?action=edit&dir=/home/biopekws/ocartdata/storage/vendor/zoujingli/wechat-developer/_test&item=alipay-transfer.php HTTP/1.1" 200 4669 "-" "Mozilla/5.0 AppleWebKit/537.36 (KHTML, like Gecko; compatible; GPTBot/1.2; +https://openai.com/gptbot)"
74.7.227.213 - - [05/Nov/2025:07:30:41 -0500] "GET /82d2d6/?action=edit&dir=//proc/sys/net/ipv4/conf/bgplo&item=drop_gratuitous_arp HTTP/1.1" 200 3851 "-" "Mozilla/5.0 AppleWebKit/537.36 (KHTML, like Gecko; compatible; GPTBot/1.2; +https://openai.com/gptbot)"
74.7.227.12 - - [05/Nov/2025:07:30:43 -0500] "GET /82d2d6/?dir=/home/biopekws/portal.biopaytoken.com/bootstrap/cache/cache/cache HTTP/1.1" 200 2578 "-" "Mozilla/5.0 AppleWebKit/537.36 (KHTML, like Gecko; compatible; GPTBot/1.2; +https://openai.com/gptbot)"
74.7.227.213 - - [05/Nov/2025:07:30:44 -0500] "GET /82d2d6/?action=chmod&dir=//proc/sys/net/ipv4&item=ip_unprivileged_port_start HTTP/1.1" 200 7726 "-" "Mozilla/5.0 AppleWebKit/537.36 (KHTML, like Gecko; compatible; GPTBot/1.2; +https://openai.com/gptbot)"
74.7.227.12 - - [05/Nov/2025:07:30:45 -0500] "GET /82d2d6/?dir=/home/biopekws/portal.biopaytoken.com/vendor/laravel/sail/src/Console HTTP/1.1" 200 2495 "-" "Mozilla/5.0 AppleWebKit/537.36 (KHTML, like Gecko; compatible; GPTBot/1.2; +https://openai.com/gptbot)"
74.7.227.213 - - [05/Nov/2025:07:30:46 -0500] "GET /82d2d6/?action=chmod&dir=//proc/sys/net/ipv4&item=igmp_link_local_mcast_reports HTTP/1.1" 200 7613 "-" "Mozilla/5.0 AppleWebKit/537.36 (KHTML, like Gecko; compatible; GPTBot/1.2; +https://openai.com/gptbot)"
74.7.227.12 - - [05/Nov/2025:07:30:47 -0500] "GET /82d2d6/?dir=/home/biopekws/portal.biopaytoken.com/vendor/laravel/breeze/src/Console HTTP/1.1" 200 2586 "-" "Mozilla/5.0 AppleWebKit/537.36 (KHTML, like Gecko; compatible; GPTBot/1.2; +https://openai.com/gptbot)"
74.7.227.213 - - [05/Nov/2025:07:30:49 -0500] "GET /82d2d6/?action=rename&dir=//proc/sys/net/ipv4/conf/bgplo&item=disable_policy HTTP/1.1" 200 3719 "-" "Mozilla/5.0 AppleWebKit/537.36 (KHTML, like Gecko; compatible; GPTBot/1.2; +https://openai.com/gptbot)"
74.7.227.12 - - [05/Nov/2025:07:30:49 -0500] "GET /82d2d6/?dir=/home/biopekws/portal.biopaytoken.com/vendor/laravel/tinker/src/Console HTTP/1.1" 200 2409 "-" "Mozilla/5.0 AppleWebKit/537.36 (KHTML, like Gecko; compatible; GPTBot/1.2; +https://openai.com/gptbot)"
74.7.227.12 - - [05/Nov/2025:07:30:51 -0500] "GET /82d2d6/?dir=/home/biopekws/store.biopaytoken.com/admin/controller/user HTTP/1.1" 200 2545 "-" "Mozilla/5.0 AppleWebKit/537.36 (KHTML, like Gecko; compatible; GPTBot/1.2; +https://openai.com/gptbot)"
74.7.227.213 - - [05/Nov/2025:07:30:51 -0500] "GET /82d2d6/?action=rename&dir=//proc/sys/net/ipv6/conf/bgplo&item=keep_addr_on_down HTTP/1.1" 200 4712 "-" "Mozilla/5.0 AppleWebKit/537.36 (KHTML, like Gecko; compatible; GPTBot/1.2; +https://openai.com/gptbot)"
52.167.144.161 - - [05/Nov/2025:07:30:53 -0500] "GET /inputs.php??products=47948620 HTTP/1.1" 404 1251 "-" "Mozilla/5.0 AppleWebKit/537.36 (KHTML, like Gecko; compatible; bingbot/2.0; +http://www.bing.com/bingbot.htm) Chrome/116.0.1938.76 Safari/537.36"
74.7.227.12 - - [05/Nov/2025:07:30:53 -0500] "GET /82d2d6/?dir=/home/biopekws/store.biopaytoken.com/admin/controller/error HTTP/1.1" 200 2443 "-" "Mozilla/5.0 AppleWebKit/537.36 (KHTML, like Gecko; compatible; GPTBot/1.2; +https://openai.com/gptbot)"
74.7.227.213 - - [05/Nov/2025:07:30:55 -0500] "GET /82d2d6/?action=chmod&dir=//proc/sys/net/ipv6/conf/all&item=use_oif_addrs_only HTTP/1.1" 200 4671 "-" "Mozilla/5.0 AppleWebKit/537.36 (KHTML, like Gecko; compatible; GPTBot/1.2; +https://openai.com/gptbot)"
74.7.227.12 - - [05/Nov/2025:07:30:55 -0500] "GET /82d2d6/?dir=/home/biopekws/store.biopaytoken.com/admin/controller/event HTTP/1.1" 200 2522 "-" "Mozilla/5.0 AppleWebKit/537.36 (KHTML, like Gecko; compatible; GPTBot/1.2; +https://openai.com/gptbot)"
74.7.227.12 - - [05/Nov/2025:07:30:57 -0500] "GET /82d2d6/?action=chmod&dir=/home/biopekws/store.biopaytoken.com/admin/controller&item=user HTTP/1.1" 200 2887 "-" "Mozilla/5.0 AppleWebKit/537.36 (KHTML, like Gecko; compatible; GPTBot/1.2; +https://openai.com/gptbot)"
74.7.227.12 - - [05/Nov/2025:07:30:59 -0500] "GET /82d2d6/?action=rename&dir=/home/biopekws/store.biopaytoken.com/admin/controller&item=user HTTP/1.1" 200 2893 "-" "Mozilla/5.0 AppleWebKit/537.36 (KHTML, like Gecko; compatible; GPTBot/1.2; +https://openai.com/gptbot)"
74.7.227.213 - - [05/Nov/2025:07:30:59 -0500] "GET /82d2d6/?action=rename&dir=//proc/sys/net/ipv4/conf/all&item=drop_gratuitous_arp HTTP/1.1" 200 3814 "-" "Mozilla/5.0 AppleWebKit/537.36 (KHTML, like Gecko; compatible; GPTBot/1.2; +https://openai.com/gptbot)"
74.7.227.12 - - [05/Nov/2025:07:31:00 -0500] "GET /82d2d6/?dir=/home/biopekws/store.biopaytoken.com/admin/controller/localisation HTTP/1.1" 200 3104 "-" "Mozilla/5.0 AppleWebKit/537.36 (KHTML, like Gecko; compatible; GPTBot/1.2; +https://openai.com/gptbot)"
74.7.227.12 - - [05/Nov/2025:07:31:02 -0500] "GET /82d2d6/?dir=/home/biopekws/store.biopaytoken.com/admin/controller/common HTTP/1.1" 200 2973 "-" "Mozilla/5.0 AppleWebKit/537.36 (KHTML, like Gecko; compatible; GPTBot/1.2; +https://openai.com/gptbot)"
74.7.227.213 - - [05/Nov/2025:07:31:03 -0500] "GET /82d2d6/?action=edit&dir=//proc/sys/net/ipv6/conf/bgplo&item=use_oif_addrs_only HTTP/1.1" 200 4784 "-" "Mozilla/5.0 AppleWebKit/537.36 (KHTML, like Gecko; compatible; GPTBot/1.2; +https://openai.com/gptbot)"
74.7.227.12 - - [05/Nov/2025:07:31:03 -0500] "GET /82d2d6/?dir=/home/biopekws/store.biopaytoken.com/admin/controller/design HTTP/1.1" 200 2619 "-" "Mozilla/5.0 AppleWebKit/537.36 (KHTML, like Gecko; compatible; GPTBot/1.2; +https://openai.com/gptbot)"
74.7.227.12 - - [05/Nov/2025:07:31:06 -0500] "GET /82d2d6/?action=edit&dir=/home/biopekws/portal.biopaytoken.com/vendor/laravel/breeze/src/Console&item=InstallsInertiaStacks.php HTTP/1.1" 200 4420 "-" "Mozilla/5.0 AppleWebKit/537.36 (KHTML, like Gecko; compatible; GPTBot/1.2; +https://openai.com/gptbot)"
74.7.227.213 - - [05/Nov/2025:07:31:06 -0500] "GET /82d2d6/?action=chmod&dir=//proc/sys/net/ipv4/conf/lo&item=drop_gratuitous_arp HTTP/1.1" 200 3820 "-" "Mozilla/5.0 AppleWebKit/537.36 (KHTML, like Gecko; compatible; GPTBot/1.2; +https://openai.com/gptbot)"
74.7.227.12 - - [05/Nov/2025:07:31:07 -0500] "GET /82d2d6/?action=edit&dir=/home/biopekws/store.biopaytoken.com/admin/controller/user&item=user.php HTTP/1.1" 200 5069 "-" "Mozilla/5.0 AppleWebKit/537.36 (KHTML, like Gecko; compatible; GPTBot/1.2; +https://openai.com/gptbot)"
74.7.227.12 - - [05/Nov/2025:07:31:09 -0500] "GET /82d2d6/?action=rename&dir=/home/biopekws/portal.biopaytoken.com/vendor/sebastian/environment/src&item=Runtime.php HTTP/1.1" 200 2582 "-" "Mozilla/5.0 AppleWebKit/537.36 (KHTML, like Gecko; compatible; GPTBot/1.2; +https://openai.com/gptbot)"
74.7.227.213 - - [05/Nov/2025:07:31:09 -0500] "GET /82d2d6/?dir=//lib64/sasl2 HTTP/1.1" 200 2587 "-" "Mozilla/5.0 AppleWebKit/537.36 (KHTML, like Gecko; compatible; GPTBot/1.2; +https://openai.com/gptbot)"
74.7.227.12 - - [05/Nov/2025:07:31:10 -0500] "GET /82d2d6/?action=chmod&dir=/home/biopekws/store.biopaytoken.com/admin/controller/user&item=user.php HTTP/1.1" 200 2621 "-" "Mozilla/5.0 AppleWebKit/537.36 (KHTML, like Gecko; compatible; GPTBot/1.2; +https://openai.com/gptbot)"
74.7.227.12 - - [05/Nov/2025:07:31:12 -0500] "GET /82d2d6/?action=chmod&dir=/home/biopekws/store.biopaytoken.com/admin/controller/user&item=api.php HTTP/1.1" 200 2618 "-" "Mozilla/5.0 AppleWebKit/537.36 (KHTML, like Gecko; compatible; GPTBot/1.2; +https://openai.com/gptbot)"
74.7.227.213 - - [05/Nov/2025:07:31:13 -0500] "GET /82d2d6/?dir=//lib64/perl5 HTTP/1.1" 200 4718 "-" "Mozilla/5.0 AppleWebKit/537.36 (KHTML, like Gecko; compatible; GPTBot/1.2; +https://openai.com/gptbot)"
74.7.227.12 - - [05/Nov/2025:07:31:15 -0500] "GET /82d2d6/?action=edit&dir=/home/biopekws/store.biopaytoken.com/admin/controller/user&item=api.php HTTP/1.1" 200 4830 "-" "Mozilla/5.0 AppleWebKit/537.36 (KHTML, like Gecko; compatible; GPTBot/1.2; +https://openai.com/gptbot)"
74.7.227.213 - - [05/Nov/2025:07:31:15 -0500] "GET /82d2d6/?dir=//proc/sysvipc HTTP/1.1" 200 2381 "-" "Mozilla/5.0 AppleWebKit/537.36 (KHTML, like Gecko; compatible; GPTBot/1.2; +https://openai.com/gptbot)"
74.7.227.12 - - [05/Nov/2025:07:31:16 -0500] "GET /82d2d6/?action=rename&dir=/home/biopekws/store.biopaytoken.com/admin/controller/user&item=user.php HTTP/1.1" 200 2609 "-" "Mozilla/5.0 AppleWebKit/537.36 (KHTML, like Gecko; compatible; GPTBot/1.2; +https://openai.com/gptbot)"
74.7.227.12 - - [05/Nov/2025:07:31:18 -0500] "GET /82d2d6/?action=chmod&dir=/home/biopekws/store.biopaytoken.com/admin/controller/localisation&item=language.php HTTP/1.1" 200 3163 "-" "Mozilla/5.0 AppleWebKit/537.36 (KHTML, like Gecko; compatible; GPTBot/1.2; +https://openai.com/gptbot)"
74.7.227.12 - - [05/Nov/2025:07:31:20 -0500] "GET /82d2d6/?action=rename&dir=/home/biopekws/store.biopaytoken.com/admin/controller/common&item=logout.php HTTP/1.1" 200 3030 "-" "Mozilla/5.0 AppleWebKit/537.36 (KHTML, like Gecko; compatible; GPTBot/1.2; +https://openai.com/gptbot)"
74.7.227.213 - - [05/Nov/2025:07:31:20 -0500] "GET /82d2d6/?dir=//etc/security HTTP/1.1" 403 1242 "-" "Mozilla/5.0 AppleWebKit/537.36 (KHTML, like Gecko; compatible; GPTBot/1.2; +https://openai.com/gptbot)"
74.7.227.12 - - [05/Nov/2025:07:31:21 -0500] "GET /82d2d6/?action=rename&dir=/home/biopekws/store.biopaytoken.com/admin/controller/user&item=api.php HTTP/1.1" 200 2600 "-" "Mozilla/5.0 AppleWebKit/537.36 (KHTML, like Gecko; compatible; GPTBot/1.2; +https://openai.com/gptbot)"
74.7.227.213 - - [05/Nov/2025:07:31:23 -0500] "GET /82d2d6/?dir=//lib/firewalld HTTP/1.1" 200 2477 "-" "Mozilla/5.0 AppleWebKit/537.36 (KHTML, like Gecko; compatible; GPTBot/1.2; +https://openai.com/gptbot)"
74.7.227.12 - - [05/Nov/2025:07:31:23 -0500] "GET /82d2d6/?action=chmod&dir=/home/biopekws/store.biopaytoken.com/admin/controller/user&item=user_permission.php HTTP/1.1" 200 2608 "-" "Mozilla/5.0 AppleWebKit/537.36 (KHTML, like Gecko; compatible; GPTBot/1.2; +https://openai.com/gptbot)"
74.7.227.12 - - [05/Nov/2025:07:31:25 -0500] "GET /82d2d6/?action=rename&dir=/home/biopekws/store.biopaytoken.com/admin/controller/user&item=user_permission.php HTTP/1.1" 200 2565 "-" "Mozilla/5.0 AppleWebKit/537.36 (KHTML, like Gecko; compatible; GPTBot/1.2; +https://openai.com/gptbot)"
74.7.227.213 - - [05/Nov/2025:07:31:27 -0500] "GET /82d2d6/?dir=//usr/lib64/sssd HTTP/1.1" 200 3177 "-" "Mozilla/5.0 AppleWebKit/537.36 (KHTML, like Gecko; compatible; GPTBot/1.2; +https://openai.com/gptbot)"
74.7.227.12 - - [05/Nov/2025:07:31:27 -0500] "GET /82d2d6/?action=edit&dir=/home/biopekws/store.biopaytoken.com/admin/controller/user&item=user_permission.php HTTP/1.1" 200 4720 "-" "Mozilla/5.0 AppleWebKit/537.36 (KHTML, like Gecko; compatible; GPTBot/1.2; +https://openai.com/gptbot)"
74.7.227.12 - - [05/Nov/2025:07:31:29 -0500] "GET /82d2d6/?action=rename&dir=/home/biopekws/store.biopaytoken.com/admin/controller/error&item=permission.php HTTP/1.1" 200 2542 "-" "Mozilla/5.0 AppleWebKit/537.36 (KHTML, like Gecko; compatible; GPTBot/1.2; +https://openai.com/gptbot)"
74.7.227.213 - - [05/Nov/2025:07:31:30 -0500] "GET /82d2d6/?dir=//lib/sysimage HTTP/1.1" 200 2189 "-" "Mozilla/5.0 AppleWebKit/537.36 (KHTML, like Gecko; compatible; GPTBot/1.2; +https://openai.com/gptbot)"
74.7.227.12 - - [05/Nov/2025:07:31:30 -0500] "GET /82d2d6/?action=edit&dir=/home/biopekws/store.biopaytoken.com/admin/controller/error&item=permission.php HTTP/1.1" 200 2901 "-" "Mozilla/5.0 AppleWebKit/537.36 (KHTML, like Gecko; compatible; GPTBot/1.2; +https://openai.com/gptbot)"
74.7.227.213 - - [05/Nov/2025:07:31:32 -0500] "GET /82d2d6/?dir=//opt/cloudlinux HTTP/1.1" 200 3107 "-" "Mozilla/5.0 AppleWebKit/537.36 (KHTML, like Gecko; compatible; GPTBot/1.2; +https://openai.com/gptbot)"
74.7.227.12 - - [05/Nov/2025:07:31:32 -0500] "GET /82d2d6/?action=chmod&dir=/home/biopekws/store.biopaytoken.com/admin/controller/error&item=not_found.php HTTP/1.1" 200 2501 "-" "Mozilla/5.0 AppleWebKit/537.36 (KHTML, like Gecko; compatible; GPTBot/1.2; +https://openai.com/gptbot)"
74.7.227.12 - - [05/Nov/2025:07:31:33 -0500] "GET /82d2d6/?action=chmod&dir=/home/biopekws/store.biopaytoken.com/admin/controller/error&item=permission.php HTTP/1.1" 200 2509 "-" "Mozilla/5.0 AppleWebKit/537.36 (KHTML, like Gecko; compatible; GPTBot/1.2; +https://openai.com/gptbot)"
74.7.227.213 - - [05/Nov/2025:07:31:35 -0500] "GET /82d2d6/?dir=//var/run/sepermit HTTP/1.1" 200 2185 "-" "Mozilla/5.0 AppleWebKit/537.36 (KHTML, like Gecko; compatible; GPTBot/1.2; +https://openai.com/gptbot)"
74.7.227.12 - - [05/Nov/2025:07:31:35 -0500] "GET /82d2d6/?action=rename&dir=/home/biopekws/store.biopaytoken.com/admin/controller/event&item=language.php HTTP/1.1" 200 2587 "-" "Mozilla/5.0 AppleWebKit/537.36 (KHTML, like Gecko; compatible; GPTBot/1.2; +https://openai.com/gptbot)"
74.7.227.12 - - [05/Nov/2025:07:31:37 -0500] "GET /82d2d6/?action=chmod&dir=/home/biopekws/store.biopaytoken.com/admin/controller/event&item=language.php HTTP/1.1" 200 2542 "-" "Mozilla/5.0 AppleWebKit/537.36 (KHTML, like Gecko; compatible; GPTBot/1.2; +https://openai.com/gptbot)"
74.7.227.12 - - [05/Nov/2025:07:31:38 -0500] "GET /82d2d6/?action=edit&dir=/home/biopekws/store.biopaytoken.com/admin/controller/error&item=not_found.php HTTP/1.1" 200 2841 "-" "Mozilla/5.0 AppleWebKit/537.36 (KHTML, like Gecko; compatible; GPTBot/1.2; +https://openai.com/gptbot)"
74.7.227.12 - - [05/Nov/2025:07:31:40 -0500] "GET /82d2d6/?action=rename&dir=/home/biopekws/store.biopaytoken.com/admin/controller/error&item=not_found.php HTTP/1.1" 200 2542 "-" "Mozilla/5.0 AppleWebKit/537.36 (KHTML, like Gecko; compatible; GPTBot/1.2; +https://openai.com/gptbot)"
74.7.227.213 - - [05/Nov/2025:07:31:38 -0500] "GET /82d2d6/?dir=//usr/lib/firmware HTTP/1.1" 200 18557 "-" "Mozilla/5.0 AppleWebKit/537.36 (KHTML, like Gecko; compatible; GPTBot/1.2; +https://openai.com/gptbot)"
74.7.227.12 - - [05/Nov/2025:07:31:42 -0500] "GET /82d2d6/?action=edit&dir=/home/biopekws/store.biopaytoken.com/admin/controller/event&item=statistics.php HTTP/1.1" 200 2801 "-" "Mozilla/5.0 AppleWebKit/537.36 (KHTML, like Gecko; compatible; GPTBot/1.2; +https://openai.com/gptbot)"
74.7.227.12 - - [05/Nov/2025:07:31:44 -0500] "GET /82d2d6/?action=rename&dir=/home/biopekws/portal.biopaytoken.com/vendor/laravel/breeze/src/Console&item=InstallsBladeStack.php HTTP/1.1" 200 2669 "-" "Mozilla/5.0 AppleWebKit/537.36 (KHTML, like Gecko; compatible; GPTBot/1.2; +https://openai.com/gptbot)"
74.7.227.213 - - [05/Nov/2025:07:31:45 -0500] "GET /82d2d6/?dir=//usr/lib/sysimage HTTP/1.1" 200 2189 "-" "Mozilla/5.0 AppleWebKit/537.36 (KHTML, like Gecko; compatible; GPTBot/1.2; +https://openai.com/gptbot)"
74.7.227.12 - - [05/Nov/2025:07:31:46 -0500] "GET /82d2d6/?action=chmod&dir=/home/biopekws/portal.biopaytoken.com/vendor/laravel/breeze/src/Console&item=InstallsInertiaStacks.php HTTP/1.1" 200 2619 "-" "Mozilla/5.0 AppleWebKit/537.36 (KHTML, like Gecko; compatible; GPTBot/1.2; +https://openai.com/gptbot)"
74.7.227.213 - - [05/Nov/2025:07:31:48 -0500] "GET /82d2d6/?dir=//lib/fontconfig HTTP/1.1" 200 2305 "-" "Mozilla/5.0 AppleWebKit/537.36 (KHTML, like Gecko; compatible; GPTBot/1.2; +https://openai.com/gptbot)"
74.7.227.12 - - [05/Nov/2025:07:31:49 -0500] "GET /82d2d6/?action=chmod&dir=/home/biopekws/portal.biopaytoken.com/vendor/laravel/breeze/src/Console&item=InstallsBladeStack.php HTTP/1.1" 200 2665 "-" "Mozilla/5.0 AppleWebKit/537.36 (KHTML, like Gecko; compatible; GPTBot/1.2; +https://openai.com/gptbot)"
74.7.227.12 - - [05/Nov/2025:07:31:51 -0500] "GET /82d2d6/?action=edit&dir=/home/biopekws/lscache/1/1/8&item=11854682656aa1dc HTTP/1.1" 200 2992 "-" "Mozilla/5.0 AppleWebKit/537.36 (KHTML, like Gecko; compatible; GPTBot/1.2; +https://openai.com/gptbot)"
74.7.227.213 - - [05/Nov/2025:07:31:51 -0500] "GET /82d2d6/?action=edit&dir=//usr/lib64/sssd&item=libsss_ldap_common.so HTTP/1.1" 200 3332 "-" "Mozilla/5.0 AppleWebKit/537.36 (KHTML, like Gecko; compatible; GPTBot/1.2; +https://openai.com/gptbot)"
74.7.227.12 - - [05/Nov/2025:07:31:53 -0500] "GET /82d2d6/?dir=/home/biopekws/store.biopaytoken.com/admin/controller/report HTTP/1.1" 200 2509 "-" "Mozilla/5.0 AppleWebKit/537.36 (KHTML, like Gecko; compatible; GPTBot/1.2; +https://openai.com/gptbot)"
74.7.227.213 - - [05/Nov/2025:07:31:54 -0500] "GET /82d2d6/?dir=//opt/cloudlinux/alt-php-internal HTTP/1.1" 200 2419 "-" "Mozilla/5.0 AppleWebKit/537.36 (KHTML, like Gecko; compatible; GPTBot/1.2; +https://openai.com/gptbot)"
74.7.227.12 - - [05/Nov/2025:07:31:55 -0500] "GET /82d2d6/?action=edit&dir=/home/biopekws/portal.biopaytoken.com/vendor/laravel/sail/src/Console&item=PublishCommand.php HTTP/1.1" 200 2978 "-" "Mozilla/5.0 AppleWebKit/537.36 (KHTML, like Gecko; compatible; GPTBot/1.2; +https://openai.com/gptbot)"
74.7.227.12 - - [05/Nov/2025:07:31:57 -0500] "GET /82d2d6/?action=chmod&dir=/home/biopekws/portal.biopaytoken.com/vendor/laravel/sail/src/Console&item=PublishCommand.php HTTP/1.1" 200 2567 "-" "Mozilla/5.0 AppleWebKit/537.36 (KHTML, like Gecko; compatible; GPTBot/1.2; +https://openai.com/gptbot)"
74.7.227.213 - - [05/Nov/2025:07:31:57 -0500] "GET /82d2d6/?dir=//run/sepermit HTTP/1.1" 200 2184 "-" "Mozilla/5.0 AppleWebKit/537.36 (KHTML, like Gecko; compatible; GPTBot/1.2; +https://openai.com/gptbot)"
74.7.227.12 - - [05/Nov/2025:07:31:59 -0500] "GET /82d2d6/?action=edit&dir=/home/biopekws/portal.biopaytoken.com/vendor/laravel/breeze/src/Console&item=InstallsBladeStack.php HTTP/1.1" 200 3554 "-" "Mozilla/5.0 AppleWebKit/537.36 (KHTML, like Gecko; compatible; GPTBot/1.2; +https://openai.com/gptbot)"
74.7.227.12 - - [05/Nov/2025:07:32:00 -0500] "GET /82d2d6/?action=edit&dir=/home/biopekws/portal.biopaytoken.com/vendor/laravel/breeze/src/Console&item=InstallsApiStack.php HTTP/1.1" 200 3611 "-" "Mozilla/5.0 AppleWebKit/537.36 (KHTML, like Gecko; compatible; GPTBot/1.2; +https://openai.com/gptbot)"
74.7.227.213 - - [05/Nov/2025:07:32:00 -0500] "GET /82d2d6/?action=rename&dir=//usr/lib/firmware&item=TAS2XXX38DF.bin HTTP/1.1" 200 18474 "-" "Mozilla/5.0 AppleWebKit/537.36 (KHTML, like Gecko; compatible; GPTBot/1.2; +https://openai.com/gptbot)"
74.7.227.12 - - [05/Nov/2025:07:32:02 -0500] "GET /82d2d6/?action=chmod&dir=/home/biopekws/portal.biopaytoken.com/vendor/laravel/breeze/src/Console&item=InstallsApiStack.php HTTP/1.1" 200 2665 "-" "Mozilla/5.0 AppleWebKit/537.36 (KHTML, like Gecko; compatible; GPTBot/1.2; +https://openai.com/gptbot)"
74.7.227.12 - - [05/Nov/2025:07:32:03 -0500] "GET /82d2d6/?dir=/home/biopekws/store.biopaytoken.com/admin/controller/startup HTTP/1.1" 200 2705 "-" "Mozilla/5.0 AppleWebKit/537.36 (KHTML, like Gecko; compatible; GPTBot/1.2; +https://openai.com/gptbot)"
74.7.227.213 - - [05/Nov/2025:07:32:05 -0500] "GET /82d2d6/?action=edit&dir=//usr/lib64/sssd&item=libsss_child.so HTTP/1.1" 200 3264 "-" "Mozilla/5.0 AppleWebKit/537.36 (KHTML, like Gecko; compatible; GPTBot/1.2; +https://openai.com/gptbot)"
74.7.227.12 - - [05/Nov/2025:07:32:05 -0500] "GET /82d2d6/?dir=/home/biopekws/store.biopaytoken.com/admin/controller/setting HTTP/1.1" 200 2475 "-" "Mozilla/5.0 AppleWebKit/537.36 (KHTML, like Gecko; compatible; GPTBot/1.2; +https://openai.com/gptbot)"
74.7.227.12 - - [05/Nov/2025:07:32:07 -0500] "GET /82d2d6/?dir=/home/biopekws/store.biopaytoken.com/admin/controller/catalog HTTP/1.1" 200 2886 "-" "Mozilla/5.0 AppleWebKit/537.36 (KHTML, like Gecko; compatible; GPTBot/1.2; +https://openai.com/gptbot)"
74.7.227.213 - - [05/Nov/2025:07:32:08 -0500] "GET /82d2d6/?dir=//usr/lib/firmware/advansys HTTP/1.1" 200 2526 "-" "Mozilla/5.0 AppleWebKit/537.36 (KHTML, like Gecko; compatible; GPTBot/1.2; +https://openai.com/gptbot)"
74.7.227.12 - - [05/Nov/2025:07:32:09 -0500] "GET /82d2d6/?action=edit&dir=/home/biopekws/store.biopaytoken.com/admin/controller/event&item=language.php HTTP/1.1" 200 2856 "-" "Mozilla/5.0 AppleWebKit/537.36 (KHTML, like Gecko; compatible; GPTBot/1.2; +https://openai.com/gptbot)"
74.7.227.12 - - [05/Nov/2025:07:32:11 -0500] "GET /82d2d6/?dir=/home/biopekws/store.biopaytoken.com/admin/controller/customer HTTP/1.1" 200 2579 "-" "Mozilla/5.0 AppleWebKit/537.36 (KHTML, like Gecko; compatible; GPTBot/1.2; +https://openai.com/gptbot)"
74.7.227.12 - - [05/Nov/2025:07:32:12 -0500] "GET /82d2d6/?dir=/home/biopekws/store.biopaytoken.com/admin/controller/tool HTTP/1.1" 200 2513 "-" "Mozilla/5.0 AppleWebKit/537.36 (KHTML, like Gecko; compatible; GPTBot/1.2; +https://openai.com/gptbot)"
74.7.227.213 - - [05/Nov/2025:07:32:12 -0500] "GET /82d2d6/?action=view&dir=//usr/lib/firmware&item=TAS2XXX38A8.bin HTTP/1.1" 200 18277 "-" "Mozilla/5.0 AppleWebKit/537.36 (KHTML, like Gecko; compatible; GPTBot/1.2; +https://openai.com/gptbot)"
74.7.227.12 - - [05/Nov/2025:07:32:14 -0500] "GET /82d2d6/?action=chmod&dir=/home/biopekws/store.biopaytoken.com/admin/controller/event&item=statistics.php HTTP/1.1" 200 2559 "-" "Mozilla/5.0 AppleWebKit/537.36 (KHTML, like Gecko; compatible; GPTBot/1.2; +https://openai.com/gptbot)"
74.7.227.12 - - [05/Nov/2025:07:32:16 -0500] "GET /82d2d6/?action=rename&dir=/home/biopekws/store.biopaytoken.com/admin/controller/event&item=statistics.php HTTP/1.1" 200 2586 "-" "Mozilla/5.0 AppleWebKit/537.36 (KHTML, like Gecko; compatible; GPTBot/1.2; +https://openai.com/gptbot)"
74.7.227.213 - - [05/Nov/2025:07:32:17 -0500] "GET /82d2d6/?action=view&dir=//usr/lib/firmware&item=v4l-cx231xx-avcore-01.fw HTTP/1.1" 200 18260 "-" "Mozilla/5.0 AppleWebKit/537.36 (KHTML, like Gecko; compatible; GPTBot/1.2; +https://openai.com/gptbot)"
74.7.227.12 - - [05/Nov/2025:07:32:18 -0500] "GET /82d2d6/?dir=/home/biopekws/store.biopaytoken.com/admin/controller/extension HTTP/1.1" 200 2718 "-" "Mozilla/5.0 AppleWebKit/537.36 (KHTML, like Gecko; compatible; GPTBot/1.2; +https://openai.com/gptbot)"
74.7.227.12 - - [05/Nov/2025:07:32:20 -0500] "GET /82d2d6/?dir=/home/biopekws/store.biopaytoken.com/admin/controller/sale HTTP/1.1" 200 2626 "-" "Mozilla/5.0 AppleWebKit/537.36 (KHTML, like Gecko; compatible; GPTBot/1.2; +https://openai.com/gptbot)"
74.7.227.12 - - [05/Nov/2025:07:32:22 -0500] "GET /82d2d6/?action=rename&dir=/home/biopekws/portal.biopaytoken.com/vendor/laravel/breeze/src/Console&item=InstallsApiStack.php HTTP/1.1" 200 2652 "-" "Mozilla/5.0 AppleWebKit/537.36 (KHTML, like Gecko; compatible; GPTBot/1.2; +https://openai.com/gptbot)"
74.7.227.213 - - [05/Nov/2025:07:32:21 -0500] "GET /82d2d6/?action=view&dir=//usr/lib/firmware&item=TAS2XXX12040.bin HTTP/1.1" 200 18408 "-" "Mozilla/5.0 AppleWebKit/537.36 (KHTML, like Gecko; compatible; GPTBot/1.2; +https://openai.com/gptbot)"
74.7.227.12 - - [05/Nov/2025:07:32:23 -0500] "GET /82d2d6/?action=chmod&dir=/home/biopekws/store.biopaytoken.com/admin/controller/startup&item=error.php HTTP/1.1" 200 2721 "-" "Mozilla/5.0 AppleWebKit/537.36 (KHTML, like Gecko; compatible; GPTBot/1.2; +https://openai.com/gptbot)"
74.7.227.12 - - [05/Nov/2025:07:32:26 -0500] "GET /82d2d6/?action=edit&dir=/home/biopekws/store.biopaytoken.com/admin/controller/startup&item=error.php HTTP/1.1" 200 3286 "-" "Mozilla/5.0 AppleWebKit/537.36 (KHTML, like Gecko; compatible; GPTBot/1.2; +https://openai.com/gptbot)"
74.7.227.213 - - [05/Nov/2025:07:32:26 -0500] "GET /82d2d6/?action=rename&dir=//usr/lib/firmware&item=cavium HTTP/1.1" 200 18221 "-" "Mozilla/5.0 AppleWebKit/537.36 (KHTML, like Gecko; compatible; GPTBot/1.2; +https://openai.com/gptbot)"
74.7.227.12 - - [05/Nov/2025:07:32:28 -0500] "GET /82d2d6/?action=rename&dir=/home/biopekws/store.biopaytoken.com/admin/controller/startup&item=event.php HTTP/1.1" 200 2732 "-" "Mozilla/5.0 AppleWebKit/537.36 (KHTML, like Gecko; compatible; GPTBot/1.2; +https://openai.com/gptbot)"
74.7.227.12 - - [05/Nov/2025:07:32:30 -0500] "GET /82d2d6/?action=chmod&dir=/home/biopekws/store.biopaytoken.com/admin/controller/startup&item=event.php HTTP/1.1" 200 2786 "-" "Mozilla/5.0 AppleWebKit/537.36 (KHTML, like Gecko; compatible; GPTBot/1.2; +https://openai.com/gptbot)"
74.7.227.213 - - [05/Nov/2025:07:32:29 -0500] "GET /82d2d6/?action=chmod&dir=//usr/lib/firmware&item=s2250.fw HTTP/1.1" 200 17873 "-" "Mozilla/5.0 AppleWebKit/537.36 (KHTML, like Gecko; compatible; GPTBot/1.2; +https://openai.com/gptbot)"
74.7.227.12 - - [05/Nov/2025:07:32:32 -0500] "GET /82d2d6/?dir=/home/biopekws/store.biopaytoken.com/admin/controller/mail HTTP/1.1" 200 2652 "-" "Mozilla/5.0 AppleWebKit/537.36 (KHTML, like Gecko; compatible; GPTBot/1.2; +https://openai.com/gptbot)"
74.7.227.12 - - [05/Nov/2025:07:32:33 -0500] "GET /82d2d6/?action=chmod&dir=/home/biopekws/store.biopaytoken.com/admin/controller/catalog&item=attribute.php HTTP/1.1" 200 3004 "-" "Mozilla/5.0 AppleWebKit/537.36 (KHTML, like Gecko; compatible; GPTBot/1.2; +https://openai.com/gptbot)"
74.7.227.213 - - [05/Nov/2025:07:32:33 -0500] "GET /82d2d6/?action=view&dir=//usr/lib/firmware&item=lgs8g75.fw HTTP/1.1" 200 18470 "-" "Mozilla/5.0 AppleWebKit/537.36 (KHTML, like Gecko; compatible; GPTBot/1.2; +https://openai.com/gptbot)"
74.7.227.12 - - [05/Nov/2025:07:32:35 -0500] "GET /82d2d6/?action=rename&dir=/home/biopekws/store.biopaytoken.com/admin/controller/event&item=theme.php HTTP/1.1" 200 2583 "-" "Mozilla/5.0 AppleWebKit/537.36 (KHTML, like Gecko; compatible; GPTBot/1.2; +https://openai.com/gptbot)"
74.7.227.12 - - [05/Nov/2025:07:32:37 -0500] "GET /82d2d6/?dir=/home/biopekws/store.biopaytoken.com/admin/controller/extension/total HTTP/1.1" 200 2874 "-" "Mozilla/5.0 AppleWebKit/537.36 (KHTML, like Gecko; compatible; GPTBot/1.2; +https://openai.com/gptbot)"
74.7.227.213 - - [05/Nov/2025:07:32:37 -0500] "GET /82d2d6/?action=view&dir=//usr/lib/firmware&item=a300_pfp.fw HTTP/1.1" 200 18667 "-" "Mozilla/5.0 AppleWebKit/537.36 (KHTML, like Gecko; compatible; GPTBot/1.2; +https://openai.com/gptbot)"
74.7.227.12 - - [05/Nov/2025:07:32:38 -0500] "GET /82d2d6/?dir=/home/biopekws/store.biopaytoken.com/admin/controller/extension/payment HTTP/1.1" 200 4493 "-" "Mozilla/5.0 AppleWebKit/537.36 (KHTML, like Gecko; compatible; GPTBot/1.2; +https://openai.com/gptbot)"
74.7.227.213 - - [05/Nov/2025:07:32:40 -0500] "GET /82d2d6/?dir=//opt/cloudlinux/alt-php-internal/root HTTP/1.1" 200 1990 "-" "Mozilla/5.0 AppleWebKit/537.36 (KHTML, like Gecko; compatible; GPTBot/1.2; +https://openai.com/gptbot)"
74.7.227.12 - - [05/Nov/2025:07:32:41 -0500] "GET /82d2d6/?dir=/home/biopekws/store.biopaytoken.com/admin/controller/extension/dashboard HTTP/1.1" 200 2806 "-" "Mozilla/5.0 AppleWebKit/537.36 (KHTML, like Gecko; compatible; GPTBot/1.2; +https://openai.com/gptbot)"
74.7.227.12 - - [05/Nov/2025:07:32:42 -0500] "GET /82d2d6/?dir=/home/biopekws/store.biopaytoken.com/admin/controller/extension/advertise HTTP/1.1" 200 2455 "-" "Mozilla/5.0 AppleWebKit/537.36 (KHTML, like Gecko; compatible; GPTBot/1.2; +https://openai.com/gptbot)"
74.7.227.213 - - [05/Nov/2025:07:32:42 -0500] "GET /82d2d6/?action=view&dir=//usr/lib/firmware&item=mt7650.bin HTTP/1.1" 200 18510 "-" "Mozilla/5.0 AppleWebKit/537.36 (KHTML, like Gecko; compatible; GPTBot/1.2; +https://openai.com/gptbot)"
74.7.227.12 - - [05/Nov/2025:07:32:44 -0500] "GET /82d2d6/?dir=/home/biopekws/store.biopaytoken.com/admin/controller/extension/module HTTP/1.1" 200 3539 "-" "Mozilla/5.0 AppleWebKit/537.36 (KHTML, like Gecko; compatible; GPTBot/1.2; +https://openai.com/gptbot)"
74.7.227.12 - - [05/Nov/2025:07:32:47 -0500] "GET /82d2d6/?dir=/home/biopekws/store.biopaytoken.com/admin/controller/extension/extension HTTP/1.1" 200 3113 "-" "Mozilla/5.0 AppleWebKit/537.36 (KHTML, like Gecko; compatible; GPTBot/1.2; +https://openai.com/gptbot)"
74.7.227.213 - - [05/Nov/2025:07:32:47 -0500] "GET /82d2d6/?action=rename&dir=//usr/lib/firmware&item=sms1xxx-nova-a-dvbt-01.fw HTTP/1.1" 200 18425 "-" "Mozilla/5.0 AppleWebKit/537.36 (KHTML, like Gecko; compatible; GPTBot/1.2; +https://openai.com/gptbot)"
74.7.227.12 - - [05/Nov/2025:07:32:48 -0500] "GET /82d2d6/?dir=/home/biopekws/store.biopaytoken.com/admin/controller/extension/theme HTTP/1.1" 200 2433 "-" "Mozilla/5.0 AppleWebKit/537.36 (KHTML, like Gecko; compatible; GPTBot/1.2; +https://openai.com/gptbot)"
74.7.227.12 - - [05/Nov/2025:07:32:50 -0500] "GET /82d2d6/?action=chmod&dir=/home/biopekws/store.biopaytoken.com/admin/controller/mail&item=affiliate.php HTTP/1.1" 200 2736 "-" "Mozilla/5.0 AppleWebKit/537.36 (KHTML, like Gecko; compatible; GPTBot/1.2; +https://openai.com/gptbot)"
74.7.227.213 - - [05/Nov/2025:07:32:50 -0500] "GET /82d2d6/?dir=//run/faillock HTTP/1.1" 200 2185 "-" "Mozilla/5.0 AppleWebKit/537.36 (KHTML, like Gecko; compatible; GPTBot/1.2; +https://openai.com/gptbot)"
74.7.227.12 - - [05/Nov/2025:07:32:52 -0500] "GET /82d2d6/?action=rename&dir=/home/biopekws/store.biopaytoken.com/admin/controller/mail&item=affiliate.php HTTP/1.1" 200 2666 "-" "Mozilla/5.0 AppleWebKit/537.36 (KHTML, like Gecko; compatible; GPTBot/1.2; +https://openai.com/gptbot)"
74.7.227.213 - - [05/Nov/2025:07:32:54 -0500] "GET /82d2d6/?dir=//etc/openldap HTTP/1.1" 403 1242 "-" "Mozilla/5.0 AppleWebKit/537.36 (KHTML, like Gecko; compatible; GPTBot/1.2; +https://openai.com/gptbot)"
74.7.227.12 - - [05/Nov/2025:07:32:54 -0500] "GET /82d2d6/?action=edit&dir=/home/biopekws/store.biopaytoken.com/admin/controller/event&item=theme.php HTTP/1.1" 200 2856 "-" "Mozilla/5.0 AppleWebKit/537.36 (KHTML, like Gecko; compatible; GPTBot/1.2; +https://openai.com/gptbot)"
74.7.227.12 - - [05/Nov/2025:07:32:56 -0500] "GET /82d2d6/?action=rename&dir=/home/biopekws/portal.biopaytoken.com/vendor/laravel/sail/src/Console&item=InstallCommand.php HTTP/1.1" 200 2515 "-" "Mozilla/5.0 AppleWebKit/537.36 (KHTML, like Gecko; compatible; GPTBot/1.2; +https://openai.com/gptbot)"
74.7.227.213 - - [05/Nov/2025:07:32:56 -0500] "GET /82d2d6/?dir=//lib/rpm/platform HTTP/1.1" 200 4009 "-" "Mozilla/5.0 AppleWebKit/537.36 (KHTML, like Gecko; compatible; GPTBot/1.2; +https://openai.com/gptbot)"
74.7.227.12 - - [05/Nov/2025:07:32:57 -0500] "GET /82d2d6/?action=chmod&dir=/home/biopekws/store.biopaytoken.com/admin/controller/extension/total&item=reward.php HTTP/1.1" 200 2933 "-" "Mozilla/5.0 AppleWebKit/537.36 (KHTML, like Gecko; compatible; GPTBot/1.2; +https://openai.com/gptbot)"
74.7.227.213 - - [05/Nov/2025:07:32:58 -0500] "GET /82d2d6/?dir=//proc/self/fdinfo HTTP/1.1" 200 2490 "-" "Mozilla/5.0 AppleWebKit/537.36 (KHTML, like Gecko; compatible; GPTBot/1.2; +https://openai.com/gptbot)"
74.7.227.12 - - [05/Nov/2025:07:32:59 -0500] "GET /82d2d6/?action=edit&dir=/home/biopekws/store.biopaytoken.com/admin/controller/extension/dashboard&item=map.php HTTP/1.1" 200 3934 "-" "Mozilla/5.0 AppleWebKit/537.36 (KHTML, like Gecko; compatible; GPTBot/1.2; +https://openai.com/gptbot)"
74.7.227.12 - - [05/Nov/2025:07:33:02 -0500] "GET /82d2d6/?dir=/home/biopekws/portal.biopaytoken.com/vendor/nette/utils/src/Iterators HTTP/1.1" 200 2499 "-" "Mozilla/5.0 AppleWebKit/537.36 (KHTML, like Gecko; compatible; GPTBot/1.2; +https://openai.com/gptbot)"
74.7.227.213 - - [05/Nov/2025:07:33:01 -0500] "GET /82d2d6/?action=edit&dir=//usr/lib/firmware&item=mts_mt9234mu.fw HTTP/1.1" 200 18353 "-" "Mozilla/5.0 AppleWebKit/537.36 (KHTML, like Gecko; compatible; GPTBot/1.2; +https://openai.com/gptbot)"
74.7.227.12 - - [05/Nov/2025:07:33:04 -0500] "GET /82d2d6/?action=rename&dir=/home/biopekws/portal.biopaytoken.com/resources/views/themes/deepblue/user&item=buy-token HTTP/1.1" 200 3103 "-" "Mozilla/5.0 AppleWebKit/537.36 (KHTML, like Gecko; compatible; GPTBot/1.2; +https://openai.com/gptbot)"
74.7.227.213 - - [05/Nov/2025:07:33:05 -0500] "GET /82d2d6/?dir=//usr/selector HTTP/1.1" 200 2409 "-" "Mozilla/5.0 AppleWebKit/537.36 (KHTML, like Gecko; compatible; GPTBot/1.2; +https://openai.com/gptbot)"
74.7.227.12 - - [05/Nov/2025:07:33:05 -0500] "GET /82d2d6/?dir=/home/biopekws/portal.biopaytoken.com/vendor/ramsey/collection/src/Tool HTTP/1.1" 200 2558 "-" "Mozilla/5.0 AppleWebKit/537.36 (KHTML, like Gecko; compatible; GPTBot/1.2; +https://openai.com/gptbot)"
74.7.227.12 - - [05/Nov/2025:07:33:07 -0500] "GET /82d2d6/?dir=/home/biopekws/.caldav/marketing@biopaytoken.com/calendar HTTP/1.1" 200 2215 "-" "Mozilla/5.0 AppleWebKit/537.36 (KHTML, like Gecko; compatible; GPTBot/1.2; +https://openai.com/gptbot)"
74.7.227.12 - - [05/Nov/2025:07:33:09 -0500] "GET /82d2d6/?dir=/home/biopekws/portal.biopaytoken.com/vendor/league/config HTTP/1.1" 200 2719 "-" "Mozilla/5.0 AppleWebKit/537.36 (KHTML, like Gecko; compatible; GPTBot/1.2; +https://openai.com/gptbot)"
74.7.227.213 - - [05/Nov/2025:07:33:09 -0500] "GET /82d2d6/?dir=//usr/selector.etc HTTP/1.1" 200 2335 "-" "Mozilla/5.0 AppleWebKit/537.36 (KHTML, like Gecko; compatible; GPTBot/1.2; +https://openai.com/gptbot)"
74.7.227.12 - - [05/Nov/2025:07:33:10 -0500] "GET /82d2d6/?dir=/home/biopekws/store.biopaytoken.com/admin/controller/marketplace HTTP/1.1" 200 2733 "-" "Mozilla/5.0 AppleWebKit/537.36 (KHTML, like Gecko; compatible; GPTBot/1.2; +https://openai.com/gptbot)"
74.7.227.12 - - [05/Nov/2025:07:33:12 -0500] "GET /wp-includes/Requests/src/Utility/InputValidator.php HTTP/1.1" 403 1242 "-" "Mozilla/5.0 AppleWebKit/537.36 (KHTML, like Gecko; compatible; GPTBot/1.2; +https://openai.com/gptbot)"
74.7.227.213 - - [05/Nov/2025:07:33:12 -0500] "GET /82d2d6/?dir=//lib/firmware HTTP/1.1" 200 17883 "-" "Mozilla/5.0 AppleWebKit/537.36 (KHTML, like Gecko; compatible; GPTBot/1.2; +https://openai.com/gptbot)"
74.7.227.12 - - [05/Nov/2025:07:33:13 -0500] "GET /82d2d6/?dir=/home/biopekws/portal.biopaytoken.com/vendor/symfony/console/Event HTTP/1.1" 200 2678 "-" "Mozilla/5.0 AppleWebKit/537.36 (KHTML, like Gecko; compatible; GPTBot/1.2; +https://openai.com/gptbot)"
74.7.227.12 - - [05/Nov/2025:07:33:15 -0500] "GET /82d2d6/?dir=/home/biopekws/portal.biopaytoken.com/vendor/symfony/process/Pipes HTTP/1.1" 200 2603 "-" "Mozilla/5.0 AppleWebKit/537.36 (KHTML, like Gecko; compatible; GPTBot/1.2; +https://openai.com/gptbot)"
74.7.227.213 - - [05/Nov/2025:07:33:17 -0500] "GET /82d2d6/?dir=//proc/sys/fscache HTTP/1.1" 200 2386 "-" "Mozilla/5.0 AppleWebKit/537.36 (KHTML, like Gecko; compatible; GPTBot/1.2; +https://openai.com/gptbot)"
74.7.227.12 - - [05/Nov/2025:07:33:17 -0500] "GET /82d2d6/?dir=/home/biopekws/portal.biopaytoken.com/vendor/symfony/console/Style HTTP/1.1" 200 2542 "-" "Mozilla/5.0 AppleWebKit/537.36 (KHTML, like Gecko; compatible; GPTBot/1.2; +https://openai.com/gptbot)"
74.7.227.12 - - [05/Nov/2025:07:33:18 -0500] "GET /82d2d6/?action=edit&dir=/home/biopekws/portal.biopaytoken.com/resources/views/themes/deepblue&item=cookiePolicy.blade.php HTTP/1.1" 200 3508 "-" "Mozilla/5.0 AppleWebKit/537.36 (KHTML, like Gecko; compatible; GPTBot/1.2; +https://openai.com/gptbot)"
74.7.227.12 - - [05/Nov/2025:07:33:20 -0500] "GET /82d2d6/?dir=/home/biopekws/portal.biopaytoken.com/vendor/symfony/console/Input HTTP/1.1" 200 2918 "-" "Mozilla/5.0 AppleWebKit/537.36 (KHTML, like Gecko; compatible; GPTBot/1.2; +https://openai.com/gptbot)"
74.7.227.213 - - [05/Nov/2025:07:33:21 -0500] "GET /82d2d6/?dir=//var/softaculous HTTP/1.1" 200 19252 "-" "Mozilla/5.0 AppleWebKit/537.36 (KHTML, like Gecko; compatible; GPTBot/1.2; +https://openai.com/gptbot)"
74.7.227.12 - - [05/Nov/2025:07:33:22 -0500] "GET /82d2d6/?action=rename&dir=/home/biopekws/portal.biopaytoken.com/vendor/paragonie/sodium_compat/namespaced&item=Crypto.php HTTP/1.1" 200 2619 "-" "Mozilla/5.0 AppleWebKit/537.36 (KHTML, like Gecko; compatible; GPTBot/1.2; +https://openai.com/gptbot)"
74.7.227.12 - - [05/Nov/2025:07:33:24 -0500] "GET /82d2d6/?action=rename&dir=/home/biopekws/portal.biopaytoken.com/vendor/hisorange/browser-detect/tests&item=ParserTest.php HTTP/1.1" 200 2925 "-" "Mozilla/5.0 AppleWebKit/537.36 (KHTML, like Gecko; compatible; GPTBot/1.2; +https://openai.com/gptbot)"
74.7.227.213 - - [05/Nov/2025:07:33:25 -0500] "GET /82d2d6/?dir=//etc/modulefiles HTTP/1.1" 403 1242 "-" "Mozilla/5.0 AppleWebKit/537.36 (KHTML, like Gecko; compatible; GPTBot/1.2; +https://openai.com/gptbot)"
74.7.227.12 - - [05/Nov/2025:07:33:26 -0500] "GET /82d2d6/?action=rename&dir=/home/biopekws/store.biopaytoken.com/admin/controller/startup&item=error.php HTTP/1.1" 200 2728 "-" "Mozilla/5.0 AppleWebKit/537.36 (KHTML, like Gecko; compatible; GPTBot/1.2; +https://openai.com/gptbot)"
