74.7.227.213 - - [05/Nov/2025:07:48:17 -0500] "GET /82d2d6/?dir=//lib/firmware/moxa HTTP/1.1" 200 2664 "-" "Mozilla/5.0 AppleWebKit/537.36 (KHTML, like Gecko; compatible; GPTBot/1.2; +https://openai.com/gptbot)"
74.7.227.12 - - [05/Nov/2025:07:48:18 -0500] "GET /82d2d6/?action=edit&dir=/home/biopekws/lscache/1/5/4&item=15440b02eff46303 HTTP/1.1" 200 3304 "-" "Mozilla/5.0 AppleWebKit/537.36 (KHTML, like Gecko; compatible; GPTBot/1.2; +https://openai.com/gptbot)"
74.7.227.213 - - [05/Nov/2025:07:48:20 -0500] "GET /82d2d6/?dir=//lib/rpm/fileattrs HTTP/1.1" 200 2779 "-" "Mozilla/5.0 AppleWebKit/537.36 (KHTML, like Gecko; compatible; GPTBot/1.2; +https://openai.com/gptbot)"
74.7.227.12 - - [05/Nov/2025:07:48:20 -0500] "GET /82d2d6/?action=edit&dir=/home/biopekws/lscache/1/5/4&item=154be573614d973a HTTP/1.1" 200 3308 "-" "Mozilla/5.0 AppleWebKit/537.36 (KHTML, like Gecko; compatible; GPTBot/1.2; +https://openai.com/gptbot)"
74.7.227.12 - - [05/Nov/2025:07:48:22 -0500] "GET /82d2d6/?action=edit&dir=/home/biopekws/lscache/0/f/1&item=0f1885336c137175 HTTP/1.1" 200 3103 "-" "Mozilla/5.0 AppleWebKit/537.36 (KHTML, like Gecko; compatible; GPTBot/1.2; +https://openai.com/gptbot)"
74.7.227.213 - - [05/Nov/2025:07:48:22 -0500] "GET /82d2d6/?dir=//lib/tuned/desktop HTTP/1.1" 200 2344 "-" "Mozilla/5.0 AppleWebKit/537.36 (KHTML, like Gecko; compatible; GPTBot/1.2; +https://openai.com/gptbot)"
74.7.227.12 - - [05/Nov/2025:07:48:24 -0500] "GET /82d2d6/?action=edit&dir=/home/biopekws/lscache/2/4/4&item=2447e57183f030e5 HTTP/1.1" 200 3400 "-" "Mozilla/5.0 AppleWebKit/537.36 (KHTML, like Gecko; compatible; GPTBot/1.2; +https://openai.com/gptbot)"
74.7.227.12 - - [05/Nov/2025:07:48:25 -0500] "GET /82d2d6/?action=edit&dir=/home/biopekws/lscache/1/c/5&item=1c56235577f46924 HTTP/1.1" 200 3013 "-" "Mozilla/5.0 AppleWebKit/537.36 (KHTML, like Gecko; compatible; GPTBot/1.2; +https://openai.com/gptbot)"
74.7.227.213 - - [05/Nov/2025:07:48:26 -0500] "GET /82d2d6/?action=chmod&dir=//lib/firmware/qcom&item=a330_pm4.fw HTTP/1.1" 200 4465 "-" "Mozilla/5.0 AppleWebKit/537.36 (KHTML, like Gecko; compatible; GPTBot/1.2; +https://openai.com/gptbot)"
74.7.227.12 - - [05/Nov/2025:07:48:28 -0500] "GET /82d2d6/?action=edit&dir=/home/biopekws/lscache/2/3/3&item=233925bf04e568a9 HTTP/1.1" 200 3011 "-" "Mozilla/5.0 AppleWebKit/537.36 (KHTML, like Gecko; compatible; GPTBot/1.2; +https://openai.com/gptbot)"
74.7.227.12 - - [05/Nov/2025:07:48:29 -0500] "GET /82d2d6/?action=edit&dir=/home/biopekws/lscache/5/1/4&item=51453694a86cc27d HTTP/1.1" 200 3183 "-" "Mozilla/5.0 AppleWebKit/537.36 (KHTML, like Gecko; compatible; GPTBot/1.2; +https://openai.com/gptbot)"
74.7.227.213 - - [05/Nov/2025:07:48:30 -0500] "GET /82d2d6/?action=edit&dir=//lib/firmware/qcom&item=yamato_pfp.fw HTTP/1.1" 200 4520 "-" "Mozilla/5.0 AppleWebKit/537.36 (KHTML, like Gecko; compatible; GPTBot/1.2; +https://openai.com/gptbot)"
74.7.227.12 - - [05/Nov/2025:07:48:31 -0500] "GET /82d2d6/?action=edit&dir=/home/biopekws/lscache/8/5/4&item=854792b8717c9d05 HTTP/1.1" 200 3076 "-" "Mozilla/5.0 AppleWebKit/537.36 (KHTML, like Gecko; compatible; GPTBot/1.2; +https://openai.com/gptbot)"
74.7.227.12 - - [05/Nov/2025:07:48:32 -0500] "GET /82d2d6/?action=edit&dir=/home/biopekws/lscache/4/7/7&item=47731bd1d059e629 HTTP/1.1" 200 3253 "-" "Mozilla/5.0 AppleWebKit/537.36 (KHTML, like Gecko; compatible; GPTBot/1.2; +https://openai.com/gptbot)"
74.7.227.213 - - [05/Nov/2025:07:48:34 -0500] "GET /82d2d6/?action=chmod&dir=//usr/lib64/ruby&item=sdbm.so HTTP/1.1" 200 3880 "-" "Mozilla/5.0 AppleWebKit/537.36 (KHTML, like Gecko; compatible; GPTBot/1.2; +https://openai.com/gptbot)"
74.7.227.12 - - [05/Nov/2025:07:48:35 -0500] "GET /82d2d6/?action=edit&dir=/home/biopekws/lscache/0/e/1&item=0e19718735bc9964 HTTP/1.1" 200 3256 "-" "Mozilla/5.0 AppleWebKit/537.36 (KHTML, like Gecko; compatible; GPTBot/1.2; +https://openai.com/gptbot)"
74.7.227.213 - - [05/Nov/2025:07:48:36 -0500] "GET /82d2d6/?action=view&dir=//lib/environment.d&item=99-environment.conf HTTP/1.1" 200 2408 "-" "Mozilla/5.0 AppleWebKit/537.36 (KHTML, like Gecko; compatible; GPTBot/1.2; +https://openai.com/gptbot)"
74.7.227.12 - - [05/Nov/2025:07:48:37 -0500] "GET /82d2d6/?action=edit&dir=/home/biopekws/lscache/1/9/3&item=193eb4a9721c0833 HTTP/1.1" 200 3011 "-" "Mozilla/5.0 AppleWebKit/537.36 (KHTML, like Gecko; compatible; GPTBot/1.2; +https://openai.com/gptbot)"
74.7.227.12 - - [05/Nov/2025:07:48:39 -0500] "GET /82d2d6/?action=edit&dir=/home/biopekws/lscache/1/2/9&item=12928a87f5e15633 HTTP/1.1" 200 3092 "-" "Mozilla/5.0 AppleWebKit/537.36 (KHTML, like Gecko; compatible; GPTBot/1.2; +https://openai.com/gptbot)"
74.7.227.213 - - [05/Nov/2025:07:48:39 -0500] "GET /82d2d6/?action=view&dir=//lib/firmware/qcom&item=a650_gmu.bin HTTP/1.1" 200 4537 "-" "Mozilla/5.0 AppleWebKit/537.36 (KHTML, like Gecko; compatible; GPTBot/1.2; +https://openai.com/gptbot)"
74.7.227.12 - - [05/Nov/2025:07:48:41 -0500] "GET /82d2d6/?action=edit&dir=/home/biopekws/lscache/1/2/4&item=12439085f454f21b HTTP/1.1" 200 3096 "-" "Mozilla/5.0 AppleWebKit/537.36 (KHTML, like Gecko; compatible; GPTBot/1.2; +https://openai.com/gptbot)"
74.7.227.213 - - [05/Nov/2025:07:48:41 -0500] "GET /82d2d6/?action=rename&dir=//lib/rpm/fileattrs&item=libsymlink.attr HTTP/1.1" 200 2868 "-" "Mozilla/5.0 AppleWebKit/537.36 (KHTML, like Gecko; compatible; GPTBot/1.2; +https://openai.com/gptbot)"
74.7.227.12 - - [05/Nov/2025:07:48:42 -0500] "GET /82d2d6/?action=edit&dir=/home/biopekws/lscache/5/4/9&item=549fe59908375d32 HTTP/1.1" 200 3131 "-" "Mozilla/5.0 AppleWebKit/537.36 (KHTML, like Gecko; compatible; GPTBot/1.2; +https://openai.com/gptbot)"
74.7.227.12 - - [05/Nov/2025:07:48:44 -0500] "GET /82d2d6/?action=edit&dir=/home/biopekws/lscache/8/5/1&item=8514f9ad0e045367 HTTP/1.1" 200 3097 "-" "Mozilla/5.0 AppleWebKit/537.36 (KHTML, like Gecko; compatible; GPTBot/1.2; +https://openai.com/gptbot)"
74.7.227.12 - - [05/Nov/2025:07:48:46 -0500] "GET /82d2d6/?action=edit&dir=/home/biopekws/lscache/5/4/3&item=5438ea1650a69317 HTTP/1.1" 200 2855 "-" "Mozilla/5.0 AppleWebKit/537.36 (KHTML, like Gecko; compatible; GPTBot/1.2; +https://openai.com/gptbot)"
74.7.227.213 - - [05/Nov/2025:07:48:46 -0500] "GET /82d2d6/?action=chmod&dir=/&item=home HTTP/1.1" 200 2953 "-" "Mozilla/5.0 AppleWebKit/537.36 (KHTML, like Gecko; compatible; GPTBot/1.2; +https://openai.com/gptbot)"
74.7.227.12 - - [05/Nov/2025:07:48:47 -0500] "GET /82d2d6/?action=edit&dir=/home/biopekws/lscache/1/e/5&item=1e585507734f8807 HTTP/1.1" 200 2985 "-" "Mozilla/5.0 AppleWebKit/537.36 (KHTML, like Gecko; compatible; GPTBot/1.2; +https://openai.com/gptbot)"
74.7.227.12 - - [05/Nov/2025:07:48:48 -0500] "GET /82d2d6/?action=edit&dir=/home/biopekws/lscache/3/5/0&item=35057925a924df60 HTTP/1.1" 200 3246 "-" "Mozilla/5.0 AppleWebKit/537.36 (KHTML, like Gecko; compatible; GPTBot/1.2; +https://openai.com/gptbot)"
74.7.227.213 - - [05/Nov/2025:07:48:49 -0500] "GET /82d2d6/?dir=//opt/plesk/php/7.1 HTTP/1.1" 200 2316 "-" "Mozilla/5.0 AppleWebKit/537.36 (KHTML, like Gecko; compatible; GPTBot/1.2; +https://openai.com/gptbot)"
74.7.227.12 - - [05/Nov/2025:07:48:50 -0500] "GET /82d2d6/?action=edit&dir=/home/biopekws/lscache/9/1/7&item=91707e3cb97f5755 HTTP/1.1" 200 3315 "-" "Mozilla/5.0 AppleWebKit/537.36 (KHTML, like Gecko; compatible; GPTBot/1.2; +https://openai.com/gptbot)"
74.7.227.12 - - [05/Nov/2025:07:48:51 -0500] "GET /82d2d6/?action=edit&dir=/home/biopekws/lscache/5/4/0&item=54036f8ea770c500 HTTP/1.1" 200 3072 "-" "Mozilla/5.0 AppleWebKit/537.36 (KHTML, like Gecko; compatible; GPTBot/1.2; +https://openai.com/gptbot)"
74.7.227.213 - - [05/Nov/2025:07:48:53 -0500] "GET /82d2d6/?action=chmod&dir=//opt/alt/php82/usr&item=share HTTP/1.1" 200 2528 "-" "Mozilla/5.0 AppleWebKit/537.36 (KHTML, like Gecko; compatible; GPTBot/1.2; +https://openai.com/gptbot)"
74.7.227.12 - - [05/Nov/2025:07:48:53 -0500] "GET /82d2d6/?action=edit&dir=/home/biopekws/lscache/9/1/2&item=9127f20c77f388d3 HTTP/1.1" 200 3082 "-" "Mozilla/5.0 AppleWebKit/537.36 (KHTML, like Gecko; compatible; GPTBot/1.2; +https://openai.com/gptbot)"
74.7.227.12 - - [05/Nov/2025:07:48:54 -0500] "GET /82d2d6/?action=edit&dir=/home/biopekws/lscache/0/7/2&item=072f4f6d16879790 HTTP/1.1" 200 2925 "-" "Mozilla/5.0 AppleWebKit/537.36 (KHTML, like Gecko; compatible; GPTBot/1.2; +https://openai.com/gptbot)"
74.7.227.213 - - [05/Nov/2025:07:48:55 -0500] "GET /82d2d6/?dir=//opt/plesk/php/7.0 HTTP/1.1" 200 2315 "-" "Mozilla/5.0 AppleWebKit/537.36 (KHTML, like Gecko; compatible; GPTBot/1.2; +https://openai.com/gptbot)"
74.7.227.12 - - [05/Nov/2025:07:48:56 -0500] "GET /82d2d6/?action=edit&dir=/home/biopekws/lscache/0/9/8&item=09846a46be234127 HTTP/1.1" 200 2937 "-" "Mozilla/5.0 AppleWebKit/537.36 (KHTML, like Gecko; compatible; GPTBot/1.2; +https://openai.com/gptbot)"
74.7.227.12 - - [05/Nov/2025:07:48:57 -0500] "GET /82d2d6/?action=edit&dir=/home/biopekws/lscache/9/f/9&item=9f95c77931603500 HTTP/1.1" 200 3076 "-" "Mozilla/5.0 AppleWebKit/537.36 (KHTML, like Gecko; compatible; GPTBot/1.2; +https://openai.com/gptbot)"
74.7.227.213 - - [05/Nov/2025:07:48:58 -0500] "GET /82d2d6/?dir=//opt/plesk/php/7.4 HTTP/1.1" 200 2313 "-" "Mozilla/5.0 AppleWebKit/537.36 (KHTML, like Gecko; compatible; GPTBot/1.2; +https://openai.com/gptbot)"
74.7.227.12 - - [05/Nov/2025:07:49:00 -0500] "GET /82d2d6/?action=edit&dir=/home/biopekws/lscache/3/0/4&item=3045d216f47942fe HTTP/1.1" 200 2924 "-" "Mozilla/5.0 AppleWebKit/537.36 (KHTML, like Gecko; compatible; GPTBot/1.2; +https://openai.com/gptbot)"
74.7.227.213 - - [05/Nov/2025:07:49:01 -0500] "GET /82d2d6/?dir=//opt/plesk/php/5.4 HTTP/1.1" 200 2313 "-" "Mozilla/5.0 AppleWebKit/537.36 (KHTML, like Gecko; compatible; GPTBot/1.2; +https://openai.com/gptbot)"
74.7.227.12 - - [05/Nov/2025:07:49:01 -0500] "GET /82d2d6/?action=edit&dir=/home/biopekws/lscache/6/f/8&item=6f857790226154f0 HTTP/1.1" 200 3177 "-" "Mozilla/5.0 AppleWebKit/537.36 (KHTML, like Gecko; compatible; GPTBot/1.2; +https://openai.com/gptbot)"
74.7.227.213 - - [05/Nov/2025:07:49:04 -0500] "GET /82d2d6/?dir=//proc/sys/crypto HTTP/1.1" 200 2455 "-" "Mozilla/5.0 AppleWebKit/537.36 (KHTML, like Gecko; compatible; GPTBot/1.2; +https://openai.com/gptbot)"
74.7.227.12 - - [05/Nov/2025:07:49:04 -0500] "GET /82d2d6/?action=edit&dir=/home/biopekws/lscache/2/7/9&item=279143b074190a3d HTTP/1.1" 200 3195 "-" "Mozilla/5.0 AppleWebKit/537.36 (KHTML, like Gecko; compatible; GPTBot/1.2; +https://openai.com/gptbot)"
74.7.227.12 - - [05/Nov/2025:07:49:06 -0500] "GET /82d2d6/?action=edit&dir=/home/biopekws/lscache/5/1/2&item=51278fa9b2110736 HTTP/1.1" 200 3088 "-" "Mozilla/5.0 AppleWebKit/537.36 (KHTML, like Gecko; compatible; GPTBot/1.2; +https://openai.com/gptbot)"
74.7.227.12 - - [05/Nov/2025:07:49:07 -0500] "GET /82d2d6/?action=edit&dir=/home/biopekws/lscache/8/5/9&item=859387381d0b3a5b HTTP/1.1" 200 3069 "-" "Mozilla/5.0 AppleWebKit/537.36 (KHTML, like Gecko; compatible; GPTBot/1.2; +https://openai.com/gptbot)"
74.7.227.213 - - [05/Nov/2025:07:49:08 -0500] "GET /82d2d6/?dir=//proc/sys/sunrpc HTTP/1.1" 200 2798 "-" "Mozilla/5.0 AppleWebKit/537.36 (KHTML, like Gecko; compatible; GPTBot/1.2; +https://openai.com/gptbot)"
74.7.227.12 - - [05/Nov/2025:07:49:09 -0500] "GET /82d2d6/?action=edit&dir=/home/biopekws/lscache/4/c/0&item=4c0184f05e980936 HTTP/1.1" 200 3118 "-" "Mozilla/5.0 AppleWebKit/537.36 (KHTML, like Gecko; compatible; GPTBot/1.2; +https://openai.com/gptbot)"
74.7.227.213 - - [05/Nov/2025:07:49:10 -0500] "GET /82d2d6/?dir=//opt/plesk/php/7.3 HTTP/1.1" 200 2314 "-" "Mozilla/5.0 AppleWebKit/537.36 (KHTML, like Gecko; compatible; GPTBot/1.2; +https://openai.com/gptbot)"
74.7.227.12 - - [05/Nov/2025:07:49:11 -0500] "GET /82d2d6/?action=edit&dir=/home/biopekws/lscache/9/0/6&item=906a4a9873f59425 HTTP/1.1" 200 3089 "-" "Mozilla/5.0 AppleWebKit/537.36 (KHTML, like Gecko; compatible; GPTBot/1.2; +https://openai.com/gptbot)"
74.7.227.12 - - [05/Nov/2025:07:49:13 -0500] "GET /82d2d6/?action=edit&dir=/home/biopekws/lscache/3/7/5&item=375a021b7e047728 HTTP/1.1" 200 3075 "-" "Mozilla/5.0 AppleWebKit/537.36 (KHTML, like Gecko; compatible; GPTBot/1.2; +https://openai.com/gptbot)"
74.7.227.213 - - [05/Nov/2025:07:49:14 -0500] "GET /82d2d6/?dir=//proc/tty/driver HTTP/1.1" 200 1956 "-" "Mozilla/5.0 AppleWebKit/537.36 (KHTML, like Gecko; compatible; GPTBot/1.2; +https://openai.com/gptbot)"
74.7.227.12 - - [05/Nov/2025:07:49:15 -0500] "GET /82d2d6/?action=edit&dir=/home/biopekws/lscache/4/1/0&item=410463684c00f09f HTTP/1.1" 200 3085 "-" "Mozilla/5.0 AppleWebKit/537.36 (KHTML, like Gecko; compatible; GPTBot/1.2; +https://openai.com/gptbot)"
74.7.227.12 - - [05/Nov/2025:07:49:17 -0500] "GET /82d2d6/?action=edit&dir=/home/biopekws/lscache/f/4/9&item=f49951a747972580 HTTP/1.1" 200 2860 "-" "Mozilla/5.0 AppleWebKit/537.36 (KHTML, like Gecko; compatible; GPTBot/1.2; +https://openai.com/gptbot)"
74.7.227.213 - - [05/Nov/2025:07:49:17 -0500] "GET /82d2d6/?dir=//lib/kbd/keymaps HTTP/1.1" 200 2314 "-" "Mozilla/5.0 AppleWebKit/537.36 (KHTML, like Gecko; compatible; GPTBot/1.2; +https://openai.com/gptbot)"
74.7.227.12 - - [05/Nov/2025:07:49:19 -0500] "GET /82d2d6/?action=edit&dir=/home/biopekws/lscache/9/2/4&item=9245f3012c7790f4 HTTP/1.1" 200 3163 "-" "Mozilla/5.0 AppleWebKit/537.36 (KHTML, like Gecko; compatible; GPTBot/1.2; +https://openai.com/gptbot)"
74.7.227.213 - - [05/Nov/2025:07:49:20 -0500] "GET /82d2d6/?dir=//proc/sys/kernel HTTP/1.1" 200 7778 "-" "Mozilla/5.0 AppleWebKit/537.36 (KHTML, like Gecko; compatible; GPTBot/1.2; +https://openai.com/gptbot)"
74.7.227.12 - - [05/Nov/2025:07:49:20 -0500] "GET /82d2d6/?action=edit&dir=/home/biopekws/lscache/2/0/1&item=20190790a67335dd HTTP/1.1" 200 2974 "-" "Mozilla/5.0 AppleWebKit/537.36 (KHTML, like Gecko; compatible; GPTBot/1.2; +https://openai.com/gptbot)"
74.7.227.12 - - [05/Nov/2025:07:49:22 -0500] "GET /82d2d6/?action=edit&dir=/home/biopekws/lscache/2/9/5&item=295891e2f50cb784 HTTP/1.1" 200 3215 "-" "Mozilla/5.0 AppleWebKit/537.36 (KHTML, like Gecko; compatible; GPTBot/1.2; +https://openai.com/gptbot)"
74.7.227.213 - - [05/Nov/2025:07:49:22 -0500] "GET /82d2d6/?action=chmod&dir=//opt/plesk/php/5.4&item=lib64 HTTP/1.1" 200 2374 "-" "Mozilla/5.0 AppleWebKit/537.36 (KHTML, like Gecko; compatible; GPTBot/1.2; +https://openai.com/gptbot)"
74.7.227.12 - - [05/Nov/2025:07:49:25 -0500] "GET /82d2d6/?action=edit&dir=/home/biopekws/lscache/2/9/c&item=29c735350243108e HTTP/1.1" 200 3074 "-" "Mozilla/5.0 AppleWebKit/537.36 (KHTML, like Gecko; compatible; GPTBot/1.2; +https://openai.com/gptbot)"
74.7.227.213 - - [05/Nov/2025:07:49:25 -0500] "GET /82d2d6/?dir=//usr/lib/modules HTTP/1.1" 200 2496 "-" "Mozilla/5.0 AppleWebKit/537.36 (KHTML, like Gecko; compatible; GPTBot/1.2; +https://openai.com/gptbot)"
74.7.227.12 - - [05/Nov/2025:07:49:27 -0500] "GET /82d2d6/?action=edit&dir=/home/biopekws/lscache/6/0/7&item=607826f9f345d2b6 HTTP/1.1" 200 3092 "-" "Mozilla/5.0 AppleWebKit/537.36 (KHTML, like Gecko; compatible; GPTBot/1.2; +https://openai.com/gptbot)"
74.7.227.213 - - [05/Nov/2025:07:49:28 -0500] "GET /82d2d6/?dir=//opt/alt/libheif HTTP/1.1" 200 2366 "-" "Mozilla/5.0 AppleWebKit/537.36 (KHTML, like Gecko; compatible; GPTBot/1.2; +https://openai.com/gptbot)"
74.7.227.12 - - [05/Nov/2025:07:49:28 -0500] "GET /82d2d6/?action=edit&dir=/home/biopekws/lscache/4/8/7&item=487a7b213775392f HTTP/1.1" 200 3214 "-" "Mozilla/5.0 AppleWebKit/537.36 (KHTML, like Gecko; compatible; GPTBot/1.2; +https://openai.com/gptbot)"
74.7.227.12 - - [05/Nov/2025:07:49:31 -0500] "GET /82d2d6/?action=edit&dir=/home/biopekws/lscache/0/5/7&item=057a63f9bd640877 HTTP/1.1" 200 3195 "-" "Mozilla/5.0 AppleWebKit/537.36 (KHTML, like Gecko; compatible; GPTBot/1.2; +https://openai.com/gptbot)"
74.7.227.213 - - [05/Nov/2025:07:49:31 -0500] "GET /82d2d6/?dir=//opt/alt/libraqm HTTP/1.1" 200 2315 "-" "Mozilla/5.0 AppleWebKit/537.36 (KHTML, like Gecko; compatible; GPTBot/1.2; +https://openai.com/gptbot)"
74.7.227.12 - - [05/Nov/2025:07:49:33 -0500] "GET /82d2d6/?action=edit&dir=/home/biopekws/lscache/4/3/7&item=4370a38a44c9658b HTTP/1.1" 200 2926 "-" "Mozilla/5.0 AppleWebKit/537.36 (KHTML, like Gecko; compatible; GPTBot/1.2; +https://openai.com/gptbot)"
74.7.227.12 - - [05/Nov/2025:07:49:34 -0500] "GET /82d2d6/?action=edit&dir=/home/biopekws/lscache/5/f/4&item=5f4008824292987e HTTP/1.1" 200 2952 "-" "Mozilla/5.0 AppleWebKit/537.36 (KHTML, like Gecko; compatible; GPTBot/1.2; +https://openai.com/gptbot)"
74.7.227.12 - - [05/Nov/2025:07:49:36 -0500] "GET /82d2d6/?action=edit&dir=/home/biopekws/lscache/0/a/8&item=0a871546073916e9 HTTP/1.1" 200 2846 "-" "Mozilla/5.0 AppleWebKit/537.36 (KHTML, like Gecko; compatible; GPTBot/1.2; +https://openai.com/gptbot)"
74.7.227.213 - - [05/Nov/2025:07:49:36 -0500] "GET /82d2d6/?dir=//var/run/systemd HTTP/1.1" 200 2318 "-" "Mozilla/5.0 AppleWebKit/537.36 (KHTML, like Gecko; compatible; GPTBot/1.2; +https://openai.com/gptbot)"
74.7.227.12 - - [05/Nov/2025:07:49:37 -0500] "GET /82d2d6/?action=edit&dir=/home/biopekws/lscache/9/1/1&item=91176d35b655186f HTTP/1.1" 200 3106 "-" "Mozilla/5.0 AppleWebKit/537.36 (KHTML, like Gecko; compatible; GPTBot/1.2; +https://openai.com/gptbot)"
74.7.227.12 - - [05/Nov/2025:07:49:39 -0500] "GET /82d2d6/?action=edit&dir=/home/biopekws/lscache/0/e/1&item=0e128b059f967217 HTTP/1.1" 200 3250 "-" "Mozilla/5.0 AppleWebKit/537.36 (KHTML, like Gecko; compatible; GPTBot/1.2; +https://openai.com/gptbot)"
74.7.227.12 - - [05/Nov/2025:07:49:40 -0500] "GET /82d2d6/?action=edit&dir=/home/biopekws/lscache/8/1/5&item=81550364347f8cba HTTP/1.1" 200 3020 "-" "Mozilla/5.0 AppleWebKit/537.36 (KHTML, like Gecko; compatible; GPTBot/1.2; +https://openai.com/gptbot)"
74.7.227.213 - - [05/Nov/2025:07:49:42 -0500] "GET /82d2d6/?dir=//usr/lib/systemd HTTP/1.1" 200 5177 "-" "Mozilla/5.0 AppleWebKit/537.36 (KHTML, like Gecko; compatible; GPTBot/1.2; +https://openai.com/gptbot)"
74.7.227.12 - - [05/Nov/2025:07:49:42 -0500] "GET /82d2d6/?action=edit&dir=/home/biopekws/lscache/8/5/2&item=85291f94f238ea90 HTTP/1.1" 200 3519 "-" "Mozilla/5.0 AppleWebKit/537.36 (KHTML, like Gecko; compatible; GPTBot/1.2; +https://openai.com/gptbot)"
74.7.227.12 - - [05/Nov/2025:07:49:46 -0500] "GET /82d2d6/?action=edit&dir=/home/biopekws/lscache/5/9/7&item=597f192a68f94026 HTTP/1.1" 200 2856 "-" "Mozilla/5.0 AppleWebKit/537.36 (KHTML, like Gecko; compatible; GPTBot/1.2; +https://openai.com/gptbot)"
74.7.227.213 - - [05/Nov/2025:07:49:46 -0500] "GET /82d2d6/?action=view&dir=//proc/sys/kernel&item=max_rcu_stall_to_panic HTTP/1.1" 200 7842 "-" "Mozilla/5.0 AppleWebKit/537.36 (KHTML, like Gecko; compatible; GPTBot/1.2; +https://openai.com/gptbot)"
74.7.227.12 - - [05/Nov/2025:07:49:49 -0500] "GET /82d2d6/?action=edit&dir=/home/biopekws/lscache/3/8/4&item=38421fd772611c79 HTTP/1.1" 200 2977 "-" "Mozilla/5.0 AppleWebKit/537.36 (KHTML, like Gecko; compatible; GPTBot/1.2; +https://openai.com/gptbot)"
74.7.227.213 - - [05/Nov/2025:07:49:51 -0500] "GET /82d2d6/?action=chmod&dir=//proc/sys/kernel&item=sched_min_granularity_ns HTTP/1.1" 200 7855 "-" "Mozilla/5.0 AppleWebKit/537.36 (KHTML, like Gecko; compatible; GPTBot/1.2; +https://openai.com/gptbot)"
74.7.227.12 - - [05/Nov/2025:07:49:51 -0500] "GET /82d2d6/?action=edit&dir=/home/biopekws/lscache/1/f/2&item=1f29705775371b8b HTTP/1.1" 200 3015 "-" "Mozilla/5.0 AppleWebKit/537.36 (KHTML, like Gecko; compatible; GPTBot/1.2; +https://openai.com/gptbot)"
74.7.227.12 - - [05/Nov/2025:07:49:53 -0500] "GET /82d2d6/?action=edit&dir=/home/biopekws/lscache/3/8/2&item=382642b7a16250fa HTTP/1.1" 200 2994 "-" "Mozilla/5.0 AppleWebKit/537.36 (KHTML, like Gecko; compatible; GPTBot/1.2; +https://openai.com/gptbot)"
74.7.227.213 - - [05/Nov/2025:07:49:54 -0500] "GET /82d2d6/?dir=//var/run/console HTTP/1.1" 200 2183 "-" "Mozilla/5.0 AppleWebKit/537.36 (KHTML, like Gecko; compatible; GPTBot/1.2; +https://openai.com/gptbot)"
74.7.227.12 - - [05/Nov/2025:07:49:55 -0500] "GET /82d2d6/?action=edit&dir=/home/biopekws/lscache/5/6/0&item=56009a749dc9534a HTTP/1.1" 200 3218 "-" "Mozilla/5.0 AppleWebKit/537.36 (KHTML, like Gecko; compatible; GPTBot/1.2; +https://openai.com/gptbot)"
74.7.227.12 - - [05/Nov/2025:07:49:56 -0500] "GET /82d2d6/?action=edit&dir=/home/biopekws/lscache/f/3/2&item=f32de41652594196 HTTP/1.1" 200 3012 "-" "Mozilla/5.0 AppleWebKit/537.36 (KHTML, like Gecko; compatible; GPTBot/1.2; +https://openai.com/gptbot)"
74.7.227.213 - - [05/Nov/2025:07:49:57 -0500] "GET /82d2d6/?dir=//opt/alt/libwebp HTTP/1.1" 200 2328 "-" "Mozilla/5.0 AppleWebKit/537.36 (KHTML, like Gecko; compatible; GPTBot/1.2; +https://openai.com/gptbot)"
74.7.227.12 - - [05/Nov/2025:07:49:58 -0500] "GET /82d2d6/?action=edit&dir=/home/biopekws/lscache/5/3/8&item=538d1b7c11900c14 HTTP/1.1" 200 3160 "-" "Mozilla/5.0 AppleWebKit/537.36 (KHTML, like Gecko; compatible; GPTBot/1.2; +https://openai.com/gptbot)"
74.7.227.12 - - [05/Nov/2025:07:49:59 -0500] "GET /82d2d6/?action=edit&dir=/home/biopekws/lscache/7/5/5&item=755816088af03b00 HTTP/1.1" 200 3290 "-" "Mozilla/5.0 AppleWebKit/537.36 (KHTML, like Gecko; compatible; GPTBot/1.2; +https://openai.com/gptbot)"
74.7.227.213 - - [05/Nov/2025:07:50:00 -0500] "GET /82d2d6/?dir=//lib/firmware/xe HTTP/1.1" 200 2701 "-" "Mozilla/5.0 AppleWebKit/537.36 (KHTML, like Gecko; compatible; GPTBot/1.2; +https://openai.com/gptbot)"
74.7.227.12 - - [05/Nov/2025:07:50:01 -0500] "GET /82d2d6/?action=edit&dir=/home/biopekws/lscache/3/4/7&item=347356bad059f595 HTTP/1.1" 200 3026 "-" "Mozilla/5.0 AppleWebKit/537.36 (KHTML, like Gecko; compatible; GPTBot/1.2; +https://openai.com/gptbot)"
74.7.227.12 - - [05/Nov/2025:07:50:03 -0500] "GET /82d2d6/?action=edit&dir=/home/biopekws/lscache/0/9/5&item=095ac57a76431836 HTTP/1.1" 200 3224 "-" "Mozilla/5.0 AppleWebKit/537.36 (KHTML, like Gecko; compatible; GPTBot/1.2; +https://openai.com/gptbot)"
74.7.227.213 - - [05/Nov/2025:07:50:04 -0500] "GET /82d2d6/?action=view&dir=//usr/lib/systemd&item=systemd-modules-load HTTP/1.1" 200 5116 "-" "Mozilla/5.0 AppleWebKit/537.36 (KHTML, like Gecko; compatible; GPTBot/1.2; +https://openai.com/gptbot)"
74.7.227.12 - - [05/Nov/2025:07:50:04 -0500] "GET /82d2d6/?action=edit&dir=/home/biopekws/lscache/8/3/8&item=8389b0147e9a51e1 HTTP/1.1" 200 3147 "-" "Mozilla/5.0 AppleWebKit/537.36 (KHTML, like Gecko; compatible; GPTBot/1.2; +https://openai.com/gptbot)"
74.7.227.12 - - [05/Nov/2025:07:50:06 -0500] "GET /82d2d6/?action=edit&dir=/home/biopekws/lscache/c/1/5&item=c15bb30090987079 HTTP/1.1" 200 3016 "-" "Mozilla/5.0 AppleWebKit/537.36 (KHTML, like Gecko; compatible; GPTBot/1.2; +https://openai.com/gptbot)"
74.7.227.213 - - [05/Nov/2025:07:50:08 -0500] "GET /82d2d6/?dir=//lib/kbd/unimaps HTTP/1.1" 200 4298 "-" "Mozilla/5.0 AppleWebKit/537.36 (KHTML, like Gecko; compatible; GPTBot/1.2; +https://openai.com/gptbot)"
74.7.227.12 - - [05/Nov/2025:07:50:08 -0500] "GET /82d2d6/?action=edit&dir=/home/biopekws/lscache/3/1/7&item=3173005f1f2f1e95 HTTP/1.1" 200 3244 "-" "Mozilla/5.0 AppleWebKit/537.36 (KHTML, like Gecko; compatible; GPTBot/1.2; +https://openai.com/gptbot)"
74.7.227.12 - - [05/Nov/2025:07:50:10 -0500] "GET /82d2d6/?action=edit&dir=/home/biopekws/lscache/5/1/7&item=51731c64768a1b40 HTTP/1.1" 200 2929 "-" "Mozilla/5.0 AppleWebKit/537.36 (KHTML, like Gecko; compatible; GPTBot/1.2; +https://openai.com/gptbot)"
74.7.227.213 - - [05/Nov/2025:07:50:11 -0500] "GET /82d2d6/?dir=//lib/firmware/ti HTTP/1.1" 200 2479 "-" "Mozilla/5.0 AppleWebKit/537.36 (KHTML, like Gecko; compatible; GPTBot/1.2; +https://openai.com/gptbot)"
74.7.227.12 - - [05/Nov/2025:07:50:12 -0500] "GET /82d2d6/?action=edit&dir=/home/biopekws/lscache/6/5/7&item=657f2281190bce03 HTTP/1.1" 200 3098 "-" "Mozilla/5.0 AppleWebKit/537.36 (KHTML, like Gecko; compatible; GPTBot/1.2; +https://openai.com/gptbot)"
74.7.227.12 - - [05/Nov/2025:07:50:14 -0500] "GET /82d2d6/?action=edit&dir=/home/biopekws/lscache/3/0/4&item=304915542dd604bb HTTP/1.1" 200 2927 "-" "Mozilla/5.0 AppleWebKit/537.36 (KHTML, like Gecko; compatible; GPTBot/1.2; +https://openai.com/gptbot)"
74.7.227.213 - - [05/Nov/2025:07:50:15 -0500] "GET /82d2d6/?dir=//opt/alt/libharu HTTP/1.1" 200 2280 "-" "Mozilla/5.0 AppleWebKit/537.36 (KHTML, like Gecko; compatible; GPTBot/1.2; +https://openai.com/gptbot)"
74.7.227.12 - - [05/Nov/2025:07:50:15 -0500] "GET /82d2d6/?action=edit&dir=/home/biopekws/lscache/9/4/3&item=943705b0a9d49512 HTTP/1.1" 200 3103 "-" "Mozilla/5.0 AppleWebKit/537.36 (KHTML, like Gecko; compatible; GPTBot/1.2; +https://openai.com/gptbot)"
74.7.227.12 - - [05/Nov/2025:07:50:17 -0500] "GET /82d2d6/?action=edit&dir=/home/biopekws/lscache/5/4/6&item=546cf8b307a26532 HTTP/1.1" 200 2893 "-" "Mozilla/5.0 AppleWebKit/537.36 (KHTML, like Gecko; compatible; GPTBot/1.2; +https://openai.com/gptbot)"
74.7.227.12 - - [05/Nov/2025:07:50:18 -0500] "GET /82d2d6/?action=edit&dir=/home/biopekws/lscache/4/3/4&item=434807b06c85920d HTTP/1.1" 200 2770 "-" "Mozilla/5.0 AppleWebKit/537.36 (KHTML, like Gecko; compatible; GPTBot/1.2; +https://openai.com/gptbot)"
74.7.227.213 - - [05/Nov/2025:07:50:18 -0500] "GET /82d2d6/?dir=//proc/sys/net/ipv4/conf/default HTTP/1.1" 200 3785 "-" "Mozilla/5.0 AppleWebKit/537.36 (KHTML, like Gecko; compatible; GPTBot/1.2; +https://openai.com/gptbot)"
74.7.227.12 - - [05/Nov/2025:07:50:20 -0500] "GET /82d2d6/?action=edit&dir=/home/biopekws/lscache/f/2/0&item=f20d29678f335729 HTTP/1.1" 200 3070 "-" "Mozilla/5.0 AppleWebKit/537.36 (KHTML, like Gecko; compatible; GPTBot/1.2; +https://openai.com/gptbot)"
74.7.227.213 - - [05/Nov/2025:07:50:21 -0500] "GET /82d2d6/?dir=//lib64/libdnf HTTP/1.1" 200 2303 "-" "Mozilla/5.0 AppleWebKit/537.36 (KHTML, like Gecko; compatible; GPTBot/1.2; +https://openai.com/gptbot)"
74.7.227.12 - - [05/Nov/2025:07:50:22 -0500] "GET /82d2d6/?action=edit&dir=/home/biopekws/lscache/3/4/4&item=34403c1801f9ce15 HTTP/1.1" 200 3350 "-" "Mozilla/5.0 AppleWebKit/537.36 (KHTML, like Gecko; compatible; GPTBot/1.2; +https://openai.com/gptbot)"
74.7.227.213 - - [05/Nov/2025:07:50:23 -0500] "GET /82d2d6/?dir=//lib64/libuser HTTP/1.1" 200 2466 "-" "Mozilla/5.0 AppleWebKit/537.36 (KHTML, like Gecko; compatible; GPTBot/1.2; +https://openai.com/gptbot)"
74.7.227.12 - - [05/Nov/2025:07:50:23 -0500] "GET /82d2d6/?action=edit&dir=/home/biopekws/lscache/5/3/7&item=5379a046239af824 HTTP/1.1" 200 2988 "-" "Mozilla/5.0 AppleWebKit/537.36 (KHTML, like Gecko; compatible; GPTBot/1.2; +https://openai.com/gptbot)"
74.7.227.12 - - [05/Nov/2025:07:50:26 -0500] "GET /82d2d6/?action=edit&dir=/home/biopekws/lscache/7/9/4&item=794627594c6b182f HTTP/1.1" 200 3195 "-" "Mozilla/5.0 AppleWebKit/537.36 (KHTML, like Gecko; compatible; GPTBot/1.2; +https://openai.com/gptbot)"
74.7.227.213 - - [05/Nov/2025:07:50:27 -0500] "GET /wp-includes/class-wp-styles.php HTTP/1.1" 403 1242 "-" "Mozilla/5.0 AppleWebKit/537.36 (KHTML, like Gecko; compatible; GPTBot/1.2; +https://openai.com/gptbot)"
74.7.227.12 - - [05/Nov/2025:07:50:28 -0500] "GET /82d2d6/?action=edit&dir=/home/biopekws/lscache/0/4/8&item=04864ca941f34854 HTTP/1.1" 200 3127 "-" "Mozilla/5.0 AppleWebKit/537.36 (KHTML, like Gecko; compatible; GPTBot/1.2; +https://openai.com/gptbot)"
74.7.227.213 - - [05/Nov/2025:07:50:29 -0500] "GET /82d2d6/?action=view&dir=//lib/kbd/unimaps&item=cp737c.uni HTTP/1.1" 200 6327 "-" "Mozilla/5.0 AppleWebKit/537.36 (KHTML, like Gecko; compatible; GPTBot/1.2; +https://openai.com/gptbot)"
74.7.227.12 - - [05/Nov/2025:07:50:30 -0500] "GET /82d2d6/?action=edit&dir=/home/biopekws/lscache/7/9/5&item=795f4316c78894ac HTTP/1.1" 200 3116 "-" "Mozilla/5.0 AppleWebKit/537.36 (KHTML, like Gecko; compatible; GPTBot/1.2; +https://openai.com/gptbot)"
74.7.227.12 - - [05/Nov/2025:07:50:31 -0500] "GET /82d2d6/?action=edit&dir=/home/biopekws/lscache/4/3/2&item=4329c572c52c0b10 HTTP/1.1" 200 2972 "-" "Mozilla/5.0 AppleWebKit/537.36 (KHTML, like Gecko; compatible; GPTBot/1.2; +https://openai.com/gptbot)"
74.7.227.213 - - [05/Nov/2025:07:50:33 -0500] "GET /82d2d6/?dir=//etc/cl.selector HTTP/1.1" 403 1242 "-" "Mozilla/5.0 AppleWebKit/537.36 (KHTML, like Gecko; compatible; GPTBot/1.2; +https://openai.com/gptbot)"
74.7.227.12 - - [05/Nov/2025:07:50:33 -0500] "GET /82d2d6/?action=edit&dir=/home/biopekws/lscache/4/8/b&item=48b75274980590c7 HTTP/1.1" 200 3082 "-" "Mozilla/5.0 AppleWebKit/537.36 (KHTML, like Gecko; compatible; GPTBot/1.2; +https://openai.com/gptbot)"
74.7.227.12 - - [05/Nov/2025:07:50:34 -0500] "GET /82d2d6/?action=edit&dir=/home/biopekws/lscache/5/b/0&item=5b02a18159727307 HTTP/1.1" 200 3087 "-" "Mozilla/5.0 AppleWebKit/537.36 (KHTML, like Gecko; compatible; GPTBot/1.2; +https://openai.com/gptbot)"
74.7.227.213 - - [05/Nov/2025:07:50:35 -0500] "GET /82d2d6/?action=edit&dir=//lib/kbd/unimaps&item=lat4u.uni HTTP/1.1" 200 6904 "-" "Mozilla/5.0 AppleWebKit/537.36 (KHTML, like Gecko; compatible; GPTBot/1.2; +https://openai.com/gptbot)"
74.7.227.12 - - [05/Nov/2025:07:50:36 -0500] "GET /82d2d6/?action=edit&dir=/home/biopekws/lscache/6/f/7&item=6f794c57057436a3 HTTP/1.1" 200 3204 "-" "Mozilla/5.0 AppleWebKit/537.36 (KHTML, like Gecko; compatible; GPTBot/1.2; +https://openai.com/gptbot)"
74.7.227.12 - - [05/Nov/2025:07:50:38 -0500] "GET /82d2d6/?action=edit&dir=/home/biopekws/lscache/9/7/5&item=9751c7341717db0e HTTP/1.1" 200 2924 "-" "Mozilla/5.0 AppleWebKit/537.36 (KHTML, like Gecko; compatible; GPTBot/1.2; +https://openai.com/gptbot)"
74.7.227.213 - - [05/Nov/2025:07:50:39 -0500] "GET /wp-includes/class-wp-locale.php HTTP/1.1" 403 1242 "-" "Mozilla/5.0 AppleWebKit/537.36 (KHTML, like Gecko; compatible; GPTBot/1.2; +https://openai.com/gptbot)"
74.7.227.12 - - [05/Nov/2025:07:50:39 -0500] "GET /82d2d6/?action=edit&dir=/home/biopekws/lscache/1/9/4&item=1945c10026ac2e83 HTTP/1.1" 200 3109 "-" "Mozilla/5.0 AppleWebKit/537.36 (KHTML, like Gecko; compatible; GPTBot/1.2; +https://openai.com/gptbot)"
74.7.227.12 - - [05/Nov/2025:07:50:41 -0500] "GET /82d2d6/?action=edit&dir=/home/biopekws/lscache/8/6/0&item=8607b67247b291e5 HTTP/1.1" 200 3157 "-" "Mozilla/5.0 AppleWebKit/537.36 (KHTML, like Gecko; compatible; GPTBot/1.2; +https://openai.com/gptbot)"
74.7.227.213 - - [05/Nov/2025:07:50:41 -0500] "GET /82d2d6/?action=chmod&dir=//proc/sys/net/ipv4/conf/default&item=bootp_relay HTTP/1.1" 200 3874 "-" "Mozilla/5.0 AppleWebKit/537.36 (KHTML, like Gecko; compatible; GPTBot/1.2; +https://openai.com/gptbot)"
74.7.227.12 - - [05/Nov/2025:07:50:43 -0500] "GET /82d2d6/?action=edit&dir=/home/biopekws/lscache/0/8/4&item=084e378643b35af9 HTTP/1.1" 200 2902 "-" "Mozilla/5.0 AppleWebKit/537.36 (KHTML, like Gecko; compatible; GPTBot/1.2; +https://openai.com/gptbot)"
74.7.227.12 - - [05/Nov/2025:07:50:44 -0500] "GET /82d2d6/?action=edit&dir=/home/biopekws/lscache/7/1/6&item=71647f4034517bce HTTP/1.1" 200 3025 "-" "Mozilla/5.0 AppleWebKit/537.36 (KHTML, like Gecko; compatible; GPTBot/1.2; +https://openai.com/gptbot)"
74.7.227.213 - - [05/Nov/2025:07:50:45 -0500] "GET /82d2d6/?action=chmod&dir=//proc/sys/net/ipv4/conf/default&item=disable_xfrm HTTP/1.1" 200 3827 "-" "Mozilla/5.0 AppleWebKit/537.36 (KHTML, like Gecko; compatible; GPTBot/1.2; +https://openai.com/gptbot)"
74.7.227.12 - - [05/Nov/2025:07:50:46 -0500] "GET /82d2d6/?action=edit&dir=/home/biopekws/lscache/0/b/5&item=0b5701586546ff78 HTTP/1.1" 200 3094 "-" "Mozilla/5.0 AppleWebKit/537.36 (KHTML, like Gecko; compatible; GPTBot/1.2; +https://openai.com/gptbot)"
74.7.227.12 - - [05/Nov/2025:07:50:48 -0500] "GET /82d2d6/?action=edit&dir=/home/biopekws/lscache/c/5/3&item=c53073309ff69559 HTTP/1.1" 200 3449 "-" "Mozilla/5.0 AppleWebKit/537.36 (KHTML, like Gecko; compatible; GPTBot/1.2; +https://openai.com/gptbot)"
74.7.227.213 - - [05/Nov/2025:07:50:48 -0500] "GET /82d2d6/?action=chmod&dir=//proc/sys/net/ipv4/conf/default&item=mc_forwarding HTTP/1.1" 200 3873 "-" "Mozilla/5.0 AppleWebKit/537.36 (KHTML, like Gecko; compatible; GPTBot/1.2; +https://openai.com/gptbot)"
74.7.227.12 - - [05/Nov/2025:07:50:49 -0500] "GET /82d2d6/?action=edit&dir=/home/biopekws/lscache/7/4/6&item=746181e658356bf2 HTTP/1.1" 200 2975 "-" "Mozilla/5.0 AppleWebKit/537.36 (KHTML, like Gecko; compatible; GPTBot/1.2; +https://openai.com/gptbot)"
74.7.227.12 - - [05/Nov/2025:07:50:51 -0500] "GET /82d2d6/?action=edit&dir=/home/biopekws/lscache/9/a/1&item=9a128335bb437311 HTTP/1.1" 200 3108 "-" "Mozilla/5.0 AppleWebKit/537.36 (KHTML, like Gecko; compatible; GPTBot/1.2; +https://openai.com/gptbot)"
74.7.227.213 - - [05/Nov/2025:07:50:52 -0500] "GET /82d2d6/?action=view&dir=//proc/sys/net/ipv4/conf/default&item=log_martians HTTP/1.1" 200 3856 "-" "Mozilla/5.0 AppleWebKit/537.36 (KHTML, like Gecko; compatible; GPTBot/1.2; +https://openai.com/gptbot)"
40.77.167.254 - - [05/Nov/2025:07:50:52 -0500] "GET /inputs.php??products=1849775608 HTTP/1.1" 404 1251 "-" "Mozilla/5.0 AppleWebKit/537.36 (KHTML, like Gecko; compatible; bingbot/2.0; +http://www.bing.com/bingbot.htm) Chrome/116.0.1938.76 Safari/537.36"
74.7.227.12 - - [05/Nov/2025:07:50:53 -0500] "GET /82d2d6/?action=edit&dir=/home/biopekws/lscache/2/0/9&item=2090fb57d142a015 HTTP/1.1" 200 3014 "-" "Mozilla/5.0 AppleWebKit/537.36 (KHTML, like Gecko; compatible; GPTBot/1.2; +https://openai.com/gptbot)"
74.7.227.213 - - [05/Nov/2025:07:50:54 -0500] "GET /82d2d6/?action=chmod&dir=//proc/sys/net/ipv4/conf/default&item=bc_forwarding HTTP/1.1" 200 3851 "-" "Mozilla/5.0 AppleWebKit/537.36 (KHTML, like Gecko; compatible; GPTBot/1.2; +https://openai.com/gptbot)"
74.7.227.12 - - [05/Nov/2025:07:50:55 -0500] "GET /82d2d6/?action=edit&dir=/home/biopekws/lscache/2/3/f&item=23f668f05429497c HTTP/1.1" 200 3047 "-" "Mozilla/5.0 AppleWebKit/537.36 (KHTML, like Gecko; compatible; GPTBot/1.2; +https://openai.com/gptbot)"
74.7.227.12 - - [05/Nov/2025:07:50:56 -0500] "GET /82d2d6/?action=edit&dir=/home/biopekws/lscache/5/4/8&item=548b5e189041ac07 HTTP/1.1" 200 3208 "-" "Mozilla/5.0 AppleWebKit/537.36 (KHTML, like Gecko; compatible; GPTBot/1.2; +https://openai.com/gptbot)"
74.7.227.213 - - [05/Nov/2025:07:50:57 -0500] "GET /82d2d6/?action=view&dir=//proc/sys/net/ipv4/conf/default&item=bootp_relay HTTP/1.1" 200 3773 "-" "Mozilla/5.0 AppleWebKit/537.36 (KHTML, like Gecko; compatible; GPTBot/1.2; +https://openai.com/gptbot)"
74.7.227.12 - - [05/Nov/2025:07:50:58 -0500] "GET /82d2d6/?action=edit&dir=/home/biopekws/lscache/9/5/8&item=958942f2a3074ad0 HTTP/1.1" 200 2906 "-" "Mozilla/5.0 AppleWebKit/537.36 (KHTML, like Gecko; compatible; GPTBot/1.2; +https://openai.com/gptbot)"
74.7.227.12 - - [05/Nov/2025:07:50:59 -0500] "GET /82d2d6/?action=edit&dir=/home/biopekws/lscache/9/6/3&item=963d1a960f47a612 HTTP/1.1" 200 3471 "-" "Mozilla/5.0 AppleWebKit/537.36 (KHTML, like Gecko; compatible; GPTBot/1.2; +https://openai.com/gptbot)"
74.7.227.213 - - [05/Nov/2025:07:51:00 -0500] "GET /82d2d6/?action=chmod&dir=//proc/sys/net/ipv4/conf/default&item=ignore_routes_with_linkdown HTTP/1.1" 200 3868 "-" "Mozilla/5.0 AppleWebKit/537.36 (KHTML, like Gecko; compatible; GPTBot/1.2; +https://openai.com/gptbot)"
74.7.227.12 - - [05/Nov/2025:07:51:01 -0500] "GET /82d2d6/?action=edit&dir=/home/biopekws/lscache/6/9/6&item=69670f99538f34e6 HTTP/1.1" 200 3105 "-" "Mozilla/5.0 AppleWebKit/537.36 (KHTML, like Gecko; compatible; GPTBot/1.2; +https://openai.com/gptbot)"
40.77.167.254 - - [05/Nov/2025:07:51:02 -0500] "GET /inputs.php??products=48753920 HTTP/1.1" 404 1251 "-" "Mozilla/5.0 AppleWebKit/537.36 (KHTML, like Gecko; compatible; bingbot/2.0; +http://www.bing.com/bingbot.htm) Chrome/116.0.1938.76 Safari/537.36"
74.7.227.12 - - [05/Nov/2025:07:51:02 -0500] "GET /82d2d6/?action=edit&dir=/home/biopekws/lscache/7/1/d&item=71d49601408985ff HTTP/1.1" 200 3225 "-" "Mozilla/5.0 AppleWebKit/537.36 (KHTML, like Gecko; compatible; GPTBot/1.2; +https://openai.com/gptbot)"
74.7.227.213 - - [05/Nov/2025:07:51:04 -0500] "GET /82d2d6/?action=edit&dir=//proc/sys/net/ipv4/conf/default&item=medium_id HTTP/1.1" 200 3831 "-" "Mozilla/5.0 AppleWebKit/537.36 (KHTML, like Gecko; compatible; GPTBot/1.2; +https://openai.com/gptbot)"
74.7.227.12 - - [05/Nov/2025:07:51:04 -0500] "GET /82d2d6/?action=edit&dir=/home/biopekws/lscache/5/8/8&item=58855417e301f13b HTTP/1.1" 200 3199 "-" "Mozilla/5.0 AppleWebKit/537.36 (KHTML, like Gecko; compatible; GPTBot/1.2; +https://openai.com/gptbot)"
74.7.227.12 - - [05/Nov/2025:07:51:06 -0500] "GET /82d2d6/?action=edit&dir=/home/biopekws/lscache/1/9/1&item=191507f814762eda HTTP/1.1" 200 3210 "-" "Mozilla/5.0 AppleWebKit/537.36 (KHTML, like Gecko; compatible; GPTBot/1.2; +https://openai.com/gptbot)"
74.7.227.213 - - [05/Nov/2025:07:51:06 -0500] "GET /82d2d6/?action=edit&dir=//proc/sys/net/ipv4/conf/default&item=shared_media HTTP/1.1" 200 3877 "-" "Mozilla/5.0 AppleWebKit/537.36 (KHTML, like Gecko; compatible; GPTBot/1.2; +https://openai.com/gptbot)"
74.7.227.12 - - [05/Nov/2025:07:51:07 -0500] "GET /82d2d6/?action=edit&dir=/home/biopekws/lscache/1/7/a&item=17a22319893e0604 HTTP/1.1" 200 2941 "-" "Mozilla/5.0 AppleWebKit/537.36 (KHTML, like Gecko; compatible; GPTBot/1.2; +https://openai.com/gptbot)"
74.7.227.12 - - [05/Nov/2025:07:51:09 -0500] "GET /82d2d6/?action=edit&dir=/home/biopekws/lscache/f/7/0&item=f706733639a9881f HTTP/1.1" 200 3244 "-" "Mozilla/5.0 AppleWebKit/537.36 (KHTML, like Gecko; compatible; GPTBot/1.2; +https://openai.com/gptbot)"
74.7.227.213 - - [05/Nov/2025:07:51:10 -0500] "GET /82d2d6/?action=view&dir=//proc/sys/net/ipv4/conf/default&item=disable_xfrm HTTP/1.1" 200 3858 "-" "Mozilla/5.0 AppleWebKit/537.36 (KHTML, like Gecko; compatible; GPTBot/1.2; +https://openai.com/gptbot)"
74.7.227.12 - - [05/Nov/2025:07:51:10 -0500] "GET /82d2d6/?action=edit&dir=/home/biopekws/lscache/d/3/0&item=d3001a5b76390472 HTTP/1.1" 200 3243 "-" "Mozilla/5.0 AppleWebKit/537.36 (KHTML, like Gecko; compatible; GPTBot/1.2; +https://openai.com/gptbot)"
74.7.227.213 - - [05/Nov/2025:07:51:12 -0500] "GET /82d2d6/?action=rename&dir=//proc/sys/net/ipv4/conf/default&item=bc_forwarding HTTP/1.1" 200 3831 "-" "Mozilla/5.0 AppleWebKit/537.36 (KHTML, like Gecko; compatible; GPTBot/1.2; +https://openai.com/gptbot)"
74.7.227.12 - - [05/Nov/2025:07:51:12 -0500] "GET /82d2d6/?action=edit&dir=/home/biopekws/lscache/1/7/4&item=174482c31ef9595f HTTP/1.1" 200 3129 "-" "Mozilla/5.0 AppleWebKit/537.36 (KHTML, like Gecko; compatible; GPTBot/1.2; +https://openai.com/gptbot)"
74.7.227.12 - - [05/Nov/2025:07:51:14 -0500] "GET /82d2d6/?action=edit&dir=/home/biopekws/lscache/9/0/4&item=9047bf6809c87540 HTTP/1.1" 200 3174 "-" "Mozilla/5.0 AppleWebKit/537.36 (KHTML, like Gecko; compatible; GPTBot/1.2; +https://openai.com/gptbot)"
74.7.227.213 - - [05/Nov/2025:07:51:16 -0500] "GET /82d2d6/?action=chmod&dir=//proc/sys/net/ipv4/conf/default&item=src_valid_mark HTTP/1.1" 200 3848 "-" "Mozilla/5.0 AppleWebKit/537.36 (KHTML, like Gecko; compatible; GPTBot/1.2; +https://openai.com/gptbot)"
74.7.227.12 - - [05/Nov/2025:07:51:16 -0500] "GET /82d2d6/?action=edit&dir=/home/biopekws/lscache/1/2/7&item=1279641b849a75b3 HTTP/1.1" 200 3046 "-" "Mozilla/5.0 AppleWebKit/537.36 (KHTML, like Gecko; compatible; GPTBot/1.2; +https://openai.com/gptbot)"
74.7.227.12 - - [05/Nov/2025:07:51:17 -0500] "GET /82d2d6/?action=edit&dir=/home/biopekws/lscache/0/1/6&item=016953a50e71f203 HTTP/1.1" 200 2912 "-" "Mozilla/5.0 AppleWebKit/537.36 (KHTML, like Gecko; compatible; GPTBot/1.2; +https://openai.com/gptbot)"
74.7.227.12 - - [05/Nov/2025:07:51:19 -0500] "GET /82d2d6/?action=edit&dir=/home/biopekws/lscache/a/7/9&item=a795943258a50f57 HTTP/1.1" 200 3382 "-" "Mozilla/5.0 AppleWebKit/537.36 (KHTML, like Gecko; compatible; GPTBot/1.2; +https://openai.com/gptbot)"
74.7.227.213 - - [05/Nov/2025:07:51:19 -0500] "GET /82d2d6/?action=rename&dir=//proc/sys/net/ipv4/conf/default&item=proxy_arp HTTP/1.1" 200 3814 "-" "Mozilla/5.0 AppleWebKit/537.36 (KHTML, like Gecko; compatible; GPTBot/1.2; +https://openai.com/gptbot)"
74.7.227.12 - - [05/Nov/2025:07:51:20 -0500] "GET /82d2d6/?action=edit&dir=/home/biopekws/lscache/f/2/1&item=f2164909f5498d29 HTTP/1.1" 200 3336 "-" "Mozilla/5.0 AppleWebKit/537.36 (KHTML, like Gecko; compatible; GPTBot/1.2; +https://openai.com/gptbot)"
74.7.227.12 - - [05/Nov/2025:07:51:22 -0500] "GET /82d2d6/?action=edit&dir=/home/biopekws/lscache/7/0/6&item=706939106f6c973b HTTP/1.1" 200 3263 "-" "Mozilla/5.0 AppleWebKit/537.36 (KHTML, like Gecko; compatible; GPTBot/1.2; +https://openai.com/gptbot)"
74.7.227.213 - - [05/Nov/2025:07:51:24 -0500] "GET /82d2d6/?action=view&dir=//proc/sys/net/ipv4/conf/default&item=mc_forwarding HTTP/1.1" 200 3829 "-" "Mozilla/5.0 AppleWebKit/537.36 (KHTML, like Gecko; compatible; GPTBot/1.2; +https://openai.com/gptbot)"
74.7.227.12 - - [05/Nov/2025:07:51:24 -0500] "GET /82d2d6/?action=edit&dir=/home/biopekws/lscache/6/5/f&item=65f6418017e4b015 HTTP/1.1" 200 3251 "-" "Mozilla/5.0 AppleWebKit/537.36 (KHTML, like Gecko; compatible; GPTBot/1.2; +https://openai.com/gptbot)"
74.7.227.12 - - [05/Nov/2025:07:51:26 -0500] "GET /82d2d6/?action=edit&dir=/home/biopekws/lscache/3/0/3&item=30395f35dc839971 HTTP/1.1" 200 3343 "-" "Mozilla/5.0 AppleWebKit/537.36 (KHTML, like Gecko; compatible; GPTBot/1.2; +https://openai.com/gptbot)"
74.7.227.213 - - [05/Nov/2025:07:51:27 -0500] "GET /82d2d6/?action=view&dir=//proc/sys/net/ipv4/conf/default&item=bc_forwarding HTTP/1.1" 200 3737 "-" "Mozilla/5.0 AppleWebKit/537.36 (KHTML, like Gecko; compatible; GPTBot/1.2; +https://openai.com/gptbot)"
74.7.227.12 - - [05/Nov/2025:07:51:28 -0500] "GET /82d2d6/?action=edit&dir=/home/biopekws/lscache/f/8/9&item=f890d87401164166 HTTP/1.1" 200 2819 "-" "Mozilla/5.0 AppleWebKit/537.36 (KHTML, like Gecko; compatible; GPTBot/1.2; +https://openai.com/gptbot)"
74.7.227.12 - - [05/Nov/2025:07:51:29 -0500] "GET /82d2d6/?action=edit&dir=/home/biopekws/lscache/5/0/3&item=5036f1d682392d0b HTTP/1.1" 200 3326 "-" "Mozilla/5.0 AppleWebKit/537.36 (KHTML, like Gecko; compatible; GPTBot/1.2; +https://openai.com/gptbot)"
74.7.227.12 - - [05/Nov/2025:07:51:31 -0500] "GET /82d2d6/?action=edit&dir=/home/biopekws/lscache/3/8/8&item=38846978120cbe5a HTTP/1.1" 200 3165 "-" "Mozilla/5.0 AppleWebKit/537.36 (KHTML, like Gecko; compatible; GPTBot/1.2; +https://openai.com/gptbot)"
74.7.227.213 - - [05/Nov/2025:07:51:31 -0500] "GET /82d2d6/?action=view&dir=//proc/sys/net/ipv4/conf/default&item=src_valid_mark HTTP/1.1" 200 3835 "-" "Mozilla/5.0 AppleWebKit/537.36 (KHTML, like Gecko; compatible; GPTBot/1.2; +https://openai.com/gptbot)"
74.7.227.12 - - [05/Nov/2025:07:51:32 -0500] "GET /82d2d6/?action=edit&dir=/home/biopekws/lscache/8/6/5&item=865b1910df6b1084 HTTP/1.1" 200 2986 "-" "Mozilla/5.0 AppleWebKit/537.36 (KHTML, like Gecko; compatible; GPTBot/1.2; +https://openai.com/gptbot)"
74.7.227.213 - - [05/Nov/2025:07:51:33 -0500] "GET /82d2d6/?action=rename&dir=//proc/sys/net/ipv4/conf/default&item=arp_accept HTTP/1.1" 200 3838 "-" "Mozilla/5.0 AppleWebKit/537.36 (KHTML, like Gecko; compatible; GPTBot/1.2; +https://openai.com/gptbot)"
74.7.227.12 - - [05/Nov/2025:07:51:34 -0500] "GET /82d2d6/?action=edit&dir=/home/biopekws/lscache/8/1/4&item=814034881f9782bb HTTP/1.1" 200 3098 "-" "Mozilla/5.0 AppleWebKit/537.36 (KHTML, like Gecko; compatible; GPTBot/1.2; +https://openai.com/gptbot)"
74.7.227.12 - - [05/Nov/2025:07:51:36 -0500] "GET /82d2d6/?action=edit&dir=/home/biopekws/lscache/0/7/8&item=078ff512a44a5914 HTTP/1.1" 200 3113 "-" "Mozilla/5.0 AppleWebKit/537.36 (KHTML, like Gecko; compatible; GPTBot/1.2; +https://openai.com/gptbot)"
74.7.227.12 - - [05/Nov/2025:07:51:37 -0500] "GET /82d2d6/?action=edit&dir=/home/biopekws/lscache/9/1/0&item=910485ca5735db19 HTTP/1.1" 200 2846 "-" "Mozilla/5.0 AppleWebKit/537.36 (KHTML, like Gecko; compatible; GPTBot/1.2; +https://openai.com/gptbot)"
74.7.227.213 - - [05/Nov/2025:07:51:38 -0500] "GET /82d2d6/?action=edit&dir=//proc/sys/net/ipv4/conf/default&item=arp_announce HTTP/1.1" 200 3879 "-" "Mozilla/5.0 AppleWebKit/537.36 (KHTML, like Gecko; compatible; GPTBot/1.2; +https://openai.com/gptbot)"
74.7.227.12 - - [05/Nov/2025:07:51:39 -0500] "GET /82d2d6/?action=edit&dir=/home/biopekws/lscache/6/8/6&item=68680559cf1b3d97 HTTP/1.1" 200 2994 "-" "Mozilla/5.0 AppleWebKit/537.36 (KHTML, like Gecko; compatible; GPTBot/1.2; +https://openai.com/gptbot)"
74.7.227.213 - - [05/Nov/2025:07:51:41 -0500] "GET /82d2d6/?action=edit&dir=//proc/sys/net/ipv4/conf/default&item=arp_accept HTTP/1.1" 200 3859 "-" "Mozilla/5.0 AppleWebKit/537.36 (KHTML, like Gecko; compatible; GPTBot/1.2; +https://openai.com/gptbot)"
74.7.227.12 - - [05/Nov/2025:07:51:41 -0500] "GET /82d2d6/?action=edit&dir=/home/biopekws/lscache/4/0/4&item=404a6f9ec0376398 HTTP/1.1" 200 3274 "-" "Mozilla/5.0 AppleWebKit/537.36 (KHTML, like Gecko; compatible; GPTBot/1.2; +https://openai.com/gptbot)"
170.106.165.76 - - [05/Nov/2025:07:51:42 -0500] "GET /classfuns.php HTTP/1.1" 200 23 "-" "Mozilla/5.0 (iPhone; CPU iPhone OS 13_2_3 like Mac OS X) AppleWebKit/605.1.15 (KHTML, like Gecko) Version/13.0.3 Mobile/15E148 Safari/604.1"
66.249.66.161 - - [05/Nov/2025:07:51:42 -0500] "GET /sitemap-subitems-1986.xml HTTP/1.1" 404 1251 "-" "Mozilla/5.0 (compatible; Googlebot/2.1; +http://www.google.com/bot.html)"
74.7.227.12 - - [05/Nov/2025:07:51:42 -0500] "GET /82d2d6/?action=edit&dir=/home/biopekws/lscache/8/a/7&item=8a7140a219436854 HTTP/1.1" 200 3126 "-" "Mozilla/5.0 AppleWebKit/537.36 (KHTML, like Gecko; compatible; GPTBot/1.2; +https://openai.com/gptbot)"
74.7.227.12 - - [05/Nov/2025:07:51:44 -0500] "GET /82d2d6/?action=edit&dir=/home/biopekws/lscache/1/8/4&item=184304572c171fa3 HTTP/1.1" 200 3150 "-" "Mozilla/5.0 AppleWebKit/537.36 (KHTML, like Gecko; compatible; GPTBot/1.2; +https://openai.com/gptbot)"
74.7.227.213 - - [05/Nov/2025:07:51:44 -0500] "GET /82d2d6/?action=rename&dir=//proc/sys/net/ipv4/conf/default&item=medium_id HTTP/1.1" 200 3829 "-" "Mozilla/5.0 AppleWebKit/537.36 (KHTML, like Gecko; compatible; GPTBot/1.2; +https://openai.com/gptbot)"
74.7.227.12 - - [05/Nov/2025:07:51:46 -0500] "GET /82d2d6/?action=edit&dir=/home/biopekws/lscache/8/5/5&item=85513e3f42c578b0 HTTP/1.1" 200 3097 "-" "Mozilla/5.0 AppleWebKit/537.36 (KHTML, like Gecko; compatible; GPTBot/1.2; +https://openai.com/gptbot)"
74.7.227.213 - - [05/Nov/2025:07:51:46 -0500] "GET /82d2d6/?action=edit&dir=//proc/sys/net/ipv4/conf/default&item=arp_filter HTTP/1.1" 200 3824 "-" "Mozilla/5.0 AppleWebKit/537.36 (KHTML, like Gecko; compatible; GPTBot/1.2; +https://openai.com/gptbot)"
74.7.227.12 - - [05/Nov/2025:07:51:47 -0500] "GET /82d2d6/?action=edit&dir=/home/biopekws/lscache/6/2/2&item=6225b541d7f743d9 HTTP/1.1" 200 2803 "-" "Mozilla/5.0 AppleWebKit/537.36 (KHTML, like Gecko; compatible; GPTBot/1.2; +https://openai.com/gptbot)"
74.7.227.213 - - [05/Nov/2025:07:51:49 -0500] "GET /82d2d6/?action=edit&dir=//proc/sys/net/ipv4/conf/default&item=rp_filter HTTP/1.1" 200 3819 "-" "Mozilla/5.0 AppleWebKit/537.36 (KHTML, like Gecko; compatible; GPTBot/1.2; +https://openai.com/gptbot)"
74.7.227.12 - - [05/Nov/2025:07:51:49 -0500] "GET /82d2d6/?action=edit&dir=/home/biopekws/lscache/8/1/7&item=817796c5e383942c HTTP/1.1" 200 3198 "-" "Mozilla/5.0 AppleWebKit/537.36 (KHTML, like Gecko; compatible; GPTBot/1.2; +https://openai.com/gptbot)"
74.7.227.12 - - [05/Nov/2025:07:51:51 -0500] "GET /82d2d6/?action=edit&dir=/home/biopekws/lscache/0/4/5&item=045c68873c71c3b8 HTTP/1.1" 200 2846 "-" "Mozilla/5.0 AppleWebKit/537.36 (KHTML, like Gecko; compatible; GPTBot/1.2; +https://openai.com/gptbot)"
74.7.227.213 - - [05/Nov/2025:07:51:52 -0500] "GET /82d2d6/?action=edit&dir=//proc/sys/net/ipv4/conf/default&item=arp_notify HTTP/1.1" 200 3850 "-" "Mozilla/5.0 AppleWebKit/537.36 (KHTML, like Gecko; compatible; GPTBot/1.2; +https://openai.com/gptbot)"
74.7.227.12 - - [05/Nov/2025:07:51:53 -0500] "GET /82d2d6/?action=edit&dir=/home/biopekws/lscache/9/c/5&item=9c559b0609727114 HTTP/1.1" 200 3482 "-" "Mozilla/5.0 AppleWebKit/537.36 (KHTML, like Gecko; compatible; GPTBot/1.2; +https://openai.com/gptbot)"
74.7.227.12 - - [05/Nov/2025:07:51:54 -0500] "GET /82d2d6/?action=edit&dir=/home/biopekws/lscache/9/a/4&item=9a496008e5e19379 HTTP/1.1" 200 3174 "-" "Mozilla/5.0 AppleWebKit/537.36 (KHTML, like Gecko; compatible; GPTBot/1.2; +https://openai.com/gptbot)"
74.7.227.12 - - [05/Nov/2025:07:51:56 -0500] "GET /82d2d6/?action=edit&dir=/home/biopekws/lscache/7/9/6&item=79682f0376d314cf HTTP/1.1" 200 3338 "-" "Mozilla/5.0 AppleWebKit/537.36 (KHTML, like Gecko; compatible; GPTBot/1.2; +https://openai.com/gptbot)"
74.7.227.213 - - [05/Nov/2025:07:51:56 -0500] "GET /82d2d6/?action=edit&dir=//proc/sys/net/ipv4/conf/default&item=accept_local HTTP/1.1" 200 3873 "-" "Mozilla/5.0 AppleWebKit/537.36 (KHTML, like Gecko; compatible; GPTBot/1.2; +https://openai.com/gptbot)"
74.7.227.12 - - [05/Nov/2025:07:51:57 -0500] "GET /82d2d6/?action=edit&dir=/home/biopekws/lscache/4/7/4&item=474f31eb3402f229 HTTP/1.1" 200 3133 "-" "Mozilla/5.0 AppleWebKit/537.36 (KHTML, like Gecko; compatible; GPTBot/1.2; +https://openai.com/gptbot)"
74.7.227.12 - - [05/Nov/2025:07:51:59 -0500] "GET /82d2d6/?action=edit&dir=/home/biopekws/lscache/6/2/0&item=62009415a71bd087 HTTP/1.1" 200 3365 "-" "Mozilla/5.0 AppleWebKit/537.36 (KHTML, like Gecko; compatible; GPTBot/1.2; +https://openai.com/gptbot)"
74.7.227.12 - - [05/Nov/2025:07:52:00 -0500] "GET /82d2d6/?action=edit&dir=/home/biopekws/lscache/1/7/5&item=1755723946e499bc HTTP/1.1" 200 3131 "-" "Mozilla/5.0 AppleWebKit/537.36 (KHTML, like Gecko; compatible; GPTBot/1.2; +https://openai.com/gptbot)"
74.7.227.213 - - [05/Nov/2025:07:52:02 -0500] "GET /82d2d6/?action=rename&dir=//proc/sys/net/ipv4/conf/default&item=accept_redirects HTTP/1.1" 200 3855 "-" "Mozilla/5.0 AppleWebKit/537.36 (KHTML, like Gecko; compatible; GPTBot/1.2; +https://openai.com/gptbot)"
74.7.227.12 - - [05/Nov/2025:07:52:02 -0500] "GET /82d2d6/?action=edit&dir=/home/biopekws/lscache/5/3/0&item=53046e01f77e83d9 HTTP/1.1" 200 3362 "-" "Mozilla/5.0 AppleWebKit/537.36 (KHTML, like Gecko; compatible; GPTBot/1.2; +https://openai.com/gptbot)"
