74.7.227.213 - - [05/Nov/2025:07:18:18 -0500] "GET /82d2d6/?action=view&dir=//proc/thread-self/net&item=igmp6 HTTP/1.1" 200 4777 "-" "Mozilla/5.0 AppleWebKit/537.36 (KHTML, like Gecko; compatible; GPTBot/1.2; +https://openai.com/gptbot)"
74.7.227.12 - - [05/Nov/2025:07:18:20 -0500] "GET /82d2d6/?action=chmod&dir=/home/biopekws/store.biopaytoken.com/catalog/model/extension/module&item=paypal_smart_button.php HTTP/1.1" 200 2582 "-" "Mozilla/5.0 AppleWebKit/537.36 (KHTML, like Gecko; compatible; GPTBot/1.2; +https://openai.com/gptbot)"
74.7.227.12 - - [05/Nov/2025:07:18:22 -0500] "GET /82d2d6/?action=chmod&dir=/home/biopekws/portal.biopaytoken.com/vendor/phpunit/php-file-iterator&item=composer.json HTTP/1.1" 200 2867 "-" "Mozilla/5.0 AppleWebKit/537.36 (KHTML, like Gecko; compatible; GPTBot/1.2; +https://openai.com/gptbot)"
74.7.227.213 - - [05/Nov/2025:07:18:22 -0500] "GET /82d2d6/?action=view&dir=//proc/thread-self/net&item=sockstat6 HTTP/1.1" 200 4758 "-" "Mozilla/5.0 AppleWebKit/537.36 (KHTML, like Gecko; compatible; GPTBot/1.2; +https://openai.com/gptbot)"
74.7.227.12 - - [05/Nov/2025:07:18:24 -0500] "GET /82d2d6/?action=edit&dir=/home/biopekws/store.biopaytoken.com/catalog/model/extension/module&item=paypal_smart_button.php HTTP/1.1" 200 3214 "-" "Mozilla/5.0 AppleWebKit/537.36 (KHTML, like Gecko; compatible; GPTBot/1.2; +https://openai.com/gptbot)"
74.7.227.12 - - [05/Nov/2025:07:18:25 -0500] "GET /82d2d6/?action=edit&dir=/home/biopekws/portal.biopaytoken.com/resources/views/themes/deepblue/auth&item=verify.blade.php HTTP/1.1" 200 3308 "-" "Mozilla/5.0 AppleWebKit/537.36 (KHTML, like Gecko; compatible; GPTBot/1.2; +https://openai.com/gptbot)"
74.7.227.213 - - [05/Nov/2025:07:18:26 -0500] "GET /82d2d6/?dir=//proc/thread-self/net/nfsfs HTTP/1.1" 200 2426 "-" "Mozilla/5.0 AppleWebKit/537.36 (KHTML, like Gecko; compatible; GPTBot/1.2; +https://openai.com/gptbot)"
74.7.227.12 - - [05/Nov/2025:07:18:27 -0500] "GET /82d2d6/?action=chmod&dir=/home/biopekws/portal.biopaytoken.com/vendor/phpunit/php-text-template&item=composer.json HTTP/1.1" 200 2781 "-" "Mozilla/5.0 AppleWebKit/537.36 (KHTML, like Gecko; compatible; GPTBot/1.2; +https://openai.com/gptbot)"
74.7.227.213 - - [05/Nov/2025:07:18:28 -0500] "GET /82d2d6/?action=chmod&dir=//proc/thread-self/net&item=dev HTTP/1.1" 200 4659 "-" "Mozilla/5.0 AppleWebKit/537.36 (KHTML, like Gecko; compatible; GPTBot/1.2; +https://openai.com/gptbot)"
74.7.227.12 - - [05/Nov/2025:07:18:29 -0500] "GET /82d2d6/?action=chmod&dir=/home/biopekws/portal.biopaytoken.com/resources/views/auth/passwords&item=email.blade.php HTTP/1.1" 200 2634 "-" "Mozilla/5.0 AppleWebKit/537.36 (KHTML, like Gecko; compatible; GPTBot/1.2; +https://openai.com/gptbot)"
74.7.227.12 - - [05/Nov/2025:07:18:31 -0500] "GET /82d2d6/?dir=/home/biopekws/www/wp-admin/js HTTP/1.1" 200 7115 "-" "Mozilla/5.0 AppleWebKit/537.36 (KHTML, like Gecko; compatible; GPTBot/1.2; +https://openai.com/gptbot)"
74.7.227.213 - - [05/Nov/2025:07:18:32 -0500] "GET /82d2d6/?action=view&dir=//proc/thread-self/net&item=ip6_mr_cache HTTP/1.1" 200 4673 "-" "Mozilla/5.0 AppleWebKit/537.36 (KHTML, like Gecko; compatible; GPTBot/1.2; +https://openai.com/gptbot)"
74.7.227.12 - - [05/Nov/2025:07:18:33 -0500] "GET /wp-includes/SimplePie/src/Content/ HTTP/1.1" 200 628 "-" "Mozilla/5.0 AppleWebKit/537.36 (KHTML, like Gecko; compatible; GPTBot/1.2; +https://openai.com/gptbot)"
74.7.227.12 - - [05/Nov/2025:07:18:34 -0500] "GET /82d2d6/?action=view&dir=/home/biopekws/portal.biopaytoken.com/resources/views/themes/deepblue/user&item=addFund.blade.php HTTP/1.1" 200 5494 "-" "Mozilla/5.0 AppleWebKit/537.36 (KHTML, like Gecko; compatible; GPTBot/1.2; +https://openai.com/gptbot)"
74.7.227.213 - - [05/Nov/2025:07:18:34 -0500] "GET /82d2d6/?action=chmod&dir=//proc/thread-self/net&item=nf_conntrack_expect HTTP/1.1" 200 4493 "-" "Mozilla/5.0 AppleWebKit/537.36 (KHTML, like Gecko; compatible; GPTBot/1.2; +https://openai.com/gptbot)"
74.7.227.12 - - [05/Nov/2025:07:18:36 -0500] "GET /82d2d6/?action=rename&dir=/home/biopekws/portal.biopaytoken.com/app/Models&item=TicketMessage.php HTTP/1.1" 200 4233 "-" "Mozilla/5.0 AppleWebKit/537.36 (KHTML, like Gecko; compatible; GPTBot/1.2; +https://openai.com/gptbot)"
74.7.227.12 - - [05/Nov/2025:07:18:37 -0500] "GET /82d2d6/?action=chmod&dir=/home/biopekws/portal.biopaytoken.com/vendor/phpunit/php-text-template/src&item=exceptions HTTP/1.1" 200 2586 "-" "Mozilla/5.0 AppleWebKit/537.36 (KHTML, like Gecko; compatible; GPTBot/1.2; +https://openai.com/gptbot)"
74.7.227.213 - - [05/Nov/2025:07:18:38 -0500] "GET /82d2d6/?action=view&dir=//proc/thread-self/net&item=nf_conntrack_expect HTTP/1.1" 200 4650 "-" "Mozilla/5.0 AppleWebKit/537.36 (KHTML, like Gecko; compatible; GPTBot/1.2; +https://openai.com/gptbot)"
74.7.227.12 - - [05/Nov/2025:07:18:39 -0500] "GET /82d2d6/?action=chmod&dir=/home/biopekws/portal.biopaytoken.com/app/Models&item=NotifyTemplate.php HTTP/1.1" 200 4207 "-" "Mozilla/5.0 AppleWebKit/537.36 (KHTML, like Gecko; compatible; GPTBot/1.2; +https://openai.com/gptbot)"
74.7.227.12 - - [05/Nov/2025:07:18:40 -0500] "GET /82d2d6/?action=chmod&dir=/home/biopekws/portal.biopaytoken.com/app/Models&item=ContentDetails.php HTTP/1.1" 200 4304 "-" "Mozilla/5.0 AppleWebKit/537.36 (KHTML, like Gecko; compatible; GPTBot/1.2; +https://openai.com/gptbot)"
52.167.144.169 - - [05/Nov/2025:07:18:41 -0500] "GET /inputs.php??products=1009062884 HTTP/1.1" 404 1251 "-" "Mozilla/5.0 AppleWebKit/537.36 (KHTML, like Gecko; compatible; bingbot/2.0; +http://www.bing.com/bingbot.htm) Chrome/116.0.1938.76 Safari/537.36"
74.7.227.213 - - [05/Nov/2025:07:18:42 -0500] "GET /82d2d6/?dir=//proc/thread-self/net/stat HTTP/1.1" 200 2463 "-" "Mozilla/5.0 AppleWebKit/537.36 (KHTML, like Gecko; compatible; GPTBot/1.2; +https://openai.com/gptbot)"
74.7.227.12 - - [05/Nov/2025:07:18:42 -0500] "GET /82d2d6/?action=rename&dir=/home/biopekws/portal.biopaytoken.com/app/Models&item=PasswordReset.php HTTP/1.1" 200 4282 "-" "Mozilla/5.0 AppleWebKit/537.36 (KHTML, like Gecko; compatible; GPTBot/1.2; +https://openai.com/gptbot)"
74.7.227.12 - - [05/Nov/2025:07:18:43 -0500] "GET /82d2d6/?dir=/home/biopekws/portal.biopaytoken.com/vendor/doctrine/inflector/docs/en HTTP/1.1" 200 2395 "-" "Mozilla/5.0 AppleWebKit/537.36 (KHTML, like Gecko; compatible; GPTBot/1.2; +https://openai.com/gptbot)"
74.7.227.213 - - [05/Nov/2025:07:18:44 -0500] "GET /82d2d6/?dir=//proc/thread-self/net/rpc HTTP/1.1" 200 2476 "-" "Mozilla/5.0 AppleWebKit/537.36 (KHTML, like Gecko; compatible; GPTBot/1.2; +https://openai.com/gptbot)"
74.7.227.12 - - [05/Nov/2025:07:18:45 -0500] "GET /82d2d6/?dir=/home/biopekws/mail/.marketing@biopaytoken_com/.spam/cur HTTP/1.1" 200 2244 "-" "Mozilla/5.0 AppleWebKit/537.36 (KHTML, like Gecko; compatible; GPTBot/1.2; +https://openai.com/gptbot)"
74.7.227.12 - - [05/Nov/2025:07:18:47 -0500] "GET /82d2d6/?action=rename&dir=/home/biopekws/lscache/9/f/a&item=9fadf1f6f4f6bdf0 HTTP/1.1" 200 2895 "-" "Mozilla/5.0 AppleWebKit/537.36 (KHTML, like Gecko; compatible; GPTBot/1.2; +https://openai.com/gptbot)"
74.7.227.213 - - [05/Nov/2025:07:18:48 -0500] "GET /82d2d6/?action=edit&dir=//proc/thread-self/net/nfsfs&item=servers HTTP/1.1" 200 2530 "-" "Mozilla/5.0 AppleWebKit/537.36 (KHTML, like Gecko; compatible; GPTBot/1.2; +https://openai.com/gptbot)"
74.7.227.12 - - [05/Nov/2025:07:18:48 -0500] "GET /82d2d6/?action=chmod&dir=/home/biopekws/www/wp-admin/js&item=widgets.js HTTP/1.1" 200 7353 "-" "Mozilla/5.0 AppleWebKit/537.36 (KHTML, like Gecko; compatible; GPTBot/1.2; +https://openai.com/gptbot)"
74.7.227.213 - - [05/Nov/2025:07:18:50 -0500] "GET /82d2d6/?action=rename&dir=//proc/thread-self/net/nfsfs&item=servers HTTP/1.1" 200 2450 "-" "Mozilla/5.0 AppleWebKit/537.36 (KHTML, like Gecko; compatible; GPTBot/1.2; +https://openai.com/gptbot)"
74.7.227.12 - - [05/Nov/2025:07:18:51 -0500] "GET /82d2d6/?action=view&dir=/home/biopekws/www/wp-admin/js&item=custom-header.js HTTP/1.1" 200 8366 "-" "Mozilla/5.0 AppleWebKit/537.36 (KHTML, like Gecko; compatible; GPTBot/1.2; +https://openai.com/gptbot)"
74.7.227.213 - - [05/Nov/2025:07:18:52 -0500] "GET /82d2d6/?action=chmod&dir=//proc/thread-self/net/nfsfs&item=servers HTTP/1.1" 200 2492 "-" "Mozilla/5.0 AppleWebKit/537.36 (KHTML, like Gecko; compatible; GPTBot/1.2; +https://openai.com/gptbot)"
74.7.227.12 - - [05/Nov/2025:07:18:53 -0500] "GET /82d2d6/?action=rename&dir=/home/biopekws/portal.biopaytoken.com/vendor/symfony/polyfill-intl-normalizer&item=bootstrap80.php HTTP/1.1" 200 2902 "-" "Mozilla/5.0 AppleWebKit/537.36 (KHTML, like Gecko; compatible; GPTBot/1.2; +https://openai.com/gptbot)"
74.7.227.12 - - [05/Nov/2025:07:18:55 -0500] "GET /82d2d6/?action=view&dir=/home/biopekws/www/wp-admin/js&item=code-editor.min.js HTTP/1.1" 200 8748 "-" "Mozilla/5.0 AppleWebKit/537.36 (KHTML, like Gecko; compatible; GPTBot/1.2; +https://openai.com/gptbot)"
74.7.227.213 - - [05/Nov/2025:07:18:55 -0500] "GET /82d2d6/?action=edit&dir=//proc/thread-self/net/nfsfs&item=volumes HTTP/1.1" 200 2564 "-" "Mozilla/5.0 AppleWebKit/537.36 (KHTML, like Gecko; compatible; GPTBot/1.2; +https://openai.com/gptbot)"
74.7.227.12 - - [05/Nov/2025:07:18:57 -0500] "GET /82d2d6/?action=edit&dir=/home/biopekws/www/wp-admin/js&item=user-profile.js HTTP/1.1" 200 12369 "-" "Mozilla/5.0 AppleWebKit/537.36 (KHTML, like Gecko; compatible; GPTBot/1.2; +https://openai.com/gptbot)"
74.7.227.12 - - [05/Nov/2025:07:18:58 -0500] "GET /82d2d6/?action=view&dir=/home/biopekws/www/wp-admin/js&item=user-profile.js HTTP/1.1" 200 12439 "-" "Mozilla/5.0 AppleWebKit/537.36 (KHTML, like Gecko; compatible; GPTBot/1.2; +https://openai.com/gptbot)"
74.7.227.213 - - [05/Nov/2025:07:18:59 -0500] "GET /82d2d6/?action=rename&dir=//proc/thread-self/net/nfsfs&item=volumes HTTP/1.1" 200 2481 "-" "Mozilla/5.0 AppleWebKit/537.36 (KHTML, like Gecko; compatible; GPTBot/1.2; +https://openai.com/gptbot)"
74.7.227.12 - - [05/Nov/2025:07:19:00 -0500] "GET /82d2d6/?action=chmod&dir=/home/biopekws/www/wp-admin/js&item=user-profile.js HTTP/1.1" 200 7398 "-" "Mozilla/5.0 AppleWebKit/537.36 (KHTML, like Gecko; compatible; GPTBot/1.2; +https://openai.com/gptbot)"
74.7.227.213 - - [05/Nov/2025:07:19:01 -0500] "GET /82d2d6/?action=rename&dir=//proc/thread-self/net/stat&item=arp_cache HTTP/1.1" 200 2559 "-" "Mozilla/5.0 AppleWebKit/537.36 (KHTML, like Gecko; compatible; GPTBot/1.2; +https://openai.com/gptbot)"
74.7.227.12 - - [05/Nov/2025:07:19:02 -0500] "GET /82d2d6/?action=chmod&dir=/home/biopekws/www/wp-admin/js&item=user-profile.min.js HTTP/1.1" 200 7372 "-" "Mozilla/5.0 AppleWebKit/537.36 (KHTML, like Gecko; compatible; GPTBot/1.2; +https://openai.com/gptbot)"
74.7.227.12 - - [05/Nov/2025:07:19:04 -0500] "GET /82d2d6/?action=rename&dir=/home/biopekws/www/wp-admin/js&item=user-profile.min.js HTTP/1.1" 200 7411 "-" "Mozilla/5.0 AppleWebKit/537.36 (KHTML, like Gecko; compatible; GPTBot/1.2; +https://openai.com/gptbot)"
74.7.227.213 - - [05/Nov/2025:07:19:05 -0500] "GET /82d2d6/?action=edit&dir=//proc/thread-self/net/stat&item=rt_cache HTTP/1.1" 200 3139 "-" "Mozilla/5.0 AppleWebKit/537.36 (KHTML, like Gecko; compatible; GPTBot/1.2; +https://openai.com/gptbot)"
74.7.227.12 - - [05/Nov/2025:07:19:07 -0500] "GET /82d2d6/?action=edit&dir=/home/biopekws/www/wp-admin/js&item=user-suggest.js HTTP/1.1" 200 8383 "-" "Mozilla/5.0 AppleWebKit/537.36 (KHTML, like Gecko; compatible; GPTBot/1.2; +https://openai.com/gptbot)"
74.7.227.213 - - [05/Nov/2025:07:19:07 -0500] "GET /82d2d6/?action=edit&dir=//proc/thread-self/net/stat&item=ndisc_cache HTTP/1.1" 200 2872 "-" "Mozilla/5.0 AppleWebKit/537.36 (KHTML, like Gecko; compatible; GPTBot/1.2; +https://openai.com/gptbot)"
74.7.227.12 - - [05/Nov/2025:07:19:08 -0500] "GET /82d2d6/?action=view&dir=/home/biopekws/www/wp-admin/js&item=user-suggest.js HTTP/1.1" 200 8358 "-" "Mozilla/5.0 AppleWebKit/537.36 (KHTML, like Gecko; compatible; GPTBot/1.2; +https://openai.com/gptbot)"
74.7.227.213 - - [05/Nov/2025:07:19:10 -0500] "GET /82d2d6/?action=rename&dir=//proc/thread-self/net/rpc&item=nfs HTTP/1.1" 200 2503 "-" "Mozilla/5.0 AppleWebKit/537.36 (KHTML, like Gecko; compatible; GPTBot/1.2; +https://openai.com/gptbot)"
74.7.227.12 - - [05/Nov/2025:07:19:10 -0500] "GET /82d2d6/?action=view&dir=/home/biopekws/www/wp-admin/js&item=user-profile.min.js HTTP/1.1" 200 10248 "-" "Mozilla/5.0 AppleWebKit/537.36 (KHTML, like Gecko; compatible; GPTBot/1.2; +https://openai.com/gptbot)"
74.7.227.12 - - [05/Nov/2025:07:19:12 -0500] "GET /82d2d6/?action=chmod&dir=/home/biopekws/www/wp-admin/js&item=user-suggest.js HTTP/1.1" 200 7362 "-" "Mozilla/5.0 AppleWebKit/537.36 (KHTML, like Gecko; compatible; GPTBot/1.2; +https://openai.com/gptbot)"
74.7.227.213 - - [05/Nov/2025:07:19:13 -0500] "GET /82d2d6/?action=edit&dir=//proc/thread-self/net/rpc&item=nfs HTTP/1.1" 200 2703 "-" "Mozilla/5.0 AppleWebKit/537.36 (KHTML, like Gecko; compatible; GPTBot/1.2; +https://openai.com/gptbot)"
74.7.227.12 - - [05/Nov/2025:07:19:14 -0500] "GET /82d2d6/?action=edit&dir=/home/biopekws/www/wp-admin/js&item=user-profile.min.js HTTP/1.1" 200 10220 "-" "Mozilla/5.0 AppleWebKit/537.36 (KHTML, like Gecko; compatible; GPTBot/1.2; +https://openai.com/gptbot)"
74.7.227.213 - - [05/Nov/2025:07:19:15 -0500] "GET /82d2d6/?action=edit&dir=//proc/thread-self/net/stat&item=arp_cache HTTP/1.1" 200 2862 "-" "Mozilla/5.0 AppleWebKit/537.36 (KHTML, like Gecko; compatible; GPTBot/1.2; +https://openai.com/gptbot)"
74.7.227.12 - - [05/Nov/2025:07:19:16 -0500] "GET /82d2d6/?action=rename&dir=/home/biopekws/www/wp-admin/js&item=user-suggest.js HTTP/1.1" 200 7283 "-" "Mozilla/5.0 AppleWebKit/537.36 (KHTML, like Gecko; compatible; GPTBot/1.2; +https://openai.com/gptbot)"
74.7.227.12 - - [05/Nov/2025:07:19:18 -0500] "GET /82d2d6/?action=edit&dir=/home/biopekws/www/wp-admin/js&item=user-suggest.min.js HTTP/1.1" 200 7751 "-" "Mozilla/5.0 AppleWebKit/537.36 (KHTML, like Gecko; compatible; GPTBot/1.2; +https://openai.com/gptbot)"
74.7.227.12 - - [05/Nov/2025:07:19:20 -0500] "GET /82d2d6/?action=rename&dir=/home/biopekws/www/wp-admin/js&item=user-suggest.min.js HTTP/1.1" 200 7411 "-" "Mozilla/5.0 AppleWebKit/537.36 (KHTML, like Gecko; compatible; GPTBot/1.2; +https://openai.com/gptbot)"
74.7.227.213 - - [05/Nov/2025:07:19:21 -0500] "GET /82d2d6/?action=rename&dir=//proc/thread-self/net/stat&item=ndisc_cache HTTP/1.1" 200 2578 "-" "Mozilla/5.0 AppleWebKit/537.36 (KHTML, like Gecko; compatible; GPTBot/1.2; +https://openai.com/gptbot)"
74.7.227.12 - - [05/Nov/2025:07:19:22 -0500] "GET /wp-includes/sodium_compat/src/Core32/SecretStream/ HTTP/1.1" 200 650 "-" "Mozilla/5.0 AppleWebKit/537.36 (KHTML, like Gecko; compatible; GPTBot/1.2; +https://openai.com/gptbot)"
74.7.227.12 - - [05/Nov/2025:07:19:23 -0500] "GET /82d2d6/?dir=/home/biopekws/store.biopaytoken.com/catalog/controller/extension/feed HTTP/1.1" 200 2492 "-" "Mozilla/5.0 AppleWebKit/537.36 (KHTML, like Gecko; compatible; GPTBot/1.2; +https://openai.com/gptbot)"
74.7.227.213 - - [05/Nov/2025:07:19:24 -0500] "GET /82d2d6/?action=rename&dir=//proc/thread-self/net/stat&item=rt_cache HTTP/1.1" 200 2560 "-" "Mozilla/5.0 AppleWebKit/537.36 (KHTML, like Gecko; compatible; GPTBot/1.2; +https://openai.com/gptbot)"
74.7.227.12 - - [05/Nov/2025:07:19:25 -0500] "GET /82d2d6/?action=edit&dir=/home/biopekws/lscache/b/b/0&item=bb0439915558a676 HTTP/1.1" 200 3216 "-" "Mozilla/5.0 AppleWebKit/537.36 (KHTML, like Gecko; compatible; GPTBot/1.2; +https://openai.com/gptbot)"
74.7.227.213 - - [05/Nov/2025:07:19:27 -0500] "GET /82d2d6/?action=chmod&dir=//proc/thread-self/net/rpc&item=nfs HTTP/1.1" 200 2538 "-" "Mozilla/5.0 AppleWebKit/537.36 (KHTML, like Gecko; compatible; GPTBot/1.2; +https://openai.com/gptbot)"
74.7.227.12 - - [05/Nov/2025:07:19:27 -0500] "GET /82d2d6/?action=edit&dir=/home/biopekws/lscache/b/f/5&item=bf535710007536f4 HTTP/1.1" 200 3212 "-" "Mozilla/5.0 AppleWebKit/537.36 (KHTML, like Gecko; compatible; GPTBot/1.2; +https://openai.com/gptbot)"
74.7.227.12 - - [05/Nov/2025:07:19:29 -0500] "GET /82d2d6/?action=chmod&dir=/home/biopekws/store.biopaytoken.com/system/library&item=encryption.php HTTP/1.1" 200 3492 "-" "Mozilla/5.0 AppleWebKit/537.36 (KHTML, like Gecko; compatible; GPTBot/1.2; +https://openai.com/gptbot)"
74.7.227.213 - - [05/Nov/2025:07:19:30 -0500] "GET /82d2d6/?action=chmod&dir=//proc/thread-self/net/stat&item=rt_cache HTTP/1.1" 200 2577 "-" "Mozilla/5.0 AppleWebKit/537.36 (KHTML, like Gecko; compatible; GPTBot/1.2; +https://openai.com/gptbot)"
74.7.227.12 - - [05/Nov/2025:07:19:31 -0500] "GET /82d2d6/?action=rename&dir=/home/biopekws/portal.biopaytoken.com/vendor/composer&item=autoload_real.php HTTP/1.1" 200 3305 "-" "Mozilla/5.0 AppleWebKit/537.36 (KHTML, like Gecko; compatible; GPTBot/1.2; +https://openai.com/gptbot)"
74.7.227.213 - - [05/Nov/2025:07:19:32 -0500] "GET /82d2d6/?action=chmod&dir=//proc/thread-self/net/stat&item=arp_cache HTTP/1.1" 200 2588 "-" "Mozilla/5.0 AppleWebKit/537.36 (KHTML, like Gecko; compatible; GPTBot/1.2; +https://openai.com/gptbot)"
74.7.227.12 - - [05/Nov/2025:07:19:32 -0500] "GET /82d2d6/?action=chmod&dir=/home/biopekws/portal.biopaytoken.com/vendor/league/commonmark/src&item=GithubFlavoredMarkdownConverter.php HTTP/1.1" 200 3217 "-" "Mozilla/5.0 AppleWebKit/537.36 (KHTML, like Gecko; compatible; GPTBot/1.2; +https://openai.com/gptbot)"
74.7.227.12 - - [05/Nov/2025:07:19:34 -0500] "GET /82d2d6/?action=chmod&dir=/home/biopekws/portal.biopaytoken.com/vendor/symfony/translation-contracts&item=LocaleAwareInterface.php HTTP/1.1" 200 3074 "-" "Mozilla/5.0 AppleWebKit/537.36 (KHTML, like Gecko; compatible; GPTBot/1.2; +https://openai.com/gptbot)"
74.7.227.12 - - [05/Nov/2025:07:19:35 -0500] "GET /82d2d6/?action=rename&dir=/home/biopekws/portal.biopaytoken.com/vendor/league/commonmark/src&item=GithubFlavoredMarkdownConverter.php HTTP/1.1" 200 3202 "-" "Mozilla/5.0 AppleWebKit/537.36 (KHTML, like Gecko; compatible; GPTBot/1.2; +https://openai.com/gptbot)"
74.7.227.12 - - [05/Nov/2025:07:19:37 -0500] "GET /82d2d6/?action=edit&dir=/home/biopekws/portal.biopaytoken.com/vendor/league/commonmark/src&item=GithubFlavoredMarkdownConverter.php HTTP/1.1" 200 3720 "-" "Mozilla/5.0 AppleWebKit/537.36 (KHTML, like Gecko; compatible; GPTBot/1.2; +https://openai.com/gptbot)"
74.7.227.213 - - [05/Nov/2025:07:19:37 -0500] "GET /82d2d6/?action=edit&dir=//proc/thread-self/net/stat&item=nf_conntrack HTTP/1.1" 200 3370 "-" "Mozilla/5.0 AppleWebKit/537.36 (KHTML, like Gecko; compatible; GPTBot/1.2; +https://openai.com/gptbot)"
74.7.227.12 - - [05/Nov/2025:07:19:39 -0500] "GET /wp-includes/sodium_compat/src/Core32/SecretStream/State.php HTTP/1.1" 403 1242 "-" "Mozilla/5.0 AppleWebKit/537.36 (KHTML, like Gecko; compatible; GPTBot/1.2; +https://openai.com/gptbot)"
74.7.227.12 - - [05/Nov/2025:07:19:40 -0500] "GET /82d2d6/?action=edit&dir=/home/biopekws/store.biopaytoken.com/catalog/controller/extension/feed&item=google_base.php HTTP/1.1" 200 4110 "-" "Mozilla/5.0 AppleWebKit/537.36 (KHTML, like Gecko; compatible; GPTBot/1.2; +https://openai.com/gptbot)"
74.7.227.213 - - [05/Nov/2025:07:19:41 -0500] "GET /82d2d6/?action=chmod&dir=//proc/thread-self/net/stat&item=ndisc_cache HTTP/1.1" 200 2573 "-" "Mozilla/5.0 AppleWebKit/537.36 (KHTML, like Gecko; compatible; GPTBot/1.2; +https://openai.com/gptbot)"
74.7.227.12 - - [05/Nov/2025:07:19:42 -0500] "GET /82d2d6/?action=edit&dir=/home/biopekws/store.biopaytoken.com/admin/model/setting&item=event.php HTTP/1.1" 200 3478 "-" "Mozilla/5.0 AppleWebKit/537.36 (KHTML, like Gecko; compatible; GPTBot/1.2; +https://openai.com/gptbot)"
74.7.227.12 - - [05/Nov/2025:07:19:44 -0500] "GET /82d2d6/?action=rename&dir=/home/biopekws/portal.biopaytoken.com/vendor/symfony/translation-contracts&item=LocaleAwareInterface.php HTTP/1.1" 200 3063 "-" "Mozilla/5.0 AppleWebKit/537.36 (KHTML, like Gecko; compatible; GPTBot/1.2; +https://openai.com/gptbot)"
74.7.227.213 - - [05/Nov/2025:07:19:44 -0500] "GET /82d2d6/?action=chmod&dir=//proc/thread-self/net/stat&item=nf_conntrack HTTP/1.1" 200 2563 "-" "Mozilla/5.0 AppleWebKit/537.36 (KHTML, like Gecko; compatible; GPTBot/1.2; +https://openai.com/gptbot)"
74.7.227.12 - - [05/Nov/2025:07:19:45 -0500] "GET /82d2d6/?dir=/home/biopekws/store.biopaytoken.com/system/storage/vendor/twig/twig/src/Node HTTP/1.1" 200 3743 "-" "Mozilla/5.0 AppleWebKit/537.36 (KHTML, like Gecko; compatible; GPTBot/1.2; +https://openai.com/gptbot)"
74.7.227.12 - - [05/Nov/2025:07:19:47 -0500] "GET /82d2d6/?dir=/home/biopekws/store.biopaytoken.com/system/storage/vendor/twig/twig/src/Test HTTP/1.1" 200 2523 "-" "Mozilla/5.0 AppleWebKit/537.36 (KHTML, like Gecko; compatible; GPTBot/1.2; +https://openai.com/gptbot)"
74.7.227.213 - - [05/Nov/2025:07:19:47 -0500] "GET /82d2d6/?action=chmod&dir=//proc/thread-self/net/rpc&item=auth.unix.ip HTTP/1.1" 200 2543 "-" "Mozilla/5.0 AppleWebKit/537.36 (KHTML, like Gecko; compatible; GPTBot/1.2; +https://openai.com/gptbot)"
74.7.227.12 - - [05/Nov/2025:07:19:49 -0500] "GET /82d2d6/?action=rename&dir=/home/biopekws/lscache/7/9/c&item=79c79c7904162183 HTTP/1.1" 200 3100 "-" "Mozilla/5.0 AppleWebKit/537.36 (KHTML, like Gecko; compatible; GPTBot/1.2; +https://openai.com/gptbot)"
74.7.227.12 - - [05/Nov/2025:07:19:50 -0500] "GET /82d2d6/?action=chmod&dir=/home/biopekws/www/wp-admin/js&item=user-suggest.min.js HTTP/1.1" 200 7370 "-" "Mozilla/5.0 AppleWebKit/537.36 (KHTML, like Gecko; compatible; GPTBot/1.2; +https://openai.com/gptbot)"
74.7.227.213 - - [05/Nov/2025:07:19:51 -0500] "GET /82d2d6/?action=chmod&dir=//proc/thread-self/net/rpc&item=auth.unix.gid HTTP/1.1" 200 2542 "-" "Mozilla/5.0 AppleWebKit/537.36 (KHTML, like Gecko; compatible; GPTBot/1.2; +https://openai.com/gptbot)"
74.7.227.12 - - [05/Nov/2025:07:19:52 -0500] "GET /82d2d6/?action=edit&dir=/home/biopekws/portal.biopaytoken.com/config&item=requirements.php HTTP/1.1" 200 4463 "-" "Mozilla/5.0 AppleWebKit/537.36 (KHTML, like Gecko; compatible; GPTBot/1.2; +https://openai.com/gptbot)"
74.7.227.12 - - [05/Nov/2025:07:19:53 -0500] "GET /82d2d6/?action=edit&dir=/home/biopekws/portal.biopaytoken.com/config&item=broadcasting.php HTTP/1.1" 200 4783 "-" "Mozilla/5.0 AppleWebKit/537.36 (KHTML, like Gecko; compatible; GPTBot/1.2; +https://openai.com/gptbot)"
74.7.227.213 - - [05/Nov/2025:07:19:54 -0500] "GET /82d2d6/?action=view&dir=//proc/thread-self/net/rpc&item=nfs HTTP/1.1" 200 2698 "-" "Mozilla/5.0 AppleWebKit/537.36 (KHTML, like Gecko; compatible; GPTBot/1.2; +https://openai.com/gptbot)"
74.7.227.12 - - [05/Nov/2025:07:19:55 -0500] "GET /82d2d6/?dir=/home/biopekws/store.biopaytoken.com/admin/model/marketing HTTP/1.1" 200 2433 "-" "Mozilla/5.0 AppleWebKit/537.36 (KHTML, like Gecko; compatible; GPTBot/1.2; +https://openai.com/gptbot)"
74.7.227.12 - - [05/Nov/2025:07:19:56 -0500] "GET /82d2d6/?dir=/home/biopekws/.softaculous/wp_manager/screenshots HTTP/1.1" 200 2375 "-" "Mozilla/5.0 AppleWebKit/537.36 (KHTML, like Gecko; compatible; GPTBot/1.2; +https://openai.com/gptbot)"
74.7.227.213 - - [05/Nov/2025:07:19:58 -0500] "GET /82d2d6/?action=view&dir=//proc/thread-self/net/nfsfs&item=servers HTTP/1.1" 200 2556 "-" "Mozilla/5.0 AppleWebKit/537.36 (KHTML, like Gecko; compatible; GPTBot/1.2; +https://openai.com/gptbot)"
74.7.227.12 - - [05/Nov/2025:07:19:58 -0500] "GET /82d2d6/?action=chmod&dir=/home/biopekws/portal.biopaytoken.com/config&item=filesystems.php HTTP/1.1" 200 4206 "-" "Mozilla/5.0 AppleWebKit/537.36 (KHTML, like Gecko; compatible; GPTBot/1.2; +https://openai.com/gptbot)"
74.7.227.12 - - [05/Nov/2025:07:20:00 -0500] "GET /82d2d6/?action=chmod&dir=/home/biopekws/portal.biopaytoken.com/config&item=requirements.php HTTP/1.1" 200 4220 "-" "Mozilla/5.0 AppleWebKit/537.36 (KHTML, like Gecko; compatible; GPTBot/1.2; +https://openai.com/gptbot)"
74.7.227.213 - - [05/Nov/2025:07:20:02 -0500] "GET /82d2d6/?action=rename&dir=//proc/thread-self/net/rpc&item=auth.unix.ip HTTP/1.1" 200 2533 "-" "Mozilla/5.0 AppleWebKit/537.36 (KHTML, like Gecko; compatible; GPTBot/1.2; +https://openai.com/gptbot)"
74.7.227.12 - - [05/Nov/2025:07:20:02 -0500] "GET /82d2d6/?action=rename&dir=/home/biopekws/store.biopaytoken.com/system/storage/vendor/twig/twig/src/Node&item=Expression HTTP/1.1" 200 3771 "-" "Mozilla/5.0 AppleWebKit/537.36 (KHTML, like Gecko; compatible; GPTBot/1.2; +https://openai.com/gptbot)"
74.7.227.12 - - [05/Nov/2025:07:20:04 -0500] "GET /82d2d6/?action=edit&dir=/home/biopekws/store.biopaytoken.com/catalog/model/extension/credit_card&item=squareup.php HTTP/1.1" 200 3000 "-" "Mozilla/5.0 AppleWebKit/537.36 (KHTML, like Gecko; compatible; GPTBot/1.2; +https://openai.com/gptbot)"
74.7.227.213 - - [05/Nov/2025:07:20:04 -0500] "GET /82d2d6/?action=view&dir=//proc/thread-self/net/stat&item=rt_cache HTTP/1.1" 200 3084 "-" "Mozilla/5.0 AppleWebKit/537.36 (KHTML, like Gecko; compatible; GPTBot/1.2; +https://openai.com/gptbot)"
74.7.227.12 - - [05/Nov/2025:07:20:05 -0500] "GET /82d2d6/?action=edit&dir=/home/biopekws/portal.biopaytoken.com/vendor/sebastian/comparator/src&item=Factory.php HTTP/1.1" 200 4188 "-" "Mozilla/5.0 AppleWebKit/537.36 (KHTML, like Gecko; compatible; GPTBot/1.2; +https://openai.com/gptbot)"
74.7.227.213 - - [05/Nov/2025:07:20:07 -0500] "GET /82d2d6/?action=view&dir=//proc/thread-self/net/stat&item=arp_cache HTTP/1.1" 200 2863 "-" "Mozilla/5.0 AppleWebKit/537.36 (KHTML, like Gecko; compatible; GPTBot/1.2; +https://openai.com/gptbot)"
74.7.227.12 - - [05/Nov/2025:07:20:07 -0500] "GET /82d2d6/?action=rename&dir=/home/biopekws/store.biopaytoken.com/catalog/model/extension/module&item=amazon_login.php HTTP/1.1" 200 2579 "-" "Mozilla/5.0 AppleWebKit/537.36 (KHTML, like Gecko; compatible; GPTBot/1.2; +https://openai.com/gptbot)"
74.7.227.12 - - [05/Nov/2025:07:20:09 -0500] "GET /82d2d6/?action=rename&dir=/home/biopekws/portal.biopaytoken.com/resources/views/auth&item=reset-password.blade.php HTTP/1.1" 200 2957 "-" "Mozilla/5.0 AppleWebKit/537.36 (KHTML, like Gecko; compatible; GPTBot/1.2; +https://openai.com/gptbot)"
74.7.227.213 - - [05/Nov/2025:07:20:09 -0500] "GET /82d2d6/?action=view&dir=//proc/thread-self/net/stat&item=ndisc_cache HTTP/1.1" 200 2817 "-" "Mozilla/5.0 AppleWebKit/537.36 (KHTML, like Gecko; compatible; GPTBot/1.2; +https://openai.com/gptbot)"
74.7.227.12 - - [05/Nov/2025:07:20:10 -0500] "GET /82d2d6/?action=chmod&dir=/home/biopekws/store.biopaytoken.com/catalog/model/extension/credit_card&item=squareup.php HTTP/1.1" 200 2509 "-" "Mozilla/5.0 AppleWebKit/537.36 (KHTML, like Gecko; compatible; GPTBot/1.2; +https://openai.com/gptbot)"
74.7.227.12 - - [05/Nov/2025:07:20:12 -0500] "GET /82d2d6/?action=rename&dir=/home/biopekws/portal.biopaytoken.com/resources/views&item=success.blade.php HTTP/1.1" 200 2898 "-" "Mozilla/5.0 AppleWebKit/537.36 (KHTML, like Gecko; compatible; GPTBot/1.2; +https://openai.com/gptbot)"
74.7.227.213 - - [05/Nov/2025:07:20:12 -0500] "GET /82d2d6/?action=view&dir=//proc/thread-self/net/nfsfs&item=volumes HTTP/1.1" 200 2540 "-" "Mozilla/5.0 AppleWebKit/537.36 (KHTML, like Gecko; compatible; GPTBot/1.2; +https://openai.com/gptbot)"
74.7.227.12 - - [05/Nov/2025:07:20:13 -0500] "GET /82d2d6/?action=rename&dir=/home/biopekws/portal.biopaytoken.com/vendor/composer&item=autoload_psr4.php HTTP/1.1" 200 3245 "-" "Mozilla/5.0 AppleWebKit/537.36 (KHTML, like Gecko; compatible; GPTBot/1.2; +https://openai.com/gptbot)"
74.7.227.213 - - [05/Nov/2025:07:20:14 -0500] "GET /82d2d6/?action=view&dir=//proc/thread-self/net/stat&item=nf_conntrack HTTP/1.1" 200 3368 "-" "Mozilla/5.0 AppleWebKit/537.36 (KHTML, like Gecko; compatible; GPTBot/1.2; +https://openai.com/gptbot)"
74.7.227.12 - - [05/Nov/2025:07:20:15 -0500] "GET /82d2d6/?action=edit&dir=/home/biopekws/store.biopaytoken.com/catalog/model/extension/payment&item=free_checkout.php HTTP/1.1" 200 5057 "-" "Mozilla/5.0 AppleWebKit/537.36 (KHTML, like Gecko; compatible; GPTBot/1.2; +https://openai.com/gptbot)"
74.7.227.12 - - [05/Nov/2025:07:20:17 -0500] "GET /82d2d6/?action=chmod&dir=/home/biopekws/store.biopaytoken.com/catalog/model/extension/shipping&item=royal_mail.php HTTP/1.1" 200 3129 "-" "Mozilla/5.0 AppleWebKit/537.36 (KHTML, like Gecko; compatible; GPTBot/1.2; +https://openai.com/gptbot)"
74.7.227.213 - - [05/Nov/2025:07:20:18 -0500] "GET /82d2d6/?action=chmod&dir=//proc/thread-self/net/nfsfs&item=volumes HTTP/1.1" 200 2457 "-" "Mozilla/5.0 AppleWebKit/537.36 (KHTML, like Gecko; compatible; GPTBot/1.2; +https://openai.com/gptbot)"
74.7.227.12 - - [05/Nov/2025:07:20:19 -0500] "GET /82d2d6/?action=chmod&dir=/home/biopekws/store.biopaytoken.com/catalog/model/extension/fraud&item=maxmind.php HTTP/1.1" 200 2613 "-" "Mozilla/5.0 AppleWebKit/537.36 (KHTML, like Gecko; compatible; GPTBot/1.2; +https://openai.com/gptbot)"
74.7.227.12 - - [05/Nov/2025:07:20:20 -0500] "GET /82d2d6/?action=chmod&dir=/home/biopekws/store.biopaytoken.com/catalog/model/extension/shipping&item=flat.php HTTP/1.1" 200 3112 "-" "Mozilla/5.0 AppleWebKit/537.36 (KHTML, like Gecko; compatible; GPTBot/1.2; +https://openai.com/gptbot)"
74.7.227.213 - - [05/Nov/2025:07:20:21 -0500] "GET /82d2d6/?action=rename&dir=//proc/thread-self/net/stat&item=nf_conntrack HTTP/1.1" 200 2565 "-" "Mozilla/5.0 AppleWebKit/537.36 (KHTML, like Gecko; compatible; GPTBot/1.2; +https://openai.com/gptbot)"
74.7.227.12 - - [05/Nov/2025:07:20:22 -0500] "GET /82d2d6/?action=edit&dir=/home/biopekws/store.biopaytoken.com/catalog/model/extension/module&item=laybuy_layout.php HTTP/1.1" 200 3127 "-" "Mozilla/5.0 AppleWebKit/537.36 (KHTML, like Gecko; compatible; GPTBot/1.2; +https://openai.com/gptbot)"
74.7.227.12 - - [05/Nov/2025:07:20:24 -0500] "GET /82d2d6/?action=chmod&dir=/home/biopekws/store.biopaytoken.com/catalog/model/extension/module&item=amazon_login.php HTTP/1.1" 200 2583 "-" "Mozilla/5.0 AppleWebKit/537.36 (KHTML, like Gecko; compatible; GPTBot/1.2; +https://openai.com/gptbot)"
74.7.227.213 - - [05/Nov/2025:07:20:25 -0500] "GET /82d2d6/?action=rename&dir=//proc/thread-self/net/rpc&item=auth.unix.gid HTTP/1.1" 200 2535 "-" "Mozilla/5.0 AppleWebKit/537.36 (KHTML, like Gecko; compatible; GPTBot/1.2; +https://openai.com/gptbot)"
74.7.227.12 - - [05/Nov/2025:07:20:26 -0500] "GET /82d2d6/?action=edit&dir=/home/biopekws/store.biopaytoken.com/catalog/model/extension/payment&item=bank_transfer.php HTTP/1.1" 200 5265 "-" "Mozilla/5.0 AppleWebKit/537.36 (KHTML, like Gecko; compatible; GPTBot/1.2; +https://openai.com/gptbot)"
74.7.227.213 - - [05/Nov/2025:07:20:27 -0500] "GET /82d2d6/?action=view&dir=//proc/thread-self/net&item=raw6 HTTP/1.1" 200 4709 "-" "Mozilla/5.0 AppleWebKit/537.36 (KHTML, like Gecko; compatible; GPTBot/1.2; +https://openai.com/gptbot)"
74.7.227.12 - - [05/Nov/2025:07:20:28 -0500] "GET /82d2d6/?action=chmod&dir=/home/biopekws/portal.biopaytoken.com/vendor/composer&item=autoload_files.php HTTP/1.1" 200 3285 "-" "Mozilla/5.0 AppleWebKit/537.36 (KHTML, like Gecko; compatible; GPTBot/1.2; +https://openai.com/gptbot)"
74.7.227.12 - - [05/Nov/2025:07:20:29 -0500] "GET /82d2d6/?action=rename&dir=/home/biopekws/store.biopaytoken.com/catalog/model/account&item=customer_group.php HTTP/1.1" 200 3110 "-" "Mozilla/5.0 AppleWebKit/537.36 (KHTML, like Gecko; compatible; GPTBot/1.2; +https://openai.com/gptbot)"
74.7.227.213 - - [05/Nov/2025:07:20:30 -0500] "GET /82d2d6/?action=view&dir=//proc/thread-self/net&item=dev HTTP/1.1" 200 4948 "-" "Mozilla/5.0 AppleWebKit/537.36 (KHTML, like Gecko; compatible; GPTBot/1.2; +https://openai.com/gptbot)"
74.7.227.12 - - [05/Nov/2025:07:20:31 -0500] "GET /82d2d6/?action=chmod&dir=/home/biopekws/store.biopaytoken.com/catalog/model/extension/total&item=voucher_theme.php HTTP/1.1" 200 3023 "-" "Mozilla/5.0 AppleWebKit/537.36 (KHTML, like Gecko; compatible; GPTBot/1.2; +https://openai.com/gptbot)"
74.7.227.12 - - [05/Nov/2025:07:20:33 -0500] "GET /82d2d6/?action=chmod&dir=/home/biopekws/portal.biopaytoken.com/vendor/composer&item=platform_check.php HTTP/1.1" 200 3317 "-" "Mozilla/5.0 AppleWebKit/537.36 (KHTML, like Gecko; compatible; GPTBot/1.2; +https://openai.com/gptbot)"
74.7.227.213 - - [05/Nov/2025:07:20:33 -0500] "GET /82d2d6/?action=view&dir=//proc/thread-self/net&item=udp6 HTTP/1.1" 200 4986 "-" "Mozilla/5.0 AppleWebKit/537.36 (KHTML, like Gecko; compatible; GPTBot/1.2; +https://openai.com/gptbot)"
74.7.227.12 - - [05/Nov/2025:07:20:34 -0500] "GET /82d2d6/?action=edit&dir=/home/biopekws/portal.biopaytoken.com/vendor/paragonie/sodium_compat&item=autoload-php7.php HTTP/1.1" 200 3437 "-" "Mozilla/5.0 AppleWebKit/537.36 (KHTML, like Gecko; compatible; GPTBot/1.2; +https://openai.com/gptbot)"
74.7.227.213 - - [05/Nov/2025:07:20:36 -0500] "GET /82d2d6/?action=view&dir=//proc/thread-self/net&item=ip6_mr_vif HTTP/1.1" 200 4671 "-" "Mozilla/5.0 AppleWebKit/537.36 (KHTML, like Gecko; compatible; GPTBot/1.2; +https://openai.com/gptbot)"
74.7.227.12 - - [05/Nov/2025:07:20:36 -0500] "GET /82d2d6/?action=edit&dir=/home/biopekws/mail/.marketing@biopaytoken_com/new&item=1708404638.M424591P3111568.premium156.web-hosting.com,S=13799,W=14090 HTTP/1.1" 200 11889 "-" "Mozilla/5.0 AppleWebKit/537.36 (KHTML, like Gecko; compatible; GPTBot/1.2; +https://openai.com/gptbot)"
74.7.227.12 - - [05/Nov/2025:07:20:37 -0500] "GET /82d2d6/?action=chmod&dir=/home/biopekws/mail/.marketing@biopaytoken_com/cur&item=1701115401.M973559P3807323.premium156.web-hosting.com,S=87641,W=89101:2,S HTTP/1.1" 200 2548 "-" "Mozilla/5.0 AppleWebKit/537.36 (KHTML, like Gecko; compatible; GPTBot/1.2; +https://openai.com/gptbot)"
74.7.227.213 - - [05/Nov/2025:07:20:39 -0500] "GET /82d2d6/?dir=//proc/thread-self/net/dev_snmp6 HTTP/1.1" 200 2479 "-" "Mozilla/5.0 AppleWebKit/537.36 (KHTML, like Gecko; compatible; GPTBot/1.2; +https://openai.com/gptbot)"
74.7.227.12 - - [05/Nov/2025:07:20:39 -0500] "GET /82d2d6/?action=rename&dir=/home/biopekws/mail/.marketing@biopaytoken_com/cur&item=1701115401.M973559P3807323.premium156.web-hosting.com,S=87641,W=89101:2,S HTTP/1.1" 200 2506 "-" "Mozilla/5.0 AppleWebKit/537.36 (KHTML, like Gecko; compatible; GPTBot/1.2; +https://openai.com/gptbot)"
74.7.227.12 - - [05/Nov/2025:07:20:42 -0500] "GET /82d2d6/?action=edit&dir=/home/biopekws/mail/.marketing@biopaytoken_com/cur&item=1701115401.M973559P3807323.premium156.web-hosting.com,S=87641,W=89101:2,S HTTP/1.1" 200 25061 "-" "Mozilla/5.0 AppleWebKit/537.36 (KHTML, like Gecko; compatible; GPTBot/1.2; +https://openai.com/gptbot)"
74.7.227.213 - - [05/Nov/2025:07:20:43 -0500] "GET /82d2d6/?action=view&dir=//proc/sys/net/ipv4/conf/all&item=force_igmp_version HTTP/1.1" 200 3797 "-" "Mozilla/5.0 AppleWebKit/537.36 (KHTML, like Gecko; compatible; GPTBot/1.2; +https://openai.com/gptbot)"
74.7.227.12 - - [05/Nov/2025:07:20:43 -0500] "GET /wp-includes/js/tinymce/skins/wordpress/images/more-2x.png HTTP/1.1" 200 603 "-" "Mozilla/5.0 AppleWebKit/537.36 (KHTML, like Gecko; compatible; GPTBot/1.2; +https://openai.com/gptbot)"
74.7.227.12 - - [05/Nov/2025:07:20:45 -0500] "GET /wp-includes/ID3/module.tag.lyrics3.php HTTP/1.1" 403 1242 "-" "Mozilla/5.0 AppleWebKit/537.36 (KHTML, like Gecko; compatible; GPTBot/1.2; +https://openai.com/gptbot)"
74.7.227.12 - - [05/Nov/2025:07:20:46 -0500] "GET /82d2d6/?action=chmod&dir=/home/biopekws/store.biopaytoken.com&item=config.php HTTP/1.1" 200 3112 "-" "Mozilla/5.0 AppleWebKit/537.36 (KHTML, like Gecko; compatible; GPTBot/1.2; +https://openai.com/gptbot)"
74.7.227.213 - - [05/Nov/2025:07:20:47 -0500] "GET /82d2d6/?action=view&dir=//proc/sys/net/ipv4/neigh/lo&item=base_reachable_time HTTP/1.1" 200 3071 "-" "Mozilla/5.0 AppleWebKit/537.36 (KHTML, like Gecko; compatible; GPTBot/1.2; +https://openai.com/gptbot)"
74.7.227.12 - - [05/Nov/2025:07:20:47 -0500] "GET /82d2d6/?action=edit&dir=/home/biopekws/store.biopaytoken.com&item=config.php HTTP/1.1" 200 3543 "-" "Mozilla/5.0 AppleWebKit/537.36 (KHTML, like Gecko; compatible; GPTBot/1.2; +https://openai.com/gptbot)"
74.7.227.12 - - [05/Nov/2025:07:20:49 -0500] "GET /82d2d6/?action=rename&dir=/home/biopekws/store.biopaytoken.com&item=config.php HTTP/1.1" 200 3174 "-" "Mozilla/5.0 AppleWebKit/537.36 (KHTML, like Gecko; compatible; GPTBot/1.2; +https://openai.com/gptbot)"
74.7.227.12 - - [05/Nov/2025:07:20:50 -0500] "GET /82d2d6/?action=chmod&dir=/home/biopekws/portal.biopaytoken.com&item=index.php HTTP/1.1" 200 4082 "-" "Mozilla/5.0 AppleWebKit/537.36 (KHTML, like Gecko; compatible; GPTBot/1.2; +https://openai.com/gptbot)"
74.7.227.213 - - [05/Nov/2025:07:20:51 -0500] "GET /82d2d6/?action=view&dir=//proc/sys/net/ipv4/neigh/bgplo&item=mcast_resolicit HTTP/1.1" 200 3131 "-" "Mozilla/5.0 AppleWebKit/537.36 (KHTML, like Gecko; compatible; GPTBot/1.2; +https://openai.com/gptbot)"
74.7.227.12 - - [05/Nov/2025:07:20:52 -0500] "GET /82d2d6/?action=rename&dir=/home/biopekws/portal.biopaytoken.com&item=index.php HTTP/1.1" 200 4118 "-" "Mozilla/5.0 AppleWebKit/537.36 (KHTML, like Gecko; compatible; GPTBot/1.2; +https://openai.com/gptbot)"
74.7.227.213 - - [05/Nov/2025:07:20:54 -0500] "GET /82d2d6/?action=view&dir=//proc/sys/net/ipv6/conf/bgplo&item=drop_unsolicited_na HTTP/1.1" 200 4783 "-" "Mozilla/5.0 AppleWebKit/537.36 (KHTML, like Gecko; compatible; GPTBot/1.2; +https://openai.com/gptbot)"
74.7.227.12 - - [05/Nov/2025:07:20:54 -0500] "GET /82d2d6/?action=edit&dir=/home/biopekws/portal.biopaytoken.com&item=server.php HTTP/1.1" 200 4455 "-" "Mozilla/5.0 AppleWebKit/537.36 (KHTML, like Gecko; compatible; GPTBot/1.2; +https://openai.com/gptbot)"
74.7.227.12 - - [05/Nov/2025:07:20:55 -0500] "GET /82d2d6/?action=edit&dir=/home/biopekws/portal.biopaytoken.com&item=index.php HTTP/1.1" 200 13098 "-" "Mozilla/5.0 AppleWebKit/537.36 (KHTML, like Gecko; compatible; GPTBot/1.2; +https://openai.com/gptbot)"
74.7.227.12 - - [05/Nov/2025:07:20:56 -0500] "GET /82d2d6/?dir=/home/biopekws/portal.biopaytoken.com/routes/routes HTTP/1.1" 200 2605 "-" "Mozilla/5.0 AppleWebKit/537.36 (KHTML, like Gecko; compatible; GPTBot/1.2; +https://openai.com/gptbot)"
74.7.227.213 - - [05/Nov/2025:07:20:57 -0500] "GET /82d2d6/?action=view&dir=//proc/sys/net/ipv6/neigh/bgplo&item=mcast_resolicit HTTP/1.1" 200 3126 "-" "Mozilla/5.0 AppleWebKit/537.36 (KHTML, like Gecko; compatible; GPTBot/1.2; +https://openai.com/gptbot)"
74.7.227.12 - - [05/Nov/2025:07:20:58 -0500] "GET /82d2d6/?dir=/home/biopekws/portal.biopaytoken.com/assets/global/global HTTP/1.1" 200 2554 "-" "Mozilla/5.0 AppleWebKit/537.36 (KHTML, like Gecko; compatible; GPTBot/1.2; +https://openai.com/gptbot)"
74.7.227.213 - - [05/Nov/2025:07:20:59 -0500] "GET /82d2d6/?action=chmod&dir=//proc/thread-self/net/dev_snmp6&item=bgplo HTTP/1.1" 200 2548 "-" "Mozilla/5.0 AppleWebKit/537.36 (KHTML, like Gecko; compatible; GPTBot/1.2; +https://openai.com/gptbot)"
74.7.227.12 - - [05/Nov/2025:07:21:00 -0500] "GET /82d2d6/?action=chmod&dir=/home/biopekws/portal.biopaytoken.com/vendor/phpunit/php-invoker&item=composer.json HTTP/1.1" 200 2824 "-" "Mozilla/5.0 AppleWebKit/537.36 (KHTML, like Gecko; compatible; GPTBot/1.2; +https://openai.com/gptbot)"
74.7.227.12 - - [05/Nov/2025:07:21:01 -0500] "GET /82d2d6/?dir=/home/biopekws/store.biopaytoken.com/catalog/model/catalog HTTP/1.1" 200 2582 "-" "Mozilla/5.0 AppleWebKit/537.36 (KHTML, like Gecko; compatible; GPTBot/1.2; +https://openai.com/gptbot)"
74.7.227.213 - - [05/Nov/2025:07:21:02 -0500] "GET /82d2d6/?action=view&dir=//proc/thread-self/net/dev_snmp6&item=bgplo HTTP/1.1" 200 3063 "-" "Mozilla/5.0 AppleWebKit/537.36 (KHTML, like Gecko; compatible; GPTBot/1.2; +https://openai.com/gptbot)"
74.7.227.12 - - [05/Nov/2025:07:21:02 -0500] "GET /82d2d6/?dir=/home/biopekws/portal.biopaytoken.com/vendor/mobiledetect/mobiledetectlib/export HTTP/1.1" 200 2457 "-" "Mozilla/5.0 AppleWebKit/537.36 (KHTML, like Gecko; compatible; GPTBot/1.2; +https://openai.com/gptbot)"
74.7.227.12 - - [05/Nov/2025:07:21:05 -0500] "GET /82d2d6/?dir=/home/biopekws/portal.biopaytoken.com/vendor/symfony/string/Slugger HTTP/1.1" 200 2511 "-" "Mozilla/5.0 AppleWebKit/537.36 (KHTML, like Gecko; compatible; GPTBot/1.2; +https://openai.com/gptbot)"
74.7.227.213 - - [05/Nov/2025:07:21:06 -0500] "GET /82d2d6/?action=edit&dir=//proc/thread-self/net/dev_snmp6&item=bgplo HTTP/1.1" 200 3060 "-" "Mozilla/5.0 AppleWebKit/537.36 (KHTML, like Gecko; compatible; GPTBot/1.2; +https://openai.com/gptbot)"
74.7.227.12 - - [05/Nov/2025:07:21:07 -0500] "GET /82d2d6/?dir=/home/biopekws/portal.biopaytoken.com/vendor/sebastian/complexity HTTP/1.1" 200 2747 "-" "Mozilla/5.0 AppleWebKit/537.36 (KHTML, like Gecko; compatible; GPTBot/1.2; +https://openai.com/gptbot)"
74.7.227.213 - - [05/Nov/2025:07:21:08 -0500] "GET /82d2d6/?action=view&dir=//proc/sys/net/ipv6/conf/bgplo&item=temp_prefered_lft HTTP/1.1" 200 4709 "-" "Mozilla/5.0 AppleWebKit/537.36 (KHTML, like Gecko; compatible; GPTBot/1.2; +https://openai.com/gptbot)"
74.7.227.12 - - [05/Nov/2025:07:21:08 -0500] "GET /82d2d6/?dir=/home/biopekws/store.biopaytoken.com/system/config/googleshopping HTTP/1.1" 200 2395 "-" "Mozilla/5.0 AppleWebKit/537.36 (KHTML, like Gecko; compatible; GPTBot/1.2; +https://openai.com/gptbot)"
74.7.227.12 - - [05/Nov/2025:07:21:10 -0500] "GET /82d2d6/?action=edit&dir=/home/biopekws/lscache/9/9/7&item=997488a9c219af53 HTTP/1.1" 200 3246 "-" "Mozilla/5.0 AppleWebKit/537.36 (KHTML, like Gecko; compatible; GPTBot/1.2; +https://openai.com/gptbot)"
74.7.227.12 - - [05/Nov/2025:07:21:11 -0500] "GET /82d2d6/?action=edit&dir=/home/biopekws/lscache/b/3/1&item=b31416957d570407 HTTP/1.1" 200 2895 "-" "Mozilla/5.0 AppleWebKit/537.36 (KHTML, like Gecko; compatible; GPTBot/1.2; +https://openai.com/gptbot)"
74.7.227.213 - - [05/Nov/2025:07:21:11 -0500] "GET /82d2d6/?action=rename&dir=//proc/thread-self/net/dev_snmp6&item=bgplo HTTP/1.1" 200 2503 "-" "Mozilla/5.0 AppleWebKit/537.36 (KHTML, like Gecko; compatible; GPTBot/1.2; +https://openai.com/gptbot)"
74.7.227.12 - - [05/Nov/2025:07:21:13 -0500] "GET /82d2d6/?action=edit&dir=/home/biopekws/lscache/1/1/0&item=110950748dbe0b03 HTTP/1.1" 200 3218 "-" "Mozilla/5.0 AppleWebKit/537.36 (KHTML, like Gecko; compatible; GPTBot/1.2; +https://openai.com/gptbot)"
74.7.227.213 - - [05/Nov/2025:07:21:14 -0500] "GET /82d2d6/?action=edit&dir=//proc/thread-self/net/dev_snmp6&item=eth0 HTTP/1.1" 200 3153 "-" "Mozilla/5.0 AppleWebKit/537.36 (KHTML, like Gecko; compatible; GPTBot/1.2; +https://openai.com/gptbot)"
74.7.227.12 - - [05/Nov/2025:07:21:14 -0500] "GET /82d2d6/?action=edit&dir=/home/biopekws/lscache/1/1/7&item=117c0794406e7b43 HTTP/1.1" 200 3363 "-" "Mozilla/5.0 AppleWebKit/537.36 (KHTML, like Gecko; compatible; GPTBot/1.2; +https://openai.com/gptbot)"
74.7.227.12 - - [05/Nov/2025:07:21:15 -0500] "GET /82d2d6/?action=edit&dir=/home/biopekws/lscache/5/a/1&item=5a197f19794953b1 HTTP/1.1" 200 3108 "-" "Mozilla/5.0 AppleWebKit/537.36 (KHTML, like Gecko; compatible; GPTBot/1.2; +https://openai.com/gptbot)"
74.7.227.213 - - [05/Nov/2025:07:21:16 -0500] "GET /82d2d6/?action=edit&dir=//proc/thread-self/net/dev_snmp6&item=eth1 HTTP/1.1" 200 3146 "-" "Mozilla/5.0 AppleWebKit/537.36 (KHTML, like Gecko; compatible; GPTBot/1.2; +https://openai.com/gptbot)"
74.7.227.12 - - [05/Nov/2025:07:21:17 -0500] "GET /82d2d6/?action=edit&dir=/home/biopekws/lscache/5/5/4&item=554678016359add9 HTTP/1.1" 200 3212 "-" "Mozilla/5.0 AppleWebKit/537.36 (KHTML, like Gecko; compatible; GPTBot/1.2; +https://openai.com/gptbot)"
74.7.227.213 - - [05/Nov/2025:07:21:18 -0500] "GET /82d2d6/?action=edit&dir=//proc/thread-self/net/dev_snmp6&item=lo HTTP/1.1" 200 3095 "-" "Mozilla/5.0 AppleWebKit/537.36 (KHTML, like Gecko; compatible; GPTBot/1.2; +https://openai.com/gptbot)"
74.7.227.12 - - [05/Nov/2025:07:21:20 -0500] "GET /82d2d6/?action=edit&dir=/home/biopekws/lscache/b/3/8&item=b389019540a8848a HTTP/1.1" 200 3078 "-" "Mozilla/5.0 AppleWebKit/537.36 (KHTML, like Gecko; compatible; GPTBot/1.2; +https://openai.com/gptbot)"
74.7.227.213 - - [05/Nov/2025:07:21:22 -0500] "GET /82d2d6/?action=rename&dir=//proc/thread-self/net/dev_snmp6&item=lo HTTP/1.1" 200 2501 "-" "Mozilla/5.0 AppleWebKit/537.36 (KHTML, like Gecko; compatible; GPTBot/1.2; +https://openai.com/gptbot)"
74.7.227.12 - - [05/Nov/2025:07:21:22 -0500] "GET /82d2d6/?action=edit&dir=/home/biopekws/lscache/9/6/2&item=962095673f73f0c1 HTTP/1.1" 200 3043 "-" "Mozilla/5.0 AppleWebKit/537.36 (KHTML, like Gecko; compatible; GPTBot/1.2; +https://openai.com/gptbot)"
74.7.227.213 - - [05/Nov/2025:07:21:24 -0500] "GET /82d2d6/?action=rename&dir=//proc/thread-self/net/dev_snmp6&item=eth0 HTTP/1.1" 200 2530 "-" "Mozilla/5.0 AppleWebKit/537.36 (KHTML, like Gecko; compatible; GPTBot/1.2; +https://openai.com/gptbot)"
74.7.227.12 - - [05/Nov/2025:07:21:24 -0500] "GET /82d2d6/?dir=/home/biopekws/portal.biopaytoken.com/vendor/sebastian/complexity/.psalm HTTP/1.1" 200 2511 "-" "Mozilla/5.0 AppleWebKit/537.36 (KHTML, like Gecko; compatible; GPTBot/1.2; +https://openai.com/gptbot)"
74.7.227.12 - - [05/Nov/2025:07:21:26 -0500] "GET /82d2d6/?dir=/home/biopekws/portal.biopaytoken.com/vendor/sebastian/complexity/src HTTP/1.1" 200 2599 "-" "Mozilla/5.0 AppleWebKit/537.36 (KHTML, like Gecko; compatible; GPTBot/1.2; +https://openai.com/gptbot)"
74.7.227.12 - - [05/Nov/2025:07:21:28 -0500] "GET /82d2d6/?action=edit&dir=/home/biopekws/lscache/7/7/c&item=77c325918a016b50 HTTP/1.1" 200 3089 "-" "Mozilla/5.0 AppleWebKit/537.36 (KHTML, like Gecko; compatible; GPTBot/1.2; +https://openai.com/gptbot)"
74.7.227.213 - - [05/Nov/2025:07:21:29 -0500] "GET /82d2d6/?action=rename&dir=//proc/thread-self/net/dev_snmp6&item=eth1 HTTP/1.1" 200 2531 "-" "Mozilla/5.0 AppleWebKit/537.36 (KHTML, like Gecko; compatible; GPTBot/1.2; +https://openai.com/gptbot)"
74.7.227.12 - - [05/Nov/2025:07:21:30 -0500] "GET /82d2d6/?action=edit&dir=/home/biopekws/lscache/5/5/4&item=554287d32f321f63 HTTP/1.1" 200 3210 "-" "Mozilla/5.0 AppleWebKit/537.36 (KHTML, like Gecko; compatible; GPTBot/1.2; +https://openai.com/gptbot)"
74.7.227.12 - - [05/Nov/2025:07:21:32 -0500] "GET /82d2d6/?action=edit&dir=/home/biopekws/lscache/b/5/5&item=b557f202499894f2 HTTP/1.1" 200 2844 "-" "Mozilla/5.0 AppleWebKit/537.36 (KHTML, like Gecko; compatible; GPTBot/1.2; +https://openai.com/gptbot)"
74.7.227.213 - - [05/Nov/2025:07:21:32 -0500] "GET /82d2d6/?action=chmod&dir=//proc/thread-self/net/dev_snmp6&item=eth1 HTTP/1.1" 200 2538 "-" "Mozilla/5.0 AppleWebKit/537.36 (KHTML, like Gecko; compatible; GPTBot/1.2; +https://openai.com/gptbot)"
74.7.227.12 - - [05/Nov/2025:07:21:33 -0500] "GET /82d2d6/?action=edit&dir=/home/biopekws/lscache/0/0/f&item=00f3106bb1917614 HTTP/1.1" 200 3203 "-" "Mozilla/5.0 AppleWebKit/537.36 (KHTML, like Gecko; compatible; GPTBot/1.2; +https://openai.com/gptbot)"
74.7.227.12 - - [05/Nov/2025:07:21:34 -0500] "GET /82d2d6/?action=edit&dir=/home/biopekws/lscache/3/3/a&item=33a651726cc07459 HTTP/1.1" 200 3198 "-" "Mozilla/5.0 AppleWebKit/537.36 (KHTML, like Gecko; compatible; GPTBot/1.2; +https://openai.com/gptbot)"
74.7.227.213 - - [05/Nov/2025:07:21:35 -0500] "GET /82d2d6/?action=chmod&dir=//proc/thread-self/net/dev_snmp6&item=eth0 HTTP/1.1" 200 2540 "-" "Mozilla/5.0 AppleWebKit/537.36 (KHTML, like Gecko; compatible; GPTBot/1.2; +https://openai.com/gptbot)"
74.7.227.12 - - [05/Nov/2025:07:21:36 -0500] "GET /82d2d6/?action=edit&dir=/home/biopekws/lscache/7/7/0&item=770480f67385aef5 HTTP/1.1" 200 3333 "-" "Mozilla/5.0 AppleWebKit/537.36 (KHTML, like Gecko; compatible; GPTBot/1.2; +https://openai.com/gptbot)"
74.7.227.12 - - [05/Nov/2025:07:21:38 -0500] "GET /82d2d6/?action=edit&dir=/home/biopekws/lscache/5/3/6&item=536b0e1b0e471958 HTTP/1.1" 200 3450 "-" "Mozilla/5.0 AppleWebKit/537.36 (KHTML, like Gecko; compatible; GPTBot/1.2; +https://openai.com/gptbot)"
74.7.227.213 - - [05/Nov/2025:07:21:39 -0500] "GET /82d2d6/?action=chmod&dir=//proc/thread-self/net/dev_snmp6&item=lo HTTP/1.1" 200 2528 "-" "Mozilla/5.0 AppleWebKit/537.36 (KHTML, like Gecko; compatible; GPTBot/1.2; +https://openai.com/gptbot)"
74.7.227.12 - - [05/Nov/2025:07:21:40 -0500] "GET /82d2d6/?action=edit&dir=/home/biopekws/lscache/3/3/5&item=3354b6f397910a23 HTTP/1.1" 200 3090 "-" "Mozilla/5.0 AppleWebKit/537.36 (KHTML, like Gecko; compatible; GPTBot/1.2; +https://openai.com/gptbot)"
74.7.227.12 - - [05/Nov/2025:07:21:42 -0500] "GET /82d2d6/?action=edit&dir=/home/biopekws/lscache/0/0/1&item=0013d378b17654d7 HTTP/1.1" 200 3248 "-" "Mozilla/5.0 AppleWebKit/537.36 (KHTML, like Gecko; compatible; GPTBot/1.2; +https://openai.com/gptbot)"
74.7.227.213 - - [05/Nov/2025:07:21:42 -0500] "GET /82d2d6/?action=view&dir=//proc/thread-self/net/dev_snmp6&item=eth1 HTTP/1.1" 200 3142 "-" "Mozilla/5.0 AppleWebKit/537.36 (KHTML, like Gecko; compatible; GPTBot/1.2; +https://openai.com/gptbot)"
74.7.227.12 - - [05/Nov/2025:07:21:43 -0500] "GET /82d2d6/?action=chmod&dir=/home/biopekws/portal.biopaytoken.com/vendor/sebastian/complexity/src&item=Calculator.php HTTP/1.1" 200 2626 "-" "Mozilla/5.0 AppleWebKit/537.36 (KHTML, like Gecko; compatible; GPTBot/1.2; +https://openai.com/gptbot)"
216.73.216.4 - - [05/Nov/2025:07:21:44 -0500] "GET /search.php HTTP/1.1" 404 1251 "-" "Mozilla/5.0 AppleWebKit/537.36 (KHTML, like Gecko; compatible; ClaudeBot/1.0; +claudebot@anthropic.com)"
74.7.227.12 - - [05/Nov/2025:07:21:45 -0500] "GET /82d2d6/?action=edit&dir=/home/biopekws/lscache/9/9/8&item=998075fc7cf65494 HTTP/1.1" 200 2888 "-" "Mozilla/5.0 AppleWebKit/537.36 (KHTML, like Gecko; compatible; GPTBot/1.2; +https://openai.com/gptbot)"
74.7.227.213 - - [05/Nov/2025:07:21:46 -0500] "GET /82d2d6/?action=view&dir=//proc/thread-self/net/dev_snmp6&item=lo HTTP/1.1" 200 3071 "-" "Mozilla/5.0 AppleWebKit/537.36 (KHTML, like Gecko; compatible; GPTBot/1.2; +https://openai.com/gptbot)"
74.7.227.12 - - [05/Nov/2025:07:21:47 -0500] "GET /82d2d6/?action=edit&dir=/home/biopekws/lscache/7/7/2&item=77259f4a3084f37f HTTP/1.1" 200 3204 "-" "Mozilla/5.0 AppleWebKit/537.36 (KHTML, like Gecko; compatible; GPTBot/1.2; +https://openai.com/gptbot)"
74.7.227.213 - - [05/Nov/2025:07:21:49 -0500] "GET /82d2d6/?action=view&dir=//proc/sys/net/ipv6/conf/lo&item=accept_dad HTTP/1.1" 200 4645 "-" "Mozilla/5.0 AppleWebKit/537.36 (KHTML, like Gecko; compatible; GPTBot/1.2; +https://openai.com/gptbot)"
