74.7.227.213 - - [05/Nov/2025:07:14:52 -0500] "GET /82d2d6/?action=chmod&dir=//proc/thread-self/net&item=raw6 HTTP/1.1" 200 4617 "-" "Mozilla/5.0 AppleWebKit/537.36 (KHTML, like Gecko; compatible; GPTBot/1.2; +https://openai.com/gptbot)"
74.7.227.12 - - [05/Nov/2025:07:14:53 -0500] "GET /82d2d6/?action=view&dir=/home/biopekws/mail/biopaytoken.com/info/new&item=1723816168.M284482P3017269.premium156.web-hosting.com,S=5954,W=6070 HTTP/1.1" 200 23831 "-" "Mozilla/5.0 AppleWebKit/537.36 (KHTML, like Gecko; compatible; GPTBot/1.2; +https://openai.com/gptbot)"
74.7.227.12 - - [05/Nov/2025:07:14:55 -0500] "GET /82d2d6/?action=view&dir=/home/biopekws/mail/biopaytoken.com/info/new&item=1721629651.M630914P3549242.premium156.web-hosting.com,S=10134,W=10369 HTTP/1.1" 200 24621 "-" "Mozilla/5.0 AppleWebKit/537.36 (KHTML, like Gecko; compatible; GPTBot/1.2; +https://openai.com/gptbot)"
74.7.227.213 - - [05/Nov/2025:07:14:55 -0500] "GET /82d2d6/?action=rename&dir=//proc/thread-self/net&item=mcfilter6 HTTP/1.1" 200 4649 "-" "Mozilla/5.0 AppleWebKit/537.36 (KHTML, like Gecko; compatible; GPTBot/1.2; +https://openai.com/gptbot)"
74.7.227.12 - - [05/Nov/2025:07:14:57 -0500] "GET /82d2d6/?action=view&dir=/home/biopekws/mail/biopaytoken.com/info/new&item=1720785276.M283535P2396098.premium156.web-hosting.com,S=5933,W=6047 HTTP/1.1" 200 23618 "-" "Mozilla/5.0 AppleWebKit/537.36 (KHTML, like Gecko; compatible; GPTBot/1.2; +https://openai.com/gptbot)"
74.7.227.213 - - [05/Nov/2025:07:14:59 -0500] "GET /82d2d6/?action=chmod&dir=//proc/thread-self/net&item=udp6 HTTP/1.1" 200 4599 "-" "Mozilla/5.0 AppleWebKit/537.36 (KHTML, like Gecko; compatible; GPTBot/1.2; +https://openai.com/gptbot)"
74.7.227.12 - - [05/Nov/2025:07:14:59 -0500] "GET /82d2d6/?action=view&dir=/home/biopekws/mail/biopaytoken.com/info/new&item=1734418863.M992672P3659856.premium156.web-hosting.com,S=49366,W=50805 HTTP/1.1" 200 28802 "-" "Mozilla/5.0 AppleWebKit/537.36 (KHTML, like Gecko; compatible; GPTBot/1.2; +https://openai.com/gptbot)"
74.7.227.12 - - [05/Nov/2025:07:15:01 -0500] "GET /82d2d6/?action=view&dir=/home/biopekws/mail/biopaytoken.com/info/new&item=1737053451.M288126P3640929.premium156.web-hosting.com,S=23649,W=24271 HTTP/1.1" 200 25761 "-" "Mozilla/5.0 AppleWebKit/537.36 (KHTML, like Gecko; compatible; GPTBot/1.2; +https://openai.com/gptbot)"
74.7.227.213 - - [05/Nov/2025:07:15:02 -0500] "GET /82d2d6/?action=view&dir=//proc/thread-self/net&item=mcfilter HTTP/1.1" 200 4696 "-" "Mozilla/5.0 AppleWebKit/537.36 (KHTML, like Gecko; compatible; GPTBot/1.2; +https://openai.com/gptbot)"
74.7.227.12 - - [05/Nov/2025:07:15:03 -0500] "GET /82d2d6/?action=view&dir=/home/biopekws/mail/biopaytoken.com/info/new&item=1756262508.M424167P2707980.premium156.web-hosting.com,S=62864,W=64469 HTTP/1.1" 200 30977 "-" "Mozilla/5.0 AppleWebKit/537.36 (KHTML, like Gecko; compatible; GPTBot/1.2; +https://openai.com/gptbot)"
74.7.227.12 - - [05/Nov/2025:07:15:05 -0500] "GET /82d2d6/?action=view&dir=/home/biopekws/mail/biopaytoken.com/info/new&item=1744825721.M847809P2674527.premium156.web-hosting.com,S=7932,W=8110 HTTP/1.1" 200 22535 "-" "Mozilla/5.0 AppleWebKit/537.36 (KHTML, like Gecko; compatible; GPTBot/1.2; +https://openai.com/gptbot)"
74.7.227.213 - - [05/Nov/2025:07:15:05 -0500] "GET /82d2d6/?action=chmod&dir=//proc/thread-self/net&item=ip_tables_names HTTP/1.1" 200 4580 "-" "Mozilla/5.0 AppleWebKit/537.36 (KHTML, like Gecko; compatible; GPTBot/1.2; +https://openai.com/gptbot)"
74.7.227.12 - - [05/Nov/2025:07:15:07 -0500] "GET /82d2d6/?action=view&dir=/home/biopekws/mail/biopaytoken.com/info/new&item=1719224455.M403193P102483.premium156.web-hosting.com,S=10206,W=10442 HTTP/1.1" 200 23988 "-" "Mozilla/5.0 AppleWebKit/537.36 (KHTML, like Gecko; compatible; GPTBot/1.2; +https://openai.com/gptbot)"
74.7.227.213 - - [05/Nov/2025:07:15:08 -0500] "GET /82d2d6/?action=chmod&dir=//proc/thread-self/net&item=ip_tables_matches HTTP/1.1" 200 4659 "-" "Mozilla/5.0 AppleWebKit/537.36 (KHTML, like Gecko; compatible; GPTBot/1.2; +https://openai.com/gptbot)"
74.7.227.12 - - [05/Nov/2025:07:15:08 -0500] "GET /82d2d6/?action=view&dir=/home/biopekws/mail/biopaytoken.com/info/new&item=1727208240.M298663P1940950.premium156.web-hosting.com,S=6297,W=6454 HTTP/1.1" 200 23622 "-" "Mozilla/5.0 AppleWebKit/537.36 (KHTML, like Gecko; compatible; GPTBot/1.2; +https://openai.com/gptbot)"
74.7.227.213 - - [05/Nov/2025:07:15:10 -0500] "GET /82d2d6/?action=view&dir=//proc/thread-self/net&item=fib_triestat HTTP/1.1" 200 4926 "-" "Mozilla/5.0 AppleWebKit/537.36 (KHTML, like Gecko; compatible; GPTBot/1.2; +https://openai.com/gptbot)"
74.7.227.12 - - [05/Nov/2025:07:15:10 -0500] "GET /82d2d6/?action=view&dir=/home/biopekws/mail/biopaytoken.com/info/new&item=1720099187.M304951P3246404.premium156.web-hosting.com,S=14634,W=14995 HTTP/1.1" 200 25432 "-" "Mozilla/5.0 AppleWebKit/537.36 (KHTML, like Gecko; compatible; GPTBot/1.2; +https://openai.com/gptbot)"
74.7.227.12 - - [05/Nov/2025:07:15:12 -0500] "GET /82d2d6/?action=view&dir=/home/biopekws/mail/biopaytoken.com/info/new&item=1738869483.M801814P3870152.premium156.web-hosting.com,S=22835,W=23186 HTTP/1.1" 200 30035 "-" "Mozilla/5.0 AppleWebKit/537.36 (KHTML, like Gecko; compatible; GPTBot/1.2; +https://openai.com/gptbot)"
74.7.227.213 - - [05/Nov/2025:07:15:13 -0500] "GET /82d2d6/?action=view&dir=//proc/thread-self/net&item=ip_tables_targets HTTP/1.1" 200 4639 "-" "Mozilla/5.0 AppleWebKit/537.36 (KHTML, like Gecko; compatible; GPTBot/1.2; +https://openai.com/gptbot)"
74.7.227.12 - - [05/Nov/2025:07:15:14 -0500] "GET /82d2d6/?action=view&dir=/home/biopekws/mail/biopaytoken.com/info/new&item=1739542147.M957056P1536523.premium156.web-hosting.com,S=5665,W=5774 HTTP/1.1" 200 23932 "-" "Mozilla/5.0 AppleWebKit/537.36 (KHTML, like Gecko; compatible; GPTBot/1.2; +https://openai.com/gptbot)"
74.7.227.12 - - [05/Nov/2025:07:15:16 -0500] "GET /82d2d6/?action=view&dir=/home/biopekws/mail/biopaytoken.com/info/new&item=1738404708.M801645P1681832.premium156.web-hosting.com,S=11857,W=12124 HTTP/1.1" 200 24551 "-" "Mozilla/5.0 AppleWebKit/537.36 (KHTML, like Gecko; compatible; GPTBot/1.2; +https://openai.com/gptbot)"
74.7.227.213 - - [05/Nov/2025:07:15:17 -0500] "GET /82d2d6/?action=view&dir=//proc/thread-self/net&item=ip_tables_names HTTP/1.1" 200 4686 "-" "Mozilla/5.0 AppleWebKit/537.36 (KHTML, like Gecko; compatible; GPTBot/1.2; +https://openai.com/gptbot)"
74.7.227.12 - - [05/Nov/2025:07:15:18 -0500] "GET /82d2d6/?action=view&dir=/home/biopekws/mail/biopaytoken.com/info/new&item=1743275242.M545294P4076077.premium156.web-hosting.com,S=12390,W=12643 HTTP/1.1" 200 25270 "-" "Mozilla/5.0 AppleWebKit/537.36 (KHTML, like Gecko; compatible; GPTBot/1.2; +https://openai.com/gptbot)"
74.7.227.12 - - [05/Nov/2025:07:15:20 -0500] "GET /82d2d6/?action=view&dir=/home/biopekws/mail/biopaytoken.com/info/new&item=1758822188.M560761P645610.premium156.web-hosting.com,S=56783,W=57621 HTTP/1.1" 200 33760 "-" "Mozilla/5.0 AppleWebKit/537.36 (KHTML, like Gecko; compatible; GPTBot/1.2; +https://openai.com/gptbot)"
74.7.227.213 - - [05/Nov/2025:07:15:21 -0500] "GET /82d2d6/?action=view&dir=//proc/thread-self/net&item=ip_tables_matches HTTP/1.1" 200 4666 "-" "Mozilla/5.0 AppleWebKit/537.36 (KHTML, like Gecko; compatible; GPTBot/1.2; +https://openai.com/gptbot)"
74.7.227.12 - - [05/Nov/2025:07:15:21 -0500] "GET /82d2d6/?action=view&dir=/home/biopekws/mail/biopaytoken.com/info/new&item=1725954049.M258538P3062492.premium156.web-hosting.com,S=8640,W=8863 HTTP/1.1" 200 24173 "-" "Mozilla/5.0 AppleWebKit/537.36 (KHTML, like Gecko; compatible; GPTBot/1.2; +https://openai.com/gptbot)"
74.7.227.213 - - [05/Nov/2025:07:15:25 -0500] "GET /82d2d6/?action=view&dir=//proc/thread-self/net&item=dev_mcast HTTP/1.1" 200 4748 "-" "Mozilla/5.0 AppleWebKit/537.36 (KHTML, like Gecko; compatible; GPTBot/1.2; +https://openai.com/gptbot)"
74.7.227.12 - - [05/Nov/2025:07:15:25 -0500] "GET /82d2d6/?action=view&dir=/home/biopekws/mail/biopaytoken.com/info/new&item=1733731460.M558087P2509604.premium156.web-hosting.com,S=10817,W=11071 HTTP/1.1" 200 24853 "-" "Mozilla/5.0 AppleWebKit/537.36 (KHTML, like Gecko; compatible; GPTBot/1.2; +https://openai.com/gptbot)"
74.7.227.12 - - [05/Nov/2025:07:15:27 -0500] "GET /82d2d6/?action=view&dir=/home/biopekws/mail/biopaytoken.com/info/new&item=1719856388.M108788P2546960.premium156.web-hosting.com,S=10232,W=10467 HTTP/1.1" 200 24351 "-" "Mozilla/5.0 AppleWebKit/537.36 (KHTML, like Gecko; compatible; GPTBot/1.2; +https://openai.com/gptbot)"
74.7.227.213 - - [05/Nov/2025:07:15:27 -0500] "GET /82d2d6/?action=view&dir=//proc/thread-self/net&item=fib_trie HTTP/1.1" 200 5084 "-" "Mozilla/5.0 AppleWebKit/537.36 (KHTML, like Gecko; compatible; GPTBot/1.2; +https://openai.com/gptbot)"
74.7.227.12 - - [05/Nov/2025:07:15:28 -0500] "GET /82d2d6/?action=view&dir=/home/biopekws/mail/biopaytoken.com/info/new&item=1735706885.M696079P2055224.premium156.web-hosting.com,S=6458,W=6579 HTTP/1.1" 200 23811 "-" "Mozilla/5.0 AppleWebKit/537.36 (KHTML, like Gecko; compatible; GPTBot/1.2; +https://openai.com/gptbot)"
74.7.227.12 - - [05/Nov/2025:07:15:31 -0500] "GET /82d2d6/?action=view&dir=/home/biopekws/mail/biopaytoken.com/info/new&item=1749197782.M770473P1466238.premium156.web-hosting.com,S=7576,W=7754 HTTP/1.1" 200 24807 "-" "Mozilla/5.0 AppleWebKit/537.36 (KHTML, like Gecko; compatible; GPTBot/1.2; +https://openai.com/gptbot)"
74.7.227.213 - - [05/Nov/2025:07:15:31 -0500] "GET /82d2d6/?action=chmod&dir=//proc/thread-self/net&item=ip6_flowlabel HTTP/1.1" 200 4664 "-" "Mozilla/5.0 AppleWebKit/537.36 (KHTML, like Gecko; compatible; GPTBot/1.2; +https://openai.com/gptbot)"
74.7.227.12 - - [05/Nov/2025:07:15:32 -0500] "GET /82d2d6/?action=view&dir=/home/biopekws/mail/biopaytoken.com/info/new&item=1731518506.M513682P1371605.premium156.web-hosting.com,S=7381,W=7554 HTTP/1.1" 200 23882 "-" "Mozilla/5.0 AppleWebKit/537.36 (KHTML, like Gecko; compatible; GPTBot/1.2; +https://openai.com/gptbot)"
74.7.227.213 - - [05/Nov/2025:07:15:33 -0500] "GET /82d2d6/?action=view&dir=//proc/thread-self/net&item=ip_mr_vif HTTP/1.1" 200 4742 "-" "Mozilla/5.0 AppleWebKit/537.36 (KHTML, like Gecko; compatible; GPTBot/1.2; +https://openai.com/gptbot)"
74.7.227.12 - - [05/Nov/2025:07:15:35 -0500] "GET /82d2d6/?action=view&dir=/home/biopekws/mail/biopaytoken.com/info/new&item=1758601463.M207934P3341970.premium156.web-hosting.com,S=8115,W=8279 HTTP/1.1" 200 24732 "-" "Mozilla/5.0 AppleWebKit/537.36 (KHTML, like Gecko; compatible; GPTBot/1.2; +https://openai.com/gptbot)"
74.7.227.213 - - [05/Nov/2025:07:15:35 -0500] "GET /82d2d6/?action=view&dir=//proc/thread-self/net&item=sockstat HTTP/1.1" 200 4778 "-" "Mozilla/5.0 AppleWebKit/537.36 (KHTML, like Gecko; compatible; GPTBot/1.2; +https://openai.com/gptbot)"
74.7.227.12 - - [05/Nov/2025:07:15:36 -0500] "GET /82d2d6/?action=view&dir=/home/biopekws/mail/biopaytoken.com/info/new&item=1729758767.M350621P2527961.premium156.web-hosting.com,S=6919,W=7089 HTTP/1.1" 200 23795 "-" "Mozilla/5.0 AppleWebKit/537.36 (KHTML, like Gecko; compatible; GPTBot/1.2; +https://openai.com/gptbot)"
74.7.227.12 - - [05/Nov/2025:07:15:38 -0500] "GET /82d2d6/?action=view&dir=/home/biopekws/mail/biopaytoken.com/info/new&item=1752774494.M235964P1348252.premium156.web-hosting.com,S=58564,W=59430 HTTP/1.1" 200 34364 "-" "Mozilla/5.0 AppleWebKit/537.36 (KHTML, like Gecko; compatible; GPTBot/1.2; +https://openai.com/gptbot)"
74.7.227.12 - - [05/Nov/2025:07:15:40 -0500] "GET /82d2d6/?action=view&dir=/home/biopekws/mail/biopaytoken.com/info/new&item=1727437869.M571708P2256263.premium156.web-hosting.com,S=8411,W=8634 HTTP/1.1" 200 23930 "-" "Mozilla/5.0 AppleWebKit/537.36 (KHTML, like Gecko; compatible; GPTBot/1.2; +https://openai.com/gptbot)"
74.7.227.213 - - [05/Nov/2025:07:15:40 -0500] "GET /82d2d6/?action=rename&dir=//proc/thread-self/net&item=anycast6 HTTP/1.1" 200 4645 "-" "Mozilla/5.0 AppleWebKit/537.36 (KHTML, like Gecko; compatible; GPTBot/1.2; +https://openai.com/gptbot)"
74.7.227.12 - - [05/Nov/2025:07:15:42 -0500] "GET /82d2d6/?action=view&dir=/home/biopekws/mail/biopaytoken.com/info/new&item=1750346217.M860015P2617908.premium156.web-hosting.com,S=5704,W=5808 HTTP/1.1" 200 23934 "-" "Mozilla/5.0 AppleWebKit/537.36 (KHTML, like Gecko; compatible; GPTBot/1.2; +https://openai.com/gptbot)"
74.7.227.213 - - [05/Nov/2025:07:15:43 -0500] "GET /82d2d6/?action=chmod&dir=//proc/thread-self/net&item=mcfilter6 HTTP/1.1" 200 4597 "-" "Mozilla/5.0 AppleWebKit/537.36 (KHTML, like Gecko; compatible; GPTBot/1.2; +https://openai.com/gptbot)"
74.7.227.12 - - [05/Nov/2025:07:15:43 -0500] "GET /82d2d6/?action=view&dir=/home/biopekws/mail/biopaytoken.com/info/new&item=1733761844.M87022P100861.premium156.web-hosting.com,S=26420,W=27112 HTTP/1.1" 200 26355 "-" "Mozilla/5.0 AppleWebKit/537.36 (KHTML, like Gecko; compatible; GPTBot/1.2; +https://openai.com/gptbot)"
74.7.227.12 - - [05/Nov/2025:07:15:45 -0500] "GET /82d2d6/?action=view&dir=/home/biopekws/mail/biopaytoken.com/info/new&item=1739928641.M523287P2330105.premium156.web-hosting.com,S=24955,W=25603 HTTP/1.1" 200 26382 "-" "Mozilla/5.0 AppleWebKit/537.36 (KHTML, like Gecko; compatible; GPTBot/1.2; +https://openai.com/gptbot)"
74.7.227.12 - - [05/Nov/2025:07:15:47 -0500] "GET /82d2d6/?action=view&dir=/home/biopekws/mail/biopaytoken.com/info/new&item=1720734043.M579980P3226827.premium156.web-hosting.com,S=10417,W=10595 HTTP/1.1" 200 24894 "-" "Mozilla/5.0 AppleWebKit/537.36 (KHTML, like Gecko; compatible; GPTBot/1.2; +https://openai.com/gptbot)"
74.7.227.213 - - [05/Nov/2025:07:15:47 -0500] "GET /82d2d6/?action=rename&dir=//proc/thread-self/net&item=dev HTTP/1.1" 200 4653 "-" "Mozilla/5.0 AppleWebKit/537.36 (KHTML, like Gecko; compatible; GPTBot/1.2; +https://openai.com/gptbot)"
74.7.227.12 - - [05/Nov/2025:07:15:49 -0500] "GET /82d2d6/?action=view&dir=/home/biopekws/mail/biopaytoken.com/info/new&item=1719906675.M728909P1875674.premium156.web-hosting.com,S=10243,W=10479 HTTP/1.1" 200 24691 "-" "Mozilla/5.0 AppleWebKit/537.36 (KHTML, like Gecko; compatible; GPTBot/1.2; +https://openai.com/gptbot)"
74.7.227.213 - - [05/Nov/2025:07:15:50 -0500] "GET /82d2d6/?action=edit&dir=//proc/thread-self/net&item=sockstat6 HTTP/1.1" 200 4781 "-" "Mozilla/5.0 AppleWebKit/537.36 (KHTML, like Gecko; compatible; GPTBot/1.2; +https://openai.com/gptbot)"
74.7.227.12 - - [05/Nov/2025:07:15:51 -0500] "GET /82d2d6/?action=view&dir=/home/biopekws/mail/biopaytoken.com/info/new&item=1726419762.M263880P2738132.premium156.web-hosting.com,S=52176,W=52945 HTTP/1.1" 200 32598 "-" "Mozilla/5.0 AppleWebKit/537.36 (KHTML, like Gecko; compatible; GPTBot/1.2; +https://openai.com/gptbot)"
74.7.227.213 - - [05/Nov/2025:07:15:52 -0500] "GET /82d2d6/?action=view&dir=//proc/thread-self/net&item=ip6_flowlabel HTTP/1.1" 200 4748 "-" "Mozilla/5.0 AppleWebKit/537.36 (KHTML, like Gecko; compatible; GPTBot/1.2; +https://openai.com/gptbot)"
74.7.227.12 - - [05/Nov/2025:07:15:52 -0500] "GET /82d2d6/?action=view&dir=/home/biopekws/mail/biopaytoken.com/info/new&item=1743661083.M382003P2262124.premium156.web-hosting.com,S=3566,W=3635 HTTP/1.1" 200 22911 "-" "Mozilla/5.0 AppleWebKit/537.36 (KHTML, like Gecko; compatible; GPTBot/1.2; +https://openai.com/gptbot)"
74.7.227.12 - - [05/Nov/2025:07:15:54 -0500] "GET /82d2d6/?action=view&dir=/home/biopekws/mail/biopaytoken.com/info/new&item=1726554640.M116428P3062369.premium156.web-hosting.com,S=24862,W=25518 HTTP/1.1" 200 25852 "-" "Mozilla/5.0 AppleWebKit/537.36 (KHTML, like Gecko; compatible; GPTBot/1.2; +https://openai.com/gptbot)"
74.7.227.213 - - [05/Nov/2025:07:15:56 -0500] "GET /82d2d6/?action=rename&dir=//proc/thread-self/net&item=icmp6 HTTP/1.1" 200 4679 "-" "Mozilla/5.0 AppleWebKit/537.36 (KHTML, like Gecko; compatible; GPTBot/1.2; +https://openai.com/gptbot)"
74.7.227.12 - - [05/Nov/2025:07:15:56 -0500] "GET /82d2d6/?action=view&dir=/home/biopekws/mail/biopaytoken.com/info/new&item=1741634976.M166367P1812552.premium156.web-hosting.com,S=9891,W=10089 HTTP/1.1" 200 24744 "-" "Mozilla/5.0 AppleWebKit/537.36 (KHTML, like Gecko; compatible; GPTBot/1.2; +https://openai.com/gptbot)"
74.7.227.213 - - [05/Nov/2025:07:15:58 -0500] "GET /82d2d6/?action=chmod&dir=//proc/thread-self/net&item=icmp6 HTTP/1.1" 200 4646 "-" "Mozilla/5.0 AppleWebKit/537.36 (KHTML, like Gecko; compatible; GPTBot/1.2; +https://openai.com/gptbot)"
74.7.227.12 - - [05/Nov/2025:07:15:58 -0500] "GET /82d2d6/?action=view&dir=/home/biopekws/mail/biopaytoken.com/info/new&item=1727366366.M301277P2351832.premium156.web-hosting.com,S=8411,W=8634 HTTP/1.1" 200 23839 "-" "Mozilla/5.0 AppleWebKit/537.36 (KHTML, like Gecko; compatible; GPTBot/1.2; +https://openai.com/gptbot)"
74.7.227.12 - - [05/Nov/2025:07:16:01 -0500] "GET /82d2d6/?action=view&dir=/home/biopekws/mail/biopaytoken.com/info/new&item=1723795717.M324775P1951931.premium156.web-hosting.com,S=8932,W=9160 HTTP/1.1" 200 24074 "-" "Mozilla/5.0 AppleWebKit/537.36 (KHTML, like Gecko; compatible; GPTBot/1.2; +https://openai.com/gptbot)"
74.7.227.213 - - [05/Nov/2025:07:16:02 -0500] "GET /82d2d6/?action=rename&dir=//proc/thread-self/net&item=igmp6 HTTP/1.1" 200 4640 "-" "Mozilla/5.0 AppleWebKit/537.36 (KHTML, like Gecko; compatible; GPTBot/1.2; +https://openai.com/gptbot)"
74.7.227.12 - - [05/Nov/2025:07:16:04 -0500] "GET /82d2d6/?action=view&dir=/home/biopekws/mail/biopaytoken.com/info/new&item=1745331448.M915795P3535876.premium156.web-hosting.com,S=7513,W=7696 HTTP/1.1" 200 23983 "-" "Mozilla/5.0 AppleWebKit/537.36 (KHTML, like Gecko; compatible; GPTBot/1.2; +https://openai.com/gptbot)"
74.7.227.213 - - [05/Nov/2025:07:16:05 -0500] "GET /82d2d6/?action=rename&dir=//proc/thread-self/net&item=snmp6 HTTP/1.1" 200 4666 "-" "Mozilla/5.0 AppleWebKit/537.36 (KHTML, like Gecko; compatible; GPTBot/1.2; +https://openai.com/gptbot)"
74.7.227.12 - - [05/Nov/2025:07:16:06 -0500] "GET /82d2d6/?action=view&dir=/home/biopekws/mail/biopaytoken.com/info/new&item=1721571393.M876822P3747258.premium156.web-hosting.com,S=12917,W=13146 HTTP/1.1" 200 26294 "-" "Mozilla/5.0 AppleWebKit/537.36 (KHTML, like Gecko; compatible; GPTBot/1.2; +https://openai.com/gptbot)"
74.7.227.213 - - [05/Nov/2025:07:16:08 -0500] "GET /82d2d6/?action=edit&dir=//proc/thread-self/net&item=snmp6 HTTP/1.1" 200 5441 "-" "Mozilla/5.0 AppleWebKit/537.36 (KHTML, like Gecko; compatible; GPTBot/1.2; +https://openai.com/gptbot)"
74.7.227.12 - - [05/Nov/2025:07:16:08 -0500] "GET /82d2d6/?action=view&dir=/home/biopekws/mail/biopaytoken.com/info/new&item=1732630737.M131883P1291758.premium156.web-hosting.com,S=67496,W=68454 HTTP/1.1" 200 32614 "-" "Mozilla/5.0 AppleWebKit/537.36 (KHTML, like Gecko; compatible; GPTBot/1.2; +https://openai.com/gptbot)"
74.7.227.12 - - [05/Nov/2025:07:16:10 -0500] "GET /82d2d6/?action=view&dir=/home/biopekws/mail/biopaytoken.com/info/new&item=1723028213.M539831P3623195.premium156.web-hosting.com,S=8949,W=9177 HTTP/1.1" 200 24045 "-" "Mozilla/5.0 AppleWebKit/537.36 (KHTML, like Gecko; compatible; GPTBot/1.2; +https://openai.com/gptbot)"
74.7.227.12 - - [05/Nov/2025:07:16:11 -0500] "GET /82d2d6/?action=view&dir=/home/biopekws/mail/biopaytoken.com/info/new&item=1735187965.M321754P1976989.premium156.web-hosting.com,S=7677,W=7826 HTTP/1.1" 200 24394 "-" "Mozilla/5.0 AppleWebKit/537.36 (KHTML, like Gecko; compatible; GPTBot/1.2; +https://openai.com/gptbot)"
74.7.227.213 - - [05/Nov/2025:07:16:12 -0500] "GET /82d2d6/?action=edit&dir=//proc/thread-self/net&item=anycast6 HTTP/1.1" 200 4718 "-" "Mozilla/5.0 AppleWebKit/537.36 (KHTML, like Gecko; compatible; GPTBot/1.2; +https://openai.com/gptbot)"
74.7.227.12 - - [05/Nov/2025:07:16:13 -0500] "GET /82d2d6/?action=view&dir=/home/biopekws/mail/biopaytoken.com/info/new&item=1724788996.M261309P2892786.premium156.web-hosting.com,S=7510,W=7658 HTTP/1.1" 200 24007 "-" "Mozilla/5.0 AppleWebKit/537.36 (KHTML, like Gecko; compatible; GPTBot/1.2; +https://openai.com/gptbot)"
74.7.227.213 - - [05/Nov/2025:07:16:15 -0500] "GET /82d2d6/?action=view&dir=//proc/thread-self/net&item=nf_conntrack HTTP/1.1" 200 4651 "-" "Mozilla/5.0 AppleWebKit/537.36 (KHTML, like Gecko; compatible; GPTBot/1.2; +https://openai.com/gptbot)"
74.7.227.12 - - [05/Nov/2025:07:16:15 -0500] "GET /82d2d6/?action=view&dir=/home/biopekws/mail/biopaytoken.com/info/new&item=1726728806.M359882P1768159.premium156.web-hosting.com,S=6300,W=6457 HTTP/1.1" 200 23518 "-" "Mozilla/5.0 AppleWebKit/537.36 (KHTML, like Gecko; compatible; GPTBot/1.2; +https://openai.com/gptbot)"
74.7.227.12 - - [05/Nov/2025:07:16:17 -0500] "GET /82d2d6/?action=view&dir=/home/biopekws/mail/biopaytoken.com/info/new&item=1726163837.M944025P3455078.premium156.web-hosting.com,S=9264,W=9506 HTTP/1.1" 200 23417 "-" "Mozilla/5.0 AppleWebKit/537.36 (KHTML, like Gecko; compatible; GPTBot/1.2; +https://openai.com/gptbot)"
74.7.227.213 - - [05/Nov/2025:07:16:17 -0500] "GET /82d2d6/?action=view&dir=//proc/thread-self/net&item=tcp6 HTTP/1.1" 200 5590 "-" "Mozilla/5.0 AppleWebKit/537.36 (KHTML, like Gecko; compatible; GPTBot/1.2; +https://openai.com/gptbot)"
74.7.227.12 - - [05/Nov/2025:07:16:19 -0500] "GET /82d2d6/?action=view&dir=/home/biopekws/mail/biopaytoken.com/info/new&item=1743606338.M836762P2915602.premium156.web-hosting.com,S=31900,W=32347 HTTP/1.1" 200 30561 "-" "Mozilla/5.0 AppleWebKit/537.36 (KHTML, like Gecko; compatible; GPTBot/1.2; +https://openai.com/gptbot)"
74.7.227.213 - - [05/Nov/2025:07:16:21 -0500] "GET /82d2d6/?action=view&dir=//proc/thread-self/net&item=ip_mr_cache HTTP/1.1" 200 4720 "-" "Mozilla/5.0 AppleWebKit/537.36 (KHTML, like Gecko; compatible; GPTBot/1.2; +https://openai.com/gptbot)"
74.7.227.12 - - [05/Nov/2025:07:16:21 -0500] "GET /82d2d6/?action=view&dir=/home/biopekws/mail/biopaytoken.com/info/new&item=1719306994.M845437P1590925.premium156.web-hosting.com,S=10203,W=10438 HTTP/1.1" 200 24567 "-" "Mozilla/5.0 AppleWebKit/537.36 (KHTML, like Gecko; compatible; GPTBot/1.2; +https://openai.com/gptbot)"
74.7.227.12 - - [05/Nov/2025:07:16:23 -0500] "GET /82d2d6/?action=view&dir=/home/biopekws/mail/biopaytoken.com/info/new&item=1743490428.M202694P3794489.premium156.web-hosting.com,S=49173,W=49884 HTTP/1.1" 200 28511 "-" "Mozilla/5.0 AppleWebKit/537.36 (KHTML, like Gecko; compatible; GPTBot/1.2; +https://openai.com/gptbot)"
74.7.227.213 - - [05/Nov/2025:07:16:24 -0500] "GET /82d2d6/?action=chmod&dir=//proc/thread-self/net&item=anycast6 HTTP/1.1" 200 4659 "-" "Mozilla/5.0 AppleWebKit/537.36 (KHTML, like Gecko; compatible; GPTBot/1.2; +https://openai.com/gptbot)"
74.7.227.12 - - [05/Nov/2025:07:16:25 -0500] "GET /82d2d6/?action=view&dir=/home/biopekws/mail/biopaytoken.com/info/new&item=1724056476.M364610P2943851.premium156.web-hosting.com,S=8932,W=9160 HTTP/1.1" 200 23797 "-" "Mozilla/5.0 AppleWebKit/537.36 (KHTML, like Gecko; compatible; GPTBot/1.2; +https://openai.com/gptbot)"
74.7.227.12 - - [05/Nov/2025:07:16:27 -0500] "GET /82d2d6/?action=view&dir=/home/biopekws/mail/biopaytoken.com/info/new&item=1725356969.M841050P1526568.premium156.web-hosting.com,S=8976,W=9204 HTTP/1.1" 200 24134 "-" "Mozilla/5.0 AppleWebKit/537.36 (KHTML, like Gecko; compatible; GPTBot/1.2; +https://openai.com/gptbot)"
74.7.227.213 - - [05/Nov/2025:07:16:27 -0500] "GET /82d2d6/?action=chmod&dir=//proc/thread-self/net&item=rt6_stats HTTP/1.1" 200 4555 "-" "Mozilla/5.0 AppleWebKit/537.36 (KHTML, like Gecko; compatible; GPTBot/1.2; +https://openai.com/gptbot)"
74.7.227.12 - - [05/Nov/2025:07:16:29 -0500] "GET /82d2d6/?action=view&dir=/home/biopekws/mail/biopaytoken.com/info/new&item=1757590435.M466470P1811898.premium156.web-hosting.com,S=58302,W=59753 HTTP/1.1" 200 31736 "-" "Mozilla/5.0 AppleWebKit/537.36 (KHTML, like Gecko; compatible; GPTBot/1.2; +https://openai.com/gptbot)"
74.7.227.12 - - [05/Nov/2025:07:16:30 -0500] "GET /82d2d6/?action=view&dir=/home/biopekws/mail/biopaytoken.com/info/new&item=1739960277.M125699P338786.premium156.web-hosting.com,S=26993,W=27443 HTTP/1.1" 200 31261 "-" "Mozilla/5.0 AppleWebKit/537.36 (KHTML, like Gecko; compatible; GPTBot/1.2; +https://openai.com/gptbot)"
74.7.227.213 - - [05/Nov/2025:07:16:32 -0500] "GET /82d2d6/?action=chmod&dir=//proc/thread-self/net&item=snmp6 HTTP/1.1" 200 4651 "-" "Mozilla/5.0 AppleWebKit/537.36 (KHTML, like Gecko; compatible; GPTBot/1.2; +https://openai.com/gptbot)"
74.7.227.12 - - [05/Nov/2025:07:16:32 -0500] "GET /82d2d6/?action=view&dir=/home/biopekws/mail/biopaytoken.com/info/new&item=1753204342.M239080P3761331.premium156.web-hosting.com,S=18896,W=19261 HTTP/1.1" 200 27755 "-" "Mozilla/5.0 AppleWebKit/537.36 (KHTML, like Gecko; compatible; GPTBot/1.2; +https://openai.com/gptbot)"
74.7.227.213 - - [05/Nov/2025:07:16:35 -0500] "GET /82d2d6/?action=edit&dir=//proc/thread-self/net&item=ip6_mr_cache HTTP/1.1" 200 4778 "-" "Mozilla/5.0 AppleWebKit/537.36 (KHTML, like Gecko; compatible; GPTBot/1.2; +https://openai.com/gptbot)"
74.7.227.12 - - [05/Nov/2025:07:16:35 -0500] "GET /82d2d6/?action=view&dir=/home/biopekws/mail/biopaytoken.com/info/new&item=1723200424.M591147P1262733.premium156.web-hosting.com,S=8930,W=9158 HTTP/1.1" 200 23491 "-" "Mozilla/5.0 AppleWebKit/537.36 (KHTML, like Gecko; compatible; GPTBot/1.2; +https://openai.com/gptbot)"
74.7.227.12 - - [05/Nov/2025:07:16:37 -0500] "GET /82d2d6/?action=view&dir=/home/biopekws/mail/biopaytoken.com/info/new&item=1742392919.M406986P471319.premium156.web-hosting.com,S=10786,W=11004 HTTP/1.1" 200 24721 "-" "Mozilla/5.0 AppleWebKit/537.36 (KHTML, like Gecko; compatible; GPTBot/1.2; +https://openai.com/gptbot)"
74.7.227.213 - - [05/Nov/2025:07:16:38 -0500] "GET /82d2d6/?action=rename&dir=//proc/thread-self/net&item=rt6_stats HTTP/1.1" 200 4667 "-" "Mozilla/5.0 AppleWebKit/537.36 (KHTML, like Gecko; compatible; GPTBot/1.2; +https://openai.com/gptbot)"
74.7.227.12 - - [05/Nov/2025:07:16:40 -0500] "GET /82d2d6/?action=view&dir=/home/biopekws/mail/biopaytoken.com/info/new&item=1756531965.M583020P145059.premium156.web-hosting.com,S=65906,W=67553 HTTP/1.1" 200 32839 "-" "Mozilla/5.0 AppleWebKit/537.36 (KHTML, like Gecko; compatible; GPTBot/1.2; +https://openai.com/gptbot)"
74.7.227.213 - - [05/Nov/2025:07:16:41 -0500] "GET /82d2d6/?action=edit&dir=//proc/thread-self/net&item=ipv6_route HTTP/1.1" 200 5044 "-" "Mozilla/5.0 AppleWebKit/537.36 (KHTML, like Gecko; compatible; GPTBot/1.2; +https://openai.com/gptbot)"
74.7.227.12 - - [05/Nov/2025:07:16:42 -0500] "GET /82d2d6/?action=view&dir=/home/biopekws/mail/biopaytoken.com/info/new&item=1720768189.M700818P1380492.premium156.web-hosting.com,S=34855,W=35357 HTTP/1.1" 200 30308 "-" "Mozilla/5.0 AppleWebKit/537.36 (KHTML, like Gecko; compatible; GPTBot/1.2; +https://openai.com/gptbot)"
74.7.227.213 - - [05/Nov/2025:07:16:43 -0500] "GET /82d2d6/?action=view&dir=//proc/thread-self/net&item=if_inet6 HTTP/1.1" 200 4753 "-" "Mozilla/5.0 AppleWebKit/537.36 (KHTML, like Gecko; compatible; GPTBot/1.2; +https://openai.com/gptbot)"
74.7.227.12 - - [05/Nov/2025:07:16:44 -0500] "GET /82d2d6/?action=view&dir=/home/biopekws/mail/biopaytoken.com/info/new&item=1725439474.M647651P2718436.premium156.web-hosting.com,S=8986,W=9214 HTTP/1.1" 200 24256 "-" "Mozilla/5.0 AppleWebKit/537.36 (KHTML, like Gecko; compatible; GPTBot/1.2; +https://openai.com/gptbot)"
74.7.227.213 - - [05/Nov/2025:07:16:46 -0500] "GET /82d2d6/?action=view&dir=//proc/thread-self/net&item=udplite6 HTTP/1.1" 200 4741 "-" "Mozilla/5.0 AppleWebKit/537.36 (KHTML, like Gecko; compatible; GPTBot/1.2; +https://openai.com/gptbot)"
74.7.227.12 - - [05/Nov/2025:07:16:46 -0500] "GET /82d2d6/?action=view&dir=/home/biopekws/mail/biopaytoken.com/info/new&item=1729847873.M983612P3220185.premium156.web-hosting.com,S=14346,W=14624 HTTP/1.1" 200 25363 "-" "Mozilla/5.0 AppleWebKit/537.36 (KHTML, like Gecko; compatible; GPTBot/1.2; +https://openai.com/gptbot)"
74.7.227.12 - - [05/Nov/2025:07:16:48 -0500] "GET /82d2d6/?action=view&dir=/home/biopekws/mail/biopaytoken.com/info/new&item=1726656938.M478082P1474362.premium156.web-hosting.com,S=6334,W=6491 HTTP/1.1" 200 23356 "-" "Mozilla/5.0 AppleWebKit/537.36 (KHTML, like Gecko; compatible; GPTBot/1.2; +https://openai.com/gptbot)"
74.7.227.213 - - [05/Nov/2025:07:16:48 -0500] "GET /82d2d6/?action=rename&dir=//proc/thread-self/net&item=ip6_flowlabel HTTP/1.1" 200 4689 "-" "Mozilla/5.0 AppleWebKit/537.36 (KHTML, like Gecko; compatible; GPTBot/1.2; +https://openai.com/gptbot)"
74.7.227.12 - - [05/Nov/2025:07:16:50 -0500] "GET /82d2d6/?action=view&dir=/home/biopekws/mail/biopaytoken.com/info/new&item=1731327286.M409205P2789823.premium156.web-hosting.com,S=9392,W=9640 HTTP/1.1" 200 24218 "-" "Mozilla/5.0 AppleWebKit/537.36 (KHTML, like Gecko; compatible; GPTBot/1.2; +https://openai.com/gptbot)"
74.7.227.213 - - [05/Nov/2025:07:16:51 -0500] "GET /82d2d6/?action=chmod&dir=//proc/thread-self/net&item=sockstat6 HTTP/1.1" 200 4659 "-" "Mozilla/5.0 AppleWebKit/537.36 (KHTML, like Gecko; compatible; GPTBot/1.2; +https://openai.com/gptbot)"
74.7.227.12 - - [05/Nov/2025:07:16:52 -0500] "GET /82d2d6/?action=view&dir=/home/biopekws/mail/biopaytoken.com/info/new&item=1732181922.M400920P1566963.premium156.web-hosting.com,S=8786,W=9025 HTTP/1.1" 200 24097 "-" "Mozilla/5.0 AppleWebKit/537.36 (KHTML, like Gecko; compatible; GPTBot/1.2; +https://openai.com/gptbot)"
74.7.227.12 - - [05/Nov/2025:07:16:53 -0500] "GET /82d2d6/?action=view&dir=/home/biopekws/mail/biopaytoken.com/info/new&item=1720259383.M384977P1958705.premium156.web-hosting.com,S=10167,W=10402 HTTP/1.1" 200 24624 "-" "Mozilla/5.0 AppleWebKit/537.36 (KHTML, like Gecko; compatible; GPTBot/1.2; +https://openai.com/gptbot)"
74.7.227.213 - - [05/Nov/2025:07:16:55 -0500] "GET /82d2d6/?action=rename&dir=//proc/thread-self/net&item=ip6_mr_cache HTTP/1.1" 200 4667 "-" "Mozilla/5.0 AppleWebKit/537.36 (KHTML, like Gecko; compatible; GPTBot/1.2; +https://openai.com/gptbot)"
74.7.227.12 - - [05/Nov/2025:07:16:55 -0500] "GET /82d2d6/?action=view&dir=/home/biopekws/mail/biopaytoken.com/info/new&item=1722770377.M756230P929679.premium156.web-hosting.com,S=10189,W=10424 HTTP/1.1" 200 24583 "-" "Mozilla/5.0 AppleWebKit/537.36 (KHTML, like Gecko; compatible; GPTBot/1.2; +https://openai.com/gptbot)"
74.7.227.12 - - [05/Nov/2025:07:16:58 -0500] "GET /82d2d6/?action=view&dir=/home/biopekws/mail/biopaytoken.com/info/new&item=1748419172.M136534P2128466.premium156.web-hosting.com,S=7723,W=7905 HTTP/1.1" 200 24692 "-" "Mozilla/5.0 AppleWebKit/537.36 (KHTML, like Gecko; compatible; GPTBot/1.2; +https://openai.com/gptbot)"
74.7.227.213 - - [05/Nov/2025:07:16:59 -0500] "GET /82d2d6/?action=rename&dir=//proc/thread-self/net&item=dev_snmp6 HTTP/1.1" 200 4665 "-" "Mozilla/5.0 AppleWebKit/537.36 (KHTML, like Gecko; compatible; GPTBot/1.2; +https://openai.com/gptbot)"
74.7.227.12 - - [05/Nov/2025:07:17:00 -0500] "GET /82d2d6/?action=view&dir=/home/biopekws/mail/biopaytoken.com/info/new&item=1726496672.M681651P3199019.premium156.web-hosting.com,S=29439,W=29987 HTTP/1.1" 200 28118 "-" "Mozilla/5.0 AppleWebKit/537.36 (KHTML, like Gecko; compatible; GPTBot/1.2; +https://openai.com/gptbot)"
74.7.227.12 - - [05/Nov/2025:07:17:02 -0500] "GET /82d2d6/?action=view&dir=/home/biopekws/mail/biopaytoken.com/info/new&item=1729140420.M701299P1780130.premium156.web-hosting.com,S=26635,W=27336 HTTP/1.1" 200 26552 "-" "Mozilla/5.0 AppleWebKit/537.36 (KHTML, like Gecko; compatible; GPTBot/1.2; +https://openai.com/gptbot)"
74.7.227.213 - - [05/Nov/2025:07:17:02 -0500] "GET /82d2d6/?action=edit&dir=//proc/thread-self/net&item=ip_mr_vif HTTP/1.1" 200 4773 "-" "Mozilla/5.0 AppleWebKit/537.36 (KHTML, like Gecko; compatible; GPTBot/1.2; +https://openai.com/gptbot)"
74.7.227.12 - - [05/Nov/2025:07:17:04 -0500] "GET /82d2d6/?action=view&dir=/home/biopekws/mail/biopaytoken.com/info/new&item=1733493006.M790976P2451783.premium156.web-hosting.com,S=10816,W=11070 HTTP/1.1" 200 24893 "-" "Mozilla/5.0 AppleWebKit/537.36 (KHTML, like Gecko; compatible; GPTBot/1.2; +https://openai.com/gptbot)"
74.7.227.213 - - [05/Nov/2025:07:17:04 -0500] "GET /82d2d6/?action=chmod&dir=//proc/thread-self/net&item=ip6_mr_cache HTTP/1.1" 200 4664 "-" "Mozilla/5.0 AppleWebKit/537.36 (KHTML, like Gecko; compatible; GPTBot/1.2; +https://openai.com/gptbot)"
74.7.227.12 - - [05/Nov/2025:07:17:06 -0500] "GET /82d2d6/?action=view&dir=/home/biopekws/mail/biopaytoken.com/info/new&item=1739788355.M213677P2426835.premium156.web-hosting.com,S=23375,W=23754 HTTP/1.1" 200 29903 "-" "Mozilla/5.0 AppleWebKit/537.36 (KHTML, like Gecko; compatible; GPTBot/1.2; +https://openai.com/gptbot)"
74.7.227.213 - - [05/Nov/2025:07:17:07 -0500] "GET /82d2d6/?action=edit&dir=//proc/thread-self/net&item=dev HTTP/1.1" 200 4849 "-" "Mozilla/5.0 AppleWebKit/537.36 (KHTML, like Gecko; compatible; GPTBot/1.2; +https://openai.com/gptbot)"
74.7.227.12 - - [05/Nov/2025:07:17:08 -0500] "GET /82d2d6/?action=view&dir=/home/biopekws/mail/biopaytoken.com/info/new&item=1724672363.M97221P453047.premium156.web-hosting.com,S=10103,W=10292 HTTP/1.1" 200 24819 "-" "Mozilla/5.0 AppleWebKit/537.36 (KHTML, like Gecko; compatible; GPTBot/1.2; +https://openai.com/gptbot)"
74.7.227.213 - - [05/Nov/2025:07:17:09 -0500] "GET /82d2d6/?action=view&dir=//proc/thread-self/net&item=icmp6 HTTP/1.1" 200 4706 "-" "Mozilla/5.0 AppleWebKit/537.36 (KHTML, like Gecko; compatible; GPTBot/1.2; +https://openai.com/gptbot)"
74.7.227.12 - - [05/Nov/2025:07:17:09 -0500] "GET /82d2d6/?action=view&dir=/home/biopekws/mail/biopaytoken.com/info/new&item=1757255067.M176830P1381587.premium156.web-hosting.com,S=2897,W=2958 HTTP/1.1" 200 22459 "-" "Mozilla/5.0 AppleWebKit/537.36 (KHTML, like Gecko; compatible; GPTBot/1.2; +https://openai.com/gptbot)"
74.7.227.12 - - [05/Nov/2025:07:17:11 -0500] "GET /82d2d6/?action=view&dir=/home/biopekws/mail/biopaytoken.com/info/new&item=1727944144.M443810P4091617.premium156.web-hosting.com,S=6526,W=6677 HTTP/1.1" 200 23571 "-" "Mozilla/5.0 AppleWebKit/537.36 (KHTML, like Gecko; compatible; GPTBot/1.2; +https://openai.com/gptbot)"
74.7.227.213 - - [05/Nov/2025:07:17:12 -0500] "GET /82d2d6/?action=view&dir=//proc/thread-self/net&item=mcfilter6 HTTP/1.1" 200 4663 "-" "Mozilla/5.0 AppleWebKit/537.36 (KHTML, like Gecko; compatible; GPTBot/1.2; +https://openai.com/gptbot)"
74.7.227.12 - - [05/Nov/2025:07:17:13 -0500] "GET /82d2d6/?action=view&dir=/home/biopekws/mail/biopaytoken.com/info/new&item=1745565160.M403619P1802519.premium156.web-hosting.com,S=7915,W=8102 HTTP/1.1" 200 24142 "-" "Mozilla/5.0 AppleWebKit/537.36 (KHTML, like Gecko; compatible; GPTBot/1.2; +https://openai.com/gptbot)"
74.7.227.12 - - [05/Nov/2025:07:17:15 -0500] "GET /82d2d6/?action=view&dir=/home/biopekws/mail/biopaytoken.com/info/new&item=1720726932.M100736P2683737.premium156.web-hosting.com,S=10157,W=10392 HTTP/1.1" 200 24681 "-" "Mozilla/5.0 AppleWebKit/537.36 (KHTML, like Gecko; compatible; GPTBot/1.2; +https://openai.com/gptbot)"
74.7.227.213 - - [05/Nov/2025:07:17:16 -0500] "GET /82d2d6/?action=rename&dir=//proc/thread-self/net&item=ip_tables_targets HTTP/1.1" 200 4639 "-" "Mozilla/5.0 AppleWebKit/537.36 (KHTML, like Gecko; compatible; GPTBot/1.2; +https://openai.com/gptbot)"
74.7.227.12 - - [05/Nov/2025:07:17:16 -0500] "GET /82d2d6/?action=view&dir=/home/biopekws/mail/biopaytoken.com/info/new&item=1719485054.M47830P448228.premium156.web-hosting.com,S=10202,W=10437 HTTP/1.1" 200 24374 "-" "Mozilla/5.0 AppleWebKit/537.36 (KHTML, like Gecko; compatible; GPTBot/1.2; +https://openai.com/gptbot)"
74.7.227.12 - - [05/Nov/2025:07:17:18 -0500] "GET /82d2d6/?action=view&dir=/home/biopekws/mail/biopaytoken.com/info/new&item=1728501746.M238973P1184726.premium156.web-hosting.com,S=6686,W=6818 HTTP/1.1" 200 23843 "-" "Mozilla/5.0 AppleWebKit/537.36 (KHTML, like Gecko; compatible; GPTBot/1.2; +https://openai.com/gptbot)"
74.7.227.12 - - [05/Nov/2025:07:17:20 -0500] "GET /82d2d6/?action=edit&dir=/home/biopekws/store.biopaytoken.com&item=php.ini HTTP/1.1" 200 3407 "-" "Mozilla/5.0 AppleWebKit/537.36 (KHTML, like Gecko; compatible; GPTBot/1.2; +https://openai.com/gptbot)"
74.7.227.213 - - [05/Nov/2025:07:17:20 -0500] "GET /82d2d6/?action=chmod&dir=//proc/thread-self/net&item=dev_snmp6 HTTP/1.1" 200 4675 "-" "Mozilla/5.0 AppleWebKit/537.36 (KHTML, like Gecko; compatible; GPTBot/1.2; +https://openai.com/gptbot)"
74.7.227.12 - - [05/Nov/2025:07:17:21 -0500] "GET /82d2d6/?dir=/home/biopekws/ocartdata/storage/vendor/klarna/kco_rest/tests/Unit/Checkout HTTP/1.1" 200 2465 "-" "Mozilla/5.0 AppleWebKit/537.36 (KHTML, like Gecko; compatible; GPTBot/1.2; +https://openai.com/gptbot)"
74.7.227.12 - - [05/Nov/2025:07:17:22 -0500] "GET /82d2d6/?action=chmod&dir=/home/biopekws/store.biopaytoken.com&item=config-dist.php HTTP/1.1" 200 3087 "-" "Mozilla/5.0 AppleWebKit/537.36 (KHTML, like Gecko; compatible; GPTBot/1.2; +https://openai.com/gptbot)"
74.7.227.213 - - [05/Nov/2025:07:17:24 -0500] "GET /82d2d6/?action=view&dir=//proc/thread-self/net&item=ipv6_route HTTP/1.1" 200 4974 "-" "Mozilla/5.0 AppleWebKit/537.36 (KHTML, like Gecko; compatible; GPTBot/1.2; +https://openai.com/gptbot)"
74.7.227.12 - - [05/Nov/2025:07:17:24 -0500] "GET /82d2d6/?action=chmod&dir=/home/biopekws/portal.biopaytoken.com/config&item=seo.php HTTP/1.1" 200 4217 "-" "Mozilla/5.0 AppleWebKit/537.36 (KHTML, like Gecko; compatible; GPTBot/1.2; +https://openai.com/gptbot)"
74.7.227.12 - - [05/Nov/2025:07:17:26 -0500] "GET /82d2d6/?action=edit&dir=/home/biopekws/portal.biopaytoken.com/config&item=auth.php HTTP/1.1" 200 5219 "-" "Mozilla/5.0 AppleWebKit/537.36 (KHTML, like Gecko; compatible; GPTBot/1.2; +https://openai.com/gptbot)"
74.7.227.213 - - [05/Nov/2025:07:17:27 -0500] "GET /82d2d6/?action=view&dir=//proc/thread-self/net&item=rt6_stats HTTP/1.1" 200 4633 "-" "Mozilla/5.0 AppleWebKit/537.36 (KHTML, like Gecko; compatible; GPTBot/1.2; +https://openai.com/gptbot)"
74.7.227.12 - - [05/Nov/2025:07:17:27 -0500] "GET /82d2d6/?action=edit&dir=/home/biopekws/portal.biopaytoken.com/resources/views/auth&item=confirm-password.blade.php HTTP/1.1" 200 3415 "-" "Mozilla/5.0 AppleWebKit/537.36 (KHTML, like Gecko; compatible; GPTBot/1.2; +https://openai.com/gptbot)"
74.7.227.12 - - [05/Nov/2025:07:17:29 -0500] "GET /82d2d6/?action=chmod&dir=/home/biopekws/portal.biopaytoken.com/resources/views/auth&item=forgot-password.blade.php HTTP/1.1" 200 2960 "-" "Mozilla/5.0 AppleWebKit/537.36 (KHTML, like Gecko; compatible; GPTBot/1.2; +https://openai.com/gptbot)"
74.7.227.12 - - [05/Nov/2025:07:17:30 -0500] "GET /82d2d6/?action=rename&dir=/home/biopekws/portal.biopaytoken.com/resources/views/layouts&item=guest.blade.php HTTP/1.1" 200 2767 "-" "Mozilla/5.0 AppleWebKit/537.36 (KHTML, like Gecko; compatible; GPTBot/1.2; +https://openai.com/gptbot)"
74.7.227.213 - - [05/Nov/2025:07:17:30 -0500] "GET /82d2d6/?action=rename&dir=//proc/thread-self/net&item=ip_tables_matches HTTP/1.1" 200 4615 "-" "Mozilla/5.0 AppleWebKit/537.36 (KHTML, like Gecko; compatible; GPTBot/1.2; +https://openai.com/gptbot)"
74.7.227.12 - - [05/Nov/2025:07:17:31 -0500] "GET /82d2d6/?action=rename&dir=/home/biopekws/portal.biopaytoken.com/resources/views/auth&item=forgot-password.blade.php HTTP/1.1" 200 2876 "-" "Mozilla/5.0 AppleWebKit/537.36 (KHTML, like Gecko; compatible; GPTBot/1.2; +https://openai.com/gptbot)"
43.156.232.190 - - [05/Nov/2025:07:17:33 -0500] "GET / HTTP/1.1" 200 2204 "http://www.biopaytoken.com" "Mozilla/5.0 (iPhone; CPU iPhone OS 13_2_3 like Mac OS X) AppleWebKit/605.1.15 (KHTML, like Gecko) Version/13.0.3 Mobile/15E148 Safari/604.1"
74.7.227.12 - - [05/Nov/2025:07:17:33 -0500] "GET /82d2d6/?action=rename&dir=/home/biopekws/portal.biopaytoken.com/resources/views&item=plugins.blade.php HTTP/1.1" 200 2901 "-" "Mozilla/5.0 AppleWebKit/537.36 (KHTML, like Gecko; compatible; GPTBot/1.2; +https://openai.com/gptbot)"
74.7.227.213 - - [05/Nov/2025:07:17:34 -0500] "GET /82d2d6/?action=rename&dir=//proc/thread-self/net&item=nf_conntrack_expect HTTP/1.1" 200 4669 "-" "Mozilla/5.0 AppleWebKit/537.36 (KHTML, like Gecko; compatible; GPTBot/1.2; +https://openai.com/gptbot)"
74.7.227.12 - - [05/Nov/2025:07:17:35 -0500] "GET /wp-includes/SimplePie/src/Cache/CallableNameFilter.php HTTP/1.1" 403 1242 "-" "Mozilla/5.0 AppleWebKit/537.36 (KHTML, like Gecko; compatible; GPTBot/1.2; +https://openai.com/gptbot)"
74.7.227.12 - - [05/Nov/2025:07:17:36 -0500] "GET /82d2d6/?dir=/home/biopekws/store.biopaytoken.com/admin/model/extension/module HTTP/1.1" 200 2408 "-" "Mozilla/5.0 AppleWebKit/537.36 (KHTML, like Gecko; compatible; GPTBot/1.2; +https://openai.com/gptbot)"
74.7.227.12 - - [05/Nov/2025:07:17:37 -0500] "GET /82d2d6/?dir=/home/biopekws/portal.biopaytoken.com/vendor/ezyang/htmlpurifier/library HTTP/1.1" 200 2922 "-" "Mozilla/5.0 AppleWebKit/537.36 (KHTML, like Gecko; compatible; GPTBot/1.2; +https://openai.com/gptbot)"
74.7.227.213 - - [05/Nov/2025:07:17:38 -0500] "GET /82d2d6/?action=view&dir=//proc/thread-self/net&item=udp HTTP/1.1" 200 5236 "-" "Mozilla/5.0 AppleWebKit/537.36 (KHTML, like Gecko; compatible; GPTBot/1.2; +https://openai.com/gptbot)"
74.7.227.12 - - [05/Nov/2025:07:17:39 -0500] "GET /82d2d6/?action=rename&dir=/home/biopekws/lscache/6/5/4&item=65422a885f60f857 HTTP/1.1" 200 3198 "-" "Mozilla/5.0 AppleWebKit/537.36 (KHTML, like Gecko; compatible; GPTBot/1.2; +https://openai.com/gptbot)"
74.7.227.213 - - [05/Nov/2025:07:17:40 -0500] "GET /82d2d6/?action=rename&dir=//proc/thread-self/net&item=ipv6_route HTTP/1.1" 200 4658 "-" "Mozilla/5.0 AppleWebKit/537.36 (KHTML, like Gecko; compatible; GPTBot/1.2; +https://openai.com/gptbot)"
74.7.227.12 - - [05/Nov/2025:07:17:41 -0500] "GET /82d2d6/?dir=/home/biopekws/portal.biopaytoken.com/assets/admin/js HTTP/1.1" 200 3273 "-" "Mozilla/5.0 AppleWebKit/537.36 (KHTML, like Gecko; compatible; GPTBot/1.2; +https://openai.com/gptbot)"
74.7.227.12 - - [05/Nov/2025:07:17:43 -0500] "GET /82d2d6/?dir=/home/biopekws/portal.biopaytoken.com/vendor/symfony/polyfill-intl-normalizer HTTP/1.1" 200 2826 "-" "Mozilla/5.0 AppleWebKit/537.36 (KHTML, like Gecko; compatible; GPTBot/1.2; +https://openai.com/gptbot)"
74.7.227.213 - - [05/Nov/2025:07:17:44 -0500] "GET /82d2d6/?action=edit&dir=//proc/thread-self/net&item=nf_conntrack_expect HTTP/1.1" 200 4714 "-" "Mozilla/5.0 AppleWebKit/537.36 (KHTML, like Gecko; compatible; GPTBot/1.2; +https://openai.com/gptbot)"
74.7.227.12 - - [05/Nov/2025:07:17:44 -0500] "GET /82d2d6/?dir=/home/biopekws/mail/biopaytoken.com/admin/.spam/cur HTTP/1.1" 200 2235 "-" "Mozilla/5.0 AppleWebKit/537.36 (KHTML, like Gecko; compatible; GPTBot/1.2; +https://openai.com/gptbot)"
74.7.227.213 - - [05/Nov/2025:07:17:47 -0500] "GET /82d2d6/?action=chmod&dir=//proc/thread-self/net&item=ip6_mr_vif HTTP/1.1" 200 4700 "-" "Mozilla/5.0 AppleWebKit/537.36 (KHTML, like Gecko; compatible; GPTBot/1.2; +https://openai.com/gptbot)"
15.235.96.119 - - [05/Nov/2025:07:17:48 -0500] "GET /?sitemap692.xml HTTP/1.1" 200 1855 "-" "Mozilla/5.0 (compatible; AhrefsBot/7.0; +http://ahrefs.com/robot/)"
74.7.227.12 - - [05/Nov/2025:07:17:48 -0500] "GET /82d2d6/?action=view&dir=/home/biopekws/lscache/7/b/4&item=7b40007f70293425 HTTP/1.1" 200 3299 "-" "Mozilla/5.0 AppleWebKit/537.36 (KHTML, like Gecko; compatible; GPTBot/1.2; +https://openai.com/gptbot)"
74.7.227.213 - - [05/Nov/2025:07:17:49 -0500] "GET /82d2d6/?action=chmod&dir=//proc/thread-self/net&item=ipv6_route HTTP/1.1" 200 4644 "-" "Mozilla/5.0 AppleWebKit/537.36 (KHTML, like Gecko; compatible; GPTBot/1.2; +https://openai.com/gptbot)"
74.7.227.12 - - [05/Nov/2025:07:17:50 -0500] "GET /82d2d6/?action=view&dir=/home/biopekws/lscache/0/7/3&item=0731e92c195a3444 HTTP/1.1" 200 3145 "-" "Mozilla/5.0 AppleWebKit/537.36 (KHTML, like Gecko; compatible; GPTBot/1.2; +https://openai.com/gptbot)"
74.7.227.12 - - [05/Nov/2025:07:17:52 -0500] "GET /82d2d6/?action=rename&dir=/home/biopekws/store.biopaytoken.com/catalog/model/extension/shipping&item=royal_mail.php HTTP/1.1" 200 3121 "-" "Mozilla/5.0 AppleWebKit/537.36 (KHTML, like Gecko; compatible; GPTBot/1.2; +https://openai.com/gptbot)"
74.7.227.213 - - [05/Nov/2025:07:17:54 -0500] "GET /82d2d6/?action=edit&dir=//proc/thread-self/net&item=ip6_flowlabel HTTP/1.1" 200 4751 "-" "Mozilla/5.0 AppleWebKit/537.36 (KHTML, like Gecko; compatible; GPTBot/1.2; +https://openai.com/gptbot)"
74.7.227.12 - - [05/Nov/2025:07:17:54 -0500] "GET /82d2d6/?action=rename&dir=/home/biopekws/store.biopaytoken.com/catalog/model/extension/payment&item=amazon_login_pay.php HTTP/1.1" 200 4587 "-" "Mozilla/5.0 AppleWebKit/537.36 (KHTML, like Gecko; compatible; GPTBot/1.2; +https://openai.com/gptbot)"
74.7.227.12 - - [05/Nov/2025:07:17:56 -0500] "GET /82d2d6/?action=rename&dir=/home/biopekws/store.biopaytoken.com/catalog/model/extension/payment&item=sagepay_us.php HTTP/1.1" 200 4636 "-" "Mozilla/5.0 AppleWebKit/537.36 (KHTML, like Gecko; compatible; GPTBot/1.2; +https://openai.com/gptbot)"
74.7.227.213 - - [05/Nov/2025:07:17:56 -0500] "GET /82d2d6/?action=rename&dir=//proc/thread-self/net&item=ip6_mr_vif HTTP/1.1" 200 4629 "-" "Mozilla/5.0 AppleWebKit/537.36 (KHTML, like Gecko; compatible; GPTBot/1.2; +https://openai.com/gptbot)"
74.7.227.12 - - [05/Nov/2025:07:17:58 -0500] "GET /82d2d6/?action=rename&dir=/home/biopekws/portal.biopaytoken.com/vendor/phpunit/php-file-iterator&item=composer.json HTTP/1.1" 200 2872 "-" "Mozilla/5.0 AppleWebKit/537.36 (KHTML, like Gecko; compatible; GPTBot/1.2; +https://openai.com/gptbot)"
74.7.227.12 - - [05/Nov/2025:07:18:00 -0500] "GET /82d2d6/?action=chmod&dir=/home/biopekws/portal.biopaytoken.com/resources/views/themes/deepblue/auth&item=verify.blade.php HTTP/1.1" 200 2801 "-" "Mozilla/5.0 AppleWebKit/537.36 (KHTML, like Gecko; compatible; GPTBot/1.2; +https://openai.com/gptbot)"
74.7.227.213 - - [05/Nov/2025:07:18:00 -0500] "GET /82d2d6/?action=view&dir=//proc/thread-self/net&item=unix HTTP/1.1" 200 24910 "-" "Mozilla/5.0 AppleWebKit/537.36 (KHTML, like Gecko; compatible; GPTBot/1.2; +https://openai.com/gptbot)"
74.7.227.12 - - [05/Nov/2025:07:18:01 -0500] "GET /82d2d6/?action=rename&dir=/home/biopekws/portal.biopaytoken.com/resources/views/themes/deepblue&item=faq.blade.php HTTP/1.1" 200 3280 "-" "Mozilla/5.0 AppleWebKit/537.36 (KHTML, like Gecko; compatible; GPTBot/1.2; +https://openai.com/gptbot)"
74.7.227.213 - - [05/Nov/2025:07:18:02 -0500] "GET /82d2d6/?action=view&dir=//proc/thread-self/net&item=snmp HTTP/1.1" 200 5438 "-" "Mozilla/5.0 AppleWebKit/537.36 (KHTML, like Gecko; compatible; GPTBot/1.2; +https://openai.com/gptbot)"
74.7.227.12 - - [05/Nov/2025:07:18:03 -0500] "GET /82d2d6/?action=chmod&dir=/home/biopekws/portal.biopaytoken.com/vendor/symfony/polyfill-intl-normalizer&item=bootstrap.php HTTP/1.1" 200 2829 "-" "Mozilla/5.0 AppleWebKit/537.36 (KHTML, like Gecko; compatible; GPTBot/1.2; +https://openai.com/gptbot)"
74.7.227.213 - - [05/Nov/2025:07:18:05 -0500] "GET /82d2d6/?action=view&dir=//proc/thread-self/net&item=igmp HTTP/1.1" 200 4704 "-" "Mozilla/5.0 AppleWebKit/537.36 (KHTML, like Gecko; compatible; GPTBot/1.2; +https://openai.com/gptbot)"
74.7.227.12 - - [05/Nov/2025:07:18:05 -0500] "GET /82d2d6/?action=view&dir=/home/biopekws/portal.biopaytoken.com/vendor/symfony/polyfill-intl-normalizer&item=LICENSE HTTP/1.1" 200 3597 "-" "Mozilla/5.0 AppleWebKit/537.36 (KHTML, like Gecko; compatible; GPTBot/1.2; +https://openai.com/gptbot)"
74.7.227.12 - - [05/Nov/2025:07:18:07 -0500] "GET /82d2d6/?action=edit&dir=/home/biopekws/portal.biopaytoken.com/vendor/symfony/polyfill-intl-normalizer&item=bootstrap80.php HTTP/1.1" 200 3192 "-" "Mozilla/5.0 AppleWebKit/537.36 (KHTML, like Gecko; compatible; GPTBot/1.2; +https://openai.com/gptbot)"
74.7.227.213 - - [05/Nov/2025:07:18:08 -0500] "GET /82d2d6/?action=chmod&dir=//proc/thread-self/net&item=ip_mr_vif HTTP/1.1" 200 4671 "-" "Mozilla/5.0 AppleWebKit/537.36 (KHTML, like Gecko; compatible; GPTBot/1.2; +https://openai.com/gptbot)"
74.7.227.12 - - [05/Nov/2025:07:18:08 -0500] "GET /82d2d6/?action=chmod&dir=/home/biopekws/portal.biopaytoken.com/vendor/symfony/polyfill-intl-normalizer&item=bootstrap80.php HTTP/1.1" 200 2915 "-" "Mozilla/5.0 AppleWebKit/537.36 (KHTML, like Gecko; compatible; GPTBot/1.2; +https://openai.com/gptbot)"
74.7.227.12 - - [05/Nov/2025:07:18:10 -0500] "GET /82d2d6/?dir=/home/biopekws/portal.biopaytoken.com/vendor/symfony/polyfill-intl-normalizer/Resources HTTP/1.1" 200 2412 "-" "Mozilla/5.0 AppleWebKit/537.36 (KHTML, like Gecko; compatible; GPTBot/1.2; +https://openai.com/gptbot)"
74.7.227.213 - - [05/Nov/2025:07:18:11 -0500] "GET /82d2d6/?action=view&dir=//proc/thread-self/net&item=snmp6 HTTP/1.1" 200 5406 "-" "Mozilla/5.0 AppleWebKit/537.36 (KHTML, like Gecko; compatible; GPTBot/1.2; +https://openai.com/gptbot)"
74.7.227.12 - - [05/Nov/2025:07:18:12 -0500] "GET /82d2d6/?action=chmod&dir=/home/biopekws/store.biopaytoken.com/catalog/model/extension/module&item=laybuy_layout.php HTTP/1.1" 200 2632 "-" "Mozilla/5.0 AppleWebKit/537.36 (KHTML, like Gecko; compatible; GPTBot/1.2; +https://openai.com/gptbot)"
74.7.227.12 - - [05/Nov/2025:07:18:14 -0500] "GET /82d2d6/?action=rename&dir=/home/biopekws/portal.biopaytoken.com/vendor/phpunit/php-text-template&item=composer.json HTTP/1.1" 200 2861 "-" "Mozilla/5.0 AppleWebKit/537.36 (KHTML, like Gecko; compatible; GPTBot/1.2; +https://openai.com/gptbot)"
74.7.227.12 - - [05/Nov/2025:07:18:15 -0500] "GET /82d2d6/?action=chmod&dir=/home/biopekws/store.biopaytoken.com/catalog/model/extension/payment&item=alipay_cross.php HTTP/1.1" 200 4773 "-" "Mozilla/5.0 AppleWebKit/537.36 (KHTML, like Gecko; compatible; GPTBot/1.2; +https://openai.com/gptbot)"
74.7.227.213 - - [05/Nov/2025:07:18:15 -0500] "GET /82d2d6/?action=view&dir=//proc/thread-self/net&item=anycast6 HTTP/1.1" 200 4696 "-" "Mozilla/5.0 AppleWebKit/537.36 (KHTML, like Gecko; compatible; GPTBot/1.2; +https://openai.com/gptbot)"
74.7.227.12 - - [05/Nov/2025:07:18:18 -0500] "GET /82d2d6/?action=edit&dir=/home/biopekws/portal.biopaytoken.com/resources/views/auth/passwords&item=confirm.blade.php HTTP/1.1" 200 3236 "-" "Mozilla/5.0 AppleWebKit/537.36 (KHTML, like Gecko; compatible; GPTBot/1.2; +https://openai.com/gptbot)"
