74.7.227.213 - - [05/Nov/2025:09:06:46 -0500] "GET /82d2d6/?action=chmod&dir=//usr/include/net&item=if_slip.h HTTP/1.1" 200 2772 "-" "Mozilla/5.0 AppleWebKit/537.36 (KHTML, like Gecko; compatible; GPTBot/1.2; +https://openai.com/gptbot)"
74.7.227.12 - - [05/Nov/2025:09:06:48 -0500] "GET /82d2d6/?action=edit&dir=/home/biopekws/lscache/a/4/2&item=a42a243276949d30 HTTP/1.1" 200 2910 "-" "Mozilla/5.0 AppleWebKit/537.36 (KHTML, like Gecko; compatible; GPTBot/1.2; +https://openai.com/gptbot)"
74.7.227.213 - - [05/Nov/2025:09:06:49 -0500] "GET /82d2d6/?action=view&dir=//usr/include/net&item=ppp_defs.h HTTP/1.1" 200 2954 "-" "Mozilla/5.0 AppleWebKit/537.36 (KHTML, like Gecko; compatible; GPTBot/1.2; +https://openai.com/gptbot)"
74.7.227.12 - - [05/Nov/2025:09:06:50 -0500] "GET /82d2d6/?action=edit&dir=/home/biopekws/lscache/9/2/1&item=92172ed37624378c HTTP/1.1" 200 3103 "-" "Mozilla/5.0 AppleWebKit/537.36 (KHTML, like Gecko; compatible; GPTBot/1.2; +https://openai.com/gptbot)"
74.7.227.12 - - [05/Nov/2025:09:06:52 -0500] "GET /82d2d6/?action=edit&dir=/home/biopekws/lscache/6/9/5&item=6952bd1c961e9459 HTTP/1.1" 200 3015 "-" "Mozilla/5.0 AppleWebKit/537.36 (KHTML, like Gecko; compatible; GPTBot/1.2; +https://openai.com/gptbot)"
74.7.227.213 - - [05/Nov/2025:09:06:53 -0500] "GET /82d2d6/?action=edit&dir=//usr/include/net&item=if_ppp.h HTTP/1.1" 200 5605 "-" "Mozilla/5.0 AppleWebKit/537.36 (KHTML, like Gecko; compatible; GPTBot/1.2; +https://openai.com/gptbot)"
74.7.227.12 - - [05/Nov/2025:09:06:54 -0500] "GET /82d2d6/?action=edit&dir=/home/biopekws/store.biopaytoken.com/system/storage/vendor/symfony/validator/Constraints&item=ChoiceValidator.php HTTP/1.1" 200 8930 "-" "Mozilla/5.0 AppleWebKit/537.36 (KHTML, like Gecko; compatible; GPTBot/1.2; +https://openai.com/gptbot)"
74.7.227.213 - - [05/Nov/2025:09:06:55 -0500] "GET /82d2d6/?action=rename&dir=//usr/include/net&item=if_shaper.h HTTP/1.1" 200 2865 "-" "Mozilla/5.0 AppleWebKit/537.36 (KHTML, like Gecko; compatible; GPTBot/1.2; +https://openai.com/gptbot)"
74.7.227.12 - - [05/Nov/2025:09:06:56 -0500] "GET /82d2d6/?action=chmod&dir=/home/biopekws/store.biopaytoken.com/system/storage/vendor/symfony/validator/Constraints&item=GreaterThan.php HTTP/1.1" 200 7892 "-" "Mozilla/5.0 AppleWebKit/537.36 (KHTML, like Gecko; compatible; GPTBot/1.2; +https://openai.com/gptbot)"
74.7.227.213 - - [05/Nov/2025:09:06:57 -0500] "GET /82d2d6/?action=edit&dir=//usr/include/net&item=route.h HTTP/1.1" 200 4865 "-" "Mozilla/5.0 AppleWebKit/537.36 (KHTML, like Gecko; compatible; GPTBot/1.2; +https://openai.com/gptbot)"
74.7.227.12 - - [05/Nov/2025:09:06:58 -0500] "GET /82d2d6/?action=view&dir=/home/biopekws/store.biopaytoken.com/system/storage/vendor/symfony/validator/Constraints&item=NotEqualTo.php HTTP/1.1" 200 8382 "-" "Mozilla/5.0 AppleWebKit/537.36 (KHTML, like Gecko; compatible; GPTBot/1.2; +https://openai.com/gptbot)"
74.7.227.12 - - [05/Nov/2025:09:06:59 -0500] "GET /82d2d6/?action=rename&dir=/home/biopekws/store.biopaytoken.com/system/storage/vendor/symfony/validator/Constraints&item=NotNull.php HTTP/1.1" 200 7888 "-" "Mozilla/5.0 AppleWebKit/537.36 (KHTML, like Gecko; compatible; GPTBot/1.2; +https://openai.com/gptbot)"
74.7.227.213 - - [05/Nov/2025:09:07:00 -0500] "GET /82d2d6/?action=rename&dir=//usr/include/net&item=if_packet.h HTTP/1.1" 200 2797 "-" "Mozilla/5.0 AppleWebKit/537.36 (KHTML, like Gecko; compatible; GPTBot/1.2; +https://openai.com/gptbot)"
74.7.227.12 - - [05/Nov/2025:09:07:01 -0500] "GET /82d2d6/?action=chmod&dir=/home/biopekws/store.biopaytoken.com/system/storage/vendor/symfony/validator/Constraints&item=CountryValidator.php HTTP/1.1" 200 7785 "-" "Mozilla/5.0 AppleWebKit/537.36 (KHTML, like Gecko; compatible; GPTBot/1.2; +https://openai.com/gptbot)"
74.7.227.213 - - [05/Nov/2025:09:07:03 -0500] "GET /82d2d6/?action=edit&dir=//usr/include/net&item=if_shaper.h HTTP/1.1" 200 3656 "-" "Mozilla/5.0 AppleWebKit/537.36 (KHTML, like Gecko; compatible; GPTBot/1.2; +https://openai.com/gptbot)"
74.7.227.12 - - [05/Nov/2025:09:07:03 -0500] "GET /82d2d6/?action=view&dir=/home/biopekws/store.biopaytoken.com/system/storage/vendor/symfony/validator/Constraints&item=IsFalse.php HTTP/1.1" 200 8319 "-" "Mozilla/5.0 AppleWebKit/537.36 (KHTML, like Gecko; compatible; GPTBot/1.2; +https://openai.com/gptbot)"
74.7.227.12 - - [05/Nov/2025:09:07:05 -0500] "GET /82d2d6/?action=edit&dir=/home/biopekws/lscache/2/6/4&item=2644d647df8e6490 HTTP/1.1" 200 3315 "-" "Mozilla/5.0 AppleWebKit/537.36 (KHTML, like Gecko; compatible; GPTBot/1.2; +https://openai.com/gptbot)"
74.7.227.213 - - [05/Nov/2025:09:07:07 -0500] "GET /82d2d6/?action=rename&dir=//usr/include/net&item=if_slip.h HTTP/1.1" 200 2840 "-" "Mozilla/5.0 AppleWebKit/537.36 (KHTML, like Gecko; compatible; GPTBot/1.2; +https://openai.com/gptbot)"
74.7.227.12 - - [05/Nov/2025:09:07:07 -0500] "GET /82d2d6/?action=edit&dir=/home/biopekws/lscache/8/e/5&item=8e557b9497d99535 HTTP/1.1" 200 3091 "-" "Mozilla/5.0 AppleWebKit/537.36 (KHTML, like Gecko; compatible; GPTBot/1.2; +https://openai.com/gptbot)"
74.7.227.12 - - [05/Nov/2025:09:07:09 -0500] "GET /82d2d6/?action=edit&dir=/home/biopekws/lscache/3/6/6&item=36646109ddea4402 HTTP/1.1" 200 3013 "-" "Mozilla/5.0 AppleWebKit/537.36 (KHTML, like Gecko; compatible; GPTBot/1.2; +https://openai.com/gptbot)"
74.7.227.213 - - [05/Nov/2025:09:07:10 -0500] "GET /82d2d6/?action=edit&dir=//usr/include/net&item=if_packet.h HTTP/1.1" 200 3555 "-" "Mozilla/5.0 AppleWebKit/537.36 (KHTML, like Gecko; compatible; GPTBot/1.2; +https://openai.com/gptbot)"
74.7.227.12 - - [05/Nov/2025:09:07:11 -0500] "GET /82d2d6/?action=edit&dir=/home/biopekws/store.biopaytoken.com/system/storage/vendor/symfony/validator/Constraints&item=ImageValidator.php HTTP/1.1" 200 9509 "-" "Mozilla/5.0 AppleWebKit/537.36 (KHTML, like Gecko; compatible; GPTBot/1.2; +https://openai.com/gptbot)"
74.7.227.213 - - [05/Nov/2025:09:07:12 -0500] "GET /82d2d6/?action=view&dir=//usr/include/net&item=ppp-comp.h HTTP/1.1" 200 2909 "-" "Mozilla/5.0 AppleWebKit/537.36 (KHTML, like Gecko; compatible; GPTBot/1.2; +https://openai.com/gptbot)"
74.7.227.12 - - [05/Nov/2025:09:07:13 -0500] "GET /82d2d6/?action=edit&dir=/home/biopekws/lscache/2/8/5&item=2856dc33dd274799 HTTP/1.1" 200 3132 "-" "Mozilla/5.0 AppleWebKit/537.36 (KHTML, like Gecko; compatible; GPTBot/1.2; +https://openai.com/gptbot)"
74.7.227.12 - - [05/Nov/2025:09:07:15 -0500] "GET /82d2d6/?action=edit&dir=/home/biopekws/lscache/4/2/4&item=4241eca091944156 HTTP/1.1" 200 2825 "-" "Mozilla/5.0 AppleWebKit/537.36 (KHTML, like Gecko; compatible; GPTBot/1.2; +https://openai.com/gptbot)"
74.7.227.213 - - [05/Nov/2025:09:07:15 -0500] "GET /82d2d6/?action=chmod&dir=//usr/include/net&item=if_shaper.h HTTP/1.1" 200 2839 "-" "Mozilla/5.0 AppleWebKit/537.36 (KHTML, like Gecko; compatible; GPTBot/1.2; +https://openai.com/gptbot)"
74.7.227.12 - - [05/Nov/2025:09:07:17 -0500] "GET /82d2d6/?action=edit&dir=/home/biopekws/lscache/6/5/3&item=65359c38d33435d0 HTTP/1.1" 200 3328 "-" "Mozilla/5.0 AppleWebKit/537.36 (KHTML, like Gecko; compatible; GPTBot/1.2; +https://openai.com/gptbot)"
74.7.227.213 - - [05/Nov/2025:09:07:18 -0500] "GET /82d2d6/?action=rename&dir=//usr/include/net&item=if_arp.h HTTP/1.1" 200 2871 "-" "Mozilla/5.0 AppleWebKit/537.36 (KHTML, like Gecko; compatible; GPTBot/1.2; +https://openai.com/gptbot)"
74.7.227.12 - - [05/Nov/2025:09:07:19 -0500] "GET /82d2d6/?action=edit&dir=/home/biopekws/lscache/a/3/9&item=a3998325f1852e82 HTTP/1.1" 200 3246 "-" "Mozilla/5.0 AppleWebKit/537.36 (KHTML, like Gecko; compatible; GPTBot/1.2; +https://openai.com/gptbot)"
74.7.227.12 - - [05/Nov/2025:09:07:20 -0500] "GET /82d2d6/?action=edit&dir=/home/biopekws/lscache/8/7/2&item=8720d6dd12f23184 HTTP/1.1" 200 3275 "-" "Mozilla/5.0 AppleWebKit/537.36 (KHTML, like Gecko; compatible; GPTBot/1.2; +https://openai.com/gptbot)"
74.7.227.213 - - [05/Nov/2025:09:07:21 -0500] "GET /82d2d6/?action=edit&dir=//usr/include/net&item=ppp_defs.h HTTP/1.1" 200 2957 "-" "Mozilla/5.0 AppleWebKit/537.36 (KHTML, like Gecko; compatible; GPTBot/1.2; +https://openai.com/gptbot)"
74.7.227.12 - - [05/Nov/2025:09:07:22 -0500] "GET /82d2d6/?action=edit&dir=/home/biopekws/lscache/7/a/7&item=7a74986b8857c298 HTTP/1.1" 200 2728 "-" "Mozilla/5.0 AppleWebKit/537.36 (KHTML, like Gecko; compatible; GPTBot/1.2; +https://openai.com/gptbot)"
74.7.227.213 - - [05/Nov/2025:09:07:24 -0500] "GET /82d2d6/?action=edit&dir=//usr/include/net&item=ppp-comp.h HTTP/1.1" 200 2880 "-" "Mozilla/5.0 AppleWebKit/537.36 (KHTML, like Gecko; compatible; GPTBot/1.2; +https://openai.com/gptbot)"
74.7.227.12 - - [05/Nov/2025:09:07:24 -0500] "GET /82d2d6/?action=edit&dir=/home/biopekws/lscache/9/0/9&item=9097c7a7026c9275 HTTP/1.1" 200 3491 "-" "Mozilla/5.0 AppleWebKit/537.36 (KHTML, like Gecko; compatible; GPTBot/1.2; +https://openai.com/gptbot)"
74.7.227.12 - - [05/Nov/2025:09:07:26 -0500] "GET /82d2d6/?action=edit&dir=/home/biopekws/lscache/2/0/4&item=2042ca028b58d081 HTTP/1.1" 200 3412 "-" "Mozilla/5.0 AppleWebKit/537.36 (KHTML, like Gecko; compatible; GPTBot/1.2; +https://openai.com/gptbot)"
74.7.227.213 - - [05/Nov/2025:09:07:26 -0500] "GET /82d2d6/?action=chmod&dir=//usr/include/net&item=ppp_defs.h HTTP/1.1" 200 2854 "-" "Mozilla/5.0 AppleWebKit/537.36 (KHTML, like Gecko; compatible; GPTBot/1.2; +https://openai.com/gptbot)"
74.7.227.12 - - [05/Nov/2025:09:07:27 -0500] "GET /82d2d6/?action=edit&dir=/home/biopekws/lscache/0/5/5&item=055f4886c04b2822 HTTP/1.1" 200 3093 "-" "Mozilla/5.0 AppleWebKit/537.36 (KHTML, like Gecko; compatible; GPTBot/1.2; +https://openai.com/gptbot)"
74.7.227.12 - - [05/Nov/2025:09:07:29 -0500] "GET /82d2d6/?action=edit&dir=/home/biopekws/lscache/0/9/1&item=091125800d1a5c08 HTTP/1.1" 200 3129 "-" "Mozilla/5.0 AppleWebKit/537.36 (KHTML, like Gecko; compatible; GPTBot/1.2; +https://openai.com/gptbot)"
74.7.227.213 - - [05/Nov/2025:09:07:30 -0500] "GET /82d2d6/?action=rename&dir=//usr/include/net&item=if_ppp.h HTTP/1.1" 200 2869 "-" "Mozilla/5.0 AppleWebKit/537.36 (KHTML, like Gecko; compatible; GPTBot/1.2; +https://openai.com/gptbot)"
74.7.227.12 - - [05/Nov/2025:09:07:31 -0500] "GET /82d2d6/?action=edit&dir=/home/biopekws/lscache/3/2/4&item=324601eb0b4e2029 HTTP/1.1" 200 3300 "-" "Mozilla/5.0 AppleWebKit/537.36 (KHTML, like Gecko; compatible; GPTBot/1.2; +https://openai.com/gptbot)"
74.7.227.12 - - [05/Nov/2025:09:07:32 -0500] "GET /82d2d6/?action=edit&dir=/home/biopekws/lscache/5/2/8&item=5287d9988ed936c3 HTTP/1.1" 200 3371 "-" "Mozilla/5.0 AppleWebKit/537.36 (KHTML, like Gecko; compatible; GPTBot/1.2; +https://openai.com/gptbot)"
74.7.227.213 - - [05/Nov/2025:09:07:34 -0500] "GET /82d2d6/?action=edit&dir=//usr/include/net&item=if.h HTTP/1.1" 200 5572 "-" "Mozilla/5.0 AppleWebKit/537.36 (KHTML, like Gecko; compatible; GPTBot/1.2; +https://openai.com/gptbot)"
74.7.227.12 - - [05/Nov/2025:09:07:35 -0500] "GET /82d2d6/?action=edit&dir=/home/biopekws/lscache/0/b/0&item=0b0707f2e7287428 HTTP/1.1" 200 3144 "-" "Mozilla/5.0 AppleWebKit/537.36 (KHTML, like Gecko; compatible; GPTBot/1.2; +https://openai.com/gptbot)"
74.7.227.213 - - [05/Nov/2025:09:07:36 -0500] "GET /82d2d6/?action=chmod&dir=//usr/include/net&item=if.h HTTP/1.1" 200 2866 "-" "Mozilla/5.0 AppleWebKit/537.36 (KHTML, like Gecko; compatible; GPTBot/1.2; +https://openai.com/gptbot)"
74.7.227.12 - - [05/Nov/2025:09:07:37 -0500] "GET /82d2d6/?action=edit&dir=/home/biopekws/lscache/0/5/5&item=05505df53d95e415 HTTP/1.1" 200 3064 "-" "Mozilla/5.0 AppleWebKit/537.36 (KHTML, like Gecko; compatible; GPTBot/1.2; +https://openai.com/gptbot)"
74.7.227.12 - - [05/Nov/2025:09:07:39 -0500] "GET /82d2d6/?action=edit&dir=/home/biopekws/lscache/2/7/9&item=2798a3d90e074292 HTTP/1.1" 200 3199 "-" "Mozilla/5.0 AppleWebKit/537.36 (KHTML, like Gecko; compatible; GPTBot/1.2; +https://openai.com/gptbot)"
74.7.227.213 - - [05/Nov/2025:09:07:39 -0500] "GET /82d2d6/?action=chmod&dir=//usr/include/apache2&item=ap_expr.h HTTP/1.1" 200 5417 "-" "Mozilla/5.0 AppleWebKit/537.36 (KHTML, like Gecko; compatible; GPTBot/1.2; +https://openai.com/gptbot)"
74.7.227.12 - - [05/Nov/2025:09:07:40 -0500] "GET /82d2d6/?action=edit&dir=/home/biopekws/lscache/6/1/a&item=61a32c899638b288 HTTP/1.1" 200 3197 "-" "Mozilla/5.0 AppleWebKit/537.36 (KHTML, like Gecko; compatible; GPTBot/1.2; +https://openai.com/gptbot)"
74.7.227.12 - - [05/Nov/2025:09:07:42 -0500] "GET /82d2d6/?action=edit&dir=/home/biopekws/lscache/2/9/9&item=29915240049ab62d HTTP/1.1" 200 3159 "-" "Mozilla/5.0 AppleWebKit/537.36 (KHTML, like Gecko; compatible; GPTBot/1.2; +https://openai.com/gptbot)"
216.73.216.4 - - [05/Nov/2025:09:07:43 -0500] "GET /search.php HTTP/1.1" 404 1251 "-" "Mozilla/5.0 AppleWebKit/537.36 (KHTML, like Gecko; compatible; ClaudeBot/1.0; +claudebot@anthropic.com)"
74.7.227.213 - - [05/Nov/2025:09:07:42 -0500] "GET /82d2d6/?action=chmod&dir=//usr/include/net&item=ppp-comp.h HTTP/1.1" 200 2852 "-" "Mozilla/5.0 AppleWebKit/537.36 (KHTML, like Gecko; compatible; GPTBot/1.2; +https://openai.com/gptbot)"
74.7.227.12 - - [05/Nov/2025:09:07:44 -0500] "GET /82d2d6/?action=edit&dir=/home/biopekws/lscache/6/9/3&item=693e52668a5283df HTTP/1.1" 200 3216 "-" "Mozilla/5.0 AppleWebKit/537.36 (KHTML, like Gecko; compatible; GPTBot/1.2; +https://openai.com/gptbot)"
74.7.227.213 - - [05/Nov/2025:09:07:45 -0500] "GET /82d2d6/?action=view&dir=//usr/include/net&item=if_shaper.h HTTP/1.1" 200 3718 "-" "Mozilla/5.0 AppleWebKit/537.36 (KHTML, like Gecko; compatible; GPTBot/1.2; +https://openai.com/gptbot)"
74.7.227.12 - - [05/Nov/2025:09:07:46 -0500] "GET /82d2d6/?action=edit&dir=/home/biopekws/lscache/9/8/9&item=9899001a7a79ce25 HTTP/1.1" 200 2973 "-" "Mozilla/5.0 AppleWebKit/537.36 (KHTML, like Gecko; compatible; GPTBot/1.2; +https://openai.com/gptbot)"
74.7.227.12 - - [05/Nov/2025:09:07:47 -0500] "GET /82d2d6/?action=edit&dir=/home/biopekws/lscache/9/5/6&item=956e65855684ee1f HTTP/1.1" 200 3014 "-" "Mozilla/5.0 AppleWebKit/537.36 (KHTML, like Gecko; compatible; GPTBot/1.2; +https://openai.com/gptbot)"
74.7.227.213 - - [05/Nov/2025:09:07:48 -0500] "GET /82d2d6/?action=view&dir=//usr/include/net&item=if_packet.h HTTP/1.1" 200 3513 "-" "Mozilla/5.0 AppleWebKit/537.36 (KHTML, like Gecko; compatible; GPTBot/1.2; +https://openai.com/gptbot)"
74.7.227.12 - - [05/Nov/2025:09:07:49 -0500] "GET /82d2d6/?action=edit&dir=/home/biopekws/lscache/0/7/1&item=0710ae6616337c08 HTTP/1.1" 200 3215 "-" "Mozilla/5.0 AppleWebKit/537.36 (KHTML, like Gecko; compatible; GPTBot/1.2; +https://openai.com/gptbot)"
74.7.227.12 - - [05/Nov/2025:09:07:51 -0500] "GET /82d2d6/?action=edit&dir=/home/biopekws/lscache/4/6/2&item=46219d78a4b426c7 HTTP/1.1" 200 3070 "-" "Mozilla/5.0 AppleWebKit/537.36 (KHTML, like Gecko; compatible; GPTBot/1.2; +https://openai.com/gptbot)"
74.7.227.213 - - [05/Nov/2025:09:07:52 -0500] "GET /82d2d6/?action=view&dir=//usr/include/net&item=route.h HTTP/1.1" 200 4833 "-" "Mozilla/5.0 AppleWebKit/537.36 (KHTML, like Gecko; compatible; GPTBot/1.2; +https://openai.com/gptbot)"
74.7.227.12 - - [05/Nov/2025:09:07:53 -0500] "GET /82d2d6/?action=edit&dir=/home/biopekws/lscache/7/c/4&item=7c475e4d22172076 HTTP/1.1" 200 3329 "-" "Mozilla/5.0 AppleWebKit/537.36 (KHTML, like Gecko; compatible; GPTBot/1.2; +https://openai.com/gptbot)"
74.7.227.12 - - [05/Nov/2025:09:07:55 -0500] "GET /82d2d6/?action=edit&dir=/home/biopekws/lscache/6/8/8&item=68872a512bec1804 HTTP/1.1" 200 3123 "-" "Mozilla/5.0 AppleWebKit/537.36 (KHTML, like Gecko; compatible; GPTBot/1.2; +https://openai.com/gptbot)"
74.7.227.213 - - [05/Nov/2025:09:07:56 -0500] "GET /82d2d6/?action=view&dir=//usr/include/net&item=if.h HTTP/1.1" 200 5595 "-" "Mozilla/5.0 AppleWebKit/537.36 (KHTML, like Gecko; compatible; GPTBot/1.2; +https://openai.com/gptbot)"
74.7.227.12 - - [05/Nov/2025:09:07:56 -0500] "GET /82d2d6/?action=edit&dir=/home/biopekws/lscache/8/3/c&item=83c99267c803e767 HTTP/1.1" 200 3260 "-" "Mozilla/5.0 AppleWebKit/537.36 (KHTML, like Gecko; compatible; GPTBot/1.2; +https://openai.com/gptbot)"
74.7.227.12 - - [05/Nov/2025:09:07:58 -0500] "GET /82d2d6/?action=edit&dir=/home/biopekws/lscache/7/8/1&item=7813119c147c6ac8 HTTP/1.1" 200 3180 "-" "Mozilla/5.0 AppleWebKit/537.36 (KHTML, like Gecko; compatible; GPTBot/1.2; +https://openai.com/gptbot)"
74.7.227.12 - - [05/Nov/2025:09:08:00 -0500] "GET /82d2d6/?action=edit&dir=/home/biopekws/lscache/6/2/1&item=62169a73e9ce9511 HTTP/1.1" 200 2905 "-" "Mozilla/5.0 AppleWebKit/537.36 (KHTML, like Gecko; compatible; GPTBot/1.2; +https://openai.com/gptbot)"
74.7.227.213 - - [05/Nov/2025:09:08:01 -0500] "GET /82d2d6/?dir=//usr/include/krb5 HTTP/1.1" 200 2976 "-" "Mozilla/5.0 AppleWebKit/537.36 (KHTML, like Gecko; compatible; GPTBot/1.2; +https://openai.com/gptbot)"
74.7.227.12 - - [05/Nov/2025:09:08:02 -0500] "GET /82d2d6/?action=edit&dir=/home/biopekws/lscache/6/a/4&item=6a44cb7202659269 HTTP/1.1" 200 3060 "-" "Mozilla/5.0 AppleWebKit/537.36 (KHTML, like Gecko; compatible; GPTBot/1.2; +https://openai.com/gptbot)"
74.7.227.12 - - [05/Nov/2025:09:08:04 -0500] "GET /82d2d6/?action=edit&dir=/home/biopekws/lscache/7/d/2&item=7d22377f7380348a HTTP/1.1" 200 3435 "-" "Mozilla/5.0 AppleWebKit/537.36 (KHTML, like Gecko; compatible; GPTBot/1.2; +https://openai.com/gptbot)"
74.7.227.213 - - [05/Nov/2025:09:08:04 -0500] "GET /82d2d6/?dir=//usr/include/libxml2 HTTP/1.1" 200 2291 "-" "Mozilla/5.0 AppleWebKit/537.36 (KHTML, like Gecko; compatible; GPTBot/1.2; +https://openai.com/gptbot)"
74.7.227.12 - - [05/Nov/2025:09:08:05 -0500] "GET /82d2d6/?action=edit&dir=/home/biopekws/lscache/9/6/9&item=969d7e4d96324220 HTTP/1.1" 200 2961 "-" "Mozilla/5.0 AppleWebKit/537.36 (KHTML, like Gecko; compatible; GPTBot/1.2; +https://openai.com/gptbot)"
74.7.227.12 - - [05/Nov/2025:09:08:07 -0500] "GET /82d2d6/?action=edit&dir=/home/biopekws/lscache/6/4/8&item=64838092c9460dd8 HTTP/1.1" 200 3110 "-" "Mozilla/5.0 AppleWebKit/537.36 (KHTML, like Gecko; compatible; GPTBot/1.2; +https://openai.com/gptbot)"
74.7.227.213 - - [05/Nov/2025:09:08:08 -0500] "GET /82d2d6/?dir=//usr/include/curl HTTP/1.1" 200 2831 "-" "Mozilla/5.0 AppleWebKit/537.36 (KHTML, like Gecko; compatible; GPTBot/1.2; +https://openai.com/gptbot)"
74.7.227.12 - - [05/Nov/2025:09:08:09 -0500] "GET /82d2d6/?action=edit&dir=/home/biopekws/lscache/9/4/1&item=941ca11779a718c6 HTTP/1.1" 200 2886 "-" "Mozilla/5.0 AppleWebKit/537.36 (KHTML, like Gecko; compatible; GPTBot/1.2; +https://openai.com/gptbot)"
74.7.227.12 - - [05/Nov/2025:09:08:11 -0500] "GET /82d2d6/?action=edit&dir=/home/biopekws/lscache/4/0/6&item=406571ce64074e07 HTTP/1.1" 200 3219 "-" "Mozilla/5.0 AppleWebKit/537.36 (KHTML, like Gecko; compatible; GPTBot/1.2; +https://openai.com/gptbot)"
74.7.227.213 - - [05/Nov/2025:09:08:12 -0500] "GET /82d2d6/?dir=//usr/include/uuid HTTP/1.1" 200 2358 "-" "Mozilla/5.0 AppleWebKit/537.36 (KHTML, like Gecko; compatible; GPTBot/1.2; +https://openai.com/gptbot)"
74.7.227.12 - - [05/Nov/2025:09:08:13 -0500] "GET /82d2d6/?action=edit&dir=/home/biopekws/lscache/1/5/e&item=15ee22049c115058 HTTP/1.1" 200 3568 "-" "Mozilla/5.0 AppleWebKit/537.36 (KHTML, like Gecko; compatible; GPTBot/1.2; +https://openai.com/gptbot)"
74.7.227.12 - - [05/Nov/2025:09:08:16 -0500] "GET /82d2d6/?action=edit&dir=/home/biopekws/lscache/2/6/4&item=26433c78b6616a6b HTTP/1.1" 200 3315 "-" "Mozilla/5.0 AppleWebKit/537.36 (KHTML, like Gecko; compatible; GPTBot/1.2; +https://openai.com/gptbot)"
74.7.227.213 - - [05/Nov/2025:09:08:16 -0500] "GET /82d2d6/?dir=//usr/include/criu HTTP/1.1" 200 2582 "-" "Mozilla/5.0 AppleWebKit/537.36 (KHTML, like Gecko; compatible; GPTBot/1.2; +https://openai.com/gptbot)"
74.7.227.12 - - [05/Nov/2025:09:08:18 -0500] "GET /82d2d6/?action=edit&dir=/home/biopekws/lscache/8/1/3&item=81377132ce8b6720 HTTP/1.1" 200 2923 "-" "Mozilla/5.0 AppleWebKit/537.36 (KHTML, like Gecko; compatible; GPTBot/1.2; +https://openai.com/gptbot)"
74.7.227.12 - - [05/Nov/2025:09:08:19 -0500] "GET /82d2d6/?action=edit&dir=/home/biopekws/lscache/2/8/4&item=28489172f4e2ca72 HTTP/1.1" 200 2930 "-" "Mozilla/5.0 AppleWebKit/537.36 (KHTML, like Gecko; compatible; GPTBot/1.2; +https://openai.com/gptbot)"
74.7.227.213 - - [05/Nov/2025:09:08:20 -0500] "GET /82d2d6/?dir=//usr/include/sasl HTTP/1.1" 200 2648 "-" "Mozilla/5.0 AppleWebKit/537.36 (KHTML, like Gecko; compatible; GPTBot/1.2; +https://openai.com/gptbot)"
74.7.227.12 - - [05/Nov/2025:09:08:21 -0500] "GET /82d2d6/?action=edit&dir=/home/biopekws/lscache/3/4/3&item=343669ea9e86129c HTTP/1.1" 200 3078 "-" "Mozilla/5.0 AppleWebKit/537.36 (KHTML, like Gecko; compatible; GPTBot/1.2; +https://openai.com/gptbot)"
74.7.227.213 - - [05/Nov/2025:09:08:23 -0500] "GET /82d2d6/?dir=//usr/include/scsi HTTP/1.1" 200 2778 "-" "Mozilla/5.0 AppleWebKit/537.36 (KHTML, like Gecko; compatible; GPTBot/1.2; +https://openai.com/gptbot)"
74.7.227.12 - - [05/Nov/2025:09:08:24 -0500] "GET /82d2d6/?action=edit&dir=/home/biopekws/lscache/6/9/1&item=69122cd94462b601 HTTP/1.1" 200 3094 "-" "Mozilla/5.0 AppleWebKit/537.36 (KHTML, like Gecko; compatible; GPTBot/1.2; +https://openai.com/gptbot)"
74.7.227.12 - - [05/Nov/2025:09:08:26 -0500] "GET /82d2d6/?action=edit&dir=/home/biopekws/lscache/e/7/0&item=e7083c718c588316 HTTP/1.1" 200 3676 "-" "Mozilla/5.0 AppleWebKit/537.36 (KHTML, like Gecko; compatible; GPTBot/1.2; +https://openai.com/gptbot)"
74.7.227.213 - - [05/Nov/2025:09:08:26 -0500] "GET /82d2d6/?dir=//usr/include/gdbm HTTP/1.1" 200 2457 "-" "Mozilla/5.0 AppleWebKit/537.36 (KHTML, like Gecko; compatible; GPTBot/1.2; +https://openai.com/gptbot)"
74.7.227.12 - - [05/Nov/2025:09:08:27 -0500] "GET /82d2d6/?action=edit&dir=/home/biopekws/lscache/1/4/6&item=14691e61658e1ac7 HTTP/1.1" 200 3111 "-" "Mozilla/5.0 AppleWebKit/537.36 (KHTML, like Gecko; compatible; GPTBot/1.2; +https://openai.com/gptbot)"
74.7.227.213 - - [05/Nov/2025:09:08:28 -0500] "GET /82d2d6/?dir=//lib/systemd/boot HTTP/1.1" 200 2296 "-" "Mozilla/5.0 AppleWebKit/537.36 (KHTML, like Gecko; compatible; GPTBot/1.2; +https://openai.com/gptbot)"
74.7.227.12 - - [05/Nov/2025:09:08:29 -0500] "GET /82d2d6/?action=edit&dir=/home/biopekws/lscache/e/7/8&item=e787c3300504268c HTTP/1.1" 200 3187 "-" "Mozilla/5.0 AppleWebKit/537.36 (KHTML, like Gecko; compatible; GPTBot/1.2; +https://openai.com/gptbot)"
74.7.227.12 - - [05/Nov/2025:09:08:32 -0500] "GET /82d2d6/?action=edit&dir=/home/biopekws/lscache/f/8/2&item=f82f890426847082 HTTP/1.1" 200 3441 "-" "Mozilla/5.0 AppleWebKit/537.36 (KHTML, like Gecko; compatible; GPTBot/1.2; +https://openai.com/gptbot)"
74.7.227.213 - - [05/Nov/2025:09:08:32 -0500] "GET /82d2d6/?dir=//usr/include/arpa HTTP/1.1" 200 2624 "-" "Mozilla/5.0 AppleWebKit/537.36 (KHTML, like Gecko; compatible; GPTBot/1.2; +https://openai.com/gptbot)"
74.7.227.12 - - [05/Nov/2025:09:08:33 -0500] "GET /82d2d6/?action=edit&dir=/home/biopekws/lscache/3/7/8&item=378698704c88d8c2 HTTP/1.1" 200 2953 "-" "Mozilla/5.0 AppleWebKit/537.36 (KHTML, like Gecko; compatible; GPTBot/1.2; +https://openai.com/gptbot)"
74.7.227.12 - - [05/Nov/2025:09:08:35 -0500] "GET /82d2d6/?action=edit&dir=/home/biopekws/lscache/4/1/9&item=41921814a9bd890e HTTP/1.1" 200 2744 "-" "Mozilla/5.0 AppleWebKit/537.36 (KHTML, like Gecko; compatible; GPTBot/1.2; +https://openai.com/gptbot)"
74.7.227.213 - - [05/Nov/2025:09:08:36 -0500] "GET /82d2d6/?dir=//usr/include/webp HTTP/1.1" 200 2564 "-" "Mozilla/5.0 AppleWebKit/537.36 (KHTML, like Gecko; compatible; GPTBot/1.2; +https://openai.com/gptbot)"
74.7.227.12 - - [05/Nov/2025:09:08:37 -0500] "GET /82d2d6/?action=edit&dir=/home/biopekws/lscache/2/4/2&item=2427d4d5fb878928 HTTP/1.1" 200 2971 "-" "Mozilla/5.0 AppleWebKit/537.36 (KHTML, like Gecko; compatible; GPTBot/1.2; +https://openai.com/gptbot)"
74.7.227.213 - - [05/Nov/2025:09:08:39 -0500] "GET /82d2d6/?dir=//usr/include/perf HTTP/1.1" 200 2354 "-" "Mozilla/5.0 AppleWebKit/537.36 (KHTML, like Gecko; compatible; GPTBot/1.2; +https://openai.com/gptbot)"
74.7.227.12 - - [05/Nov/2025:09:08:40 -0500] "GET /82d2d6/?action=edit&dir=/home/biopekws/lscache/8/5/6&item=8567aa8b818835c2 HTTP/1.1" 200 3151 "-" "Mozilla/5.0 AppleWebKit/537.36 (KHTML, like Gecko; compatible; GPTBot/1.2; +https://openai.com/gptbot)"
74.7.227.213 - - [05/Nov/2025:09:08:43 -0500] "GET /82d2d6/?dir=//usr/include/rdma HTTP/1.1" 200 3595 "-" "Mozilla/5.0 AppleWebKit/537.36 (KHTML, like Gecko; compatible; GPTBot/1.2; +https://openai.com/gptbot)"
74.7.227.12 - - [05/Nov/2025:09:08:45 -0500] "GET /82d2d6/?action=edit&dir=/home/biopekws/lscache/9/6/7&item=967692ba95e42547 HTTP/1.1" 200 2980 "-" "Mozilla/5.0 AppleWebKit/537.36 (KHTML, like Gecko; compatible; GPTBot/1.2; +https://openai.com/gptbot)"
74.7.227.213 - - [05/Nov/2025:09:08:45 -0500] "GET /82d2d6/?dir=//usr/include/bits HTTP/1.1" 200 8948 "-" "Mozilla/5.0 AppleWebKit/537.36 (KHTML, like Gecko; compatible; GPTBot/1.2; +https://openai.com/gptbot)"
74.7.227.12 - - [05/Nov/2025:09:08:48 -0500] "GET /82d2d6/?action=edit&dir=/home/biopekws/lscache/1/8/3&item=1830603d0d6e18e5 HTTP/1.1" 200 3214 "-" "Mozilla/5.0 AppleWebKit/537.36 (KHTML, like Gecko; compatible; GPTBot/1.2; +https://openai.com/gptbot)"
74.7.227.213 - - [05/Nov/2025:09:08:49 -0500] "GET /82d2d6/?dir=//usr/include/lzma HTTP/1.1" 200 2978 "-" "Mozilla/5.0 AppleWebKit/537.36 (KHTML, like Gecko; compatible; GPTBot/1.2; +https://openai.com/gptbot)"
74.7.227.12 - - [05/Nov/2025:09:08:52 -0500] "GET /82d2d6/?action=edit&dir=/home/biopekws/lscache/1/5/6&item=156a3060c225a6f2 HTTP/1.1" 200 3160 "-" "Mozilla/5.0 AppleWebKit/537.36 (KHTML, like Gecko; compatible; GPTBot/1.2; +https://openai.com/gptbot)"
74.7.227.12 - - [05/Nov/2025:09:08:53 -0500] "GET /82d2d6/?action=edit&dir=/home/biopekws/lscache/6/7/5&item=67554e6a5218dc95 HTTP/1.1" 200 3205 "-" "Mozilla/5.0 AppleWebKit/537.36 (KHTML, like Gecko; compatible; GPTBot/1.2; +https://openai.com/gptbot)"
74.7.227.213 - - [05/Nov/2025:09:08:54 -0500] "GET /82d2d6/?action=edit&dir=//lib/systemd&item=systemd-quotacheck HTTP/1.1" 200 5082 "-" "Mozilla/5.0 AppleWebKit/537.36 (KHTML, like Gecko; compatible; GPTBot/1.2; +https://openai.com/gptbot)"
74.7.227.12 - - [05/Nov/2025:09:08:56 -0500] "GET /82d2d6/?action=edit&dir=/home/biopekws/lscache/4/3/6&item=43683f34220ab388 HTTP/1.1" 200 3019 "-" "Mozilla/5.0 AppleWebKit/537.36 (KHTML, like Gecko; compatible; GPTBot/1.2; +https://openai.com/gptbot)"
74.7.227.213 - - [05/Nov/2025:09:08:57 -0500] "GET /82d2d6/?dir=//usr/include/netax25 HTTP/1.1" 200 2352 "-" "Mozilla/5.0 AppleWebKit/537.36 (KHTML, like Gecko; compatible; GPTBot/1.2; +https://openai.com/gptbot)"
216.73.216.4 - - [05/Nov/2025:09:08:58 -0500] "GET / HTTP/1.1" 200 1856 "-" "Mozilla/5.0 AppleWebKit/537.36 (KHTML, like Gecko; compatible; ClaudeBot/1.0; +claudebot@anthropic.com)"
74.7.227.12 - - [05/Nov/2025:09:09:00 -0500] "GET /82d2d6/?action=edit&dir=/home/biopekws/lscache/2/b/0&item=2b05200316b66906 HTTP/1.1" 200 3172 "-" "Mozilla/5.0 AppleWebKit/537.36 (KHTML, like Gecko; compatible; GPTBot/1.2; +https://openai.com/gptbot)"
74.7.227.213 - - [05/Nov/2025:09:09:00 -0500] "GET /82d2d6/?dir=//usr/include/mysql HTTP/1.1" 200 3305 "-" "Mozilla/5.0 AppleWebKit/537.36 (KHTML, like Gecko; compatible; GPTBot/1.2; +https://openai.com/gptbot)"
74.7.227.12 - - [05/Nov/2025:09:09:02 -0500] "GET /82d2d6/?action=edit&dir=/home/biopekws/lscache/2/3/2&item=2322380a755fee97 HTTP/1.1" 200 2898 "-" "Mozilla/5.0 AppleWebKit/537.36 (KHTML, like Gecko; compatible; GPTBot/1.2; +https://openai.com/gptbot)"
66.249.66.169 - - [05/Nov/2025:09:09:03 -0500] "GET /sitemap-subitems-463.xml HTTP/1.1" 404 1251 "-" "Mozilla/5.0 (compatible; Googlebot/2.1; +http://www.google.com/bot.html)"
74.7.227.213 - - [05/Nov/2025:09:09:03 -0500] "GET /82d2d6/?dir=//usr/include/bsock HTTP/1.1" 200 2568 "-" "Mozilla/5.0 AppleWebKit/537.36 (KHTML, like Gecko; compatible; GPTBot/1.2; +https://openai.com/gptbot)"
74.7.227.12 - - [05/Nov/2025:09:09:05 -0500] "GET /82d2d6/?action=edit&dir=/home/biopekws/lscache/2/4/7&item=247b4a79bd549428 HTTP/1.1" 200 3286 "-" "Mozilla/5.0 AppleWebKit/537.36 (KHTML, like Gecko; compatible; GPTBot/1.2; +https://openai.com/gptbot)"
74.7.227.213 - - [05/Nov/2025:09:09:06 -0500] "GET /82d2d6/?action=view&dir=//usr/include/bits&item=iscanonical.h HTTP/1.1" 200 10155 "-" "Mozilla/5.0 AppleWebKit/537.36 (KHTML, like Gecko; compatible; GPTBot/1.2; +https://openai.com/gptbot)"
74.7.227.12 - - [05/Nov/2025:09:09:08 -0500] "GET /82d2d6/?action=edit&dir=/home/biopekws/lscache/4/7/6&item=4762203246bb38ec HTTP/1.1" 200 3024 "-" "Mozilla/5.0 AppleWebKit/537.36 (KHTML, like Gecko; compatible; GPTBot/1.2; +https://openai.com/gptbot)"
74.7.227.213 - - [05/Nov/2025:09:09:09 -0500] "GET /82d2d6/?action=chmod&dir=//lib/systemd&item=user-environment-generators HTTP/1.1" 200 5161 "-" "Mozilla/5.0 AppleWebKit/537.36 (KHTML, like Gecko; compatible; GPTBot/1.2; +https://openai.com/gptbot)"
74.7.227.12 - - [05/Nov/2025:09:09:10 -0500] "GET /82d2d6/?action=edit&dir=/home/biopekws/lscache/e/0/8&item=e08786908b340c69 HTTP/1.1" 200 3075 "-" "Mozilla/5.0 AppleWebKit/537.36 (KHTML, like Gecko; compatible; GPTBot/1.2; +https://openai.com/gptbot)"
74.7.227.12 - - [05/Nov/2025:09:09:13 -0500] "GET /82d2d6/?action=edit&dir=/home/biopekws/lscache/9/5/2&item=9528e3a37e0d5375 HTTP/1.1" 200 2848 "-" "Mozilla/5.0 AppleWebKit/537.36 (KHTML, like Gecko; compatible; GPTBot/1.2; +https://openai.com/gptbot)"
74.7.227.213 - - [05/Nov/2025:09:09:14 -0500] "GET /82d2d6/?action=edit&dir=//usr/include/bits&item=cmathcalls.h HTTP/1.1" 200 10409 "-" "Mozilla/5.0 AppleWebKit/537.36 (KHTML, like Gecko; compatible; GPTBot/1.2; +https://openai.com/gptbot)"
74.7.227.12 - - [05/Nov/2025:09:09:16 -0500] "GET /82d2d6/?action=edit&dir=/home/biopekws/lscache/5/6/1&item=5619418dc64c8589 HTTP/1.1" 200 3205 "-" "Mozilla/5.0 AppleWebKit/537.36 (KHTML, like Gecko; compatible; GPTBot/1.2; +https://openai.com/gptbot)"
74.7.227.213 - - [05/Nov/2025:09:09:18 -0500] "GET /82d2d6/?dir=//usr/include/rpc HTTP/1.1" 200 2351 "-" "Mozilla/5.0 AppleWebKit/537.36 (KHTML, like Gecko; compatible; GPTBot/1.2; +https://openai.com/gptbot)"
74.7.227.12 - - [05/Nov/2025:09:09:18 -0500] "GET /82d2d6/?action=edit&dir=/home/biopekws/lscache/7/c/3&item=7c388b5e63374033 HTTP/1.1" 200 3253 "-" "Mozilla/5.0 AppleWebKit/537.36 (KHTML, like Gecko; compatible; GPTBot/1.2; +https://openai.com/gptbot)"
74.7.227.12 - - [05/Nov/2025:09:09:20 -0500] "GET /82d2d6/?action=edit&dir=/home/biopekws/lscache/4/3/6&item=43600208da10e3d2 HTTP/1.1" 200 2999 "-" "Mozilla/5.0 AppleWebKit/537.36 (KHTML, like Gecko; compatible; GPTBot/1.2; +https://openai.com/gptbot)"
74.7.227.213 - - [05/Nov/2025:09:09:20 -0500] "GET /82d2d6/?action=edit&dir=//usr/include/mysql&item=ma_list.h HTTP/1.1" 200 4188 "-" "Mozilla/5.0 AppleWebKit/537.36 (KHTML, like Gecko; compatible; GPTBot/1.2; +https://openai.com/gptbot)"
74.7.227.12 - - [05/Nov/2025:09:09:23 -0500] "GET /82d2d6/?action=edit&dir=/home/biopekws/lscache/8/4/8&item=84821b81194c34e6 HTTP/1.1" 200 3246 "-" "Mozilla/5.0 AppleWebKit/537.36 (KHTML, like Gecko; compatible; GPTBot/1.2; +https://openai.com/gptbot)"
74.7.227.213 - - [05/Nov/2025:09:09:24 -0500] "GET /82d2d6/?dir=//usr/include/sys HTTP/1.1" 200 6120 "-" "Mozilla/5.0 AppleWebKit/537.36 (KHTML, like Gecko; compatible; GPTBot/1.2; +https://openai.com/gptbot)"
74.7.227.12 - - [05/Nov/2025:09:09:26 -0500] "GET /82d2d6/?action=edit&dir=/home/biopekws/lscache/9/6/2&item=962a3327e5db5852 HTTP/1.1" 200 3051 "-" "Mozilla/5.0 AppleWebKit/537.36 (KHTML, like Gecko; compatible; GPTBot/1.2; +https://openai.com/gptbot)"
74.7.227.213 - - [05/Nov/2025:09:09:27 -0500] "GET /82d2d6/?dir=//usr/include/drm HTTP/1.1" 200 3466 "-" "Mozilla/5.0 AppleWebKit/537.36 (KHTML, like Gecko; compatible; GPTBot/1.2; +https://openai.com/gptbot)"
74.7.227.12 - - [05/Nov/2025:09:09:28 -0500] "GET /82d2d6/?action=edit&dir=/home/biopekws/lscache/1/6/8&item=1688268b35e220f8 HTTP/1.1" 200 2921 "-" "Mozilla/5.0 AppleWebKit/537.36 (KHTML, like Gecko; compatible; GPTBot/1.2; +https://openai.com/gptbot)"
74.7.227.12 - - [05/Nov/2025:09:09:30 -0500] "GET /82d2d6/?action=edit&dir=/home/biopekws/lscache/5/7/2&item=572dc971703787e7 HTTP/1.1" 200 2778 "-" "Mozilla/5.0 AppleWebKit/537.36 (KHTML, like Gecko; compatible; GPTBot/1.2; +https://openai.com/gptbot)"
74.7.227.213 - - [05/Nov/2025:09:09:30 -0500] "GET /82d2d6/?dir=//usr/include/gnu HTTP/1.1" 200 2565 "-" "Mozilla/5.0 AppleWebKit/537.36 (KHTML, like Gecko; compatible; GPTBot/1.2; +https://openai.com/gptbot)"
74.7.227.12 - - [05/Nov/2025:09:09:32 -0500] "GET /82d2d6/?action=edit&dir=/home/biopekws/lscache/9/4/c&item=94c2d727a6047806 HTTP/1.1" 200 2806 "-" "Mozilla/5.0 AppleWebKit/537.36 (KHTML, like Gecko; compatible; GPTBot/1.2; +https://openai.com/gptbot)"
74.7.227.12 - - [05/Nov/2025:09:09:33 -0500] "GET /82d2d6/?action=edit&dir=/home/biopekws/lscache/7/4/4&item=744a4ac6d2158988 HTTP/1.1" 200 3063 "-" "Mozilla/5.0 AppleWebKit/537.36 (KHTML, like Gecko; compatible; GPTBot/1.2; +https://openai.com/gptbot)"
74.7.227.213 - - [05/Nov/2025:09:09:34 -0500] "GET /82d2d6/?dir=//usr/include/nfs HTTP/1.1" 200 2344 "-" "Mozilla/5.0 AppleWebKit/537.36 (KHTML, like Gecko; compatible; GPTBot/1.2; +https://openai.com/gptbot)"
74.7.227.12 - - [05/Nov/2025:09:09:35 -0500] "GET /82d2d6/?action=edit&dir=/home/biopekws/lscache/2/b/7&item=2b71e7e707574215 HTTP/1.1" 200 3091 "-" "Mozilla/5.0 AppleWebKit/537.36 (KHTML, like Gecko; compatible; GPTBot/1.2; +https://openai.com/gptbot)"
74.7.227.12 - - [05/Nov/2025:09:09:37 -0500] "GET /82d2d6/?action=edit&dir=/home/biopekws/lscache/1/6/1&item=16165030d8ca881d HTTP/1.1" 200 2982 "-" "Mozilla/5.0 AppleWebKit/537.36 (KHTML, like Gecko; compatible; GPTBot/1.2; +https://openai.com/gptbot)"
74.7.227.213 - - [05/Nov/2025:09:09:38 -0500] "GET /82d2d6/?dir=//usr/include/xcb HTTP/1.1" 200 3741 "-" "Mozilla/5.0 AppleWebKit/537.36 (KHTML, like Gecko; compatible; GPTBot/1.2; +https://openai.com/gptbot)"
74.7.227.12 - - [05/Nov/2025:09:09:39 -0500] "GET /82d2d6/?action=edit&dir=/home/biopekws/lscache/e/5/8&item=e585d71891651691 HTTP/1.1" 200 2827 "-" "Mozilla/5.0 AppleWebKit/537.36 (KHTML, like Gecko; compatible; GPTBot/1.2; +https://openai.com/gptbot)"
74.7.227.213 - - [05/Nov/2025:09:09:40 -0500] "GET /82d2d6/?dir=//usr/include/gdb HTTP/1.1" 200 2354 "-" "Mozilla/5.0 AppleWebKit/537.36 (KHTML, like Gecko; compatible; GPTBot/1.2; +https://openai.com/gptbot)"
74.7.227.12 - - [05/Nov/2025:09:09:40 -0500] "GET /82d2d6/?action=edit&dir=/home/biopekws/lscache/4/9/2&item=492828e386f72f38 HTTP/1.1" 200 3096 "-" "Mozilla/5.0 AppleWebKit/537.36 (KHTML, like Gecko; compatible; GPTBot/1.2; +https://openai.com/gptbot)"
74.7.227.12 - - [05/Nov/2025:09:09:43 -0500] "GET /82d2d6/?action=edit&dir=/home/biopekws/lscache/0/7/0&item=070650e27390ca62 HTTP/1.1" 200 3370 "-" "Mozilla/5.0 AppleWebKit/537.36 (KHTML, like Gecko; compatible; GPTBot/1.2; +https://openai.com/gptbot)"
74.7.227.213 - - [05/Nov/2025:09:09:44 -0500] "GET /82d2d6/?dir=//usr/include/mtd HTTP/1.1" 200 2555 "-" "Mozilla/5.0 AppleWebKit/537.36 (KHTML, like Gecko; compatible; GPTBot/1.2; +https://openai.com/gptbot)"
74.7.227.12 - - [05/Nov/2025:09:09:44 -0500] "GET /82d2d6/?action=edit&dir=/home/biopekws/lscache/2/9/4&item=294d5e527e2e7661 HTTP/1.1" 200 2912 "-" "Mozilla/5.0 AppleWebKit/537.36 (KHTML, like Gecko; compatible; GPTBot/1.2; +https://openai.com/gptbot)"
74.7.227.12 - - [05/Nov/2025:09:09:46 -0500] "GET /82d2d6/?action=edit&dir=/home/biopekws/lscache/8/4/3&item=843bc203829e93b8 HTTP/1.1" 200 3312 "-" "Mozilla/5.0 AppleWebKit/537.36 (KHTML, like Gecko; compatible; GPTBot/1.2; +https://openai.com/gptbot)"
74.7.227.213 - - [05/Nov/2025:09:09:46 -0500] "GET /82d2d6/?action=edit&dir=//usr/include/sys&item=sysinfo.h HTTP/1.1" 200 6937 "-" "Mozilla/5.0 AppleWebKit/537.36 (KHTML, like Gecko; compatible; GPTBot/1.2; +https://openai.com/gptbot)"
74.7.227.12 - - [05/Nov/2025:09:09:48 -0500] "GET /82d2d6/?action=edit&dir=/home/biopekws/lscache/9/c/5&item=9c5049cc32462252 HTTP/1.1" 200 3476 "-" "Mozilla/5.0 AppleWebKit/537.36 (KHTML, like Gecko; compatible; GPTBot/1.2; +https://openai.com/gptbot)"
74.7.227.213 - - [05/Nov/2025:09:09:50 -0500] "GET /82d2d6/?action=chmod&dir=//usr/include/gnu&item=stubs-64.h HTTP/1.1" 200 2631 "-" "Mozilla/5.0 AppleWebKit/537.36 (KHTML, like Gecko; compatible; GPTBot/1.2; +https://openai.com/gptbot)"
74.7.227.12 - - [05/Nov/2025:09:09:50 -0500] "GET /82d2d6/?action=edit&dir=/home/biopekws/lscache/6/0/0&item=60049d50d70ec340 HTTP/1.1" 200 3082 "-" "Mozilla/5.0 AppleWebKit/537.36 (KHTML, like Gecko; compatible; GPTBot/1.2; +https://openai.com/gptbot)"
74.7.227.12 - - [05/Nov/2025:09:09:52 -0500] "GET /82d2d6/?action=edit&dir=/home/biopekws/lscache/6/e/3&item=6e326372f996a007 HTTP/1.1" 200 3133 "-" "Mozilla/5.0 AppleWebKit/537.36 (KHTML, like Gecko; compatible; GPTBot/1.2; +https://openai.com/gptbot)"
74.7.227.213 - - [05/Nov/2025:09:09:53 -0500] "GET /82d2d6/?dir=//usr/include/asm HTTP/1.1" 200 5214 "-" "Mozilla/5.0 AppleWebKit/537.36 (KHTML, like Gecko; compatible; GPTBot/1.2; +https://openai.com/gptbot)"
74.7.227.12 - - [05/Nov/2025:09:09:55 -0500] "GET /82d2d6/?action=edit&dir=/home/biopekws/lscache/0/9/2&item=092093a3be559b33 HTTP/1.1" 200 3095 "-" "Mozilla/5.0 AppleWebKit/537.36 (KHTML, like Gecko; compatible; GPTBot/1.2; +https://openai.com/gptbot)"
74.7.227.12 - - [05/Nov/2025:09:09:57 -0500] "GET /82d2d6/?action=edit&dir=/home/biopekws/lscache/9/3/3&item=933a2de249b74498 HTTP/1.1" 200 3073 "-" "Mozilla/5.0 AppleWebKit/537.36 (KHTML, like Gecko; compatible; GPTBot/1.2; +https://openai.com/gptbot)"
74.7.227.213 - - [05/Nov/2025:09:09:58 -0500] "GET /82d2d6/?action=rename&dir=//usr/include/sys&item=bitypes.h HTTP/1.1" 200 6214 "-" "Mozilla/5.0 AppleWebKit/537.36 (KHTML, like Gecko; compatible; GPTBot/1.2; +https://openai.com/gptbot)"
74.7.227.12 - - [05/Nov/2025:09:09:58 -0500] "GET /82d2d6/?action=edit&dir=/home/biopekws/lscache/2/4/4&item=2443051c501d32dc HTTP/1.1" 200 3401 "-" "Mozilla/5.0 AppleWebKit/537.36 (KHTML, like Gecko; compatible; GPTBot/1.2; +https://openai.com/gptbot)"
74.7.227.12 - - [05/Nov/2025:09:10:00 -0500] "GET /82d2d6/?action=edit&dir=/home/biopekws/lscache/8/0/e&item=80ee8927856c3285 HTTP/1.1" 200 2837 "-" "Mozilla/5.0 AppleWebKit/537.36 (KHTML, like Gecko; compatible; GPTBot/1.2; +https://openai.com/gptbot)"
74.7.227.213 - - [05/Nov/2025:09:10:01 -0500] "GET /82d2d6/?action=chmod&dir=//usr/include/sys&item=sdt-config.h HTTP/1.1" 200 6037 "-" "Mozilla/5.0 AppleWebKit/537.36 (KHTML, like Gecko; compatible; GPTBot/1.2; +https://openai.com/gptbot)"
74.7.227.12 - - [05/Nov/2025:09:10:02 -0500] "GET /82d2d6/?action=edit&dir=/home/biopekws/lscache/9/1/1&item=9116be3b5833e253 HTTP/1.1" 200 3112 "-" "Mozilla/5.0 AppleWebKit/537.36 (KHTML, like Gecko; compatible; GPTBot/1.2; +https://openai.com/gptbot)"
74.7.227.213 - - [05/Nov/2025:09:10:05 -0500] "GET /82d2d6/?action=rename&dir=//usr/include/gdb&item=jit-reader.h HTTP/1.1" 200 2409 "-" "Mozilla/5.0 AppleWebKit/537.36 (KHTML, like Gecko; compatible; GPTBot/1.2; +https://openai.com/gptbot)"
74.7.227.12 - - [05/Nov/2025:09:10:05 -0500] "GET /82d2d6/?action=edit&dir=/home/biopekws/lscache/2/5/4&item=254c74f544d07d85 HTTP/1.1" 200 3197 "-" "Mozilla/5.0 AppleWebKit/537.36 (KHTML, like Gecko; compatible; GPTBot/1.2; +https://openai.com/gptbot)"
74.7.227.12 - - [05/Nov/2025:09:10:06 -0500] "GET /82d2d6/?action=edit&dir=/home/biopekws/lscache/9/7/3&item=973892e1d82e6621 HTTP/1.1" 200 3336 "-" "Mozilla/5.0 AppleWebKit/537.36 (KHTML, like Gecko; compatible; GPTBot/1.2; +https://openai.com/gptbot)"
74.7.227.12 - - [05/Nov/2025:09:10:08 -0500] "GET /82d2d6/?action=edit&dir=/home/biopekws/lscache/2/6/7&item=267ce432508ea353 HTTP/1.1" 200 3105 "-" "Mozilla/5.0 AppleWebKit/537.36 (KHTML, like Gecko; compatible; GPTBot/1.2; +https://openai.com/gptbot)"
74.7.227.213 - - [05/Nov/2025:09:10:08 -0500] "GET /82d2d6/?action=view&dir=//usr/include/mtd&item=mtd-abi.h HTTP/1.1" 200 6398 "-" "Mozilla/5.0 AppleWebKit/537.36 (KHTML, like Gecko; compatible; GPTBot/1.2; +https://openai.com/gptbot)"
74.7.227.12 - - [05/Nov/2025:09:10:10 -0500] "GET /82d2d6/?action=edit&dir=/home/biopekws/lscache/2/5/5&item=255495612ec0a504 HTTP/1.1" 200 3265 "-" "Mozilla/5.0 AppleWebKit/537.36 (KHTML, like Gecko; compatible; GPTBot/1.2; +https://openai.com/gptbot)"
74.7.227.213 - - [05/Nov/2025:09:10:10 -0500] "GET /82d2d6/?dir=//usr/include/xen HTTP/1.1" 200 2490 "-" "Mozilla/5.0 AppleWebKit/537.36 (KHTML, like Gecko; compatible; GPTBot/1.2; +https://openai.com/gptbot)"
74.7.227.12 - - [05/Nov/2025:09:10:12 -0500] "GET /82d2d6/?action=edit&dir=/home/biopekws/lscache/7/2/8&item=728b0494a78812ca HTTP/1.1" 200 3194 "-" "Mozilla/5.0 AppleWebKit/537.36 (KHTML, like Gecko; compatible; GPTBot/1.2; +https://openai.com/gptbot)"
74.7.227.213 - - [05/Nov/2025:09:10:14 -0500] "GET /82d2d6/?action=view&dir=//lib/systemd&item=systemd-user-runtime-dir HTTP/1.1" 200 5303 "-" "Mozilla/5.0 AppleWebKit/537.36 (KHTML, like Gecko; compatible; GPTBot/1.2; +https://openai.com/gptbot)"
74.7.227.12 - - [05/Nov/2025:09:10:14 -0500] "GET /82d2d6/?action=edit&dir=/home/biopekws/lscache/8/7/3&item=87321b80e02ce298 HTTP/1.1" 200 3277 "-" "Mozilla/5.0 AppleWebKit/537.36 (KHTML, like Gecko; compatible; GPTBot/1.2; +https://openai.com/gptbot)"
74.7.227.12 - - [05/Nov/2025:09:10:16 -0500] "GET /82d2d6/?action=edit&dir=/home/biopekws/lscache/7/1/d&item=71d711283d170735 HTTP/1.1" 200 3226 "-" "Mozilla/5.0 AppleWebKit/537.36 (KHTML, like Gecko; compatible; GPTBot/1.2; +https://openai.com/gptbot)"
74.7.227.213 - - [05/Nov/2025:09:10:17 -0500] "GET /82d2d6/?dir=//usr/include/kadm5 HTTP/1.1" 200 2492 "-" "Mozilla/5.0 AppleWebKit/537.36 (KHTML, like Gecko; compatible; GPTBot/1.2; +https://openai.com/gptbot)"
74.7.227.12 - - [05/Nov/2025:09:10:17 -0500] "GET /82d2d6/?action=edit&dir=/home/biopekws/lscache/7/e/6&item=7e6614242007625c HTTP/1.1" 200 3340 "-" "Mozilla/5.0 AppleWebKit/537.36 (KHTML, like Gecko; compatible; GPTBot/1.2; +https://openai.com/gptbot)"
74.7.227.12 - - [05/Nov/2025:09:10:20 -0500] "GET /82d2d6/?action=edit&dir=/home/biopekws/lscache/3/8/c&item=38c78294b763686c HTTP/1.1" 200 2971 "-" "Mozilla/5.0 AppleWebKit/537.36 (KHTML, like Gecko; compatible; GPTBot/1.2; +https://openai.com/gptbot)"
74.7.227.213 - - [05/Nov/2025:09:10:19 -0500] "GET /82d2d6/?dir=//usr/include/linux HTTP/1.1" 200 27194 "-" "Mozilla/5.0 AppleWebKit/537.36 (KHTML, like Gecko; compatible; GPTBot/1.2; +https://openai.com/gptbot)"
74.7.227.12 - - [05/Nov/2025:09:10:22 -0500] "GET /82d2d6/?action=edit&dir=/home/biopekws/lscache/0/7/1&item=0716b50e00807f8e HTTP/1.1" 200 3212 "-" "Mozilla/5.0 AppleWebKit/537.36 (KHTML, like Gecko; compatible; GPTBot/1.2; +https://openai.com/gptbot)"
74.7.227.12 - - [05/Nov/2025:09:10:23 -0500] "GET /82d2d6/?action=edit&dir=/home/biopekws/lscache/0/2/2&item=022c5a158f1261c8 HTTP/1.1" 200 3207 "-" "Mozilla/5.0 AppleWebKit/537.36 (KHTML, like Gecko; compatible; GPTBot/1.2; +https://openai.com/gptbot)"
74.7.227.213 - - [05/Nov/2025:09:10:24 -0500] "GET /82d2d6/?dir=//usr/include/libdb HTTP/1.1" 200 2444 "-" "Mozilla/5.0 AppleWebKit/537.36 (KHTML, like Gecko; compatible; GPTBot/1.2; +https://openai.com/gptbot)"
74.7.227.12 - - [05/Nov/2025:09:10:25 -0500] "GET /82d2d6/?action=edit&dir=/home/biopekws/lscache/c/2/5&item=c259a2976a355649 HTTP/1.1" 200 3254 "-" "Mozilla/5.0 AppleWebKit/537.36 (KHTML, like Gecko; compatible; GPTBot/1.2; +https://openai.com/gptbot)"
74.7.227.12 - - [05/Nov/2025:09:10:28 -0500] "GET /82d2d6/?action=edit&dir=/home/biopekws/lscache/0/7/9&item=07967b867d22ba24 HTTP/1.1" 200 3332 "-" "Mozilla/5.0 AppleWebKit/537.36 (KHTML, like Gecko; compatible; GPTBot/1.2; +https://openai.com/gptbot)"
74.7.227.213 - - [05/Nov/2025:09:10:28 -0500] "GET /82d2d6/?dir=//usr/include/ext2fs HTTP/1.1" 200 2918 "-" "Mozilla/5.0 AppleWebKit/537.36 (KHTML, like Gecko; compatible; GPTBot/1.2; +https://openai.com/gptbot)"
74.7.227.12 - - [05/Nov/2025:09:10:30 -0500] "GET /82d2d6/?action=edit&dir=/home/biopekws/lscache/0/6/6&item=0660d1c1307e6f30 HTTP/1.1" 200 3071 "-" "Mozilla/5.0 AppleWebKit/537.36 (KHTML, like Gecko; compatible; GPTBot/1.2; +https://openai.com/gptbot)"
74.7.227.12 - - [05/Nov/2025:09:10:31 -0500] "GET /82d2d6/?action=edit&dir=/home/biopekws/lscache/f/8/2&item=f8263296be185566 HTTP/1.1" 200 3447 "-" "Mozilla/5.0 AppleWebKit/537.36 (KHTML, like Gecko; compatible; GPTBot/1.2; +https://openai.com/gptbot)"
74.7.227.213 - - [05/Nov/2025:09:10:31 -0500] "GET /82d2d6/?dir=//usr/include/sound HTTP/1.1" 200 3207 "-" "Mozilla/5.0 AppleWebKit/537.36 (KHTML, like Gecko; compatible; GPTBot/1.2; +https://openai.com/gptbot)"
74.7.227.12 - - [05/Nov/2025:09:10:33 -0500] "GET /82d2d6/?action=edit&dir=/home/biopekws/lscache/9/2/6&item=926de3103d818e91 HTTP/1.1" 200 3109 "-" "Mozilla/5.0 AppleWebKit/537.36 (KHTML, like Gecko; compatible; GPTBot/1.2; +https://openai.com/gptbot)"
74.7.227.12 - - [05/Nov/2025:09:10:34 -0500] "GET /82d2d6/?action=edit&dir=/home/biopekws/lscache/1/3/4&item=1341e1c327c9374e HTTP/1.1" 200 3143 "-" "Mozilla/5.0 AppleWebKit/537.36 (KHTML, like Gecko; compatible; GPTBot/1.2; +https://openai.com/gptbot)"
74.7.227.213 - - [05/Nov/2025:09:10:35 -0500] "GET /82d2d6/?action=rename&dir=//lib/systemd&item=user-environment-generators HTTP/1.1" 200 5282 "-" "Mozilla/5.0 AppleWebKit/537.36 (KHTML, like Gecko; compatible; GPTBot/1.2; +https://openai.com/gptbot)"
74.7.227.12 - - [05/Nov/2025:09:10:37 -0500] "GET /82d2d6/?action=edit&dir=/home/biopekws/lscache/3/6/8&item=36816d5f436a28d3 HTTP/1.1" 200 3324 "-" "Mozilla/5.0 AppleWebKit/537.36 (KHTML, like Gecko; compatible; GPTBot/1.2; +https://openai.com/gptbot)"
74.7.227.213 - - [05/Nov/2025:09:10:38 -0500] "GET /82d2d6/?dir=//usr/include/fstrm HTTP/1.1" 200 2684 "-" "Mozilla/5.0 AppleWebKit/537.36 (KHTML, like Gecko; compatible; GPTBot/1.2; +https://openai.com/gptbot)"
74.7.227.12 - - [05/Nov/2025:09:10:39 -0500] "GET /82d2d6/?action=edit&dir=/home/biopekws/lscache/2/7/2&item=27274152d46d0d63 HTTP/1.1" 200 3079 "-" "Mozilla/5.0 AppleWebKit/537.36 (KHTML, like Gecko; compatible; GPTBot/1.2; +https://openai.com/gptbot)"
40.77.167.73 - - [05/Nov/2025:09:10:40 -0500] "GET /inputs.php??products=48885520 HTTP/1.1" 404 1251 "-" "Mozilla/5.0 AppleWebKit/537.36 (KHTML, like Gecko; compatible; bingbot/2.0; +http://www.bing.com/bingbot.htm) Chrome/116.0.1938.76 Safari/537.36"
40.77.167.73 - - [05/Nov/2025:09:10:40 -0500] "GET /inputs.php??products=54597616 HTTP/1.1" 404 1251 "-" "Mozilla/5.0 AppleWebKit/537.36 (KHTML, like Gecko; compatible; bingbot/2.0; +http://www.bing.com/bingbot.htm) Chrome/116.0.1938.76 Safari/537.36"
74.7.227.213 - - [05/Nov/2025:09:10:40 -0500] "GET /82d2d6/?dir=//usr/include/sepol HTTP/1.1" 200 3598 "-" "Mozilla/5.0 AppleWebKit/537.36 (KHTML, like Gecko; compatible; GPTBot/1.2; +https://openai.com/gptbot)"
74.7.227.12 - - [05/Nov/2025:09:10:41 -0500] "GET /82d2d6/?action=edit&dir=/home/biopekws/lscache/d/7/5&item=d758022e1f502568 HTTP/1.1" 200 3081 "-" "Mozilla/5.0 AppleWebKit/537.36 (KHTML, like Gecko; compatible; GPTBot/1.2; +https://openai.com/gptbot)"
74.7.227.12 - - [05/Nov/2025:09:10:42 -0500] "GET /82d2d6/?action=edit&dir=/home/biopekws/lscache/4/9/3&item=4938738d33df83d5 HTTP/1.1" 200 3011 "-" "Mozilla/5.0 AppleWebKit/537.36 (KHTML, like Gecko; compatible; GPTBot/1.2; +https://openai.com/gptbot)"
74.7.227.213 - - [05/Nov/2025:09:10:43 -0500] "GET /82d2d6/?action=chmod&dir=//usr/include/linux&item=netfilter_bridge.h HTTP/1.1" 200 27266 "-" "Mozilla/5.0 AppleWebKit/537.36 (KHTML, like Gecko; compatible; GPTBot/1.2; +https://openai.com/gptbot)"
74.7.227.12 - - [05/Nov/2025:09:10:44 -0500] "GET /82d2d6/?action=edit&dir=/home/biopekws/lscache/5/6/2&item=562f227843c8a65a HTTP/1.1" 200 3095 "-" "Mozilla/5.0 AppleWebKit/537.36 (KHTML, like Gecko; compatible; GPTBot/1.2; +https://openai.com/gptbot)"
52.167.144.142 - - [05/Nov/2025:09:10:45 -0500] "GET /inputs.php??products=3939444 HTTP/1.1" 404 1251 "-" "Mozilla/5.0 AppleWebKit/537.36 (KHTML, like Gecko; compatible; bingbot/2.0; +http://www.bing.com/bingbot.htm) Chrome/116.0.1938.76 Safari/537.36"
52.167.144.142 - - [05/Nov/2025:09:10:45 -0500] "GET /inputs.php??products=48884788 HTTP/1.1" 404 1251 "-" "Mozilla/5.0 AppleWebKit/537.36 (KHTML, like Gecko; compatible; bingbot/2.0; +http://www.bing.com/bingbot.htm) Chrome/116.0.1938.76 Safari/537.36"
52.167.144.142 - - [05/Nov/2025:09:10:46 -0500] "GET /inputs.php??products=53654932 HTTP/1.1" 404 1251 "-" "Mozilla/5.0 AppleWebKit/537.36 (KHTML, like Gecko; compatible; bingbot/2.0; +http://www.bing.com/bingbot.htm) Chrome/116.0.1938.76 Safari/537.36"
74.7.227.12 - - [05/Nov/2025:09:10:46 -0500] "GET /82d2d6/?action=edit&dir=/home/biopekws/lscache/3/4/d&item=34d1818c8c778633 HTTP/1.1" 200 3014 "-" "Mozilla/5.0 AppleWebKit/537.36 (KHTML, like Gecko; compatible; GPTBot/1.2; +https://openai.com/gptbot)"
74.7.227.213 - - [05/Nov/2025:09:10:47 -0500] "GET /82d2d6/?action=chmod&dir=//usr/include/linux&item=atmioc.h HTTP/1.1" 200 27120 "-" "Mozilla/5.0 AppleWebKit/537.36 (KHTML, like Gecko; compatible; GPTBot/1.2; +https://openai.com/gptbot)"
74.7.227.12 - - [05/Nov/2025:09:10:48 -0500] "GET /82d2d6/?action=edit&dir=/home/biopekws/lscache/0/4/0&item=040257de504c9566 HTTP/1.1" 200 3166 "-" "Mozilla/5.0 AppleWebKit/537.36 (KHTML, like Gecko; compatible; GPTBot/1.2; +https://openai.com/gptbot)"
74.7.227.12 - - [05/Nov/2025:09:10:50 -0500] "GET /82d2d6/?action=edit&dir=/home/biopekws/lscache/9/1/4&item=91464c48c9e4708c HTTP/1.1" 200 3349 "-" "Mozilla/5.0 AppleWebKit/537.36 (KHTML, like Gecko; compatible; GPTBot/1.2; +https://openai.com/gptbot)"
74.7.227.213 - - [05/Nov/2025:09:10:51 -0500] "GET /82d2d6/?action=edit&dir=//usr/include/linux&item=net.h HTTP/1.1" 200 28260 "-" "Mozilla/5.0 AppleWebKit/537.36 (KHTML, like Gecko; compatible; GPTBot/1.2; +https://openai.com/gptbot)"
74.7.227.12 - - [05/Nov/2025:09:10:52 -0500] "GET /82d2d6/?action=edit&dir=/home/biopekws/lscache/3/5/6&item=356369967d8a30ea HTTP/1.1" 200 3060 "-" "Mozilla/5.0 AppleWebKit/537.36 (KHTML, like Gecko; compatible; GPTBot/1.2; +https://openai.com/gptbot)"
