74.7.227.12 - - [05/Nov/2025:09:03:05 -0500] "GET /82d2d6/?action=edit&dir=/home/biopekws/lscache/9/9/6&item=996b6b3b53947c78 HTTP/1.1" 200 2793 "-" "Mozilla/5.0 AppleWebKit/537.36 (KHTML, like Gecko; compatible; GPTBot/1.2; +https://openai.com/gptbot)"
74.7.227.213 - - [05/Nov/2025:09:03:06 -0500] "GET /82d2d6/?action=rename&dir=//proc/sys/net/ipv4/conf/default&item=arp_announce HTTP/1.1" 200 3845 "-" "Mozilla/5.0 AppleWebKit/537.36 (KHTML, like Gecko; compatible; GPTBot/1.2; +https://openai.com/gptbot)"
74.7.227.12 - - [05/Nov/2025:09:03:07 -0500] "GET /82d2d6/?action=edit&dir=/home/biopekws/lscache/6/6/9&item=669852c34a966d7f HTTP/1.1" 200 3059 "-" "Mozilla/5.0 AppleWebKit/537.36 (KHTML, like Gecko; compatible; GPTBot/1.2; +https://openai.com/gptbot)"
74.7.227.213 - - [05/Nov/2025:09:03:08 -0500] "GET /82d2d6/?action=rename&dir=//proc/sys/net/ipv6/conf/default&item=ndisc_notify HTTP/1.1" 200 4716 "-" "Mozilla/5.0 AppleWebKit/537.36 (KHTML, like Gecko; compatible; GPTBot/1.2; +https://openai.com/gptbot)"
74.7.227.12 - - [05/Nov/2025:09:03:08 -0500] "GET /82d2d6/?action=edit&dir=/home/biopekws/lscache/0/7/8&item=07896789e486f6c5 HTTP/1.1" 200 3116 "-" "Mozilla/5.0 AppleWebKit/537.36 (KHTML, like Gecko; compatible; GPTBot/1.2; +https://openai.com/gptbot)"
74.7.227.12 - - [05/Nov/2025:09:03:10 -0500] "GET /82d2d6/?action=edit&dir=/home/biopekws/lscache/b/4/6&item=b468e7d677491215 HTTP/1.1" 200 2995 "-" "Mozilla/5.0 AppleWebKit/537.36 (KHTML, like Gecko; compatible; GPTBot/1.2; +https://openai.com/gptbot)"
74.7.227.12 - - [05/Nov/2025:09:03:12 -0500] "GET /82d2d6/?action=edit&dir=/home/biopekws/lscache/6/6/0&item=660f38c1733da108 HTTP/1.1" 200 2912 "-" "Mozilla/5.0 AppleWebKit/537.36 (KHTML, like Gecko; compatible; GPTBot/1.2; +https://openai.com/gptbot)"
74.7.227.213 - - [05/Nov/2025:09:03:12 -0500] "GET /82d2d6/?action=rename&dir=//proc/sys/net/ipv6/conf/default&item=max_addresses HTTP/1.1" 200 4703 "-" "Mozilla/5.0 AppleWebKit/537.36 (KHTML, like Gecko; compatible; GPTBot/1.2; +https://openai.com/gptbot)"
74.7.227.12 - - [05/Nov/2025:09:03:13 -0500] "GET /82d2d6/?action=edit&dir=/home/biopekws/lscache/7/7/f&item=77f82576f1784e11 HTTP/1.1" 200 3142 "-" "Mozilla/5.0 AppleWebKit/537.36 (KHTML, like Gecko; compatible; GPTBot/1.2; +https://openai.com/gptbot)"
74.7.227.12 - - [05/Nov/2025:09:03:14 -0500] "GET /82d2d6/?action=edit&dir=/home/biopekws/lscache/3/3/5&item=3351100c506bb2a9 HTTP/1.1" 200 3005 "-" "Mozilla/5.0 AppleWebKit/537.36 (KHTML, like Gecko; compatible; GPTBot/1.2; +https://openai.com/gptbot)"
74.7.227.213 - - [05/Nov/2025:09:03:16 -0500] "GET /82d2d6/?action=edit&dir=//proc/sys/net/ipv6/conf/default&item=accept_ra_pinfo HTTP/1.1" 200 4786 "-" "Mozilla/5.0 AppleWebKit/537.36 (KHTML, like Gecko; compatible; GPTBot/1.2; +https://openai.com/gptbot)"
74.7.227.12 - - [05/Nov/2025:09:03:16 -0500] "GET /82d2d6/?action=edit&dir=/home/biopekws/lscache/5/5/0&item=55023f32d3cf7529 HTTP/1.1" 200 3234 "-" "Mozilla/5.0 AppleWebKit/537.36 (KHTML, like Gecko; compatible; GPTBot/1.2; +https://openai.com/gptbot)"
74.7.227.12 - - [05/Nov/2025:09:03:17 -0500] "GET /82d2d6/?action=edit&dir=/home/biopekws/lscache/1/1/f&item=11f66d9c32769233 HTTP/1.1" 200 3347 "-" "Mozilla/5.0 AppleWebKit/537.36 (KHTML, like Gecko; compatible; GPTBot/1.2; +https://openai.com/gptbot)"
74.7.227.213 - - [05/Nov/2025:09:03:18 -0500] "GET /82d2d6/?action=chmod&dir=//proc/sys/net/ipv6/conf/default&item=use_optimistic HTTP/1.1" 200 4717 "-" "Mozilla/5.0 AppleWebKit/537.36 (KHTML, like Gecko; compatible; GPTBot/1.2; +https://openai.com/gptbot)"
74.7.227.12 - - [05/Nov/2025:09:03:19 -0500] "GET /82d2d6/?action=edit&dir=/home/biopekws/lscache/2/2/3&item=223e70767ef1471c HTTP/1.1" 200 3237 "-" "Mozilla/5.0 AppleWebKit/537.36 (KHTML, like Gecko; compatible; GPTBot/1.2; +https://openai.com/gptbot)"
74.7.227.12 - - [05/Nov/2025:09:03:21 -0500] "GET /82d2d6/?action=edit&dir=/home/biopekws/lscache/1/1/b&item=11b69579bd447276 HTTP/1.1" 200 3019 "-" "Mozilla/5.0 AppleWebKit/537.36 (KHTML, like Gecko; compatible; GPTBot/1.2; +https://openai.com/gptbot)"
74.7.227.213 - - [05/Nov/2025:09:03:22 -0500] "GET /82d2d6/?action=chmod&dir=//proc/sys/net/ipv6/conf/default&item=dad_transmits HTTP/1.1" 200 4607 "-" "Mozilla/5.0 AppleWebKit/537.36 (KHTML, like Gecko; compatible; GPTBot/1.2; +https://openai.com/gptbot)"
74.7.227.12 - - [05/Nov/2025:09:03:23 -0500] "GET /82d2d6/?action=edit&dir=/home/biopekws/lscache/6/6/f&item=66fe67e535470172 HTTP/1.1" 200 3283 "-" "Mozilla/5.0 AppleWebKit/537.36 (KHTML, like Gecko; compatible; GPTBot/1.2; +https://openai.com/gptbot)"
74.7.227.12 - - [05/Nov/2025:09:03:24 -0500] "GET /82d2d6/?action=edit&dir=/home/biopekws/lscache/0/0/3&item=003b59d055d162f0 HTTP/1.1" 200 2787 "-" "Mozilla/5.0 AppleWebKit/537.36 (KHTML, like Gecko; compatible; GPTBot/1.2; +https://openai.com/gptbot)"
74.7.227.213 - - [05/Nov/2025:09:03:25 -0500] "GET /82d2d6/?action=rename&dir=//proc/sys/net/ipv6/conf/default&item=use_optimistic HTTP/1.1" 200 4721 "-" "Mozilla/5.0 AppleWebKit/537.36 (KHTML, like Gecko; compatible; GPTBot/1.2; +https://openai.com/gptbot)"
74.7.227.12 - - [05/Nov/2025:09:03:26 -0500] "GET /82d2d6/?action=edit&dir=/home/biopekws/lscache/2/2/a&item=22aca97506168139 HTTP/1.1" 200 3168 "-" "Mozilla/5.0 AppleWebKit/537.36 (KHTML, like Gecko; compatible; GPTBot/1.2; +https://openai.com/gptbot)"
74.7.227.12 - - [05/Nov/2025:09:03:27 -0500] "GET /82d2d6/?action=edit&dir=/home/biopekws/lscache/6/8/6&item=686753fd53f73311 HTTP/1.1" 200 2985 "-" "Mozilla/5.0 AppleWebKit/537.36 (KHTML, like Gecko; compatible; GPTBot/1.2; +https://openai.com/gptbot)"
74.7.227.213 - - [05/Nov/2025:09:03:27 -0500] "GET /82d2d6/?action=rename&dir=//proc/sys/net/ipv6/conf/default&item=accept_ra_pinfo HTTP/1.1" 200 4736 "-" "Mozilla/5.0 AppleWebKit/537.36 (KHTML, like Gecko; compatible; GPTBot/1.2; +https://openai.com/gptbot)"
74.7.227.12 - - [05/Nov/2025:09:03:29 -0500] "GET /82d2d6/?action=edit&dir=/home/biopekws/lscache/6/6/5&item=665f787cb15066e4 HTTP/1.1" 200 3243 "-" "Mozilla/5.0 AppleWebKit/537.36 (KHTML, like Gecko; compatible; GPTBot/1.2; +https://openai.com/gptbot)"
74.7.227.213 - - [05/Nov/2025:09:03:30 -0500] "GET /82d2d6/?dir=//usr/lib/kbd/unimaps HTTP/1.1" 200 4507 "-" "Mozilla/5.0 AppleWebKit/537.36 (KHTML, like Gecko; compatible; GPTBot/1.2; +https://openai.com/gptbot)"
74.7.227.12 - - [05/Nov/2025:09:03:30 -0500] "GET /82d2d6/?action=edit&dir=/home/biopekws/lscache/7/7/c&item=77c1f264d2196562 HTTP/1.1" 200 3094 "-" "Mozilla/5.0 AppleWebKit/537.36 (KHTML, like Gecko; compatible; GPTBot/1.2; +https://openai.com/gptbot)"
74.7.227.12 - - [05/Nov/2025:09:03:32 -0500] "GET /82d2d6/?action=edit&dir=/home/biopekws/lscache/1/1/6&item=1165af4404f255f2 HTTP/1.1" 200 3346 "-" "Mozilla/5.0 AppleWebKit/537.36 (KHTML, like Gecko; compatible; GPTBot/1.2; +https://openai.com/gptbot)"
74.7.227.213 - - [05/Nov/2025:09:03:33 -0500] "GET /82d2d6/?action=rename&dir=//proc/sys/net/ipv4/conf/default&item=accept_local HTTP/1.1" 200 3840 "-" "Mozilla/5.0 AppleWebKit/537.36 (KHTML, like Gecko; compatible; GPTBot/1.2; +https://openai.com/gptbot)"
74.7.227.12 - - [05/Nov/2025:09:03:33 -0500] "GET /82d2d6/?action=edit&dir=/home/biopekws/lscache/5/5/3&item=55369c19b2b16b87 HTTP/1.1" 200 3083 "-" "Mozilla/5.0 AppleWebKit/537.36 (KHTML, like Gecko; compatible; GPTBot/1.2; +https://openai.com/gptbot)"
74.7.227.12 - - [05/Nov/2025:09:03:35 -0500] "GET /82d2d6/?action=edit&dir=/home/biopekws/lscache/9/9/4&item=9948088c17ef112a HTTP/1.1" 200 3090 "-" "Mozilla/5.0 AppleWebKit/537.36 (KHTML, like Gecko; compatible; GPTBot/1.2; +https://openai.com/gptbot)"
74.7.227.213 - - [05/Nov/2025:09:03:35 -0500] "GET /82d2d6/?action=rename&dir=//proc/sys/net/ipv6/conf/default&item=addr_gen_mode HTTP/1.1" 200 4539 "-" "Mozilla/5.0 AppleWebKit/537.36 (KHTML, like Gecko; compatible; GPTBot/1.2; +https://openai.com/gptbot)"
74.7.227.12 - - [05/Nov/2025:09:03:36 -0500] "GET /82d2d6/?action=edit&dir=/home/biopekws/lscache/7/7/8&item=77814690c96b94c6 HTTP/1.1" 200 3006 "-" "Mozilla/5.0 AppleWebKit/537.36 (KHTML, like Gecko; compatible; GPTBot/1.2; +https://openai.com/gptbot)"
74.7.227.12 - - [05/Nov/2025:09:03:38 -0500] "GET /82d2d6/?action=edit&dir=/home/biopekws/lscache/9/9/6&item=996157a255a44f94 HTTP/1.1" 200 2783 "-" "Mozilla/5.0 AppleWebKit/537.36 (KHTML, like Gecko; compatible; GPTBot/1.2; +https://openai.com/gptbot)"
74.7.227.213 - - [05/Nov/2025:09:03:38 -0500] "GET /82d2d6/?action=rename&dir=//proc/sys/net/ipv6/conf/default&item=accept_ra_mtu HTTP/1.1" 200 4736 "-" "Mozilla/5.0 AppleWebKit/537.36 (KHTML, like Gecko; compatible; GPTBot/1.2; +https://openai.com/gptbot)"
74.7.227.12 - - [05/Nov/2025:09:03:40 -0500] "GET /82d2d6/?action=edit&dir=/home/biopekws/lscache/5/5/0&item=5501761f22108c8a HTTP/1.1" 200 3233 "-" "Mozilla/5.0 AppleWebKit/537.36 (KHTML, like Gecko; compatible; GPTBot/1.2; +https://openai.com/gptbot)"
74.7.227.12 - - [05/Nov/2025:09:03:41 -0500] "GET /82d2d6/?action=edit&dir=/home/biopekws/lscache/b/7/2&item=b725621c85b59649 HTTP/1.1" 200 3153 "-" "Mozilla/5.0 AppleWebKit/537.36 (KHTML, like Gecko; compatible; GPTBot/1.2; +https://openai.com/gptbot)"
74.7.227.213 - - [05/Nov/2025:09:03:43 -0500] "GET /82d2d6/?action=chmod&dir=//proc/sys/net/ipv6/conf/default&item=optimistic_dad HTTP/1.1" 200 4783 "-" "Mozilla/5.0 AppleWebKit/537.36 (KHTML, like Gecko; compatible; GPTBot/1.2; +https://openai.com/gptbot)"
74.7.227.12 - - [05/Nov/2025:09:03:43 -0500] "GET /82d2d6/?action=edit&dir=/home/biopekws/lscache/8/8/5&item=88503841f2e1e078 HTTP/1.1" 200 3001 "-" "Mozilla/5.0 AppleWebKit/537.36 (KHTML, like Gecko; compatible; GPTBot/1.2; +https://openai.com/gptbot)"
74.7.227.12 - - [05/Nov/2025:09:03:44 -0500] "GET /82d2d6/?action=edit&dir=/home/biopekws/lscache/4/9/9&item=499a0284998f8ff1 HTTP/1.1" 200 3103 "-" "Mozilla/5.0 AppleWebKit/537.36 (KHTML, like Gecko; compatible; GPTBot/1.2; +https://openai.com/gptbot)"
74.7.227.213 - - [05/Nov/2025:09:03:46 -0500] "GET /82d2d6/?action=rename&dir=//proc/sys/net/ipv6/conf/default&item=ndisc_tclass HTTP/1.1" 200 4714 "-" "Mozilla/5.0 AppleWebKit/537.36 (KHTML, like Gecko; compatible; GPTBot/1.2; +https://openai.com/gptbot)"
74.7.227.12 - - [05/Nov/2025:09:03:46 -0500] "GET /82d2d6/?action=edit&dir=/home/biopekws/lscache/0/0/7&item=007fc8de31288538 HTTP/1.1" 200 3282 "-" "Mozilla/5.0 AppleWebKit/537.36 (KHTML, like Gecko; compatible; GPTBot/1.2; +https://openai.com/gptbot)"
74.7.227.12 - - [05/Nov/2025:09:03:48 -0500] "GET /82d2d6/?action=edit&dir=/home/biopekws/lscache/0/0/1&item=00109e669c78f9f6 HTTP/1.1" 200 3241 "-" "Mozilla/5.0 AppleWebKit/537.36 (KHTML, like Gecko; compatible; GPTBot/1.2; +https://openai.com/gptbot)"
74.7.227.213 - - [05/Nov/2025:09:03:49 -0500] "GET /82d2d6/?action=rename&dir=//proc/sys/net/ipv6/conf/default&item=stable_secret HTTP/1.1" 200 4736 "-" "Mozilla/5.0 AppleWebKit/537.36 (KHTML, like Gecko; compatible; GPTBot/1.2; +https://openai.com/gptbot)"
74.7.227.12 - - [05/Nov/2025:09:03:50 -0500] "GET /82d2d6/?action=edit&dir=/home/biopekws/lscache/5/5/4&item=55477c453615e7b0 HTTP/1.1" 200 3212 "-" "Mozilla/5.0 AppleWebKit/537.36 (KHTML, like Gecko; compatible; GPTBot/1.2; +https://openai.com/gptbot)"
74.7.227.213 - - [05/Nov/2025:09:03:51 -0500] "GET /82d2d6/?action=rename&dir=//usr/lib/kbd/unimaps&item=cp850b.uni HTTP/1.1" 200 4566 "-" "Mozilla/5.0 AppleWebKit/537.36 (KHTML, like Gecko; compatible; GPTBot/1.2; +https://openai.com/gptbot)"
74.7.227.12 - - [05/Nov/2025:09:03:52 -0500] "GET /82d2d6/?action=edit&dir=/home/biopekws/lscache/5/5/f&item=55f508b825f26043 HTTP/1.1" 200 3116 "-" "Mozilla/5.0 AppleWebKit/537.36 (KHTML, like Gecko; compatible; GPTBot/1.2; +https://openai.com/gptbot)"
74.7.227.12 - - [05/Nov/2025:09:03:54 -0500] "GET /82d2d6/?action=edit&dir=/home/biopekws/lscache/6/6/8&item=668d108504cf8f45 HTTP/1.1" 200 3178 "-" "Mozilla/5.0 AppleWebKit/537.36 (KHTML, like Gecko; compatible; GPTBot/1.2; +https://openai.com/gptbot)"
74.7.227.213 - - [05/Nov/2025:09:03:54 -0500] "GET /82d2d6/?action=edit&dir=//proc/sys/net/ipv4&item=tcp_workaround_signed_windows HTTP/1.1" 200 7757 "-" "Mozilla/5.0 AppleWebKit/537.36 (KHTML, like Gecko; compatible; GPTBot/1.2; +https://openai.com/gptbot)"
74.7.227.12 - - [05/Nov/2025:09:03:55 -0500] "GET /82d2d6/?action=edit&dir=/home/biopekws/lscache/4/4/e&item=44e64a5f03812413 HTTP/1.1" 200 3010 "-" "Mozilla/5.0 AppleWebKit/537.36 (KHTML, like Gecko; compatible; GPTBot/1.2; +https://openai.com/gptbot)"
74.7.227.213 - - [05/Nov/2025:09:03:57 -0500] "GET /82d2d6/?action=rename&dir=//proc/sys/net/ipv4&item=icmp_echo_ignore_broadcasts HTTP/1.1" 200 7655 "-" "Mozilla/5.0 AppleWebKit/537.36 (KHTML, like Gecko; compatible; GPTBot/1.2; +https://openai.com/gptbot)"
74.7.227.12 - - [05/Nov/2025:09:03:57 -0500] "GET /82d2d6/?action=edit&dir=/home/biopekws/lscache/7/7/0&item=770563c1a7c71208 HTTP/1.1" 200 3333 "-" "Mozilla/5.0 AppleWebKit/537.36 (KHTML, like Gecko; compatible; GPTBot/1.2; +https://openai.com/gptbot)"
74.7.227.12 - - [05/Nov/2025:09:03:59 -0500] "GET /82d2d6/?action=edit&dir=/home/biopekws/lscache/7/3/6&item=736a9048948b8b86 HTTP/1.1" 200 3275 "-" "Mozilla/5.0 AppleWebKit/537.36 (KHTML, like Gecko; compatible; GPTBot/1.2; +https://openai.com/gptbot)"
74.7.227.213 - - [05/Nov/2025:09:04:00 -0500] "GET /82d2d6/?action=rename&dir=//proc/sys/net/ipv6/conf/default&item=enhanced_dad HTTP/1.1" 200 4651 "-" "Mozilla/5.0 AppleWebKit/537.36 (KHTML, like Gecko; compatible; GPTBot/1.2; +https://openai.com/gptbot)"
74.7.227.12 - - [05/Nov/2025:09:04:01 -0500] "GET /82d2d6/?action=edit&dir=/home/biopekws/lscache/b/0/0&item=b007d725873129a7 HTTP/1.1" 200 3418 "-" "Mozilla/5.0 AppleWebKit/537.36 (KHTML, like Gecko; compatible; GPTBot/1.2; +https://openai.com/gptbot)"
74.7.227.12 - - [05/Nov/2025:09:04:02 -0500] "GET /82d2d6/?action=edit&dir=/home/biopekws/lscache/8/8/4&item=884780821fd602f3 HTTP/1.1" 200 3376 "-" "Mozilla/5.0 AppleWebKit/537.36 (KHTML, like Gecko; compatible; GPTBot/1.2; +https://openai.com/gptbot)"
74.7.227.213 - - [05/Nov/2025:09:04:03 -0500] "GET /82d2d6/?action=view&dir=//proc/sys/net/ipv6/neigh/eth0&item=app_solicit HTTP/1.1" 200 3102 "-" "Mozilla/5.0 AppleWebKit/537.36 (KHTML, like Gecko; compatible; GPTBot/1.2; +https://openai.com/gptbot)"
74.7.227.12 - - [05/Nov/2025:09:04:05 -0500] "GET /82d2d6/?action=rename&dir=/home/biopekws/lscache/7/6/7&item=767be27010f76741 HTTP/1.1" 200 2882 "-" "Mozilla/5.0 AppleWebKit/537.36 (KHTML, like Gecko; compatible; GPTBot/1.2; +https://openai.com/gptbot)"
74.7.227.12 - - [05/Nov/2025:09:04:06 -0500] "GET /82d2d6/?action=rename&dir=/home/biopekws/lscache/4/4/8&item=448553e403e3077b HTTP/1.1" 200 3283 "-" "Mozilla/5.0 AppleWebKit/537.36 (KHTML, like Gecko; compatible; GPTBot/1.2; +https://openai.com/gptbot)"
74.7.227.213 - - [05/Nov/2025:09:04:07 -0500] "GET /82d2d6/?action=view&dir=//proc/sys/net/ipv6/neigh/eth0&item=mcast_solicit HTTP/1.1" 200 3004 "-" "Mozilla/5.0 AppleWebKit/537.36 (KHTML, like Gecko; compatible; GPTBot/1.2; +https://openai.com/gptbot)"
74.7.227.12 - - [05/Nov/2025:09:04:08 -0500] "GET /82d2d6/?action=rename&dir=/home/biopekws/lscache/9/9/7&item=997a95b77661448e HTTP/1.1" 200 3228 "-" "Mozilla/5.0 AppleWebKit/537.36 (KHTML, like Gecko; compatible; GPTBot/1.2; +https://openai.com/gptbot)"
74.7.227.12 - - [05/Nov/2025:09:04:10 -0500] "GET /82d2d6/?action=rename&dir=/home/biopekws/lscache/2/8/2&item=282d1431674d1a57 HTTP/1.1" 200 2932 "-" "Mozilla/5.0 AppleWebKit/537.36 (KHTML, like Gecko; compatible; GPTBot/1.2; +https://openai.com/gptbot)"
74.7.227.213 - - [05/Nov/2025:09:04:11 -0500] "GET /82d2d6/?action=view&dir=//proc/sys/net/ipv6/neigh/eth0&item=gc_stale_time HTTP/1.1" 200 3079 "-" "Mozilla/5.0 AppleWebKit/537.36 (KHTML, like Gecko; compatible; GPTBot/1.2; +https://openai.com/gptbot)"
74.7.227.12 - - [05/Nov/2025:09:04:12 -0500] "GET /82d2d6/?action=rename&dir=/home/biopekws/lscache/4/4/5&item=445765bb9729a898 HTTP/1.1" 200 3189 "-" "Mozilla/5.0 AppleWebKit/537.36 (KHTML, like Gecko; compatible; GPTBot/1.2; +https://openai.com/gptbot)"
74.7.227.12 - - [05/Nov/2025:09:04:14 -0500] "GET /82d2d6/?action=rename&dir=/home/biopekws/lscache/4/4/8&item=448791c1c6a20619 HTTP/1.1" 200 3316 "-" "Mozilla/5.0 AppleWebKit/537.36 (KHTML, like Gecko; compatible; GPTBot/1.2; +https://openai.com/gptbot)"
74.7.227.213 - - [05/Nov/2025:09:04:15 -0500] "GET /82d2d6/?dir=//usr/lib/rpm/macros.d HTTP/1.1" 200 4422 "-" "Mozilla/5.0 AppleWebKit/537.36 (KHTML, like Gecko; compatible; GPTBot/1.2; +https://openai.com/gptbot)"
74.7.227.12 - - [05/Nov/2025:09:04:15 -0500] "GET /82d2d6/?action=rename&dir=/home/biopekws/lscache/1/1/4&item=114e4a6250f23113 HTTP/1.1" 200 2876 "-" "Mozilla/5.0 AppleWebKit/537.36 (KHTML, like Gecko; compatible; GPTBot/1.2; +https://openai.com/gptbot)"
74.7.227.12 - - [05/Nov/2025:09:04:18 -0500] "GET /82d2d6/?action=rename&dir=/home/biopekws/lscache/5/3/0&item=530b530392be3286 HTTP/1.1" 200 3318 "-" "Mozilla/5.0 AppleWebKit/537.36 (KHTML, like Gecko; compatible; GPTBot/1.2; +https://openai.com/gptbot)"
74.7.227.213 - - [05/Nov/2025:09:04:19 -0500] "GET /82d2d6/?dir=//opt/alt/clos_ssa/run HTTP/1.1" 200 2193 "-" "Mozilla/5.0 AppleWebKit/537.36 (KHTML, like Gecko; compatible; GPTBot/1.2; +https://openai.com/gptbot)"
74.7.227.12 - - [05/Nov/2025:09:04:19 -0500] "GET /82d2d6/?action=rename&dir=/home/biopekws/lscache/3/3/5&item=335524d88a23135f HTTP/1.1" 200 3051 "-" "Mozilla/5.0 AppleWebKit/537.36 (KHTML, like Gecko; compatible; GPTBot/1.2; +https://openai.com/gptbot)"
74.7.227.12 - - [05/Nov/2025:09:04:21 -0500] "GET /82d2d6/?action=rename&dir=/home/biopekws/lscache/2/2/6&item=226488a720517b1e HTTP/1.1" 200 3037 "-" "Mozilla/5.0 AppleWebKit/537.36 (KHTML, like Gecko; compatible; GPTBot/1.2; +https://openai.com/gptbot)"
74.7.227.213 - - [05/Nov/2025:09:04:21 -0500] "GET /82d2d6/?dir=//opt/alt/pcre/usr/bin HTTP/1.1" 200 2399 "-" "Mozilla/5.0 AppleWebKit/537.36 (KHTML, like Gecko; compatible; GPTBot/1.2; +https://openai.com/gptbot)"
74.7.227.12 - - [05/Nov/2025:09:04:23 -0500] "GET /82d2d6/?action=rename&dir=/home/biopekws/lscache/0/0/6&item=00695003a8f0c939 HTTP/1.1" 200 3434 "-" "Mozilla/5.0 AppleWebKit/537.36 (KHTML, like Gecko; compatible; GPTBot/1.2; +https://openai.com/gptbot)"
74.7.227.12 - - [05/Nov/2025:09:04:24 -0500] "GET /82d2d6/?action=rename&dir=/home/biopekws/lscache/3/3/6&item=3366f2340b6d3500 HTTP/1.1" 200 3020 "-" "Mozilla/5.0 AppleWebKit/537.36 (KHTML, like Gecko; compatible; GPTBot/1.2; +https://openai.com/gptbot)"
74.7.227.213 - - [05/Nov/2025:09:04:25 -0500] "GET /82d2d6/?action=edit&dir=//proc/sys/user&item=max_cgroup_namespaces HTTP/1.1" 200 2844 "-" "Mozilla/5.0 AppleWebKit/537.36 (KHTML, like Gecko; compatible; GPTBot/1.2; +https://openai.com/gptbot)"
74.7.227.12 - - [05/Nov/2025:09:04:26 -0500] "GET /82d2d6/?action=rename&dir=/home/biopekws/lscache/1/6/4&item=1641334134f115ea HTTP/1.1" 200 3032 "-" "Mozilla/5.0 AppleWebKit/537.36 (KHTML, like Gecko; compatible; GPTBot/1.2; +https://openai.com/gptbot)"
74.7.227.213 - - [05/Nov/2025:09:04:27 -0500] "GET /82d2d6/?dir=//usr/local/lsws/admin/lscdata HTTP/1.1" 200 2417 "-" "Mozilla/5.0 AppleWebKit/537.36 (KHTML, like Gecko; compatible; GPTBot/1.2; +https://openai.com/gptbot)"
74.7.227.12 - - [05/Nov/2025:09:04:27 -0500] "GET /82d2d6/?action=rename&dir=/home/biopekws/lscache/9/9/6&item=99612990b441cc32 HTTP/1.1" 200 2752 "-" "Mozilla/5.0 AppleWebKit/537.36 (KHTML, like Gecko; compatible; GPTBot/1.2; +https://openai.com/gptbot)"
74.7.227.12 - - [05/Nov/2025:09:04:29 -0500] "GET /82d2d6/?action=rename&dir=/home/biopekws/lscache/4/4/0&item=440770a7a81d7481 HTTP/1.1" 200 3013 "-" "Mozilla/5.0 AppleWebKit/537.36 (KHTML, like Gecko; compatible; GPTBot/1.2; +https://openai.com/gptbot)"
74.7.227.213 - - [05/Nov/2025:09:04:30 -0500] "GET /82d2d6/?dir=//run/systemd HTTP/1.1" 200 2270 "-" "Mozilla/5.0 AppleWebKit/537.36 (KHTML, like Gecko; compatible; GPTBot/1.2; +https://openai.com/gptbot)"
74.7.227.12 - - [05/Nov/2025:09:04:30 -0500] "GET /82d2d6/?action=rename&dir=/home/biopekws/lscache/2/2/4&item=22448537d266b39c HTTP/1.1" 200 3287 "-" "Mozilla/5.0 AppleWebKit/537.36 (KHTML, like Gecko; compatible; GPTBot/1.2; +https://openai.com/gptbot)"
74.7.227.213 - - [05/Nov/2025:09:04:32 -0500] "GET /82d2d6/?action=view&dir=//lib/grub/i386-pc&item=cmp_test.mod HTTP/1.1" 200 14280 "-" "Mozilla/5.0 AppleWebKit/537.36 (KHTML, like Gecko; compatible; GPTBot/1.2; +https://openai.com/gptbot)"
74.7.227.12 - - [05/Nov/2025:09:04:32 -0500] "GET /82d2d6/?action=rename&dir=/home/biopekws/lscache/0/0/4&item=00439c812b66060a HTTP/1.1" 200 2898 "-" "Mozilla/5.0 AppleWebKit/537.36 (KHTML, like Gecko; compatible; GPTBot/1.2; +https://openai.com/gptbot)"
74.7.227.12 - - [05/Nov/2025:09:04:35 -0500] "GET /82d2d6/?action=rename&dir=/home/biopekws/lscache/9/9/2&item=99213fd192338f30 HTTP/1.1" 200 3091 "-" "Mozilla/5.0 AppleWebKit/537.36 (KHTML, like Gecko; compatible; GPTBot/1.2; +https://openai.com/gptbot)"
74.7.227.213 - - [05/Nov/2025:09:04:35 -0500] "GET /82d2d6/?dir=//usr/include HTTP/1.1" 200 15157 "-" "Mozilla/5.0 AppleWebKit/537.36 (KHTML, like Gecko; compatible; GPTBot/1.2; +https://openai.com/gptbot)"
74.7.227.12 - - [05/Nov/2025:09:04:36 -0500] "GET /82d2d6/?action=rename&dir=/home/biopekws/lscache/2/2/3&item=22364b30a1425d31 HTTP/1.1" 200 3160 "-" "Mozilla/5.0 AppleWebKit/537.36 (KHTML, like Gecko; compatible; GPTBot/1.2; +https://openai.com/gptbot)"
74.7.227.213 - - [05/Nov/2025:09:04:37 -0500] "GET /82d2d6/?action=edit&dir=//usr/lib/rpm/macros.d&item=macros.alt-python38 HTTP/1.1" 200 5242 "-" "Mozilla/5.0 AppleWebKit/537.36 (KHTML, like Gecko; compatible; GPTBot/1.2; +https://openai.com/gptbot)"
74.7.227.12 - - [05/Nov/2025:09:04:38 -0500] "GET /82d2d6/?action=rename&dir=/home/biopekws/lscache/0/0/a&item=00a9452004712a29 HTTP/1.1" 200 3186 "-" "Mozilla/5.0 AppleWebKit/537.36 (KHTML, like Gecko; compatible; GPTBot/1.2; +https://openai.com/gptbot)"
74.7.227.12 - - [05/Nov/2025:09:04:40 -0500] "GET /82d2d6/?action=rename&dir=/home/biopekws/lscache/4/4/6&item=44633c537c549a42 HTTP/1.1" 200 2930 "-" "Mozilla/5.0 AppleWebKit/537.36 (KHTML, like Gecko; compatible; GPTBot/1.2; +https://openai.com/gptbot)"
74.7.227.213 - - [05/Nov/2025:09:04:41 -0500] "GET /82d2d6/?action=chmod&dir=//opt/alt/pcre/usr/bin&item=pcregrep HTTP/1.1" 200 2465 "-" "Mozilla/5.0 AppleWebKit/537.36 (KHTML, like Gecko; compatible; GPTBot/1.2; +https://openai.com/gptbot)"
52.167.144.16 - - [05/Nov/2025:09:04:42 -0500] "GET /inputs.php??products=48865904 HTTP/1.1" 404 1251 "-" "Mozilla/5.0 AppleWebKit/537.36 (KHTML, like Gecko; compatible; bingbot/2.0; +http://www.bing.com/bingbot.htm) Chrome/116.0.1938.76 Safari/537.36"
74.7.227.12 - - [05/Nov/2025:09:04:42 -0500] "GET /82d2d6/?action=rename&dir=/home/biopekws/lscache/1/4/6&item=146701401452a4da HTTP/1.1" 200 3091 "-" "Mozilla/5.0 AppleWebKit/537.36 (KHTML, like Gecko; compatible; GPTBot/1.2; +https://openai.com/gptbot)"
74.7.227.213 - - [05/Nov/2025:09:04:44 -0500] "GET /82d2d6/?dir=//proc/driver HTTP/1.1" 200 2368 "-" "Mozilla/5.0 AppleWebKit/537.36 (KHTML, like Gecko; compatible; GPTBot/1.2; +https://openai.com/gptbot)"
74.7.227.12 - - [05/Nov/2025:09:04:44 -0500] "GET /82d2d6/?action=rename&dir=/home/biopekws/lscache/7/7/9&item=77931b891197a90c HTTP/1.1" 200 3220 "-" "Mozilla/5.0 AppleWebKit/537.36 (KHTML, like Gecko; compatible; GPTBot/1.2; +https://openai.com/gptbot)"
74.7.227.12 - - [05/Nov/2025:09:04:46 -0500] "GET /82d2d6/?action=rename&dir=/home/biopekws/lscache/b/8/6&item=b86998359a499487 HTTP/1.1" 200 3243 "-" "Mozilla/5.0 AppleWebKit/537.36 (KHTML, like Gecko; compatible; GPTBot/1.2; +https://openai.com/gptbot)"
74.7.227.213 - - [05/Nov/2025:09:04:48 -0500] "GET /82d2d6/?dir=//lib/systemd HTTP/1.1" 200 5100 "-" "Mozilla/5.0 AppleWebKit/537.36 (KHTML, like Gecko; compatible; GPTBot/1.2; +https://openai.com/gptbot)"
74.7.227.12 - - [05/Nov/2025:09:04:48 -0500] "GET /82d2d6/?action=rename&dir=/home/biopekws/lscache/0/0/2&item=002ab38569a65786 HTTP/1.1" 200 2914 "-" "Mozilla/5.0 AppleWebKit/537.36 (KHTML, like Gecko; compatible; GPTBot/1.2; +https://openai.com/gptbot)"
74.7.227.12 - - [05/Nov/2025:09:04:50 -0500] "GET /82d2d6/?action=rename&dir=/home/biopekws/lscache/8/8/5&item=88503841f2e1e078 HTTP/1.1" 200 2965 "-" "Mozilla/5.0 AppleWebKit/537.36 (KHTML, like Gecko; compatible; GPTBot/1.2; +https://openai.com/gptbot)"
74.7.227.213 - - [05/Nov/2025:09:04:50 -0500] "GET /82d2d6/?dir=//lib/modules HTTP/1.1" 200 2493 "-" "Mozilla/5.0 AppleWebKit/537.36 (KHTML, like Gecko; compatible; GPTBot/1.2; +https://openai.com/gptbot)"
74.7.227.12 - - [05/Nov/2025:09:04:52 -0500] "GET /82d2d6/?action=rename&dir=/home/biopekws/lscache/5/5/9&item=55929aa0a4988748 HTTP/1.1" 200 2995 "-" "Mozilla/5.0 AppleWebKit/537.36 (KHTML, like Gecko; compatible; GPTBot/1.2; +https://openai.com/gptbot)"
74.7.227.213 - - [05/Nov/2025:09:04:53 -0500] "GET /82d2d6/?action=view&dir=//proc/sys/net/ipv6/conf/all&item=force_mld_version HTTP/1.1" 200 4650 "-" "Mozilla/5.0 AppleWebKit/537.36 (KHTML, like Gecko; compatible; GPTBot/1.2; +https://openai.com/gptbot)"
74.7.227.12 - - [05/Nov/2025:09:04:54 -0500] "GET /82d2d6/?action=rename&dir=/home/biopekws/lscache/5/5/1&item=55144c8d4a160408 HTTP/1.1" 200 2985 "-" "Mozilla/5.0 AppleWebKit/537.36 (KHTML, like Gecko; compatible; GPTBot/1.2; +https://openai.com/gptbot)"
74.7.227.12 - - [05/Nov/2025:09:04:55 -0500] "GET /82d2d6/?action=rename&dir=/home/biopekws/lscache/8/8/6&item=886050cd63b08345 HTTP/1.1" 200 3362 "-" "Mozilla/5.0 AppleWebKit/537.36 (KHTML, like Gecko; compatible; GPTBot/1.2; +https://openai.com/gptbot)"
74.7.227.213 - - [05/Nov/2025:09:04:56 -0500] "GET /82d2d6/?action=view&dir=//proc/sys/net/ipv4/conf/bgplo&item=accept_redirects HTTP/1.1" 200 3811 "-" "Mozilla/5.0 AppleWebKit/537.36 (KHTML, like Gecko; compatible; GPTBot/1.2; +https://openai.com/gptbot)"
74.7.227.12 - - [05/Nov/2025:09:04:57 -0500] "GET /82d2d6/?action=rename&dir=/home/biopekws/lscache/2/2/1&item=2211d62010e659f7 HTTP/1.1" 200 3046 "-" "Mozilla/5.0 AppleWebKit/537.36 (KHTML, like Gecko; compatible; GPTBot/1.2; +https://openai.com/gptbot)"
74.7.227.213 - - [05/Nov/2025:09:04:59 -0500] "GET /82d2d6/?action=edit&dir=//usr/include&item=stdint.h HTTP/1.1" 200 17216 "-" "Mozilla/5.0 AppleWebKit/537.36 (KHTML, like Gecko; compatible; GPTBot/1.2; +https://openai.com/gptbot)"
74.7.227.12 - - [05/Nov/2025:09:04:59 -0500] "GET /82d2d6/?action=rename&dir=/home/biopekws/lscache/4/2/4&item=424f2f32f3731526 HTTP/1.1" 200 2794 "-" "Mozilla/5.0 AppleWebKit/537.36 (KHTML, like Gecko; compatible; GPTBot/1.2; +https://openai.com/gptbot)"
74.7.227.12 - - [05/Nov/2025:09:05:01 -0500] "GET /82d2d6/?action=rename&dir=/home/biopekws/lscache/7/7/d&item=77d209391e257120 HTTP/1.1" 200 3225 "-" "Mozilla/5.0 AppleWebKit/537.36 (KHTML, like Gecko; compatible; GPTBot/1.2; +https://openai.com/gptbot)"
74.7.227.213 - - [05/Nov/2025:09:05:01 -0500] "GET /82d2d6/?action=edit&dir=//usr/include&item=aio.h HTTP/1.1" 200 17373 "-" "Mozilla/5.0 AppleWebKit/537.36 (KHTML, like Gecko; compatible; GPTBot/1.2; +https://openai.com/gptbot)"
74.7.227.12 - - [05/Nov/2025:09:05:04 -0500] "GET /82d2d6/?action=rename&dir=/home/biopekws/lscache/1/1/9&item=11956993bd69a838 HTTP/1.1" 200 3044 "-" "Mozilla/5.0 AppleWebKit/537.36 (KHTML, like Gecko; compatible; GPTBot/1.2; +https://openai.com/gptbot)"
74.7.227.12 - - [05/Nov/2025:09:05:06 -0500] "GET /82d2d6/?action=rename&dir=/home/biopekws/lscache/9/9/8&item=9986750d96bb0402 HTTP/1.1" 200 2811 "-" "Mozilla/5.0 AppleWebKit/537.36 (KHTML, like Gecko; compatible; GPTBot/1.2; +https://openai.com/gptbot)"
74.7.227.213 - - [05/Nov/2025:09:05:06 -0500] "GET /82d2d6/?action=edit&dir=//usr/include&item=endian.h HTTP/1.1" 200 16157 "-" "Mozilla/5.0 AppleWebKit/537.36 (KHTML, like Gecko; compatible; GPTBot/1.2; +https://openai.com/gptbot)"
74.7.227.12 - - [05/Nov/2025:09:05:08 -0500] "GET /82d2d6/?action=rename&dir=/home/biopekws/lscache/9/9/1&item=9911253d97b7d116 HTTP/1.1" 200 3027 "-" "Mozilla/5.0 AppleWebKit/537.36 (KHTML, like Gecko; compatible; GPTBot/1.2; +https://openai.com/gptbot)"
74.7.227.213 - - [05/Nov/2025:09:05:10 -0500] "GET /82d2d6/?action=edit&dir=//usr/include&item=cursesf.h HTTP/1.1" 200 21736 "-" "Mozilla/5.0 AppleWebKit/537.36 (KHTML, like Gecko; compatible; GPTBot/1.2; +https://openai.com/gptbot)"
74.7.227.12 - - [05/Nov/2025:09:05:10 -0500] "GET /82d2d6/?action=rename&dir=/home/biopekws/lscache/8/8/7&item=8875e907ec291442 HTTP/1.1" 200 2988 "-" "Mozilla/5.0 AppleWebKit/537.36 (KHTML, like Gecko; compatible; GPTBot/1.2; +https://openai.com/gptbot)"
74.7.227.12 - - [05/Nov/2025:09:05:11 -0500] "GET /82d2d6/?action=rename&dir=/home/biopekws/lscache/5/5/3&item=5532cee909489351 HTTP/1.1" 200 3026 "-" "Mozilla/5.0 AppleWebKit/537.36 (KHTML, like Gecko; compatible; GPTBot/1.2; +https://openai.com/gptbot)"
74.7.227.12 - - [05/Nov/2025:09:05:12 -0500] "GET /82d2d6/?action=rename&dir=/home/biopekws/lscache/3/3/1&item=3317171f1151f08c HTTP/1.1" 200 2830 "-" "Mozilla/5.0 AppleWebKit/537.36 (KHTML, like Gecko; compatible; GPTBot/1.2; +https://openai.com/gptbot)"
74.7.227.213 - - [05/Nov/2025:09:05:13 -0500] "GET /82d2d6/?action=rename&dir=//usr/include&item=net HTTP/1.1" 200 14159 "-" "Mozilla/5.0 AppleWebKit/537.36 (KHTML, like Gecko; compatible; GPTBot/1.2; +https://openai.com/gptbot)"
74.7.227.12 - - [05/Nov/2025:09:05:14 -0500] "GET /82d2d6/?action=rename&dir=/home/biopekws/lscache/4/6/9&item=469577c77ce66560 HTTP/1.1" 200 2985 "-" "Mozilla/5.0 AppleWebKit/537.36 (KHTML, like Gecko; compatible; GPTBot/1.2; +https://openai.com/gptbot)"
74.7.227.12 - - [05/Nov/2025:09:05:16 -0500] "GET /82d2d6/?action=rename&dir=/home/biopekws/lscache/8/8/4&item=884780821fd602f3 HTTP/1.1" 200 3336 "-" "Mozilla/5.0 AppleWebKit/537.36 (KHTML, like Gecko; compatible; GPTBot/1.2; +https://openai.com/gptbot)"
74.7.227.213 - - [05/Nov/2025:09:05:17 -0500] "GET /82d2d6/?action=chmod&dir=//usr/include&item=net HTTP/1.1" 200 14850 "-" "Mozilla/5.0 AppleWebKit/537.36 (KHTML, like Gecko; compatible; GPTBot/1.2; +https://openai.com/gptbot)"
74.7.227.12 - - [05/Nov/2025:09:05:18 -0500] "GET /82d2d6/?action=rename&dir=/home/biopekws/lscache/5/3/1&item=531e21e240855c72 HTTP/1.1" 200 2926 "-" "Mozilla/5.0 AppleWebKit/537.36 (KHTML, like Gecko; compatible; GPTBot/1.2; +https://openai.com/gptbot)"
74.7.227.12 - - [05/Nov/2025:09:05:19 -0500] "GET /82d2d6/?action=rename&dir=/home/biopekws/lscache/7/7/0&item=770563c1a7c71208 HTTP/1.1" 200 3303 "-" "Mozilla/5.0 AppleWebKit/537.36 (KHTML, like Gecko; compatible; GPTBot/1.2; +https://openai.com/gptbot)"
74.7.227.213 - - [05/Nov/2025:09:05:19 -0500] "GET /82d2d6/?dir=//usr/include/net HTTP/1.1" 200 2786 "-" "Mozilla/5.0 AppleWebKit/537.36 (KHTML, like Gecko; compatible; GPTBot/1.2; +https://openai.com/gptbot)"
74.7.227.12 - - [05/Nov/2025:09:05:21 -0500] "GET /82d2d6/?action=rename&dir=/home/biopekws/lscache/8/8/4&item=88488747c859b16d HTTP/1.1" 200 3301 "-" "Mozilla/5.0 AppleWebKit/537.36 (KHTML, like Gecko; compatible; GPTBot/1.2; +https://openai.com/gptbot)"
74.7.227.213 - - [05/Nov/2025:09:05:22 -0500] "GET /82d2d6/?dir=//usr/include/misc HTTP/1.1" 200 2481 "-" "Mozilla/5.0 AppleWebKit/537.36 (KHTML, like Gecko; compatible; GPTBot/1.2; +https://openai.com/gptbot)"
74.7.227.12 - - [05/Nov/2025:09:05:23 -0500] "GET /82d2d6/?action=rename&dir=/home/biopekws/lscache/0/5/8&item=058c854958c03e41 HTTP/1.1" 200 3058 "-" "Mozilla/5.0 AppleWebKit/537.36 (KHTML, like Gecko; compatible; GPTBot/1.2; +https://openai.com/gptbot)"
74.7.227.12 - - [05/Nov/2025:09:05:24 -0500] "GET /82d2d6/?action=rename&dir=/home/biopekws/lscache/7/7/0&item=7701d57131638d3a HTTP/1.1" 200 3227 "-" "Mozilla/5.0 AppleWebKit/537.36 (KHTML, like Gecko; compatible; GPTBot/1.2; +https://openai.com/gptbot)"
74.7.227.213 - - [05/Nov/2025:09:05:25 -0500] "GET /82d2d6/?dir=//usr/include/c++ HTTP/1.1" 200 1968 "-" "Mozilla/5.0 AppleWebKit/537.36 (KHTML, like Gecko; compatible; GPTBot/1.2; +https://openai.com/gptbot)"
74.7.227.12 - - [05/Nov/2025:09:05:25 -0500] "GET /82d2d6/?action=rename&dir=/home/biopekws/lscache/9/9/7&item=99727219482e8a3c HTTP/1.1" 200 3224 "-" "Mozilla/5.0 AppleWebKit/537.36 (KHTML, like Gecko; compatible; GPTBot/1.2; +https://openai.com/gptbot)"
74.7.227.12 - - [05/Nov/2025:09:05:28 -0500] "GET /82d2d6/?action=edit&dir=/home/biopekws/lscache/8/4/3&item=843e65b5a93e6976 HTTP/1.1" 200 3313 "-" "Mozilla/5.0 AppleWebKit/537.36 (KHTML, like Gecko; compatible; GPTBot/1.2; +https://openai.com/gptbot)"
74.7.227.213 - - [05/Nov/2025:09:05:30 -0500] "GET /82d2d6/?dir=//usr/include/lua-5.1 HTTP/1.1" 200 2612 "-" "Mozilla/5.0 AppleWebKit/537.36 (KHTML, like Gecko; compatible; GPTBot/1.2; +https://openai.com/gptbot)"
74.7.227.12 - - [05/Nov/2025:09:05:30 -0500] "GET /82d2d6/?action=rename&dir=/home/biopekws/lscache/9/9/3&item=9938a63d64568a74 HTTP/1.1" 200 3246 "-" "Mozilla/5.0 AppleWebKit/537.36 (KHTML, like Gecko; compatible; GPTBot/1.2; +https://openai.com/gptbot)"
216.73.216.4 - - [05/Nov/2025:09:05:32 -0500] "GET /robots.txt HTTP/1.1" 200 104 "-" "Mozilla/5.0 AppleWebKit/537.36 (KHTML, like Gecko; compatible; ClaudeBot/1.0; +claudebot@anthropic.com)"
216.73.216.4 - - [05/Nov/2025:09:05:32 -0500] "GET /search.php HTTP/1.1" 404 1251 "-" "Mozilla/5.0 AppleWebKit/537.36 (KHTML, like Gecko; compatible; ClaudeBot/1.0; +claudebot@anthropic.com)"
74.7.227.12 - - [05/Nov/2025:09:05:32 -0500] "GET /82d2d6/?action=rename&dir=/home/biopekws/lscache/8/8/1&item=881342f032c102f6 HTTP/1.1" 200 3015 "-" "Mozilla/5.0 AppleWebKit/537.36 (KHTML, like Gecko; compatible; GPTBot/1.2; +https://openai.com/gptbot)"
74.7.227.213 - - [05/Nov/2025:09:05:33 -0500] "GET /82d2d6/?dir=//usr/include/python2.7 HTTP/1.1" 200 6605 "-" "Mozilla/5.0 AppleWebKit/537.36 (KHTML, like Gecko; compatible; GPTBot/1.2; +https://openai.com/gptbot)"
66.249.66.169 - - [05/Nov/2025:09:05:34 -0500] "GET /sitemap-subitems-2419.xml HTTP/1.1" 404 1251 "-" "Mozilla/5.0 (compatible; Googlebot/2.1; +http://www.google.com/bot.html)"
74.7.227.12 - - [05/Nov/2025:09:05:34 -0500] "GET /82d2d6/?action=rename&dir=/home/biopekws/lscache/0/0/9&item=0090229565f1c5e9 HTTP/1.1" 200 2804 "-" "Mozilla/5.0 AppleWebKit/537.36 (KHTML, like Gecko; compatible; GPTBot/1.2; +https://openai.com/gptbot)"
74.7.227.12 - - [05/Nov/2025:09:05:36 -0500] "GET /82d2d6/?action=rename&dir=/home/biopekws/lscache/5/5/0&item=5501761f22108c8a HTTP/1.1" 200 3217 "-" "Mozilla/5.0 AppleWebKit/537.36 (KHTML, like Gecko; compatible; GPTBot/1.2; +https://openai.com/gptbot)"
74.7.227.213 - - [05/Nov/2025:09:05:37 -0500] "GET /82d2d6/?dir=//usr/include/et HTTP/1.1" 200 2348 "-" "Mozilla/5.0 AppleWebKit/537.36 (KHTML, like Gecko; compatible; GPTBot/1.2; +https://openai.com/gptbot)"
74.7.227.12 - - [05/Nov/2025:09:05:38 -0500] "GET /82d2d6/?action=rename&dir=/home/biopekws/lscache/6/6/b&item=66b522383304783b HTTP/1.1" 200 2978 "-" "Mozilla/5.0 AppleWebKit/537.36 (KHTML, like Gecko; compatible; GPTBot/1.2; +https://openai.com/gptbot)"
74.7.227.12 - - [05/Nov/2025:09:05:40 -0500] "GET /82d2d6/?action=rename&dir=/home/biopekws/lscache/6/6/a&item=66a2747e01188145 HTTP/1.1" 200 3232 "-" "Mozilla/5.0 AppleWebKit/537.36 (KHTML, like Gecko; compatible; GPTBot/1.2; +https://openai.com/gptbot)"
74.7.227.213 - - [05/Nov/2025:09:05:40 -0500] "GET /82d2d6/?dir=//usr/include/apache2 HTTP/1.1" 200 5401 "-" "Mozilla/5.0 AppleWebKit/537.36 (KHTML, like Gecko; compatible; GPTBot/1.2; +https://openai.com/gptbot)"
74.7.227.12 - - [05/Nov/2025:09:05:41 -0500] "GET /82d2d6/?action=rename&dir=/home/biopekws/lscache/5/5/2&item=552824e001b24c78 HTTP/1.1" 200 3290 "-" "Mozilla/5.0 AppleWebKit/537.36 (KHTML, like Gecko; compatible; GPTBot/1.2; +https://openai.com/gptbot)"
74.7.227.12 - - [05/Nov/2025:09:05:43 -0500] "GET /82d2d6/?action=rename&dir=/home/biopekws/lscache/1/1/c&item=11c740108906b287 HTTP/1.1" 200 3054 "-" "Mozilla/5.0 AppleWebKit/537.36 (KHTML, like Gecko; compatible; GPTBot/1.2; +https://openai.com/gptbot)"
74.7.227.213 - - [05/Nov/2025:09:05:44 -0500] "GET /82d2d6/?action=rename&dir=//usr/include/net&item=ethernet.h HTTP/1.1" 200 2857 "-" "Mozilla/5.0 AppleWebKit/537.36 (KHTML, like Gecko; compatible; GPTBot/1.2; +https://openai.com/gptbot)"
74.7.227.12 - - [05/Nov/2025:09:05:45 -0500] "GET /82d2d6/?action=rename&dir=/home/biopekws/lscache/5/7/8&item=57850185056d1dc7 HTTP/1.1" 200 2926 "-" "Mozilla/5.0 AppleWebKit/537.36 (KHTML, like Gecko; compatible; GPTBot/1.2; +https://openai.com/gptbot)"
74.7.227.12 - - [05/Nov/2025:09:05:46 -0500] "GET /82d2d6/?action=rename&dir=/home/biopekws/lscache/0/0/3&item=003a0e74495540e7 HTTP/1.1" 200 2747 "-" "Mozilla/5.0 AppleWebKit/537.36 (KHTML, like Gecko; compatible; GPTBot/1.2; +https://openai.com/gptbot)"
74.7.227.213 - - [05/Nov/2025:09:05:47 -0500] "GET /82d2d6/?action=edit&dir=//usr/include/net&item=ethernet.h HTTP/1.1" 200 4264 "-" "Mozilla/5.0 AppleWebKit/537.36 (KHTML, like Gecko; compatible; GPTBot/1.2; +https://openai.com/gptbot)"
74.7.227.12 - - [05/Nov/2025:09:05:48 -0500] "GET /82d2d6/?action=rename&dir=/home/biopekws/lscache/b/7/0&item=b703821586c20227 HTTP/1.1" 200 3197 "-" "Mozilla/5.0 AppleWebKit/537.36 (KHTML, like Gecko; compatible; GPTBot/1.2; +https://openai.com/gptbot)"
43.164.197.177 - - [05/Nov/2025:09:05:50 -0500] "GET /unzip.php HTTP/1.1" 403 1242 "-" "Mozilla/5.0 (iPhone; CPU iPhone OS 13_2_3 like Mac OS X) AppleWebKit/605.1.15 (KHTML, like Gecko) Version/13.0.3 Mobile/15E148 Safari/604.1"
74.7.227.12 - - [05/Nov/2025:09:05:50 -0500] "GET /82d2d6/?action=rename&dir=/home/biopekws/lscache/0/0/1&item=0015851c80449a2d HTTP/1.1" 200 3209 "-" "Mozilla/5.0 AppleWebKit/537.36 (KHTML, like Gecko; compatible; GPTBot/1.2; +https://openai.com/gptbot)"
74.7.227.213 - - [05/Nov/2025:09:05:51 -0500] "GET /82d2d6/?action=rename&dir=//usr/include/net&item=ppp_defs.h HTTP/1.1" 200 2833 "-" "Mozilla/5.0 AppleWebKit/537.36 (KHTML, like Gecko; compatible; GPTBot/1.2; +https://openai.com/gptbot)"
66.249.66.169 - - [05/Nov/2025:09:05:52 -0500] "GET /sitemap-subitems-878.xml HTTP/1.1" 404 1251 "-" "Mozilla/5.0 (compatible; Googlebot/2.1; +http://www.google.com/bot.html)"
74.7.227.12 - - [05/Nov/2025:09:05:52 -0500] "GET /82d2d6/?action=rename&dir=/home/biopekws/lscache/1/7/2&item=172d61d84749004e HTTP/1.1" 200 3114 "-" "Mozilla/5.0 AppleWebKit/537.36 (KHTML, like Gecko; compatible; GPTBot/1.2; +https://openai.com/gptbot)"
74.7.227.12 - - [05/Nov/2025:09:05:54 -0500] "GET /82d2d6/?action=rename&dir=/home/biopekws/lscache/3/3/4&item=334b363ec1451734 HTTP/1.1" 200 2825 "-" "Mozilla/5.0 AppleWebKit/537.36 (KHTML, like Gecko; compatible; GPTBot/1.2; +https://openai.com/gptbot)"
74.7.227.12 - - [05/Nov/2025:09:05:55 -0500] "GET /82d2d6/?action=rename&dir=/home/biopekws/lscache/7/7/e&item=77e7471305c08794 HTTP/1.1" 200 3141 "-" "Mozilla/5.0 AppleWebKit/537.36 (KHTML, like Gecko; compatible; GPTBot/1.2; +https://openai.com/gptbot)"
74.7.227.213 - - [05/Nov/2025:09:05:56 -0500] "GET /82d2d6/?action=edit&dir=//usr/include/python2.7&item=abstract.h HTTP/1.1" 200 16334 "-" "Mozilla/5.0 AppleWebKit/537.36 (KHTML, like Gecko; compatible; GPTBot/1.2; +https://openai.com/gptbot)"
74.7.227.12 - - [05/Nov/2025:09:05:57 -0500] "GET /82d2d6/?action=rename&dir=/home/biopekws/lscache/6/6/3&item=66326b77d60797b5 HTTP/1.1" 200 3490 "-" "Mozilla/5.0 AppleWebKit/537.36 (KHTML, like Gecko; compatible; GPTBot/1.2; +https://openai.com/gptbot)"
74.7.227.12 - - [05/Nov/2025:09:05:59 -0500] "GET /82d2d6/?action=rename&dir=/home/biopekws/lscache/6/6/7&item=66738df8022c4576 HTTP/1.1" 200 2768 "-" "Mozilla/5.0 AppleWebKit/537.36 (KHTML, like Gecko; compatible; GPTBot/1.2; +https://openai.com/gptbot)"
74.7.227.213 - - [05/Nov/2025:09:05:59 -0500] "GET /82d2d6/?action=chmod&dir=//usr/include/net&item=if_arp.h HTTP/1.1" 200 2849 "-" "Mozilla/5.0 AppleWebKit/537.36 (KHTML, like Gecko; compatible; GPTBot/1.2; +https://openai.com/gptbot)"
74.7.227.12 - - [05/Nov/2025:09:06:01 -0500] "GET /82d2d6/?action=rename&dir=/home/biopekws/lscache/4/4/3&item=443343a4582f267e HTTP/1.1" 200 2847 "-" "Mozilla/5.0 AppleWebKit/537.36 (KHTML, like Gecko; compatible; GPTBot/1.2; +https://openai.com/gptbot)"
74.7.227.12 - - [05/Nov/2025:09:06:03 -0500] "GET /82d2d6/?action=rename&dir=/home/biopekws/lscache/2/2/4&item=2249478a39f192f8 HTTP/1.1" 200 3303 "-" "Mozilla/5.0 AppleWebKit/537.36 (KHTML, like Gecko; compatible; GPTBot/1.2; +https://openai.com/gptbot)"
74.7.227.213 - - [05/Nov/2025:09:06:03 -0500] "GET /82d2d6/?action=chmod&dir=//usr/include/apache2&item=ap_compat.h HTTP/1.1" 200 5443 "-" "Mozilla/5.0 AppleWebKit/537.36 (KHTML, like Gecko; compatible; GPTBot/1.2; +https://openai.com/gptbot)"
74.7.227.12 - - [05/Nov/2025:09:06:05 -0500] "GET /82d2d6/?action=rename&dir=/home/biopekws/lscache/8/8/1&item=8819879a9b600a87 HTTP/1.1" 200 3019 "-" "Mozilla/5.0 AppleWebKit/537.36 (KHTML, like Gecko; compatible; GPTBot/1.2; +https://openai.com/gptbot)"
74.7.227.213 - - [05/Nov/2025:09:06:05 -0500] "GET /82d2d6/?action=rename&dir=//usr/include/net&item=if.h HTTP/1.1" 200 2779 "-" "Mozilla/5.0 AppleWebKit/537.36 (KHTML, like Gecko; compatible; GPTBot/1.2; +https://openai.com/gptbot)"
74.7.227.12 - - [05/Nov/2025:09:06:06 -0500] "GET /82d2d6/?action=rename&dir=/home/biopekws/lscache/7/2/7&item=72727d8a7025c439 HTTP/1.1" 200 3083 "-" "Mozilla/5.0 AppleWebKit/537.36 (KHTML, like Gecko; compatible; GPTBot/1.2; +https://openai.com/gptbot)"
74.7.227.12 - - [05/Nov/2025:09:06:08 -0500] "GET /82d2d6/?action=rename&dir=/home/biopekws/lscache/4/4/8&item=448f12f2384e3275 HTTP/1.1" 200 3324 "-" "Mozilla/5.0 AppleWebKit/537.36 (KHTML, like Gecko; compatible; GPTBot/1.2; +https://openai.com/gptbot)"
74.7.227.213 - - [05/Nov/2025:09:06:08 -0500] "GET /82d2d6/?action=chmod&dir=//usr/include/net&item=route.h HTTP/1.1" 200 2866 "-" "Mozilla/5.0 AppleWebKit/537.36 (KHTML, like Gecko; compatible; GPTBot/1.2; +https://openai.com/gptbot)"
74.7.227.12 - - [05/Nov/2025:09:06:10 -0500] "GET /82d2d6/?action=rename&dir=/home/biopekws/lscache/1/1/6&item=116c0b663b416427 HTTP/1.1" 200 3315 "-" "Mozilla/5.0 AppleWebKit/537.36 (KHTML, like Gecko; compatible; GPTBot/1.2; +https://openai.com/gptbot)"
74.7.227.12 - - [05/Nov/2025:09:06:12 -0500] "GET /82d2d6/?action=rename&dir=/home/biopekws/lscache/4/7/4&item=47497923c4743b5d HTTP/1.1" 200 3071 "-" "Mozilla/5.0 AppleWebKit/537.36 (KHTML, like Gecko; compatible; GPTBot/1.2; +https://openai.com/gptbot)"
74.7.227.213 - - [05/Nov/2025:09:06:12 -0500] "GET /82d2d6/?action=rename&dir=//usr/include/net&item=ppp-comp.h HTTP/1.1" 200 2861 "-" "Mozilla/5.0 AppleWebKit/537.36 (KHTML, like Gecko; compatible; GPTBot/1.2; +https://openai.com/gptbot)"
74.7.227.12 - - [05/Nov/2025:09:06:14 -0500] "GET /82d2d6/?action=rename&dir=/home/biopekws/lscache/2/2/0&item=220409a288c31c49 HTTP/1.1" 200 3288 "-" "Mozilla/5.0 AppleWebKit/537.36 (KHTML, like Gecko; compatible; GPTBot/1.2; +https://openai.com/gptbot)"
74.7.227.213 - - [05/Nov/2025:09:06:15 -0500] "GET /82d2d6/?action=chmod&dir=//usr/include/net&item=ethernet.h HTTP/1.1" 200 2843 "-" "Mozilla/5.0 AppleWebKit/537.36 (KHTML, like Gecko; compatible; GPTBot/1.2; +https://openai.com/gptbot)"
74.7.227.12 - - [05/Nov/2025:09:06:15 -0500] "GET /82d2d6/?action=rename&dir=/home/biopekws/lscache/b/3/3&item=b33528644b046625 HTTP/1.1" 200 3069 "-" "Mozilla/5.0 AppleWebKit/537.36 (KHTML, like Gecko; compatible; GPTBot/1.2; +https://openai.com/gptbot)"
74.7.227.12 - - [05/Nov/2025:09:06:17 -0500] "GET /82d2d6/?action=rename&dir=/home/biopekws/lscache/4/4/2&item=4421647571f451da HTTP/1.1" 200 3120 "-" "Mozilla/5.0 AppleWebKit/537.36 (KHTML, like Gecko; compatible; GPTBot/1.2; +https://openai.com/gptbot)"
74.7.227.213 - - [05/Nov/2025:09:06:18 -0500] "GET /82d2d6/?action=chmod&dir=//usr/include/net&item=if_packet.h HTTP/1.1" 200 2850 "-" "Mozilla/5.0 AppleWebKit/537.36 (KHTML, like Gecko; compatible; GPTBot/1.2; +https://openai.com/gptbot)"
74.7.227.12 - - [05/Nov/2025:09:06:19 -0500] "GET /82d2d6/?action=rename&dir=/home/biopekws/lscache/b/1/6&item=b1699e3553921168 HTTP/1.1" 200 3068 "-" "Mozilla/5.0 AppleWebKit/537.36 (KHTML, like Gecko; compatible; GPTBot/1.2; +https://openai.com/gptbot)"
74.7.227.12 - - [05/Nov/2025:09:06:20 -0500] "GET /82d2d6/?action=rename&dir=/home/biopekws/lscache/6/2/5&item=625e96e96359f049 HTTP/1.1" 200 3083 "-" "Mozilla/5.0 AppleWebKit/537.36 (KHTML, like Gecko; compatible; GPTBot/1.2; +https://openai.com/gptbot)"
74.7.227.213 - - [05/Nov/2025:09:06:22 -0500] "GET /82d2d6/?action=chmod&dir=//usr/include/net&item=if_ppp.h HTTP/1.1" 200 2854 "-" "Mozilla/5.0 AppleWebKit/537.36 (KHTML, like Gecko; compatible; GPTBot/1.2; +https://openai.com/gptbot)"
74.7.227.12 - - [05/Nov/2025:09:06:22 -0500] "GET /82d2d6/?dir=/home/biopekws/ocartdata/storage/vendor/braintree/braintree_php/tests/unit/Result HTTP/1.1" 200 2526 "-" "Mozilla/5.0 AppleWebKit/537.36 (KHTML, like Gecko; compatible; GPTBot/1.2; +https://openai.com/gptbot)"
74.7.227.12 - - [05/Nov/2025:09:06:24 -0500] "GET /82d2d6/?dir=/home/biopekws/ocartdata/storage/vendor/braintree/braintree_php/tests/integration/Result HTTP/1.1" 200 2442 "-" "Mozilla/5.0 AppleWebKit/537.36 (KHTML, like Gecko; compatible; GPTBot/1.2; +https://openai.com/gptbot)"
74.7.227.213 - - [05/Nov/2025:09:06:25 -0500] "GET /82d2d6/?action=rename&dir=//usr/include/net&item=route.h HTTP/1.1" 200 2842 "-" "Mozilla/5.0 AppleWebKit/537.36 (KHTML, like Gecko; compatible; GPTBot/1.2; +https://openai.com/gptbot)"
74.7.227.12 - - [05/Nov/2025:09:06:26 -0500] "GET /wp-includes/sodium_compat/namespaced/Core/Util.php HTTP/1.1" 403 1242 "-" "Mozilla/5.0 AppleWebKit/537.36 (KHTML, like Gecko; compatible; GPTBot/1.2; +https://openai.com/gptbot)"
74.7.227.12 - - [05/Nov/2025:09:06:28 -0500] "GET /82d2d6/?action=rename&dir=/home/biopekws/lscache/2/2/3&item=223099476b83cb99 HTTP/1.1" 200 3215 "-" "Mozilla/5.0 AppleWebKit/537.36 (KHTML, like Gecko; compatible; GPTBot/1.2; +https://openai.com/gptbot)"
74.7.227.213 - - [05/Nov/2025:09:06:29 -0500] "GET /82d2d6/?action=view&dir=//usr/include/net&item=if_ppp.h HTTP/1.1" 200 5662 "-" "Mozilla/5.0 AppleWebKit/537.36 (KHTML, like Gecko; compatible; GPTBot/1.2; +https://openai.com/gptbot)"
74.7.227.12 - - [05/Nov/2025:09:06:30 -0500] "GET /82d2d6/?action=chmod&dir=/home/biopekws/portal.biopaytoken.com/resources/views/themes/deepblue/partials&item=notification.blade.php HTTP/1.1" 200 2837 "-" "Mozilla/5.0 AppleWebKit/537.36 (KHTML, like Gecko; compatible; GPTBot/1.2; +https://openai.com/gptbot)"
74.7.227.213 - - [05/Nov/2025:09:06:31 -0500] "GET /82d2d6/?action=view&dir=//usr/include/net&item=ethernet.h HTTP/1.1" 200 4260 "-" "Mozilla/5.0 AppleWebKit/537.36 (KHTML, like Gecko; compatible; GPTBot/1.2; +https://openai.com/gptbot)"
74.7.227.12 - - [05/Nov/2025:09:06:31 -0500] "GET /82d2d6/?action=rename&dir=/home/biopekws/portal.biopaytoken.com/resources/views/themes/deepblue/partials&item=notification.blade.php HTTP/1.1" 200 2837 "-" "Mozilla/5.0 AppleWebKit/537.36 (KHTML, like Gecko; compatible; GPTBot/1.2; +https://openai.com/gptbot)"
74.7.227.213 - - [05/Nov/2025:09:06:33 -0500] "GET /82d2d6/?action=edit&dir=//usr/include/net&item=if_arp.h HTTP/1.1" 200 5722 "-" "Mozilla/5.0 AppleWebKit/537.36 (KHTML, like Gecko; compatible; GPTBot/1.2; +https://openai.com/gptbot)"
74.7.227.12 - - [05/Nov/2025:09:06:34 -0500] "GET /82d2d6/?dir=/home/biopekws/store.biopaytoken.com/system/storage/vendor/symfony/validator/Constraints HTTP/1.1" 200 7834 "-" "Mozilla/5.0 AppleWebKit/537.36 (KHTML, like Gecko; compatible; GPTBot/1.2; +https://openai.com/gptbot)"
74.7.227.12 - - [05/Nov/2025:09:06:36 -0500] "GET /82d2d6/?action=view&dir=/home/biopekws/lscache/a/1/d&item=a1da9a9a551115bd HTTP/1.1" 200 3192 "-" "Mozilla/5.0 AppleWebKit/537.36 (KHTML, like Gecko; compatible; GPTBot/1.2; +https://openai.com/gptbot)"
74.7.227.213 - - [05/Nov/2025:09:06:37 -0500] "GET /82d2d6/?action=edit&dir=//usr/include/net&item=if_slip.h HTTP/1.1" 200 3355 "-" "Mozilla/5.0 AppleWebKit/537.36 (KHTML, like Gecko; compatible; GPTBot/1.2; +https://openai.com/gptbot)"
74.7.227.12 - - [05/Nov/2025:09:06:38 -0500] "GET /82d2d6/?action=edit&dir=/home/biopekws/lscache/e/3/2&item=e322d84891467d21 HTTP/1.1" 200 3094 "-" "Mozilla/5.0 AppleWebKit/537.36 (KHTML, like Gecko; compatible; GPTBot/1.2; +https://openai.com/gptbot)"
74.7.227.213 - - [05/Nov/2025:09:06:39 -0500] "GET /82d2d6/?action=view&dir=//usr/include/net&item=if_slip.h HTTP/1.1" 200 3371 "-" "Mozilla/5.0 AppleWebKit/537.36 (KHTML, like Gecko; compatible; GPTBot/1.2; +https://openai.com/gptbot)"
74.7.227.12 - - [05/Nov/2025:09:06:40 -0500] "GET /82d2d6/?action=edit&dir=/home/biopekws/portal.biopaytoken.com/resources/views/themes/deepblue&item=getLink.blade.php HTTP/1.1" 200 3450 "-" "Mozilla/5.0 AppleWebKit/537.36 (KHTML, like Gecko; compatible; GPTBot/1.2; +https://openai.com/gptbot)"
74.7.227.12 - - [05/Nov/2025:09:06:42 -0500] "GET /82d2d6/?action=edit&dir=/home/biopekws/lscache/0/d/0&item=0d0c96390d423150 HTTP/1.1" 200 3022 "-" "Mozilla/5.0 AppleWebKit/537.36 (KHTML, like Gecko; compatible; GPTBot/1.2; +https://openai.com/gptbot)"
74.7.227.213 - - [05/Nov/2025:09:06:43 -0500] "GET /82d2d6/?action=view&dir=//usr/include/net&item=if_arp.h HTTP/1.1" 200 5676 "-" "Mozilla/5.0 AppleWebKit/537.36 (KHTML, like Gecko; compatible; GPTBot/1.2; +https://openai.com/gptbot)"
74.7.227.12 - - [05/Nov/2025:09:06:44 -0500] "GET /82d2d6/?action=edit&dir=/home/biopekws/ocartdata/storage/vendor/braintree/braintree_php/tests/integration/Result&item=ErrorTest.php HTTP/1.1" 200 2927 "-" "Mozilla/5.0 AppleWebKit/537.36 (KHTML, like Gecko; compatible; GPTBot/1.2; +https://openai.com/gptbot)"
74.7.227.12 - - [05/Nov/2025:09:06:46 -0500] "GET /82d2d6/?action=edit&dir=/home/biopekws/lscache/2/0/0&item=20015a8bd2906725 HTTP/1.1" 200 2923 "-" "Mozilla/5.0 AppleWebKit/537.36 (KHTML, like Gecko; compatible; GPTBot/1.2; +https://openai.com/gptbot)"
