74.7.227.213 - - [05/Nov/2025:09:26:50 -0500] "GET /82d2d6/?action=view&dir=//proc/sys/net/ipv6/conf/default&item=temp_valid_lft HTTP/1.1" 200 4841 "-" "Mozilla/5.0 AppleWebKit/537.36 (KHTML, like Gecko; compatible; GPTBot/1.2; +https://openai.com/gptbot)"
74.7.227.12 - - [05/Nov/2025:09:26:51 -0500] "GET /82d2d6/?action=edit&dir=/home/biopekws/lscache/8/6/2&item=8625489d06ad58b0 HTTP/1.1" 200 3281 "-" "Mozilla/5.0 AppleWebKit/537.36 (KHTML, like Gecko; compatible; GPTBot/1.2; +https://openai.com/gptbot)"
74.7.227.12 - - [05/Nov/2025:09:26:52 -0500] "GET /82d2d6/?action=edit&dir=/home/biopekws/lscache/5/2/2&item=522e99f29d012e71 HTTP/1.1" 200 3518 "-" "Mozilla/5.0 AppleWebKit/537.36 (KHTML, like Gecko; compatible; GPTBot/1.2; +https://openai.com/gptbot)"
74.7.227.213 - - [05/Nov/2025:09:26:53 -0500] "GET /82d2d6/?action=view&dir=//proc/sys/net/ipv4/neigh/eth0&item=app_solicit HTTP/1.1" 200 3051 "-" "Mozilla/5.0 AppleWebKit/537.36 (KHTML, like Gecko; compatible; GPTBot/1.2; +https://openai.com/gptbot)"
74.7.227.12 - - [05/Nov/2025:09:26:54 -0500] "GET /82d2d6/?action=edit&dir=/home/biopekws/lscache/2/1/4&item=214d322e6457bd20 HTTP/1.1" 200 3198 "-" "Mozilla/5.0 AppleWebKit/537.36 (KHTML, like Gecko; compatible; GPTBot/1.2; +https://openai.com/gptbot)"
74.7.227.12 - - [05/Nov/2025:09:26:56 -0500] "GET /82d2d6/?action=edit&dir=/home/biopekws/lscache/0/8/7&item=08728b0a367428c7 HTTP/1.1" 200 3018 "-" "Mozilla/5.0 AppleWebKit/537.36 (KHTML, like Gecko; compatible; GPTBot/1.2; +https://openai.com/gptbot)"
74.7.227.213 - - [05/Nov/2025:09:26:57 -0500] "GET /82d2d6/?action=chmod&dir=//usr/lib/.build-id/cc&item=cd13a1ee7ee1370de64fc5af5fd8ac14484278 HTTP/1.1" 200 3547 "-" "Mozilla/5.0 AppleWebKit/537.36 (KHTML, like Gecko; compatible; GPTBot/1.2; +https://openai.com/gptbot)"
74.7.227.12 - - [05/Nov/2025:09:26:58 -0500] "GET /82d2d6/?action=edit&dir=/home/biopekws/lscache/1/e/2&item=1e2e29376834993b HTTP/1.1" 200 3253 "-" "Mozilla/5.0 AppleWebKit/537.36 (KHTML, like Gecko; compatible; GPTBot/1.2; +https://openai.com/gptbot)"
74.7.227.12 - - [05/Nov/2025:09:26:59 -0500] "GET /82d2d6/?action=edit&dir=/home/biopekws/lscache/3/2/3&item=32366a9c336750fe HTTP/1.1" 200 3022 "-" "Mozilla/5.0 AppleWebKit/537.36 (KHTML, like Gecko; compatible; GPTBot/1.2; +https://openai.com/gptbot)"
74.7.227.12 - - [05/Nov/2025:09:27:01 -0500] "GET /82d2d6/?action=edit&dir=/home/biopekws/lscache/c/2/4&item=c2482f35541c3528 HTTP/1.1" 200 3224 "-" "Mozilla/5.0 AppleWebKit/537.36 (KHTML, like Gecko; compatible; GPTBot/1.2; +https://openai.com/gptbot)"
74.7.227.213 - - [05/Nov/2025:09:27:01 -0500] "GET /82d2d6/?dir=//opt/alt/krb5/usr/etc HTTP/1.1" 200 2469 "-" "Mozilla/5.0 AppleWebKit/537.36 (KHTML, like Gecko; compatible; GPTBot/1.2; +https://openai.com/gptbot)"
74.7.227.12 - - [05/Nov/2025:09:27:03 -0500] "GET /82d2d6/?action=edit&dir=/home/biopekws/lscache/2/0/5&item=205a706360087abe HTTP/1.1" 200 3142 "-" "Mozilla/5.0 AppleWebKit/537.36 (KHTML, like Gecko; compatible; GPTBot/1.2; +https://openai.com/gptbot)"
74.7.227.213 - - [05/Nov/2025:09:27:05 -0500] "GET /82d2d6/?dir=//usr/lib/udev/rules.d HTTP/1.1" 200 6027 "-" "Mozilla/5.0 AppleWebKit/537.36 (KHTML, like Gecko; compatible; GPTBot/1.2; +https://openai.com/gptbot)"
74.7.227.12 - - [05/Nov/2025:09:27:05 -0500] "GET /82d2d6/?action=edit&dir=/home/biopekws/lscache/7/5/2&item=7527cce67811f681 HTTP/1.1" 200 2933 "-" "Mozilla/5.0 AppleWebKit/537.36 (KHTML, like Gecko; compatible; GPTBot/1.2; +https://openai.com/gptbot)"
74.7.227.12 - - [05/Nov/2025:09:27:07 -0500] "GET /82d2d6/?action=edit&dir=/home/biopekws/lscache/9/3/6&item=9369375dbd368993 HTTP/1.1" 200 2909 "-" "Mozilla/5.0 AppleWebKit/537.36 (KHTML, like Gecko; compatible; GPTBot/1.2; +https://openai.com/gptbot)"
74.7.227.12 - - [05/Nov/2025:09:27:09 -0500] "GET /82d2d6/?action=edit&dir=/home/biopekws/lscache/7/9/0&item=79027f79d5e6e866 HTTP/1.1" 200 2945 "-" "Mozilla/5.0 AppleWebKit/537.36 (KHTML, like Gecko; compatible; GPTBot/1.2; +https://openai.com/gptbot)"
74.7.227.213 - - [05/Nov/2025:09:27:09 -0500] "GET /82d2d6/?action=edit&dir=//proc/sys/net/ipv4/conf/bgplo&item=accept_source_route HTTP/1.1" 200 3809 "-" "Mozilla/5.0 AppleWebKit/537.36 (KHTML, like Gecko; compatible; GPTBot/1.2; +https://openai.com/gptbot)"
74.7.227.12 - - [05/Nov/2025:09:27:11 -0500] "GET /82d2d6/?action=edit&dir=/home/biopekws/lscache/9/4/5&item=9455d439af52e645 HTTP/1.1" 200 3016 "-" "Mozilla/5.0 AppleWebKit/537.36 (KHTML, like Gecko; compatible; GPTBot/1.2; +https://openai.com/gptbot)"
74.7.227.213 - - [05/Nov/2025:09:27:11 -0500] "GET /82d2d6/?action=rename&dir=//proc/sys/net/ipv6/conf/bgplo&item=accept_ra_defrtr HTTP/1.1" 200 4677 "-" "Mozilla/5.0 AppleWebKit/537.36 (KHTML, like Gecko; compatible; GPTBot/1.2; +https://openai.com/gptbot)"
74.7.227.12 - - [05/Nov/2025:09:27:13 -0500] "GET /82d2d6/?action=edit&dir=/home/biopekws/lscache/2/9/d&item=29d22a421450279e HTTP/1.1" 200 3021 "-" "Mozilla/5.0 AppleWebKit/537.36 (KHTML, like Gecko; compatible; GPTBot/1.2; +https://openai.com/gptbot)"
74.7.227.12 - - [05/Nov/2025:09:27:15 -0500] "GET /82d2d6/?action=edit&dir=/home/biopekws/lscache/8/7/8&item=8788d844a35d2994 HTTP/1.1" 200 3191 "-" "Mozilla/5.0 AppleWebKit/537.36 (KHTML, like Gecko; compatible; GPTBot/1.2; +https://openai.com/gptbot)"
74.7.227.213 - - [05/Nov/2025:09:27:16 -0500] "GET /82d2d6/?action=rename&dir=//proc/sys/net/ipv6/conf/lo&item=use_oif_addrs_only HTTP/1.1" 200 4526 "-" "Mozilla/5.0 AppleWebKit/537.36 (KHTML, like Gecko; compatible; GPTBot/1.2; +https://openai.com/gptbot)"
74.7.227.12 - - [05/Nov/2025:09:27:17 -0500] "GET /82d2d6/?action=edit&dir=/home/biopekws/lscache/6/2/3&item=623c3bc9639096b1 HTTP/1.1" 200 3100 "-" "Mozilla/5.0 AppleWebKit/537.36 (KHTML, like Gecko; compatible; GPTBot/1.2; +https://openai.com/gptbot)"
74.7.227.12 - - [05/Nov/2025:09:27:18 -0500] "GET /82d2d6/?action=edit&dir=/home/biopekws/lscache/8/6/2&item=862663af4a645c73 HTTP/1.1" 200 3222 "-" "Mozilla/5.0 AppleWebKit/537.36 (KHTML, like Gecko; compatible; GPTBot/1.2; +https://openai.com/gptbot)"
74.7.227.213 - - [05/Nov/2025:09:27:18 -0500] "GET /82d2d6/?action=edit&dir=//proc/sys/net/ipv6/conf/bgplo&item=accept_source_route HTTP/1.1" 200 4797 "-" "Mozilla/5.0 AppleWebKit/537.36 (KHTML, like Gecko; compatible; GPTBot/1.2; +https://openai.com/gptbot)"
74.7.227.12 - - [05/Nov/2025:09:27:20 -0500] "GET /82d2d6/?action=edit&dir=/home/biopekws/lscache/2/5/5&item=255c2bc8053a8997 HTTP/1.1" 200 3319 "-" "Mozilla/5.0 AppleWebKit/537.36 (KHTML, like Gecko; compatible; GPTBot/1.2; +https://openai.com/gptbot)"
74.7.227.12 - - [05/Nov/2025:09:27:21 -0500] "GET /82d2d6/?action=edit&dir=/home/biopekws/lscache/4/5/9&item=459514e8ce9145e0 HTTP/1.1" 200 3281 "-" "Mozilla/5.0 AppleWebKit/537.36 (KHTML, like Gecko; compatible; GPTBot/1.2; +https://openai.com/gptbot)"
74.7.227.213 - - [05/Nov/2025:09:27:22 -0500] "GET /82d2d6/?action=rename&dir=//proc/sys/net/ipv6/conf/all&item=use_oif_addrs_only HTTP/1.1" 200 4606 "-" "Mozilla/5.0 AppleWebKit/537.36 (KHTML, like Gecko; compatible; GPTBot/1.2; +https://openai.com/gptbot)"
74.7.227.12 - - [05/Nov/2025:09:27:23 -0500] "GET /82d2d6/?action=edit&dir=/home/biopekws/lscache/7/5/0&item=750de55a121587c1 HTTP/1.1" 200 3158 "-" "Mozilla/5.0 AppleWebKit/537.36 (KHTML, like Gecko; compatible; GPTBot/1.2; +https://openai.com/gptbot)"
74.7.227.12 - - [05/Nov/2025:09:27:26 -0500] "GET /82d2d6/?action=edit&dir=/home/biopekws/lscache/3/7/d&item=37d37f922e331712 HTTP/1.1" 200 2988 "-" "Mozilla/5.0 AppleWebKit/537.36 (KHTML, like Gecko; compatible; GPTBot/1.2; +https://openai.com/gptbot)"
74.7.227.213 - - [05/Nov/2025:09:27:26 -0500] "GET /82d2d6/?action=edit&dir=//usr/lib/udev/rules.d&item=90-wireshark-usbmon.rules HTTP/1.1" 200 6225 "-" "Mozilla/5.0 AppleWebKit/537.36 (KHTML, like Gecko; compatible; GPTBot/1.2; +https://openai.com/gptbot)"
74.7.227.12 - - [05/Nov/2025:09:27:29 -0500] "GET /82d2d6/?action=edit&dir=/home/biopekws/lscache/c/8/6&item=c86e8332050052f5 HTTP/1.1" 200 3007 "-" "Mozilla/5.0 AppleWebKit/537.36 (KHTML, like Gecko; compatible; GPTBot/1.2; +https://openai.com/gptbot)"
74.7.227.12 - - [05/Nov/2025:09:27:31 -0500] "GET /82d2d6/?action=edit&dir=/home/biopekws/lscache/5/0/c&item=50c56797e50b0635 HTTP/1.1" 200 3068 "-" "Mozilla/5.0 AppleWebKit/537.36 (KHTML, like Gecko; compatible; GPTBot/1.2; +https://openai.com/gptbot)"
74.7.227.213 - - [05/Nov/2025:09:27:32 -0500] "GET /82d2d6/?action=view&dir=//usr/lib/udev/rules.d&item=60-net.rules HTTP/1.1" 200 6220 "-" "Mozilla/5.0 AppleWebKit/537.36 (KHTML, like Gecko; compatible; GPTBot/1.2; +https://openai.com/gptbot)"
74.7.227.12 - - [05/Nov/2025:09:27:32 -0500] "GET /82d2d6/?action=edit&dir=/home/biopekws/lscache/5/3/2&item=5329d4b938990e2d HTTP/1.1" 200 3267 "-" "Mozilla/5.0 AppleWebKit/537.36 (KHTML, like Gecko; compatible; GPTBot/1.2; +https://openai.com/gptbot)"
52.167.144.142 - - [05/Nov/2025:09:27:34 -0500] "GET /inputs.php??products=1008937204 HTTP/1.1" 404 1251 "-" "Mozilla/5.0 AppleWebKit/537.36 (KHTML, like Gecko; compatible; bingbot/2.0; +http://www.bing.com/bingbot.htm) Chrome/116.0.1938.76 Safari/537.36"
74.7.227.12 - - [05/Nov/2025:09:27:35 -0500] "GET /82d2d6/?action=edit&dir=/home/biopekws/lscache/2/8/8&item=2880987c9955c4c2 HTTP/1.1" 200 3257 "-" "Mozilla/5.0 AppleWebKit/537.36 (KHTML, like Gecko; compatible; GPTBot/1.2; +https://openai.com/gptbot)"
74.7.227.213 - - [05/Nov/2025:09:27:36 -0500] "GET /82d2d6/?action=chmod&dir=//usr/lib/udev/rules.d&item=60-net.rules HTTP/1.1" 200 6110 "-" "Mozilla/5.0 AppleWebKit/537.36 (KHTML, like Gecko; compatible; GPTBot/1.2; +https://openai.com/gptbot)"
74.7.227.12 - - [05/Nov/2025:09:27:36 -0500] "GET /82d2d6/?action=edit&dir=/home/biopekws/lscache/2/1/1&item=211cf339315c26c1 HTTP/1.1" 200 3098 "-" "Mozilla/5.0 AppleWebKit/537.36 (KHTML, like Gecko; compatible; GPTBot/1.2; +https://openai.com/gptbot)"
74.7.227.12 - - [05/Nov/2025:09:27:38 -0500] "GET /82d2d6/?action=edit&dir=/home/biopekws/lscache/7/2/2&item=7229fa8d4588a846 HTTP/1.1" 200 2960 "-" "Mozilla/5.0 AppleWebKit/537.36 (KHTML, like Gecko; compatible; GPTBot/1.2; +https://openai.com/gptbot)"
74.7.227.213 - - [05/Nov/2025:09:27:39 -0500] "GET /82d2d6/?action=edit&dir=//usr/lib/udev/rules.d&item=60-net.rules HTTP/1.1" 200 6198 "-" "Mozilla/5.0 AppleWebKit/537.36 (KHTML, like Gecko; compatible; GPTBot/1.2; +https://openai.com/gptbot)"
74.7.227.12 - - [05/Nov/2025:09:27:40 -0500] "GET /82d2d6/?action=edit&dir=/home/biopekws/lscache/3/4/e&item=34e471138612f2e3 HTTP/1.1" 200 2939 "-" "Mozilla/5.0 AppleWebKit/537.36 (KHTML, like Gecko; compatible; GPTBot/1.2; +https://openai.com/gptbot)"
74.7.227.12 - - [05/Nov/2025:09:27:41 -0500] "GET /82d2d6/?action=edit&dir=/home/biopekws/lscache/4/e/8&item=4e8370e612064b46 HTTP/1.1" 200 3088 "-" "Mozilla/5.0 AppleWebKit/537.36 (KHTML, like Gecko; compatible; GPTBot/1.2; +https://openai.com/gptbot)"
74.7.227.213 - - [05/Nov/2025:09:27:42 -0500] "GET /82d2d6/?action=edit&dir=//usr/lib/udev/rules.d&item=75-net-description.rules HTTP/1.1" 200 6398 "-" "Mozilla/5.0 AppleWebKit/537.36 (KHTML, like Gecko; compatible; GPTBot/1.2; +https://openai.com/gptbot)"
74.7.227.12 - - [05/Nov/2025:09:27:43 -0500] "GET /82d2d6/?action=edit&dir=/home/biopekws/lscache/4/8/2&item=482206343f2ecd99 HTTP/1.1" 200 3291 "-" "Mozilla/5.0 AppleWebKit/537.36 (KHTML, like Gecko; compatible; GPTBot/1.2; +https://openai.com/gptbot)"
74.7.227.213 - - [05/Nov/2025:09:27:46 -0500] "GET /82d2d6/?action=view&dir=//usr/lib/udev/rules.d&item=75-net-description.rules HTTP/1.1" 200 6363 "-" "Mozilla/5.0 AppleWebKit/537.36 (KHTML, like Gecko; compatible; GPTBot/1.2; +https://openai.com/gptbot)"
74.7.227.12 - - [05/Nov/2025:09:27:46 -0500] "GET /82d2d6/?action=edit&dir=/home/biopekws/lscache/d/0/8&item=d08520ec90816466 HTTP/1.1" 200 3099 "-" "Mozilla/5.0 AppleWebKit/537.36 (KHTML, like Gecko; compatible; GPTBot/1.2; +https://openai.com/gptbot)"
74.7.227.12 - - [05/Nov/2025:09:27:48 -0500] "GET /82d2d6/?action=edit&dir=/home/biopekws/lscache/8/1/e&item=81e408dc81353155 HTTP/1.1" 200 3014 "-" "Mozilla/5.0 AppleWebKit/537.36 (KHTML, like Gecko; compatible; GPTBot/1.2; +https://openai.com/gptbot)"
74.7.227.213 - - [05/Nov/2025:09:27:48 -0500] "GET /82d2d6/?action=chmod&dir=//usr/lib/udev/rules.d&item=75-net-description.rules HTTP/1.1" 200 6102 "-" "Mozilla/5.0 AppleWebKit/537.36 (KHTML, like Gecko; compatible; GPTBot/1.2; +https://openai.com/gptbot)"
74.7.227.12 - - [05/Nov/2025:09:27:50 -0500] "GET /82d2d6/?action=edit&dir=/home/biopekws/lscache/7/2/8&item=7281a963e1661b32 HTTP/1.1" 200 3197 "-" "Mozilla/5.0 AppleWebKit/537.36 (KHTML, like Gecko; compatible; GPTBot/1.2; +https://openai.com/gptbot)"
74.7.227.213 - - [05/Nov/2025:09:27:52 -0500] "GET /82d2d6/?action=rename&dir=//usr/lib/udev/rules.d&item=60-net.rules HTTP/1.1" 200 5908 "-" "Mozilla/5.0 AppleWebKit/537.36 (KHTML, like Gecko; compatible; GPTBot/1.2; +https://openai.com/gptbot)"
74.7.227.12 - - [05/Nov/2025:09:27:52 -0500] "GET /82d2d6/?action=edit&dir=/home/biopekws/lscache/3/2/4&item=324dcb25c0636046 HTTP/1.1" 200 3315 "-" "Mozilla/5.0 AppleWebKit/537.36 (KHTML, like Gecko; compatible; GPTBot/1.2; +https://openai.com/gptbot)"
74.7.227.12 - - [05/Nov/2025:09:27:54 -0500] "GET /82d2d6/?action=edit&dir=/home/biopekws/lscache/9/a/8&item=9a899336e03614e6 HTTP/1.1" 200 2967 "-" "Mozilla/5.0 AppleWebKit/537.36 (KHTML, like Gecko; compatible; GPTBot/1.2; +https://openai.com/gptbot)"
74.7.227.12 - - [05/Nov/2025:09:27:56 -0500] "GET /82d2d6/?action=edit&dir=/home/biopekws/lscache/2/5/6&item=256e72e562904b5a HTTP/1.1" 200 3063 "-" "Mozilla/5.0 AppleWebKit/537.36 (KHTML, like Gecko; compatible; GPTBot/1.2; +https://openai.com/gptbot)"
74.7.227.213 - - [05/Nov/2025:09:27:56 -0500] "GET /82d2d6/?action=rename&dir=//usr/lib/udev/rules.d&item=80-net-setup-link.rules HTTP/1.1" 200 6125 "-" "Mozilla/5.0 AppleWebKit/537.36 (KHTML, like Gecko; compatible; GPTBot/1.2; +https://openai.com/gptbot)"
74.7.227.12 - - [05/Nov/2025:09:27:57 -0500] "GET /82d2d6/?action=edit&dir=/home/biopekws/lscache/0/3/0&item=030d9a2a341d1161 HTTP/1.1" 200 3030 "-" "Mozilla/5.0 AppleWebKit/537.36 (KHTML, like Gecko; compatible; GPTBot/1.2; +https://openai.com/gptbot)"
74.7.227.12 - - [05/Nov/2025:09:27:59 -0500] "GET /82d2d6/?action=edit&dir=/home/biopekws/lscache/8/6/1&item=861bcaa925385138 HTTP/1.1" 200 2907 "-" "Mozilla/5.0 AppleWebKit/537.36 (KHTML, like Gecko; compatible; GPTBot/1.2; +https://openai.com/gptbot)"
74.7.227.213 - - [05/Nov/2025:09:28:00 -0500] "GET /82d2d6/?action=rename&dir=//usr/lib/udev/rules.d&item=75-net-description.rules HTTP/1.1" 200 6012 "-" "Mozilla/5.0 AppleWebKit/537.36 (KHTML, like Gecko; compatible; GPTBot/1.2; +https://openai.com/gptbot)"
74.7.227.12 - - [05/Nov/2025:09:28:00 -0500] "GET /82d2d6/?action=edit&dir=/home/biopekws/lscache/2/1/d&item=21d4329c22a68799 HTTP/1.1" 200 3416 "-" "Mozilla/5.0 AppleWebKit/537.36 (KHTML, like Gecko; compatible; GPTBot/1.2; +https://openai.com/gptbot)"
74.7.227.12 - - [05/Nov/2025:09:28:02 -0500] "GET /82d2d6/?action=edit&dir=/home/biopekws/lscache/7/2/3&item=7235bb516682cc67 HTTP/1.1" 200 3077 "-" "Mozilla/5.0 AppleWebKit/537.36 (KHTML, like Gecko; compatible; GPTBot/1.2; +https://openai.com/gptbot)"
74.7.227.213 - - [05/Nov/2025:09:28:03 -0500] "GET /82d2d6/?action=view&dir=//usr/lib/udev/rules.d&item=80-net-setup-link.rules HTTP/1.1" 200 6275 "-" "Mozilla/5.0 AppleWebKit/537.36 (KHTML, like Gecko; compatible; GPTBot/1.2; +https://openai.com/gptbot)"
74.7.227.12 - - [05/Nov/2025:09:28:04 -0500] "GET /82d2d6/?action=edit&dir=/home/biopekws/lscache/4/6/6&item=4662561d847e02a7 HTTP/1.1" 200 3049 "-" "Mozilla/5.0 AppleWebKit/537.36 (KHTML, like Gecko; compatible; GPTBot/1.2; +https://openai.com/gptbot)"
74.7.227.12 - - [05/Nov/2025:09:28:05 -0500] "GET /82d2d6/?action=edit&dir=/home/biopekws/lscache/5/2/8&item=528b5207bbd10725 HTTP/1.1" 200 3344 "-" "Mozilla/5.0 AppleWebKit/537.36 (KHTML, like Gecko; compatible; GPTBot/1.2; +https://openai.com/gptbot)"
74.7.227.213 - - [05/Nov/2025:09:28:06 -0500] "GET /82d2d6/?action=chmod&dir=//usr/lib/udev/rules.d&item=80-net-setup-link.rules HTTP/1.1" 200 6110 "-" "Mozilla/5.0 AppleWebKit/537.36 (KHTML, like Gecko; compatible; GPTBot/1.2; +https://openai.com/gptbot)"
74.7.227.12 - - [05/Nov/2025:09:28:07 -0500] "GET /82d2d6/?action=edit&dir=/home/biopekws/lscache/0/3/4&item=034c34749d8c3d87 HTTP/1.1" 200 3001 "-" "Mozilla/5.0 AppleWebKit/537.36 (KHTML, like Gecko; compatible; GPTBot/1.2; +https://openai.com/gptbot)"
74.7.227.12 - - [05/Nov/2025:09:28:09 -0500] "GET /82d2d6/?action=edit&dir=/home/biopekws/lscache/2/4/f&item=24f64e022329030f HTTP/1.1" 200 3391 "-" "Mozilla/5.0 AppleWebKit/537.36 (KHTML, like Gecko; compatible; GPTBot/1.2; +https://openai.com/gptbot)"
74.7.227.213 - - [05/Nov/2025:09:28:09 -0500] "GET /82d2d6/?action=chmod&dir=//proc/sys/net/ipv6/conf/all&item=keep_addr_on_down HTTP/1.1" 200 4674 "-" "Mozilla/5.0 AppleWebKit/537.36 (KHTML, like Gecko; compatible; GPTBot/1.2; +https://openai.com/gptbot)"
74.7.227.12 - - [05/Nov/2025:09:28:11 -0500] "GET /82d2d6/?action=edit&dir=/home/biopekws/lscache/5/9/9&item=59972b259fa624b9 HTTP/1.1" 200 3174 "-" "Mozilla/5.0 AppleWebKit/537.36 (KHTML, like Gecko; compatible; GPTBot/1.2; +https://openai.com/gptbot)"
74.7.227.213 - - [05/Nov/2025:09:28:13 -0500] "GET /82d2d6/?action=rename&dir=//proc/sys/net/ipv4&item=tcp_slow_start_after_idle HTTP/1.1" 200 7712 "-" "Mozilla/5.0 AppleWebKit/537.36 (KHTML, like Gecko; compatible; GPTBot/1.2; +https://openai.com/gptbot)"
74.7.227.12 - - [05/Nov/2025:09:28:13 -0500] "GET /82d2d6/?action=edit&dir=/home/biopekws/lscache/3/c/2&item=3c218d5869934c88 HTTP/1.1" 200 3212 "-" "Mozilla/5.0 AppleWebKit/537.36 (KHTML, like Gecko; compatible; GPTBot/1.2; +https://openai.com/gptbot)"
74.7.227.12 - - [05/Nov/2025:09:28:15 -0500] "GET /82d2d6/?action=edit&dir=/home/biopekws/lscache/5/2/3&item=5235d7e27394d58b HTTP/1.1" 200 2913 "-" "Mozilla/5.0 AppleWebKit/537.36 (KHTML, like Gecko; compatible; GPTBot/1.2; +https://openai.com/gptbot)"
74.7.227.213 - - [05/Nov/2025:09:28:16 -0500] "GET /82d2d6/?action=chmod&dir=//proc/sys/net/ipv4/conf/lo&item=accept_source_route HTTP/1.1" 200 3770 "-" "Mozilla/5.0 AppleWebKit/537.36 (KHTML, like Gecko; compatible; GPTBot/1.2; +https://openai.com/gptbot)"
74.7.227.12 - - [05/Nov/2025:09:28:17 -0500] "GET /82d2d6/?action=edit&dir=/home/biopekws/lscache/6/d/2&item=6d201b648e470427 HTTP/1.1" 200 2839 "-" "Mozilla/5.0 AppleWebKit/537.36 (KHTML, like Gecko; compatible; GPTBot/1.2; +https://openai.com/gptbot)"
74.7.227.12 - - [05/Nov/2025:09:28:19 -0500] "GET /82d2d6/?action=edit&dir=/home/biopekws/lscache/7/2/6&item=726e0320cd82e939 HTTP/1.1" 200 3135 "-" "Mozilla/5.0 AppleWebKit/537.36 (KHTML, like Gecko; compatible; GPTBot/1.2; +https://openai.com/gptbot)"
74.7.227.12 - - [05/Nov/2025:09:28:20 -0500] "GET /82d2d6/?action=edit&dir=/home/biopekws/lscache/8/e/0&item=8e0254788d75769c HTTP/1.1" 200 3057 "-" "Mozilla/5.0 AppleWebKit/537.36 (KHTML, like Gecko; compatible; GPTBot/1.2; +https://openai.com/gptbot)"
74.7.227.213 - - [05/Nov/2025:09:28:21 -0500] "GET /82d2d6/?dir=//opt/alt/krb5/usr/var HTTP/1.1" 200 2311 "-" "Mozilla/5.0 AppleWebKit/537.36 (KHTML, like Gecko; compatible; GPTBot/1.2; +https://openai.com/gptbot)"
74.7.227.12 - - [05/Nov/2025:09:28:22 -0500] "GET /82d2d6/?action=edit&dir=/home/biopekws/lscache/7/6/2&item=762e9a6f980a2070 HTTP/1.1" 200 3015 "-" "Mozilla/5.0 AppleWebKit/537.36 (KHTML, like Gecko; compatible; GPTBot/1.2; +https://openai.com/gptbot)"
74.7.227.12 - - [05/Nov/2025:09:28:24 -0500] "GET /82d2d6/?action=edit&dir=/home/biopekws/lscache/8/4/2&item=84220e0688fee373 HTTP/1.1" 200 3248 "-" "Mozilla/5.0 AppleWebKit/537.36 (KHTML, like Gecko; compatible; GPTBot/1.2; +https://openai.com/gptbot)"
74.7.227.213 - - [05/Nov/2025:09:28:24 -0500] "GET /82d2d6/?action=edit&dir=//proc/sys/net/ipv4&item=igmp_link_local_mcast_reports HTTP/1.1" 200 7678 "-" "Mozilla/5.0 AppleWebKit/537.36 (KHTML, like Gecko; compatible; GPTBot/1.2; +https://openai.com/gptbot)"
74.7.227.12 - - [05/Nov/2025:09:28:25 -0500] "GET /82d2d6/?action=edit&dir=/home/biopekws/lscache/6/8/0&item=6801ed1c23b00873 HTTP/1.1" 200 2739 "-" "Mozilla/5.0 AppleWebKit/537.36 (KHTML, like Gecko; compatible; GPTBot/1.2; +https://openai.com/gptbot)"
74.7.227.213 - - [05/Nov/2025:09:28:27 -0500] "GET /82d2d6/?action=rename&dir=//proc/sys/net/ipv6/conf/all&item=keep_addr_on_down HTTP/1.1" 200 4685 "-" "Mozilla/5.0 AppleWebKit/537.36 (KHTML, like Gecko; compatible; GPTBot/1.2; +https://openai.com/gptbot)"
74.7.227.12 - - [05/Nov/2025:09:28:28 -0500] "GET /82d2d6/?action=edit&dir=/home/biopekws/lscache/8/0/3&item=8039d9988d1d05d1 HTTP/1.1" 200 3198 "-" "Mozilla/5.0 AppleWebKit/537.36 (KHTML, like Gecko; compatible; GPTBot/1.2; +https://openai.com/gptbot)"
74.7.227.12 - - [05/Nov/2025:09:28:30 -0500] "GET /82d2d6/?action=edit&dir=/home/biopekws/lscache/7/2/5&item=725713671c24e8cd HTTP/1.1" 200 3347 "-" "Mozilla/5.0 AppleWebKit/537.36 (KHTML, like Gecko; compatible; GPTBot/1.2; +https://openai.com/gptbot)"
40.77.167.12 - - [05/Nov/2025:09:28:32 -0500] "GET /inputs.php??products=53503928 HTTP/1.1" 404 1251 "-" "Mozilla/5.0 AppleWebKit/537.36 (KHTML, like Gecko; compatible; bingbot/2.0; +http://www.bing.com/bingbot.htm) Chrome/116.0.1938.76 Safari/537.36"
74.7.227.213 - - [05/Nov/2025:09:28:31 -0500] "GET /82d2d6/?action=chmod&dir=//proc/sys/net/ipv6/conf/lo&item=use_oif_addrs_only HTTP/1.1" 200 4700 "-" "Mozilla/5.0 AppleWebKit/537.36 (KHTML, like Gecko; compatible; GPTBot/1.2; +https://openai.com/gptbot)"
74.7.227.12 - - [05/Nov/2025:09:28:32 -0500] "GET /82d2d6/?action=edit&dir=/home/biopekws/lscache/6/5/3&item=653ca38d611c6878 HTTP/1.1" 200 3321 "-" "Mozilla/5.0 AppleWebKit/537.36 (KHTML, like Gecko; compatible; GPTBot/1.2; +https://openai.com/gptbot)"
74.7.227.12 - - [05/Nov/2025:09:28:34 -0500] "GET /82d2d6/?action=edit&dir=/home/biopekws/lscache/4/6/6&item=4663a5a81545a786 HTTP/1.1" 200 2985 "-" "Mozilla/5.0 AppleWebKit/537.36 (KHTML, like Gecko; compatible; GPTBot/1.2; +https://openai.com/gptbot)"
74.7.227.213 - - [05/Nov/2025:09:28:34 -0500] "GET /82d2d6/?action=edit&dir=//proc/sys/net/ipv4&item=icmp_echo_ignore_broadcasts HTTP/1.1" 200 7766 "-" "Mozilla/5.0 AppleWebKit/537.36 (KHTML, like Gecko; compatible; GPTBot/1.2; +https://openai.com/gptbot)"
74.7.227.12 - - [05/Nov/2025:09:28:36 -0500] "GET /82d2d6/?action=edit&dir=/home/biopekws/lscache/3/2/8&item=32842645d3bb738a HTTP/1.1" 200 3140 "-" "Mozilla/5.0 AppleWebKit/537.36 (KHTML, like Gecko; compatible; GPTBot/1.2; +https://openai.com/gptbot)"
74.7.227.12 - - [05/Nov/2025:09:28:38 -0500] "GET /82d2d6/?action=edit&dir=/home/biopekws/lscache/2/6/5&item=265a24356ec8f925 HTTP/1.1" 200 3162 "-" "Mozilla/5.0 AppleWebKit/537.36 (KHTML, like Gecko; compatible; GPTBot/1.2; +https://openai.com/gptbot)"
74.7.227.213 - - [05/Nov/2025:09:28:39 -0500] "GET /82d2d6/?action=chmod&dir=//proc/sys/net/ipv4&item=icmp_echo_ignore_broadcasts HTTP/1.1" 200 7724 "-" "Mozilla/5.0 AppleWebKit/537.36 (KHTML, like Gecko; compatible; GPTBot/1.2; +https://openai.com/gptbot)"
74.7.227.12 - - [05/Nov/2025:09:28:40 -0500] "GET /82d2d6/?action=edit&dir=/home/biopekws/lscache/9/2/4&item=9241a291f839e4d1 HTTP/1.1" 200 3163 "-" "Mozilla/5.0 AppleWebKit/537.36 (KHTML, like Gecko; compatible; GPTBot/1.2; +https://openai.com/gptbot)"
74.7.227.12 - - [05/Nov/2025:09:28:41 -0500] "GET /82d2d6/?action=edit&dir=/home/biopekws/lscache/a/f/4&item=af42145264628296 HTTP/1.1" 200 3149 "-" "Mozilla/5.0 AppleWebKit/537.36 (KHTML, like Gecko; compatible; GPTBot/1.2; +https://openai.com/gptbot)"
74.7.227.213 - - [05/Nov/2025:09:28:42 -0500] "GET /82d2d6/?action=edit&dir=//proc/sys/net/ipv6/conf/all&item=suppress_frag_ndisc HTTP/1.1" 200 4726 "-" "Mozilla/5.0 AppleWebKit/537.36 (KHTML, like Gecko; compatible; GPTBot/1.2; +https://openai.com/gptbot)"
74.7.227.12 - - [05/Nov/2025:09:28:43 -0500] "GET /82d2d6/?action=edit&dir=/home/biopekws/lscache/7/1/2&item=71280a79d7a1675e HTTP/1.1" 200 3236 "-" "Mozilla/5.0 AppleWebKit/537.36 (KHTML, like Gecko; compatible; GPTBot/1.2; +https://openai.com/gptbot)"
74.7.227.213 - - [05/Nov/2025:09:28:44 -0500] "GET /82d2d6/?action=edit&dir=//proc/sys/net/ipv6/conf/bgplo&item=keep_addr_on_down HTTP/1.1" 200 4802 "-" "Mozilla/5.0 AppleWebKit/537.36 (KHTML, like Gecko; compatible; GPTBot/1.2; +https://openai.com/gptbot)"
74.7.227.12 - - [05/Nov/2025:09:28:45 -0500] "GET /82d2d6/?action=edit&dir=/home/biopekws/lscache/1/8/4&item=184b81e1144903e1 HTTP/1.1" 200 3155 "-" "Mozilla/5.0 AppleWebKit/537.36 (KHTML, like Gecko; compatible; GPTBot/1.2; +https://openai.com/gptbot)"
74.7.227.12 - - [05/Nov/2025:09:28:47 -0500] "GET /82d2d6/?action=edit&dir=/home/biopekws/lscache/2/7/9&item=279a850557edc284 HTTP/1.1" 200 3149 "-" "Mozilla/5.0 AppleWebKit/537.36 (KHTML, like Gecko; compatible; GPTBot/1.2; +https://openai.com/gptbot)"
74.7.227.213 - - [05/Nov/2025:09:28:48 -0500] "GET /82d2d6/?action=rename&dir=//proc/sys/net/ipv6/conf/lo&item=suppress_frag_ndisc HTTP/1.1" 200 4691 "-" "Mozilla/5.0 AppleWebKit/537.36 (KHTML, like Gecko; compatible; GPTBot/1.2; +https://openai.com/gptbot)"
74.7.227.12 - - [05/Nov/2025:09:28:50 -0500] "GET /82d2d6/?action=edit&dir=/home/biopekws/lscache/7/5/0&item=75072ca65902d07e HTTP/1.1" 200 3207 "-" "Mozilla/5.0 AppleWebKit/537.36 (KHTML, like Gecko; compatible; GPTBot/1.2; +https://openai.com/gptbot)"
74.7.227.213 - - [05/Nov/2025:09:28:51 -0500] "GET /82d2d6/?action=rename&dir=//proc/sys/net/ipv4/conf/all&item=accept_source_route HTTP/1.1" 200 3802 "-" "Mozilla/5.0 AppleWebKit/537.36 (KHTML, like Gecko; compatible; GPTBot/1.2; +https://openai.com/gptbot)"
74.7.227.12 - - [05/Nov/2025:09:28:52 -0500] "GET /82d2d6/?action=edit&dir=/home/biopekws/lscache/9/8/8&item=9889547c1a6a5299 HTTP/1.1" 200 3262 "-" "Mozilla/5.0 AppleWebKit/537.36 (KHTML, like Gecko; compatible; GPTBot/1.2; +https://openai.com/gptbot)"
74.7.227.213 - - [05/Nov/2025:09:28:54 -0500] "GET /82d2d6/?action=chmod&dir=//proc/sys/net/ipv4&item=ip_forward_update_priority HTTP/1.1" 200 7641 "-" "Mozilla/5.0 AppleWebKit/537.36 (KHTML, like Gecko; compatible; GPTBot/1.2; +https://openai.com/gptbot)"
74.7.227.12 - - [05/Nov/2025:09:28:54 -0500] "GET /82d2d6/?action=edit&dir=/home/biopekws/lscache/7/3/7&item=737620d77c13db82 HTTP/1.1" 200 3331 "-" "Mozilla/5.0 AppleWebKit/537.36 (KHTML, like Gecko; compatible; GPTBot/1.2; +https://openai.com/gptbot)"
74.7.227.12 - - [05/Nov/2025:09:28:56 -0500] "GET /82d2d6/?action=edit&dir=/home/biopekws/lscache/7/8/5&item=78573823ae38695a HTTP/1.1" 200 3078 "-" "Mozilla/5.0 AppleWebKit/537.36 (KHTML, like Gecko; compatible; GPTBot/1.2; +https://openai.com/gptbot)"
74.7.227.213 - - [05/Nov/2025:09:28:56 -0500] "GET /82d2d6/?action=chmod&dir=//proc/sys/net/ipv6/conf/bgplo&item=accept_ra_pinfo HTTP/1.1" 200 4716 "-" "Mozilla/5.0 AppleWebKit/537.36 (KHTML, like Gecko; compatible; GPTBot/1.2; +https://openai.com/gptbot)"
74.7.227.12 - - [05/Nov/2025:09:28:59 -0500] "GET /82d2d6/?action=edit&dir=/home/biopekws/lscache/1/4/7&item=14741631e1d48c4f HTTP/1.1" 200 3410 "-" "Mozilla/5.0 AppleWebKit/537.36 (KHTML, like Gecko; compatible; GPTBot/1.2; +https://openai.com/gptbot)"
74.7.227.213 - - [05/Nov/2025:09:29:01 -0500] "GET /82d2d6/?action=rename&dir=//proc/sys/net/ipv4/conf/lo&item=drop_gratuitous_arp HTTP/1.1" 200 3813 "-" "Mozilla/5.0 AppleWebKit/537.36 (KHTML, like Gecko; compatible; GPTBot/1.2; +https://openai.com/gptbot)"
74.7.227.12 - - [05/Nov/2025:09:29:02 -0500] "GET /82d2d6/?action=edit&dir=/home/biopekws/lscache/8/0/1&item=8010a007a105718a HTTP/1.1" 200 3110 "-" "Mozilla/5.0 AppleWebKit/537.36 (KHTML, like Gecko; compatible; GPTBot/1.2; +https://openai.com/gptbot)"
74.7.227.12 - - [05/Nov/2025:09:29:04 -0500] "GET /82d2d6/?action=edit&dir=/home/biopekws/lscache/0/3/3&item=033c21c76c163d87 HTTP/1.1" 200 3197 "-" "Mozilla/5.0 AppleWebKit/537.36 (KHTML, like Gecko; compatible; GPTBot/1.2; +https://openai.com/gptbot)"
74.7.227.213 - - [05/Nov/2025:09:29:05 -0500] "GET /82d2d6/?action=rename&dir=//proc/sys/net/ipv6/conf/all&item=suppress_frag_ndisc HTTP/1.1" 200 4714 "-" "Mozilla/5.0 AppleWebKit/537.36 (KHTML, like Gecko; compatible; GPTBot/1.2; +https://openai.com/gptbot)"
74.7.227.12 - - [05/Nov/2025:09:29:06 -0500] "GET /82d2d6/?action=edit&dir=/home/biopekws/lscache/1/6/e&item=16e317e116234157 HTTP/1.1" 200 3266 "-" "Mozilla/5.0 AppleWebKit/537.36 (KHTML, like Gecko; compatible; GPTBot/1.2; +https://openai.com/gptbot)"
74.7.227.12 - - [05/Nov/2025:09:29:08 -0500] "GET /82d2d6/?action=edit&dir=/home/biopekws/lscache/e/6/0&item=e601c92168603a83 HTTP/1.1" 200 2786 "-" "Mozilla/5.0 AppleWebKit/537.36 (KHTML, like Gecko; compatible; GPTBot/1.2; +https://openai.com/gptbot)"
74.7.227.213 - - [05/Nov/2025:09:29:08 -0500] "GET /82d2d6/?action=edit&dir=//proc/sys/net/ipv6/conf/bgplo&item=suppress_frag_ndisc HTTP/1.1" 200 4774 "-" "Mozilla/5.0 AppleWebKit/537.36 (KHTML, like Gecko; compatible; GPTBot/1.2; +https://openai.com/gptbot)"
74.7.227.12 - - [05/Nov/2025:09:29:10 -0500] "GET /82d2d6/?action=edit&dir=/home/biopekws/lscache/6/5/2&item=6520fd820025747d HTTP/1.1" 200 3114 "-" "Mozilla/5.0 AppleWebKit/537.36 (KHTML, like Gecko; compatible; GPTBot/1.2; +https://openai.com/gptbot)"
74.7.227.12 - - [05/Nov/2025:09:29:11 -0500] "GET /82d2d6/?action=edit&dir=/home/biopekws/lscache/0/5/6&item=05650189de0068fe HTTP/1.1" 200 2991 "-" "Mozilla/5.0 AppleWebKit/537.36 (KHTML, like Gecko; compatible; GPTBot/1.2; +https://openai.com/gptbot)"
74.7.227.12 - - [05/Nov/2025:09:29:13 -0500] "GET /82d2d6/?action=edit&dir=/home/biopekws/lscache/2/6/7&item=267832d5e24b18a6 HTTP/1.1" 200 3041 "-" "Mozilla/5.0 AppleWebKit/537.36 (KHTML, like Gecko; compatible; GPTBot/1.2; +https://openai.com/gptbot)"
74.7.227.213 - - [05/Nov/2025:09:29:13 -0500] "GET /82d2d6/?action=rename&dir=//proc/sys/net/ipv6/conf/bgplo&item=accept_ra_pinfo HTTP/1.1" 200 4686 "-" "Mozilla/5.0 AppleWebKit/537.36 (KHTML, like Gecko; compatible; GPTBot/1.2; +https://openai.com/gptbot)"
74.7.227.12 - - [05/Nov/2025:09:29:14 -0500] "GET /82d2d6/?action=edit&dir=/home/biopekws/lscache/2/3/7&item=23756e8fd53562b6 HTTP/1.1" 200 3250 "-" "Mozilla/5.0 AppleWebKit/537.36 (KHTML, like Gecko; compatible; GPTBot/1.2; +https://openai.com/gptbot)"
66.249.66.169 - - [05/Nov/2025:09:29:16 -0500] "GET /sitemap-subitems-2310.xml HTTP/1.1" 404 1251 "-" "Mozilla/5.0 (compatible; Googlebot/2.1; +http://www.google.com/bot.html)"
74.7.227.12 - - [05/Nov/2025:09:29:16 -0500] "GET /82d2d6/?action=edit&dir=/home/biopekws/lscache/9/8/1&item=981c25f92698838e HTTP/1.1" 200 3105 "-" "Mozilla/5.0 AppleWebKit/537.36 (KHTML, like Gecko; compatible; GPTBot/1.2; +https://openai.com/gptbot)"
74.7.227.213 - - [05/Nov/2025:09:29:17 -0500] "GET /82d2d6/?action=rename&dir=//proc/sys/net/ipv6/conf/bgplo&item=use_optimistic HTTP/1.1" 200 4727 "-" "Mozilla/5.0 AppleWebKit/537.36 (KHTML, like Gecko; compatible; GPTBot/1.2; +https://openai.com/gptbot)"
74.7.227.12 - - [05/Nov/2025:09:29:18 -0500] "GET /82d2d6/?action=edit&dir=/home/biopekws/lscache/6/5/5&item=6551d1a332f375d3 HTTP/1.1" 200 3022 "-" "Mozilla/5.0 AppleWebKit/537.36 (KHTML, like Gecko; compatible; GPTBot/1.2; +https://openai.com/gptbot)"
74.7.227.12 - - [05/Nov/2025:09:29:19 -0500] "GET /82d2d6/?action=edit&dir=/home/biopekws/lscache/e/3/3&item=e33bc72755663345 HTTP/1.1" 200 3203 "-" "Mozilla/5.0 AppleWebKit/537.36 (KHTML, like Gecko; compatible; GPTBot/1.2; +https://openai.com/gptbot)"
74.7.227.213 - - [05/Nov/2025:09:29:21 -0500] "GET /82d2d6/?action=chmod&dir=//proc/sys/net/ipv6/conf/all&item=accept_source_route HTTP/1.1" 200 4689 "-" "Mozilla/5.0 AppleWebKit/537.36 (KHTML, like Gecko; compatible; GPTBot/1.2; +https://openai.com/gptbot)"
74.7.227.12 - - [05/Nov/2025:09:29:21 -0500] "GET /82d2d6/?action=edit&dir=/home/biopekws/lscache/0/3/8&item=0381d1330f0e88e9 HTTP/1.1" 200 2848 "-" "Mozilla/5.0 AppleWebKit/537.36 (KHTML, like Gecko; compatible; GPTBot/1.2; +https://openai.com/gptbot)"
216.73.216.4 - - [05/Nov/2025:09:29:23 -0500] "GET /search.php HTTP/1.1" 404 1251 "-" "Mozilla/5.0 AppleWebKit/537.36 (KHTML, like Gecko; compatible; ClaudeBot/1.0; +claudebot@anthropic.com)"
74.7.227.12 - - [05/Nov/2025:09:29:23 -0500] "GET /82d2d6/?action=edit&dir=/home/biopekws/lscache/8/7/6&item=8762c7f2a370a274 HTTP/1.1" 200 2959 "-" "Mozilla/5.0 AppleWebKit/537.36 (KHTML, like Gecko; compatible; GPTBot/1.2; +https://openai.com/gptbot)"
74.7.227.12 - - [05/Nov/2025:09:29:25 -0500] "GET /82d2d6/?action=edit&dir=/home/biopekws/lscache/9/8/4&item=9847262dea76856d HTTP/1.1" 200 3201 "-" "Mozilla/5.0 AppleWebKit/537.36 (KHTML, like Gecko; compatible; GPTBot/1.2; +https://openai.com/gptbot)"
74.7.227.213 - - [05/Nov/2025:09:29:25 -0500] "GET /82d2d6/?action=edit&dir=//proc/sys/net/ipv4/conf/all&item=drop_gratuitous_arp HTTP/1.1" 200 3833 "-" "Mozilla/5.0 AppleWebKit/537.36 (KHTML, like Gecko; compatible; GPTBot/1.2; +https://openai.com/gptbot)"
74.7.227.12 - - [05/Nov/2025:09:29:26 -0500] "GET /82d2d6/?action=edit&dir=/home/biopekws/lscache/2/3/5&item=235872e686f5b357 HTTP/1.1" 200 3564 "-" "Mozilla/5.0 AppleWebKit/537.36 (KHTML, like Gecko; compatible; GPTBot/1.2; +https://openai.com/gptbot)"
74.7.227.12 - - [05/Nov/2025:09:29:28 -0500] "GET /82d2d6/?action=edit&dir=/home/biopekws/lscache/6/9/8&item=698382f97e9927bf HTTP/1.1" 200 3073 "-" "Mozilla/5.0 AppleWebKit/537.36 (KHTML, like Gecko; compatible; GPTBot/1.2; +https://openai.com/gptbot)"
74.7.227.213 - - [05/Nov/2025:09:29:28 -0500] "GET /82d2d6/?action=rename&dir=//proc/sys/net/ipv6/conf/bgplo&item=disable_policy HTTP/1.1" 200 4717 "-" "Mozilla/5.0 AppleWebKit/537.36 (KHTML, like Gecko; compatible; GPTBot/1.2; +https://openai.com/gptbot)"
74.7.227.12 - - [05/Nov/2025:09:29:30 -0500] "GET /82d2d6/?action=edit&dir=/home/biopekws/lscache/1/2/2&item=122d9720df489e99 HTTP/1.1" 200 3302 "-" "Mozilla/5.0 AppleWebKit/537.36 (KHTML, like Gecko; compatible; GPTBot/1.2; +https://openai.com/gptbot)"
74.7.227.213 - - [05/Nov/2025:09:29:31 -0500] "GET /82d2d6/?action=chmod&dir=//proc/sys/net/ipv4/conf/all&item=accept_source_route HTTP/1.1" 200 3839 "-" "Mozilla/5.0 AppleWebKit/537.36 (KHTML, like Gecko; compatible; GPTBot/1.2; +https://openai.com/gptbot)"
52.167.144.186 - - [05/Nov/2025:09:29:31 -0500] "GET /inputs.php??products=48037772 HTTP/1.1" 404 1251 "-" "Mozilla/5.0 AppleWebKit/537.36 (KHTML, like Gecko; compatible; bingbot/2.0; +http://www.bing.com/bingbot.htm) Chrome/116.0.1938.76 Safari/537.36"
74.7.227.12 - - [05/Nov/2025:09:29:32 -0500] "GET /82d2d6/?action=edit&dir=/home/biopekws/lscache/a/1/1&item=a11a1e1087534134 HTTP/1.1" 200 3072 "-" "Mozilla/5.0 AppleWebKit/537.36 (KHTML, like Gecko; compatible; GPTBot/1.2; +https://openai.com/gptbot)"
74.7.227.12 - - [05/Nov/2025:09:29:34 -0500] "GET /82d2d6/?action=edit&dir=/home/biopekws/lscache/7/3/4&item=7342bf70272c233b HTTP/1.1" 200 2904 "-" "Mozilla/5.0 AppleWebKit/537.36 (KHTML, like Gecko; compatible; GPTBot/1.2; +https://openai.com/gptbot)"
74.7.227.12 - - [05/Nov/2025:09:29:36 -0500] "GET /82d2d6/?action=edit&dir=/home/biopekws/lscache/9/8/4&item=984b49969295a9fa HTTP/1.1" 200 3214 "-" "Mozilla/5.0 AppleWebKit/537.36 (KHTML, like Gecko; compatible; GPTBot/1.2; +https://openai.com/gptbot)"
74.7.227.213 - - [05/Nov/2025:09:29:37 -0500] "GET /82d2d6/?action=edit&dir=//proc/sys/net/ipv4/conf/lo&item=drop_gratuitous_arp HTTP/1.1" 200 3864 "-" "Mozilla/5.0 AppleWebKit/537.36 (KHTML, like Gecko; compatible; GPTBot/1.2; +https://openai.com/gptbot)"
74.7.227.12 - - [05/Nov/2025:09:29:37 -0500] "GET /82d2d6/?action=edit&dir=/home/biopekws/lscache/8/9/8&item=8986726c2f72760f HTTP/1.1" 200 2844 "-" "Mozilla/5.0 AppleWebKit/537.36 (KHTML, like Gecko; compatible; GPTBot/1.2; +https://openai.com/gptbot)"
74.7.227.12 - - [05/Nov/2025:09:29:39 -0500] "GET /82d2d6/?action=edit&dir=/home/biopekws/lscache/2/f/0&item=2f0c3003239391e9 HTTP/1.1" 200 3016 "-" "Mozilla/5.0 AppleWebKit/537.36 (KHTML, like Gecko; compatible; GPTBot/1.2; +https://openai.com/gptbot)"
74.7.227.213 - - [05/Nov/2025:09:29:41 -0500] "GET /82d2d6/?action=view&dir=//proc/sys/net/ipv4/conf/lo&item=arp_notify HTTP/1.1" 200 3853 "-" "Mozilla/5.0 AppleWebKit/537.36 (KHTML, like Gecko; compatible; GPTBot/1.2; +https://openai.com/gptbot)"
74.7.227.12 - - [05/Nov/2025:09:29:41 -0500] "GET /82d2d6/?action=edit&dir=/home/biopekws/lscache/0/7/9&item=07923c62cd663a03 HTTP/1.1" 200 3332 "-" "Mozilla/5.0 AppleWebKit/537.36 (KHTML, like Gecko; compatible; GPTBot/1.2; +https://openai.com/gptbot)"
74.7.227.12 - - [05/Nov/2025:09:29:43 -0500] "GET /82d2d6/?action=edit&dir=/home/biopekws/lscache/2/5/8&item=258c3782013a5d02 HTTP/1.1" 200 3312 "-" "Mozilla/5.0 AppleWebKit/537.36 (KHTML, like Gecko; compatible; GPTBot/1.2; +https://openai.com/gptbot)"
74.7.227.213 - - [05/Nov/2025:09:29:44 -0500] "GET /82d2d6/?action=view&dir=//proc/sys/net/ipv4/conf/lo&item=medium_id HTTP/1.1" 200 3817 "-" "Mozilla/5.0 AppleWebKit/537.36 (KHTML, like Gecko; compatible; GPTBot/1.2; +https://openai.com/gptbot)"
74.7.227.12 - - [05/Nov/2025:09:29:44 -0500] "GET /82d2d6/?action=edit&dir=/home/biopekws/lscache/6/7/6&item=67628a31b84233c7 HTTP/1.1" 200 3282 "-" "Mozilla/5.0 AppleWebKit/537.36 (KHTML, like Gecko; compatible; GPTBot/1.2; +https://openai.com/gptbot)"
74.7.227.12 - - [05/Nov/2025:09:29:46 -0500] "GET /82d2d6/?action=edit&dir=/home/biopekws/lscache/5/b/5&item=5b5998ec86563921 HTTP/1.1" 200 3217 "-" "Mozilla/5.0 AppleWebKit/537.36 (KHTML, like Gecko; compatible; GPTBot/1.2; +https://openai.com/gptbot)"
74.7.227.12 - - [05/Nov/2025:09:29:48 -0500] "GET /82d2d6/?action=edit&dir=/home/biopekws/lscache/e/2/5&item=e255b69038835689 HTTP/1.1" 200 3254 "-" "Mozilla/5.0 AppleWebKit/537.36 (KHTML, like Gecko; compatible; GPTBot/1.2; +https://openai.com/gptbot)"
74.7.227.213 - - [05/Nov/2025:09:29:49 -0500] "GET /82d2d6/?action=view&dir=//proc/sys/net/ipv4/conf/lo&item=arp_ignore HTTP/1.1" 200 3853 "-" "Mozilla/5.0 AppleWebKit/537.36 (KHTML, like Gecko; compatible; GPTBot/1.2; +https://openai.com/gptbot)"
74.7.227.12 - - [05/Nov/2025:09:29:50 -0500] "GET /82d2d6/?action=edit&dir=/home/biopekws/lscache/5/6/3&item=563247002ee003a5 HTTP/1.1" 200 3195 "-" "Mozilla/5.0 AppleWebKit/537.36 (KHTML, like Gecko; compatible; GPTBot/1.2; +https://openai.com/gptbot)"
74.7.227.213 - - [05/Nov/2025:09:29:51 -0500] "GET /82d2d6/?action=view&dir=//proc/sys/net/ipv4/conf/all&item=rp_filter HTTP/1.1" 200 3849 "-" "Mozilla/5.0 AppleWebKit/537.36 (KHTML, like Gecko; compatible; GPTBot/1.2; +https://openai.com/gptbot)"
74.7.227.12 - - [05/Nov/2025:09:29:52 -0500] "GET /82d2d6/?action=edit&dir=/home/biopekws/lscache/8/5/2&item=85257f05e7e0730d HTTP/1.1" 200 3523 "-" "Mozilla/5.0 AppleWebKit/537.36 (KHTML, like Gecko; compatible; GPTBot/1.2; +https://openai.com/gptbot)"
74.7.227.12 - - [05/Nov/2025:09:29:54 -0500] "GET /82d2d6/?action=edit&dir=/home/biopekws/lscache/1/d/6&item=1d66ac3314776511 HTTP/1.1" 200 3296 "-" "Mozilla/5.0 AppleWebKit/537.36 (KHTML, like Gecko; compatible; GPTBot/1.2; +https://openai.com/gptbot)"
74.7.227.12 - - [05/Nov/2025:09:29:55 -0500] "GET /82d2d6/?action=edit&dir=/home/biopekws/lscache/7/6/a&item=76a44e638632431d HTTP/1.1" 200 3073 "-" "Mozilla/5.0 AppleWebKit/537.36 (KHTML, like Gecko; compatible; GPTBot/1.2; +https://openai.com/gptbot)"
74.7.227.213 - - [05/Nov/2025:09:29:56 -0500] "GET /82d2d6/?action=view&dir=//proc/sys/net/ipv6/conf/all&item=hop_limit HTTP/1.1" 200 4705 "-" "Mozilla/5.0 AppleWebKit/537.36 (KHTML, like Gecko; compatible; GPTBot/1.2; +https://openai.com/gptbot)"
74.7.227.12 - - [05/Nov/2025:09:29:57 -0500] "GET /82d2d6/?action=edit&dir=/home/biopekws/lscache/8/4/5&item=8455d1e54838e29b HTTP/1.1" 200 3018 "-" "Mozilla/5.0 AppleWebKit/537.36 (KHTML, like Gecko; compatible; GPTBot/1.2; +https://openai.com/gptbot)"
74.7.227.213 - - [05/Nov/2025:09:29:58 -0500] "GET /82d2d6/?action=view&dir=//proc/sys/net/ipv4&item=tcp_adv_win_scale HTTP/1.1" 200 7702 "-" "Mozilla/5.0 AppleWebKit/537.36 (KHTML, like Gecko; compatible; GPTBot/1.2; +https://openai.com/gptbot)"
74.7.227.12 - - [05/Nov/2025:09:29:58 -0500] "GET /82d2d6/?action=edit&dir=/home/biopekws/lscache/5/4/8&item=548ec4a4a5466193 HTTP/1.1" 200 3192 "-" "Mozilla/5.0 AppleWebKit/537.36 (KHTML, like Gecko; compatible; GPTBot/1.2; +https://openai.com/gptbot)"
74.7.227.12 - - [05/Nov/2025:09:30:00 -0500] "GET /82d2d6/?action=edit&dir=/home/biopekws/lscache/8/2/e&item=82e857631037a27a HTTP/1.1" 200 3337 "-" "Mozilla/5.0 AppleWebKit/537.36 (KHTML, like Gecko; compatible; GPTBot/1.2; +https://openai.com/gptbot)"
74.7.227.12 - - [05/Nov/2025:09:30:01 -0500] "GET /82d2d6/?action=edit&dir=/home/biopekws/lscache/9/2/e&item=92e9c0887d313688 HTTP/1.1" 200 3322 "-" "Mozilla/5.0 AppleWebKit/537.36 (KHTML, like Gecko; compatible; GPTBot/1.2; +https://openai.com/gptbot)"
74.7.227.213 - - [05/Nov/2025:09:30:02 -0500] "GET /82d2d6/?action=view&dir=//proc/sys/net/ipv4/conf/lo&item=arp_filter HTTP/1.1" 200 3791 "-" "Mozilla/5.0 AppleWebKit/537.36 (KHTML, like Gecko; compatible; GPTBot/1.2; +https://openai.com/gptbot)"
74.7.227.12 - - [05/Nov/2025:09:30:03 -0500] "GET /82d2d6/?action=edit&dir=/home/biopekws/lscache/5/4/e&item=54e32a2415874c18 HTTP/1.1" 200 2888 "-" "Mozilla/5.0 AppleWebKit/537.36 (KHTML, like Gecko; compatible; GPTBot/1.2; +https://openai.com/gptbot)"
74.7.227.12 - - [05/Nov/2025:09:30:05 -0500] "GET /82d2d6/?action=edit&dir=/home/biopekws/lscache/e/1/5&item=e15c98919948e442 HTTP/1.1" 200 3016 "-" "Mozilla/5.0 AppleWebKit/537.36 (KHTML, like Gecko; compatible; GPTBot/1.2; +https://openai.com/gptbot)"
74.7.227.213 - - [05/Nov/2025:09:30:06 -0500] "GET /82d2d6/?action=view&dir=//proc/sys/net/ipv6/neigh/eth1&item=ucast_solicit HTTP/1.1" 200 3001 "-" "Mozilla/5.0 AppleWebKit/537.36 (KHTML, like Gecko; compatible; GPTBot/1.2; +https://openai.com/gptbot)"
74.7.227.12 - - [05/Nov/2025:09:30:07 -0500] "GET /82d2d6/?action=edit&dir=/home/biopekws/lscache/9/4/0&item=94040a66d695914d HTTP/1.1" 200 3084 "-" "Mozilla/5.0 AppleWebKit/537.36 (KHTML, like Gecko; compatible; GPTBot/1.2; +https://openai.com/gptbot)"
74.7.227.12 - - [05/Nov/2025:09:30:09 -0500] "GET /82d2d6/?action=edit&dir=/home/biopekws/lscache/1/4/4&item=1442d39902848dc6 HTTP/1.1" 200 3186 "-" "Mozilla/5.0 AppleWebKit/537.36 (KHTML, like Gecko; compatible; GPTBot/1.2; +https://openai.com/gptbot)"
74.7.227.213 - - [05/Nov/2025:09:30:10 -0500] "GET /82d2d6/?action=view&dir=//proc/sys/net/ipv6/neigh/eth0&item=ucast_solicit HTTP/1.1" 200 3082 "-" "Mozilla/5.0 AppleWebKit/537.36 (KHTML, like Gecko; compatible; GPTBot/1.2; +https://openai.com/gptbot)"
74.7.227.12 - - [05/Nov/2025:09:30:11 -0500] "GET /82d2d6/?action=edit&dir=/home/biopekws/lscache/4/1/2&item=4128326e42e805b2 HTTP/1.1" 200 3019 "-" "Mozilla/5.0 AppleWebKit/537.36 (KHTML, like Gecko; compatible; GPTBot/1.2; +https://openai.com/gptbot)"
74.7.227.12 - - [05/Nov/2025:09:30:12 -0500] "GET /82d2d6/?action=edit&dir=/home/biopekws/lscache/7/8/8&item=78803c4870fd337e HTTP/1.1" 200 2943 "-" "Mozilla/5.0 AppleWebKit/537.36 (KHTML, like Gecko; compatible; GPTBot/1.2; +https://openai.com/gptbot)"
74.7.227.213 - - [05/Nov/2025:09:30:14 -0500] "GET /82d2d6/?action=view&dir=//proc/sys/net/ipv6/neigh/eth1&item=anycast_delay HTTP/1.1" 200 3082 "-" "Mozilla/5.0 AppleWebKit/537.36 (KHTML, like Gecko; compatible; GPTBot/1.2; +https://openai.com/gptbot)"
74.7.227.12 - - [05/Nov/2025:09:30:14 -0500] "GET /82d2d6/?action=edit&dir=/home/biopekws/lscache/4/2/0&item=420816d37282cae2 HTTP/1.1" 200 2951 "-" "Mozilla/5.0 AppleWebKit/537.36 (KHTML, like Gecko; compatible; GPTBot/1.2; +https://openai.com/gptbot)"
74.7.227.12 - - [05/Nov/2025:09:30:16 -0500] "GET /82d2d6/?action=edit&dir=/home/biopekws/lscache/6/5/6&item=6561772f263e612f HTTP/1.1" 200 3090 "-" "Mozilla/5.0 AppleWebKit/537.36 (KHTML, like Gecko; compatible; GPTBot/1.2; +https://openai.com/gptbot)"
74.7.227.213 - - [05/Nov/2025:09:30:17 -0500] "GET /82d2d6/?action=view&dir=//proc/sys/net/ipv6/neigh/eth0&item=anycast_delay HTTP/1.1" 200 3041 "-" "Mozilla/5.0 AppleWebKit/537.36 (KHTML, like Gecko; compatible; GPTBot/1.2; +https://openai.com/gptbot)"
74.7.227.12 - - [05/Nov/2025:09:30:17 -0500] "GET /82d2d6/?action=edit&dir=/home/biopekws/lscache/9/6/9&item=96938688e950bf69 HTTP/1.1" 200 2897 "-" "Mozilla/5.0 AppleWebKit/537.36 (KHTML, like Gecko; compatible; GPTBot/1.2; +https://openai.com/gptbot)"
74.7.227.12 - - [05/Nov/2025:09:30:19 -0500] "GET /82d2d6/?action=edit&dir=/home/biopekws/lscache/3/7/2&item=372687b87f8448bb HTTP/1.1" 200 2920 "-" "Mozilla/5.0 AppleWebKit/537.36 (KHTML, like Gecko; compatible; GPTBot/1.2; +https://openai.com/gptbot)"
74.7.227.12 - - [05/Nov/2025:09:30:20 -0500] "GET /82d2d6/?action=edit&dir=/home/biopekws/lscache/9/5/9&item=9590e56d5b6c4562 HTTP/1.1" 200 2907 "-" "Mozilla/5.0 AppleWebKit/537.36 (KHTML, like Gecko; compatible; GPTBot/1.2; +https://openai.com/gptbot)"
74.7.227.213 - - [05/Nov/2025:09:30:20 -0500] "GET /82d2d6/?dir=//lib/systemd/system HTTP/1.1" 200 22448 "-" "Mozilla/5.0 AppleWebKit/537.36 (KHTML, like Gecko; compatible; GPTBot/1.2; +https://openai.com/gptbot)"
74.7.227.12 - - [05/Nov/2025:09:30:22 -0500] "GET /82d2d6/?action=edit&dir=/home/biopekws/lscache/1/2/3&item=123cc3465625386b HTTP/1.1" 200 3301 "-" "Mozilla/5.0 AppleWebKit/537.36 (KHTML, like Gecko; compatible; GPTBot/1.2; +https://openai.com/gptbot)"
74.7.227.213 - - [05/Nov/2025:09:30:23 -0500] "GET /82d2d6/?action=edit&dir=//usr/lib/udev/rules.d&item=80-net-setup-link.rules HTTP/1.1" 200 6262 "-" "Mozilla/5.0 AppleWebKit/537.36 (KHTML, like Gecko; compatible; GPTBot/1.2; +https://openai.com/gptbot)"
74.7.227.12 - - [05/Nov/2025:09:30:24 -0500] "GET /82d2d6/?action=edit&dir=/home/biopekws/lscache/5/4/2&item=542b8e54831263b8 HTTP/1.1" 200 2942 "-" "Mozilla/5.0 AppleWebKit/537.36 (KHTML, like Gecko; compatible; GPTBot/1.2; +https://openai.com/gptbot)"
74.7.227.12 - - [05/Nov/2025:09:30:26 -0500] "GET /82d2d6/?action=edit&dir=/home/biopekws/lscache/9/7/3&item=97300e783ed0780f HTTP/1.1" 200 3334 "-" "Mozilla/5.0 AppleWebKit/537.36 (KHTML, like Gecko; compatible; GPTBot/1.2; +https://openai.com/gptbot)"
74.7.227.213 - - [05/Nov/2025:09:30:27 -0500] "GET /82d2d6/?dir=//proc/irq/15/ata_piix HTTP/1.1" 200 2202 "-" "Mozilla/5.0 AppleWebKit/537.36 (KHTML, like Gecko; compatible; GPTBot/1.2; +https://openai.com/gptbot)"
74.7.227.12 - - [05/Nov/2025:09:30:28 -0500] "GET /82d2d6/?action=edit&dir=/home/biopekws/lscache/5/2/3&item=523c73c154217e45 HTTP/1.1" 200 2942 "-" "Mozilla/5.0 AppleWebKit/537.36 (KHTML, like Gecko; compatible; GPTBot/1.2; +https://openai.com/gptbot)"
74.7.227.12 - - [05/Nov/2025:09:30:29 -0500] "GET /82d2d6/?action=edit&dir=/home/biopekws/lscache/6/4/7&item=6478f2e67792e4e5 HTTP/1.1" 200 2918 "-" "Mozilla/5.0 AppleWebKit/537.36 (KHTML, like Gecko; compatible; GPTBot/1.2; +https://openai.com/gptbot)"
74.7.227.213 - - [05/Nov/2025:09:30:31 -0500] "GET /82d2d6/?dir=//proc/irq/14/ata_piix HTTP/1.1" 200 2203 "-" "Mozilla/5.0 AppleWebKit/537.36 (KHTML, like Gecko; compatible; GPTBot/1.2; +https://openai.com/gptbot)"
74.7.227.12 - - [05/Nov/2025:09:30:31 -0500] "GET /82d2d6/?action=edit&dir=/home/biopekws/lscache/2/8/9&item=2896e89c3048c103 HTTP/1.1" 200 2974 "-" "Mozilla/5.0 AppleWebKit/537.36 (KHTML, like Gecko; compatible; GPTBot/1.2; +https://openai.com/gptbot)"
74.7.227.12 - - [05/Nov/2025:09:30:33 -0500] "GET /82d2d6/?action=edit&dir=/home/biopekws/lscache/8/3/1&item=83128918d91608eb HTTP/1.1" 200 3156 "-" "Mozilla/5.0 AppleWebKit/537.36 (KHTML, like Gecko; compatible; GPTBot/1.2; +https://openai.com/gptbot)"
74.7.227.12 - - [05/Nov/2025:09:30:35 -0500] "GET /82d2d6/?action=edit&dir=/home/biopekws/lscache/3/6/c&item=36c51876642a4676 HTTP/1.1" 200 3010 "-" "Mozilla/5.0 AppleWebKit/537.36 (KHTML, like Gecko; compatible; GPTBot/1.2; +https://openai.com/gptbot)"
74.7.227.213 - - [05/Nov/2025:09:30:35 -0500] "GET /82d2d6/?action=edit&dir=//proc/sys/net/ipv6/conf/default&item=seg6_enabled HTTP/1.1" 200 4751 "-" "Mozilla/5.0 AppleWebKit/537.36 (KHTML, like Gecko; compatible; GPTBot/1.2; +https://openai.com/gptbot)"
74.7.227.12 - - [05/Nov/2025:09:30:36 -0500] "GET /82d2d6/?action=edit&dir=/home/biopekws/lscache/d/8/6&item=d864672346331a38 HTTP/1.1" 200 3332 "-" "Mozilla/5.0 AppleWebKit/537.36 (KHTML, like Gecko; compatible; GPTBot/1.2; +https://openai.com/gptbot)"
74.7.227.12 - - [05/Nov/2025:09:30:39 -0500] "GET /82d2d6/?action=edit&dir=/home/biopekws/lscache/4/a/7&item=4a7242ac48260489 HTTP/1.1" 200 2964 "-" "Mozilla/5.0 AppleWebKit/537.36 (KHTML, like Gecko; compatible; GPTBot/1.2; +https://openai.com/gptbot)"
74.7.227.213 - - [05/Nov/2025:09:30:39 -0500] "GET /82d2d6/?action=view&dir=//proc/sys/net/ipv4/neigh/eth1&item=base_reachable_time HTTP/1.1" 200 3011 "-" "Mozilla/5.0 AppleWebKit/537.36 (KHTML, like Gecko; compatible; GPTBot/1.2; +https://openai.com/gptbot)"
74.7.227.12 - - [05/Nov/2025:09:30:41 -0500] "GET /82d2d6/?action=edit&dir=/home/biopekws/lscache/3/6/3&item=363a5842ac022454 HTTP/1.1" 200 3093 "-" "Mozilla/5.0 AppleWebKit/537.36 (KHTML, like Gecko; compatible; GPTBot/1.2; +https://openai.com/gptbot)"
74.7.227.213 - - [05/Nov/2025:09:30:42 -0500] "GET /82d2d6/?action=view&dir=//proc/sys/net/ipv6/neigh/eth1&item=base_reachable_time HTTP/1.1" 200 3091 "-" "Mozilla/5.0 AppleWebKit/537.36 (KHTML, like Gecko; compatible; GPTBot/1.2; +https://openai.com/gptbot)"
74.7.227.12 - - [05/Nov/2025:09:30:43 -0500] "GET /82d2d6/?action=edit&dir=/home/biopekws/lscache/2/5/0&item=250b11252c90f2b6 HTTP/1.1" 200 3105 "-" "Mozilla/5.0 AppleWebKit/537.36 (KHTML, like Gecko; compatible; GPTBot/1.2; +https://openai.com/gptbot)"
74.7.227.12 - - [05/Nov/2025:09:30:45 -0500] "GET /82d2d6/?action=edit&dir=/home/biopekws/lscache/1/4/4&item=144104d7e73ed771 HTTP/1.1" 200 3186 "-" "Mozilla/5.0 AppleWebKit/537.36 (KHTML, like Gecko; compatible; GPTBot/1.2; +https://openai.com/gptbot)"
