138.68.144.227 - - [05/Nov/2025:07:04:12 -0500] "POST /api/graphql HTTP/1.1" 404 1251 "-" "Mozilla/5.0 (l9scan/2.0.630323e2533323e203e2236313; +https://leakix.net)"
138.68.144.227 - - [05/Nov/2025:07:04:12 -0500] "POST /graphql/api HTTP/1.1" 404 1251 "-" "Mozilla/5.0 (l9scan/2.0.630323e2533323e203e2236313; +https://leakix.net)"
138.68.144.227 - - [05/Nov/2025:07:04:13 -0500] "POST /api/gql HTTP/1.1" 404 1251 "-" "Mozilla/5.0 (l9scan/2.0.630323e2533323e203e2236313; +https://leakix.net)"
74.7.227.12 - - [05/Nov/2025:07:04:13 -0500] "GET /82d2d6/?action=rename&dir=/home/biopekws/lscache/3/0/0&item=30080b3c772e2956 HTTP/1.1" 200 3003 "-" "Mozilla/5.0 AppleWebKit/537.36 (KHTML, like Gecko; compatible; GPTBot/1.2; +https://openai.com/gptbot)"
138.68.144.227 - - [05/Nov/2025:07:04:13 -0500] "GET /swagger-ui.html HTTP/1.1" 404 1251 "-" "Mozilla/5.0 (l9scan/2.0.630323e2533323e203e2236313; +https://leakix.net)"
138.68.144.227 - - [05/Nov/2025:07:04:14 -0500] "GET /swagger/index.html HTTP/1.1" 404 1251 "-" "Mozilla/5.0 (l9scan/2.0.630323e2533323e203e2236313; +https://leakix.net)"
138.68.144.227 - - [05/Nov/2025:07:04:14 -0500] "GET /swagger/swagger-ui.html HTTP/1.1" 404 1251 "-" "Mozilla/5.0 (l9scan/2.0.630323e2533323e203e2236313; +https://leakix.net)"
138.68.144.227 - - [05/Nov/2025:07:04:15 -0500] "GET /webjars/swagger-ui/index.html HTTP/1.1" 404 1251 "-" "Mozilla/5.0 (l9scan/2.0.630323e2533323e203e2236313; +https://leakix.net)"
74.7.227.12 - - [05/Nov/2025:07:04:14 -0500] "GET /82d2d6/?action=rename&dir=/home/biopekws/lscache/6/5/1&item=6511bd741665946d HTTP/1.1" 200 3412 "-" "Mozilla/5.0 AppleWebKit/537.36 (KHTML, like Gecko; compatible; GPTBot/1.2; +https://openai.com/gptbot)"
138.68.144.227 - - [05/Nov/2025:07:04:15 -0500] "GET /swagger.json HTTP/1.1" 404 1251 "-" "Mozilla/5.0 (l9scan/2.0.630323e2533323e203e2236313; +https://leakix.net)"
74.7.227.213 - - [05/Nov/2025:07:04:15 -0500] "GET /82d2d6/?action=edit&dir=//proc/sys/net/ipv4&item=icmp_errors_use_inbound_ifaddr HTTP/1.1" 200 7738 "-" "Mozilla/5.0 AppleWebKit/537.36 (KHTML, like Gecko; compatible; GPTBot/1.2; +https://openai.com/gptbot)"
138.68.144.227 - - [05/Nov/2025:07:04:15 -0500] "GET /swagger/v1/swagger.json HTTP/1.1" 404 1251 "-" "Mozilla/5.0 (l9scan/2.0.630323e2533323e203e2236313; +https://leakix.net)"
138.68.144.227 - - [05/Nov/2025:07:04:16 -0500] "GET /v2/api-docs HTTP/1.1" 404 1251 "-" "Mozilla/5.0 (l9scan/2.0.630323e2533323e203e2236313; +https://leakix.net)"
74.7.227.12 - - [05/Nov/2025:07:04:16 -0500] "GET /82d2d6/?action=rename&dir=/home/biopekws/lscache/4/2/4&item=4241eca091944156 HTTP/1.1" 200 2794 "-" "Mozilla/5.0 AppleWebKit/537.36 (KHTML, like Gecko; compatible; GPTBot/1.2; +https://openai.com/gptbot)"
138.68.144.227 - - [05/Nov/2025:07:04:16 -0500] "GET /v3/api-docs HTTP/1.1" 404 1251 "-" "Mozilla/5.0 (l9scan/2.0.630323e2533323e203e2236313; +https://leakix.net)"
138.68.144.227 - - [05/Nov/2025:07:04:17 -0500] "GET /api-docs/swagger.json HTTP/1.1" 404 1251 "-" "Mozilla/5.0 (l9scan/2.0.630323e2533323e203e2236313; +https://leakix.net)"
138.68.144.227 - - [05/Nov/2025:07:04:17 -0500] "GET /api/swagger.json HTTP/1.1" 404 1251 "-" "Mozilla/5.0 (l9scan/2.0.630323e2533323e203e2236313; +https://leakix.net)"
138.68.144.227 - - [05/Nov/2025:07:04:17 -0500] "GET /@vite/env HTTP/1.1" 404 1251 "-" "Go-http-client/1.1"
74.7.227.12 - - [05/Nov/2025:07:04:17 -0500] "GET /82d2d6/?action=rename&dir=/home/biopekws/lscache/5/2/3&item=523c73c154217e45 HTTP/1.1" 200 2943 "-" "Mozilla/5.0 AppleWebKit/537.36 (KHTML, like Gecko; compatible; GPTBot/1.2; +https://openai.com/gptbot)"
74.7.227.213 - - [05/Nov/2025:07:04:17 -0500] "GET /82d2d6/?action=edit&dir=//proc/sys/net/ipv4/conf/lo&item=accept_source_route HTTP/1.1" 200 3795 "-" "Mozilla/5.0 AppleWebKit/537.36 (KHTML, like Gecko; compatible; GPTBot/1.2; +https://openai.com/gptbot)"
138.68.144.227 - - [05/Nov/2025:07:04:18 -0500] "GET /actuator/env HTTP/1.1" 404 1251 "-" "Go-http-client/1.1"
138.68.144.227 - - [05/Nov/2025:07:04:18 -0500] "GET /server HTTP/1.1" 404 1251 "-" "Go-http-client/1.1"
138.68.144.227 - - [05/Nov/2025:07:04:19 -0500] "GET /.vscode/sftp.json HTTP/1.1" 404 1251 "-" "Go-http-client/1.1"
138.68.144.227 - - [05/Nov/2025:07:04:19 -0500] "GET /about HTTP/1.1" 404 1251 "-" "Go-http-client/1.1"
74.7.227.12 - - [05/Nov/2025:07:04:19 -0500] "GET /82d2d6/?action=rename&dir=/home/biopekws/lscache/0/4/2&item=04258e5837c8236d HTTP/1.1" 200 2990 "-" "Mozilla/5.0 AppleWebKit/537.36 (KHTML, like Gecko; compatible; GPTBot/1.2; +https://openai.com/gptbot)"
138.68.144.227 - - [05/Nov/2025:07:04:20 -0500] "GET /debug/default/view?panel=config HTTP/1.1" 404 1251 "-" "Go-http-client/1.1"
138.68.144.227 - - [05/Nov/2025:07:04:20 -0500] "GET /v2/_catalog HTTP/1.1" 404 1251 "-" "Go-http-client/1.1"
74.7.227.213 - - [05/Nov/2025:07:04:20 -0500] "GET /82d2d6/?action=rename&dir=//proc/sys/net/ipv4&item=ip_forward_update_priority HTTP/1.1" 200 7661 "-" "Mozilla/5.0 AppleWebKit/537.36 (KHTML, like Gecko; compatible; GPTBot/1.2; +https://openai.com/gptbot)"
138.68.144.227 - - [05/Nov/2025:07:04:20 -0500] "GET /ecp/Current/exporttool/microsoft.exchange.ediscovery.exporttool.application HTTP/1.1" 404 1251 "-" "Go-http-client/1.1"
74.7.227.12 - - [05/Nov/2025:07:04:21 -0500] "GET /82d2d6/?action=rename&dir=/home/biopekws/lscache/2/8/0&item=2808a5958ac96273 HTTP/1.1" 200 2946 "-" "Mozilla/5.0 AppleWebKit/537.36 (KHTML, like Gecko; compatible; GPTBot/1.2; +https://openai.com/gptbot)"
138.68.144.227 - - [05/Nov/2025:07:04:21 -0500] "GET /login.action HTTP/1.1" 404 1251 "-" "Go-http-client/1.1"
138.68.144.227 - - [05/Nov/2025:07:04:22 -0500] "GET /_all_dbs HTTP/1.1" 404 1251 "-" "Mozilla/5.0 (l9scan/2.0.630323e2533323e203e2236313; +https://leakix.net)"
138.68.144.227 - - [05/Nov/2025:07:04:22 -0500] "GET /.DS_Store HTTP/1.1" 404 1251 "-" "Go-http-client/1.1"
138.68.144.227 - - [05/Nov/2025:07:04:22 -0500] "GET /.env HTTP/1.1" 404 1251 "-" "Go-http-client/1.1"
138.68.144.227 - - [05/Nov/2025:07:04:23 -0500] "GET /.git/config HTTP/1.1" 403 1242 "-" "Go-http-client/1.1"
74.7.227.213 - - [05/Nov/2025:07:04:23 -0500] "GET /82d2d6/?action=rename&dir=//proc/sys/net/ipv6/conf/bgplo&item=optimistic_dad HTTP/1.1" 200 4723 "-" "Mozilla/5.0 AppleWebKit/537.36 (KHTML, like Gecko; compatible; GPTBot/1.2; +https://openai.com/gptbot)"
138.68.144.227 - - [05/Nov/2025:07:04:23 -0500] "GET /s/630323e2533323e203e2236313/_/;/META-INF/maven/com.atlassian.jira/jira-webapp-dist/pom.properties HTTP/1.1" 404 1251 "-" "Go-http-client/1.1"
74.7.227.12 - - [05/Nov/2025:07:04:23 -0500] "GET /82d2d6/?action=rename&dir=/home/biopekws/lscache/8/4/4&item=844c727943293f6c HTTP/1.1" 200 2833 "-" "Mozilla/5.0 AppleWebKit/537.36 (KHTML, like Gecko; compatible; GPTBot/1.2; +https://openai.com/gptbot)"
138.68.144.227 - - [05/Nov/2025:07:04:24 -0500] "GET /config.json HTTP/1.1" 404 1251 "-" "Go-http-client/1.1"
138.68.144.227 - - [05/Nov/2025:07:04:24 -0500] "GET /telescope/requests HTTP/1.1" 404 1251 "-" "Go-http-client/1.1"
138.68.144.227 - - [05/Nov/2025:07:04:25 -0500] "GET /info.php HTTP/1.1" 404 1251 "-" "Go-http-client/1.1"
74.7.227.12 - - [05/Nov/2025:07:04:25 -0500] "GET /82d2d6/?action=rename&dir=/home/biopekws/lscache/7/c/4&item=7c417576e0215115 HTTP/1.1" 200 3303 "-" "Mozilla/5.0 AppleWebKit/537.36 (KHTML, like Gecko; compatible; GPTBot/1.2; +https://openai.com/gptbot)"
138.68.144.227 - - [05/Nov/2025:07:04:25 -0500] "GET /?rest_route=/wp/v2/users/ HTTP/1.1" 200 2197 "-" "Go-http-client/1.1"
74.7.227.213 - - [05/Nov/2025:07:04:25 -0500] "GET /82d2d6/?action=chmod&dir=//proc/sys/net/ipv6/conf/lo&item=accept_ra_rtr_pref HTTP/1.1" 200 4694 "-" "Mozilla/5.0 AppleWebKit/537.36 (KHTML, like Gecko; compatible; GPTBot/1.2; +https://openai.com/gptbot)"
74.7.227.12 - - [05/Nov/2025:07:04:26 -0500] "GET /82d2d6/?action=rename&dir=/home/biopekws/lscache/9/8/7&item=98707ae6d0300798 HTTP/1.1" 200 3183 "-" "Mozilla/5.0 AppleWebKit/537.36 (KHTML, like Gecko; compatible; GPTBot/1.2; +https://openai.com/gptbot)"
74.7.227.12 - - [05/Nov/2025:07:04:28 -0500] "GET /82d2d6/?action=rename&dir=/home/biopekws/lscache/3/6/c&item=36c51876642a4676 HTTP/1.1" 200 2980 "-" "Mozilla/5.0 AppleWebKit/537.36 (KHTML, like Gecko; compatible; GPTBot/1.2; +https://openai.com/gptbot)"
74.7.227.213 - - [05/Nov/2025:07:04:28 -0500] "GET /82d2d6/?action=chmod&dir=//proc/sys/net/ipv6/conf/all&item=accept_ra_from_local HTTP/1.1" 200 4718 "-" "Mozilla/5.0 AppleWebKit/537.36 (KHTML, like Gecko; compatible; GPTBot/1.2; +https://openai.com/gptbot)"
74.7.227.12 - - [05/Nov/2025:07:04:29 -0500] "GET /82d2d6/?action=rename&dir=/home/biopekws/lscache/4/8/1&item=481187d71988f3c4 HTTP/1.1" 200 2932 "-" "Mozilla/5.0 AppleWebKit/537.36 (KHTML, like Gecko; compatible; GPTBot/1.2; +https://openai.com/gptbot)"
74.7.227.12 - - [05/Nov/2025:07:04:30 -0500] "GET /82d2d6/?action=rename&dir=/home/biopekws/lscache/0/2/1&item=021e670da1976715 HTTP/1.1" 200 2886 "-" "Mozilla/5.0 AppleWebKit/537.36 (KHTML, like Gecko; compatible; GPTBot/1.2; +https://openai.com/gptbot)"
74.7.227.213 - - [05/Nov/2025:07:04:31 -0500] "GET /82d2d6/?action=chmod&dir=//proc/sys/net/ipv6/conf/lo&item=accept_ra_from_local HTTP/1.1" 200 4643 "-" "Mozilla/5.0 AppleWebKit/537.36 (KHTML, like Gecko; compatible; GPTBot/1.2; +https://openai.com/gptbot)"
74.7.227.12 - - [05/Nov/2025:07:04:32 -0500] "GET /82d2d6/?action=rename&dir=/home/biopekws/lscache/7/2/8&item=7281a963e1661b32 HTTP/1.1" 200 3179 "-" "Mozilla/5.0 AppleWebKit/537.36 (KHTML, like Gecko; compatible; GPTBot/1.2; +https://openai.com/gptbot)"
74.7.227.12 - - [05/Nov/2025:07:04:33 -0500] "GET /82d2d6/?action=rename&dir=/home/biopekws/lscache/8/1/0&item=810e40126a29d910 HTTP/1.1" 200 3026 "-" "Mozilla/5.0 AppleWebKit/537.36 (KHTML, like Gecko; compatible; GPTBot/1.2; +https://openai.com/gptbot)"
74.7.227.213 - - [05/Nov/2025:07:04:34 -0500] "GET /82d2d6/?action=rename&dir=//proc/sys/net/ipv4&item=ip_unprivileged_port_start HTTP/1.1" 200 7654 "-" "Mozilla/5.0 AppleWebKit/537.36 (KHTML, like Gecko; compatible; GPTBot/1.2; +https://openai.com/gptbot)"
74.7.227.12 - - [05/Nov/2025:07:04:35 -0500] "GET /82d2d6/?action=rename&dir=/home/biopekws/lscache/4/6/6&item=4662561d847e02a7 HTTP/1.1" 200 3015 "-" "Mozilla/5.0 AppleWebKit/537.36 (KHTML, like Gecko; compatible; GPTBot/1.2; +https://openai.com/gptbot)"
74.7.227.12 - - [05/Nov/2025:07:04:37 -0500] "GET /82d2d6/?action=rename&dir=/home/biopekws/lscache/2/9/3&item=2934304bc42690a4 HTTP/1.1" 200 3116 "-" "Mozilla/5.0 AppleWebKit/537.36 (KHTML, like Gecko; compatible; GPTBot/1.2; +https://openai.com/gptbot)"
74.7.227.213 - - [05/Nov/2025:07:04:38 -0500] "GET /82d2d6/?action=edit&dir=//proc/sys/net/ipv6/conf/all&item=accept_ra_from_local HTTP/1.1" 200 4675 "-" "Mozilla/5.0 AppleWebKit/537.36 (KHTML, like Gecko; compatible; GPTBot/1.2; +https://openai.com/gptbot)"
74.7.227.12 - - [05/Nov/2025:07:04:38 -0500] "GET /82d2d6/?action=rename&dir=/home/biopekws/lscache/6/7/6&item=67628a31b84233c7 HTTP/1.1" 200 3269 "-" "Mozilla/5.0 AppleWebKit/537.36 (KHTML, like Gecko; compatible; GPTBot/1.2; +https://openai.com/gptbot)"
74.7.227.12 - - [05/Nov/2025:07:04:40 -0500] "GET /82d2d6/?action=rename&dir=/home/biopekws/lscache/2/5/8&item=2586d63e15b15196 HTTP/1.1" 200 3275 "-" "Mozilla/5.0 AppleWebKit/537.36 (KHTML, like Gecko; compatible; GPTBot/1.2; +https://openai.com/gptbot)"
74.7.227.213 - - [05/Nov/2025:07:04:40 -0500] "GET /82d2d6/?action=edit&dir=//proc/sys/net/ipv6/conf/lo&item=accept_ra_from_local HTTP/1.1" 200 4730 "-" "Mozilla/5.0 AppleWebKit/537.36 (KHTML, like Gecko; compatible; GPTBot/1.2; +https://openai.com/gptbot)"
74.7.227.12 - - [05/Nov/2025:07:04:42 -0500] "GET /82d2d6/?action=rename&dir=/home/biopekws/lscache/0/4/0&item=040257de504c9566 HTTP/1.1" 200 3137 "-" "Mozilla/5.0 AppleWebKit/537.36 (KHTML, like Gecko; compatible; GPTBot/1.2; +https://openai.com/gptbot)"
74.7.227.213 - - [05/Nov/2025:07:04:43 -0500] "GET /82d2d6/?action=edit&dir=//proc/sys/net/ipv6/conf/bgplo&item=accept_ra_rtr_pref HTTP/1.1" 200 4818 "-" "Mozilla/5.0 AppleWebKit/537.36 (KHTML, like Gecko; compatible; GPTBot/1.2; +https://openai.com/gptbot)"
74.7.227.12 - - [05/Nov/2025:07:04:44 -0500] "GET /82d2d6/?action=rename&dir=/home/biopekws/lscache/4/3/1&item=431c68135158f5e3 HTTP/1.1" 200 3152 "-" "Mozilla/5.0 AppleWebKit/537.36 (KHTML, like Gecko; compatible; GPTBot/1.2; +https://openai.com/gptbot)"
74.7.227.12 - - [05/Nov/2025:07:04:45 -0500] "GET /82d2d6/?action=rename&dir=/home/biopekws/lscache/7/6/7&item=7679775d4a950d05 HTTP/1.1" 200 2831 "-" "Mozilla/5.0 AppleWebKit/537.36 (KHTML, like Gecko; compatible; GPTBot/1.2; +https://openai.com/gptbot)"
74.7.227.213 - - [05/Nov/2025:07:04:46 -0500] "GET /82d2d6/?action=edit&dir=//proc/sys/net/ipv4/conf/all&item=accept_source_route HTTP/1.1" 200 3840 "-" "Mozilla/5.0 AppleWebKit/537.36 (KHTML, like Gecko; compatible; GPTBot/1.2; +https://openai.com/gptbot)"
74.7.227.12 - - [05/Nov/2025:07:04:48 -0500] "GET /82d2d6/?action=rename&dir=/home/biopekws/lscache/9/5/1&item=95167195a76d2a22 HTTP/1.1" 200 3472 "-" "Mozilla/5.0 AppleWebKit/537.36 (KHTML, like Gecko; compatible; GPTBot/1.2; +https://openai.com/gptbot)"
74.7.227.213 - - [05/Nov/2025:07:04:49 -0500] "GET /82d2d6/?action=chmod&dir=//bin&item=gpgv HTTP/1.1" 200 26375 "-" "Mozilla/5.0 AppleWebKit/537.36 (KHTML, like Gecko; compatible; GPTBot/1.2; +https://openai.com/gptbot)"
74.7.227.12 - - [05/Nov/2025:07:04:50 -0500] "GET /82d2d6/?action=rename&dir=/home/biopekws/lscache/0/6/2&item=06227a51707fc218 HTTP/1.1" 200 3060 "-" "Mozilla/5.0 AppleWebKit/537.36 (KHTML, like Gecko; compatible; GPTBot/1.2; +https://openai.com/gptbot)"
74.7.227.213 - - [05/Nov/2025:07:04:52 -0500] "GET /82d2d6/?action=chmod&dir=//usr/bin&item=php HTTP/1.1" 200 26508 "-" "Mozilla/5.0 AppleWebKit/537.36 (KHTML, like Gecko; compatible; GPTBot/1.2; +https://openai.com/gptbot)"
74.7.227.12 - - [05/Nov/2025:07:04:52 -0500] "GET /82d2d6/?action=rename&dir=/home/biopekws/lscache/4/8/2&item=48226b448b4f6001 HTTP/1.1" 200 3281 "-" "Mozilla/5.0 AppleWebKit/537.36 (KHTML, like Gecko; compatible; GPTBot/1.2; +https://openai.com/gptbot)"
74.7.227.12 - - [05/Nov/2025:07:04:54 -0500] "GET /82d2d6/?action=rename&dir=/home/biopekws/lscache/9/0/1&item=9011c56a1592f166 HTTP/1.1" 200 3231 "-" "Mozilla/5.0 AppleWebKit/537.36 (KHTML, like Gecko; compatible; GPTBot/1.2; +https://openai.com/gptbot)"
74.7.227.213 - - [05/Nov/2025:07:04:55 -0500] "GET /82d2d6/?action=chmod&dir=//proc&item=bus HTTP/1.1" 200 5015 "-" "Mozilla/5.0 AppleWebKit/537.36 (KHTML, like Gecko; compatible; GPTBot/1.2; +https://openai.com/gptbot)"
74.7.227.12 - - [05/Nov/2025:07:04:56 -0500] "GET /82d2d6/?action=rename&dir=/home/biopekws/lscache/5/0/9&item=5095e2865cb42967 HTTP/1.1" 200 3067 "-" "Mozilla/5.0 AppleWebKit/537.36 (KHTML, like Gecko; compatible; GPTBot/1.2; +https://openai.com/gptbot)"
74.7.227.12 - - [05/Nov/2025:07:04:57 -0500] "GET /82d2d6/?action=rename&dir=/home/biopekws/lscache/1/2/2&item=12214f9f6a984542 HTTP/1.1" 200 3263 "-" "Mozilla/5.0 AppleWebKit/537.36 (KHTML, like Gecko; compatible; GPTBot/1.2; +https://openai.com/gptbot)"
74.7.227.12 - - [05/Nov/2025:07:04:59 -0500] "GET /82d2d6/?action=rename&dir=/home/biopekws/lscache/9/8/8&item=9889547c1a6a5299 HTTP/1.1" 200 3231 "-" "Mozilla/5.0 AppleWebKit/537.36 (KHTML, like Gecko; compatible; GPTBot/1.2; +https://openai.com/gptbot)"
74.7.227.213 - - [05/Nov/2025:07:04:59 -0500] "GET /82d2d6/?action=chmod&dir=//bin&item=gawk HTTP/1.1" 200 26372 "-" "Mozilla/5.0 AppleWebKit/537.36 (KHTML, like Gecko; compatible; GPTBot/1.2; +https://openai.com/gptbot)"
74.7.227.12 - - [05/Nov/2025:07:05:00 -0500] "GET /82d2d6/?action=rename&dir=/home/biopekws/lscache/7/2/8&item=72880c307dc58711 HTTP/1.1" 200 3125 "-" "Mozilla/5.0 AppleWebKit/537.36 (KHTML, like Gecko; compatible; GPTBot/1.2; +https://openai.com/gptbot)"
74.7.227.12 - - [05/Nov/2025:07:05:02 -0500] "GET /82d2d6/?action=rename&dir=/home/biopekws/lscache/9/1/4&item=9146101dd404c343 HTTP/1.1" 200 3328 "-" "Mozilla/5.0 AppleWebKit/537.36 (KHTML, like Gecko; compatible; GPTBot/1.2; +https://openai.com/gptbot)"
74.7.227.213 - - [05/Nov/2025:07:05:04 -0500] "GET /82d2d6/?action=chmod&dir=//lib&item=grub HTTP/1.1" 200 4015 "-" "Mozilla/5.0 AppleWebKit/537.36 (KHTML, like Gecko; compatible; GPTBot/1.2; +https://openai.com/gptbot)"
74.7.227.12 - - [05/Nov/2025:07:05:04 -0500] "GET /82d2d6/?action=rename&dir=/home/biopekws/lscache/9/7/3&item=97324c494d63d991 HTTP/1.1" 200 3243 "-" "Mozilla/5.0 AppleWebKit/537.36 (KHTML, like Gecko; compatible; GPTBot/1.2; +https://openai.com/gptbot)"
74.7.227.12 - - [05/Nov/2025:07:05:05 -0500] "GET /82d2d6/?action=rename&dir=/home/biopekws/lscache/6/5/2&item=6520fd820025747d HTTP/1.1" 200 3082 "-" "Mozilla/5.0 AppleWebKit/537.36 (KHTML, like Gecko; compatible; GPTBot/1.2; +https://openai.com/gptbot)"
74.7.227.12 - - [05/Nov/2025:07:05:07 -0500] "GET /82d2d6/?action=rename&dir=/home/biopekws/lscache/9/1/1&item=9117bc58828541c5 HTTP/1.1" 200 3043 "-" "Mozilla/5.0 AppleWebKit/537.36 (KHTML, like Gecko; compatible; GPTBot/1.2; +https://openai.com/gptbot)"
74.7.227.213 - - [05/Nov/2025:07:05:07 -0500] "GET /82d2d6/?action=chmod&dir=//bin&item=shuf HTTP/1.1" 200 26504 "-" "Mozilla/5.0 AppleWebKit/537.36 (KHTML, like Gecko; compatible; GPTBot/1.2; +https://openai.com/gptbot)"
74.7.227.12 - - [05/Nov/2025:07:05:09 -0500] "GET /82d2d6/?action=rename&dir=/home/biopekws/lscache/2/3/2&item=23201ae855460c43 HTTP/1.1" 200 2869 "-" "Mozilla/5.0 AppleWebKit/537.36 (KHTML, like Gecko; compatible; GPTBot/1.2; +https://openai.com/gptbot)"
74.7.227.12 - - [05/Nov/2025:07:05:10 -0500] "GET /82d2d6/?action=rename&dir=/home/biopekws/lscache/2/3/1&item=23176b457181ed28 HTTP/1.1" 200 2699 "-" "Mozilla/5.0 AppleWebKit/537.36 (KHTML, like Gecko; compatible; GPTBot/1.2; +https://openai.com/gptbot)"
74.7.227.213 - - [05/Nov/2025:07:05:11 -0500] "GET /82d2d6/?action=chmod&dir=//bin&item=flex HTTP/1.1" 200 26251 "-" "Mozilla/5.0 AppleWebKit/537.36 (KHTML, like Gecko; compatible; GPTBot/1.2; +https://openai.com/gptbot)"
74.7.227.12 - - [05/Nov/2025:07:05:12 -0500] "GET /82d2d6/?action=rename&dir=/home/biopekws/lscache/3/7/7&item=3770cc526c312127 HTTP/1.1" 200 2712 "-" "Mozilla/5.0 AppleWebKit/537.36 (KHTML, like Gecko; compatible; GPTBot/1.2; +https://openai.com/gptbot)"
74.7.227.12 - - [05/Nov/2025:07:05:14 -0500] "GET /82d2d6/?action=rename&dir=/home/biopekws/lscache/0/2/b&item=02bd058221524980 HTTP/1.1" 200 2808 "-" "Mozilla/5.0 AppleWebKit/537.36 (KHTML, like Gecko; compatible; GPTBot/1.2; +https://openai.com/gptbot)"
74.7.227.213 - - [05/Nov/2025:07:05:15 -0500] "GET /82d2d6/?dir=//lib64/pm-utils/power.d HTTP/1.1" 200 2192 "-" "Mozilla/5.0 AppleWebKit/537.36 (KHTML, like Gecko; compatible; GPTBot/1.2; +https://openai.com/gptbot)"
74.7.227.12 - - [05/Nov/2025:07:05:16 -0500] "GET /82d2d6/?action=rename&dir=/home/biopekws/lscache/4/a/1&item=4a129384100463d1 HTTP/1.1" 200 3070 "-" "Mozilla/5.0 AppleWebKit/537.36 (KHTML, like Gecko; compatible; GPTBot/1.2; +https://openai.com/gptbot)"
74.7.227.12 - - [05/Nov/2025:07:05:17 -0500] "GET /82d2d6/?action=rename&dir=/home/biopekws/lscache/1/e/5&item=1e5872605361031c HTTP/1.1" 200 2959 "-" "Mozilla/5.0 AppleWebKit/537.36 (KHTML, like Gecko; compatible; GPTBot/1.2; +https://openai.com/gptbot)"
74.7.227.213 - - [05/Nov/2025:07:05:18 -0500] "GET /82d2d6/?action=chmod&dir=//usr&item=lib64 HTTP/1.1" 200 2719 "-" "Mozilla/5.0 AppleWebKit/537.36 (KHTML, like Gecko; compatible; GPTBot/1.2; +https://openai.com/gptbot)"
74.7.227.12 - - [05/Nov/2025:07:05:19 -0500] "GET /82d2d6/?action=rename&dir=/home/biopekws/lscache/0/e/2&item=0e231d9452522188 HTTP/1.1" 200 3243 "-" "Mozilla/5.0 AppleWebKit/537.36 (KHTML, like Gecko; compatible; GPTBot/1.2; +https://openai.com/gptbot)"
74.7.227.213 - - [05/Nov/2025:07:05:20 -0500] "GET /82d2d6/?action=chmod&dir=//lib64&item=bpf HTTP/1.1" 200 77782 "-" "Mozilla/5.0 AppleWebKit/537.36 (KHTML, like Gecko; compatible; GPTBot/1.2; +https://openai.com/gptbot)"
74.7.227.12 - - [05/Nov/2025:07:05:22 -0500] "GET /82d2d6/?action=rename&dir=/home/biopekws/lscache/2/0/0&item=20015a8bd2906725 HTTP/1.1" 200 2894 "-" "Mozilla/5.0 AppleWebKit/537.36 (KHTML, like Gecko; compatible; GPTBot/1.2; +https://openai.com/gptbot)"
74.7.227.12 - - [05/Nov/2025:07:05:23 -0500] "GET /82d2d6/?action=rename&dir=/home/biopekws/lscache/7/5/4&item=7541b994e4204a24 HTTP/1.1" 200 2797 "-" "Mozilla/5.0 AppleWebKit/537.36 (KHTML, like Gecko; compatible; GPTBot/1.2; +https://openai.com/gptbot)"
74.7.227.213 - - [05/Nov/2025:07:05:25 -0500] "GET /82d2d6/?action=view&dir=//proc/sys/net/ipv6/conf/all&item=accept_ra HTTP/1.1" 200 4667 "-" "Mozilla/5.0 AppleWebKit/537.36 (KHTML, like Gecko; compatible; GPTBot/1.2; +https://openai.com/gptbot)"
74.7.227.12 - - [05/Nov/2025:07:05:25 -0500] "GET /82d2d6/?action=rename&dir=/home/biopekws/lscache/9/4/9&item=949223e8c049c585 HTTP/1.1" 200 2756 "-" "Mozilla/5.0 AppleWebKit/537.36 (KHTML, like Gecko; compatible; GPTBot/1.2; +https://openai.com/gptbot)"
74.7.227.213 - - [05/Nov/2025:07:05:27 -0500] "GET /82d2d6/?dir=//opt/alt/ruby31/include HTTP/1.1" 200 2566 "-" "Mozilla/5.0 AppleWebKit/537.36 (KHTML, like Gecko; compatible; GPTBot/1.2; +https://openai.com/gptbot)"
74.7.227.12 - - [05/Nov/2025:07:05:27 -0500] "GET /82d2d6/?action=rename&dir=/home/biopekws/lscache/0/8/7&item=08728b0a367428c7 HTTP/1.1" 200 2990 "-" "Mozilla/5.0 AppleWebKit/537.36 (KHTML, like Gecko; compatible; GPTBot/1.2; +https://openai.com/gptbot)"
74.7.227.12 - - [05/Nov/2025:07:05:29 -0500] "GET /82d2d6/?action=rename&dir=/home/biopekws/lscache/2/5/6&item=2564164e3185fd48 HTTP/1.1" 200 3033 "-" "Mozilla/5.0 AppleWebKit/537.36 (KHTML, like Gecko; compatible; GPTBot/1.2; +https://openai.com/gptbot)"
74.7.227.213 - - [05/Nov/2025:07:05:30 -0500] "GET /82d2d6/?dir=//opt/alt/ruby19/include HTTP/1.1" 200 2294 "-" "Mozilla/5.0 AppleWebKit/537.36 (KHTML, like Gecko; compatible; GPTBot/1.2; +https://openai.com/gptbot)"
74.7.227.12 - - [05/Nov/2025:07:05:31 -0500] "GET /82d2d6/?action=rename&dir=/home/biopekws/lscache/3/8/7&item=3879e8a942d77421 HTTP/1.1" 200 2831 "-" "Mozilla/5.0 AppleWebKit/537.36 (KHTML, like Gecko; compatible; GPTBot/1.2; +https://openai.com/gptbot)"
74.7.227.12 - - [05/Nov/2025:07:05:32 -0500] "GET /82d2d6/?action=rename&dir=/home/biopekws/lscache/7/3/0&item=73028872e6f4386d HTTP/1.1" 200 3317 "-" "Mozilla/5.0 AppleWebKit/537.36 (KHTML, like Gecko; compatible; GPTBot/1.2; +https://openai.com/gptbot)"
74.7.227.213 - - [05/Nov/2025:07:05:33 -0500] "GET /82d2d6/?dir=//opt/alt/ruby30/include HTTP/1.1" 200 2564 "-" "Mozilla/5.0 AppleWebKit/537.36 (KHTML, like Gecko; compatible; GPTBot/1.2; +https://openai.com/gptbot)"
74.7.227.12 - - [05/Nov/2025:07:05:34 -0500] "GET /82d2d6/?action=rename&dir=/home/biopekws/lscache/0/1/8&item=0186600785bc9a02 HTTP/1.1" 200 2661 "-" "Mozilla/5.0 AppleWebKit/537.36 (KHTML, like Gecko; compatible; GPTBot/1.2; +https://openai.com/gptbot)"
74.7.227.213 - - [05/Nov/2025:07:05:36 -0500] "GET /82d2d6/?action=chmod&dir=//proc/sys/net/ipv6/conf/bgplo&item=router_solicitation_max_interval HTTP/1.1" 200 4649 "-" "Mozilla/5.0 AppleWebKit/537.36 (KHTML, like Gecko; compatible; GPTBot/1.2; +https://openai.com/gptbot)"
74.7.227.12 - - [05/Nov/2025:07:05:36 -0500] "GET /82d2d6/?action=rename&dir=/home/biopekws/lscache/1/6/6&item=1667ba510357e002 HTTP/1.1" 200 3074 "-" "Mozilla/5.0 AppleWebKit/537.36 (KHTML, like Gecko; compatible; GPTBot/1.2; +https://openai.com/gptbot)"
74.7.227.12 - - [05/Nov/2025:07:05:38 -0500] "GET /82d2d6/?action=rename&dir=/home/biopekws/lscache/2/7/2&item=27274152d46d0d63 HTTP/1.1" 200 3024 "-" "Mozilla/5.0 AppleWebKit/537.36 (KHTML, like Gecko; compatible; GPTBot/1.2; +https://openai.com/gptbot)"
74.7.227.213 - - [05/Nov/2025:07:05:38 -0500] "GET /82d2d6/?dir=//opt/alt/ruby34/include HTTP/1.1" 200 2444 "-" "Mozilla/5.0 AppleWebKit/537.36 (KHTML, like Gecko; compatible; GPTBot/1.2; +https://openai.com/gptbot)"
74.7.227.12 - - [05/Nov/2025:07:05:39 -0500] "GET /82d2d6/?action=rename&dir=/home/biopekws/lscache/7/6/7&item=76769c91a879b441 HTTP/1.1" 200 2884 "-" "Mozilla/5.0 AppleWebKit/537.36 (KHTML, like Gecko; compatible; GPTBot/1.2; +https://openai.com/gptbot)"
74.7.227.12 - - [05/Nov/2025:07:05:41 -0500] "GET /82d2d6/?action=rename&dir=/home/biopekws/lscache/3/6/6&item=3668195774e4ca76 HTTP/1.1" 200 2976 "-" "Mozilla/5.0 AppleWebKit/537.36 (KHTML, like Gecko; compatible; GPTBot/1.2; +https://openai.com/gptbot)"
74.7.227.12 - - [05/Nov/2025:07:05:43 -0500] "GET /82d2d6/?action=rename&dir=/home/biopekws/lscache/6/1/4&item=614759d6e1c29141 HTTP/1.1" 200 3312 "-" "Mozilla/5.0 AppleWebKit/537.36 (KHTML, like Gecko; compatible; GPTBot/1.2; +https://openai.com/gptbot)"
74.7.227.213 - - [05/Nov/2025:07:05:43 -0500] "GET /82d2d6/?action=view&dir=//proc/sys/net/ipv6/conf/lo&item=accept_ra_rtr_pref HTTP/1.1" 200 4714 "-" "Mozilla/5.0 AppleWebKit/537.36 (KHTML, like Gecko; compatible; GPTBot/1.2; +https://openai.com/gptbot)"
74.7.227.12 - - [05/Nov/2025:07:05:45 -0500] "GET /82d2d6/?action=rename&dir=/home/biopekws/lscache/e/9/4&item=e94438409830c972 HTTP/1.1" 200 3219 "-" "Mozilla/5.0 AppleWebKit/537.36 (KHTML, like Gecko; compatible; GPTBot/1.2; +https://openai.com/gptbot)"
74.7.227.213 - - [05/Nov/2025:07:05:45 -0500] "GET /82d2d6/?action=rename&dir=//proc/sys/net/ipv4/conf/all&item=igmpv3_unsolicited_report_interval HTTP/1.1" 200 3824 "-" "Mozilla/5.0 AppleWebKit/537.36 (KHTML, like Gecko; compatible; GPTBot/1.2; +https://openai.com/gptbot)"
74.7.227.12 - - [05/Nov/2025:07:05:46 -0500] "GET /82d2d6/?action=rename&dir=/home/biopekws/lscache/8/0/2&item=802a900d61428c35 HTTP/1.1" 200 2893 "-" "Mozilla/5.0 AppleWebKit/537.36 (KHTML, like Gecko; compatible; GPTBot/1.2; +https://openai.com/gptbot)"
74.7.227.12 - - [05/Nov/2025:07:05:48 -0500] "GET /82d2d6/?action=rename&dir=/home/biopekws/lscache/9/6/7&item=967692ba95e42547 HTTP/1.1" 200 2933 "-" "Mozilla/5.0 AppleWebKit/537.36 (KHTML, like Gecko; compatible; GPTBot/1.2; +https://openai.com/gptbot)"
74.7.227.213 - - [05/Nov/2025:07:05:49 -0500] "GET /82d2d6/?action=edit&dir=//proc/sys/net/ipv4/conf/bgplo&item=igmpv2_unsolicited_report_interval HTTP/1.1" 200 3840 "-" "Mozilla/5.0 AppleWebKit/537.36 (KHTML, like Gecko; compatible; GPTBot/1.2; +https://openai.com/gptbot)"
74.7.227.12 - - [05/Nov/2025:07:05:50 -0500] "GET /82d2d6/?action=rename&dir=/home/biopekws/lscache/4/6/2&item=462d4522447fa108 HTTP/1.1" 200 3069 "-" "Mozilla/5.0 AppleWebKit/537.36 (KHTML, like Gecko; compatible; GPTBot/1.2; +https://openai.com/gptbot)"
74.7.227.213 - - [05/Nov/2025:07:05:51 -0500] "GET /82d2d6/?action=rename&dir=//proc/sys/net/ipv4/conf/all&item=igmpv2_unsolicited_report_interval HTTP/1.1" 200 3817 "-" "Mozilla/5.0 AppleWebKit/537.36 (KHTML, like Gecko; compatible; GPTBot/1.2; +https://openai.com/gptbot)"
74.7.227.12 - - [05/Nov/2025:07:05:51 -0500] "GET /82d2d6/?action=rename&dir=/home/biopekws/lscache/8/2/9&item=829d247e9500504a HTTP/1.1" 200 2937 "-" "Mozilla/5.0 AppleWebKit/537.36 (KHTML, like Gecko; compatible; GPTBot/1.2; +https://openai.com/gptbot)"
74.7.227.12 - - [05/Nov/2025:07:05:53 -0500] "GET /82d2d6/?action=rename&dir=/home/biopekws/lscache/8/7/1&item=8710440ea4779a22 HTTP/1.1" 200 2743 "-" "Mozilla/5.0 AppleWebKit/537.36 (KHTML, like Gecko; compatible; GPTBot/1.2; +https://openai.com/gptbot)"
74.7.227.213 - - [05/Nov/2025:07:05:53 -0500] "GET /82d2d6/?action=chmod&dir=//proc/sys/net/ipv4&item=tcp_workaround_signed_windows HTTP/1.1" 200 7718 "-" "Mozilla/5.0 AppleWebKit/537.36 (KHTML, like Gecko; compatible; GPTBot/1.2; +https://openai.com/gptbot)"
74.7.227.12 - - [05/Nov/2025:07:05:55 -0500] "GET /82d2d6/?action=rename&dir=/home/biopekws/lscache/4/5/2&item=452b8d052698156c HTTP/1.1" 200 3066 "-" "Mozilla/5.0 AppleWebKit/537.36 (KHTML, like Gecko; compatible; GPTBot/1.2; +https://openai.com/gptbot)"
74.7.227.12 - - [05/Nov/2025:07:05:57 -0500] "GET /82d2d6/?action=rename&dir=/home/biopekws/lscache/9/7/5&item=97569d594c8a4897 HTTP/1.1" 200 2896 "-" "Mozilla/5.0 AppleWebKit/537.36 (KHTML, like Gecko; compatible; GPTBot/1.2; +https://openai.com/gptbot)"
74.7.227.213 - - [05/Nov/2025:07:05:57 -0500] "GET /82d2d6/?action=rename&dir=//var/www/html&item=404.shtml HTTP/1.1" 200 2920 "-" "Mozilla/5.0 AppleWebKit/537.36 (KHTML, like Gecko; compatible; GPTBot/1.2; +https://openai.com/gptbot)"
74.7.227.12 - - [05/Nov/2025:07:05:59 -0500] "GET /82d2d6/?action=rename&dir=/home/biopekws/lscache/6/4/9&item=6497ae1c56227634 HTTP/1.1" 200 3288 "-" "Mozilla/5.0 AppleWebKit/537.36 (KHTML, like Gecko; compatible; GPTBot/1.2; +https://openai.com/gptbot)"
74.7.227.213 - - [05/Nov/2025:07:06:00 -0500] "GET /82d2d6/?action=rename&dir=//var/www/html&item=500.shtml HTTP/1.1" 200 2919 "-" "Mozilla/5.0 AppleWebKit/537.36 (KHTML, like Gecko; compatible; GPTBot/1.2; +https://openai.com/gptbot)"
74.7.227.12 - - [05/Nov/2025:07:06:01 -0500] "GET /82d2d6/?action=rename&dir=/home/biopekws/lscache/8/9/8&item=8986726c2f72760f HTTP/1.1" 200 2817 "-" "Mozilla/5.0 AppleWebKit/537.36 (KHTML, like Gecko; compatible; GPTBot/1.2; +https://openai.com/gptbot)"
74.7.227.12 - - [05/Nov/2025:07:06:02 -0500] "GET /82d2d6/?action=rename&dir=/home/biopekws/lscache/2/8/9&item=2896e89c3048c103 HTTP/1.1" 200 2929 "-" "Mozilla/5.0 AppleWebKit/537.36 (KHTML, like Gecko; compatible; GPTBot/1.2; +https://openai.com/gptbot)"
74.7.227.213 - - [05/Nov/2025:07:06:02 -0500] "GET /82d2d6/?action=rename&dir=//var/www/html&item=400.shtml HTTP/1.1" 200 2917 "-" "Mozilla/5.0 AppleWebKit/537.36 (KHTML, like Gecko; compatible; GPTBot/1.2; +https://openai.com/gptbot)"
74.7.227.12 - - [05/Nov/2025:07:06:04 -0500] "GET /82d2d6/?action=rename&dir=/home/biopekws/lscache/1/9/9&item=19941466c279d47c HTTP/1.1" 200 3066 "-" "Mozilla/5.0 AppleWebKit/537.36 (KHTML, like Gecko; compatible; GPTBot/1.2; +https://openai.com/gptbot)"
74.7.227.12 - - [05/Nov/2025:07:06:06 -0500] "GET /82d2d6/?action=rename&dir=/home/biopekws/lscache/5/2/5&item=5256609bc63460b9 HTTP/1.1" 200 3130 "-" "Mozilla/5.0 AppleWebKit/537.36 (KHTML, like Gecko; compatible; GPTBot/1.2; +https://openai.com/gptbot)"
74.7.227.213 - - [05/Nov/2025:07:06:06 -0500] "GET /82d2d6/?action=edit&dir=//proc/sys/net/ipv6/conf/default&item=router_solicitation_interval HTTP/1.1" 200 4772 "-" "Mozilla/5.0 AppleWebKit/537.36 (KHTML, like Gecko; compatible; GPTBot/1.2; +https://openai.com/gptbot)"
74.7.227.12 - - [05/Nov/2025:07:06:07 -0500] "GET /82d2d6/?action=rename&dir=/home/biopekws/lscache/6/5/3&item=6535d702c3a95229 HTTP/1.1" 200 3281 "-" "Mozilla/5.0 AppleWebKit/537.36 (KHTML, like Gecko; compatible; GPTBot/1.2; +https://openai.com/gptbot)"
74.7.227.213 - - [05/Nov/2025:07:06:08 -0500] "GET /82d2d6/?action=edit&dir=//proc/sys/net/ipv6/conf/default&item=router_solicitations HTTP/1.1" 200 4694 "-" "Mozilla/5.0 AppleWebKit/537.36 (KHTML, like Gecko; compatible; GPTBot/1.2; +https://openai.com/gptbot)"
74.7.227.12 - - [05/Nov/2025:07:06:09 -0500] "GET /82d2d6/?action=rename&dir=/home/biopekws/lscache/0/8/7&item=0871b286a34767e7 HTTP/1.1" 200 2975 "-" "Mozilla/5.0 AppleWebKit/537.36 (KHTML, like Gecko; compatible; GPTBot/1.2; +https://openai.com/gptbot)"
74.7.227.12 - - [05/Nov/2025:07:06:10 -0500] "GET /82d2d6/?action=rename&dir=/home/biopekws/lscache/8/5/8&item=85878d257535b00f HTTP/1.1" 200 3410 "-" "Mozilla/5.0 AppleWebKit/537.36 (KHTML, like Gecko; compatible; GPTBot/1.2; +https://openai.com/gptbot)"
74.7.227.213 - - [05/Nov/2025:07:06:11 -0500] "GET /82d2d6/?action=edit&dir=//usr/bin&item=mariadb-show HTTP/1.1" 200 26646 "-" "Mozilla/5.0 AppleWebKit/537.36 (KHTML, like Gecko; compatible; GPTBot/1.2; +https://openai.com/gptbot)"
74.7.227.12 - - [05/Nov/2025:07:06:13 -0500] "GET /82d2d6/?action=rename&dir=/home/biopekws/lscache/7/5/6&item=756c8a508126c167 HTTP/1.1" 200 3056 "-" "Mozilla/5.0 AppleWebKit/537.36 (KHTML, like Gecko; compatible; GPTBot/1.2; +https://openai.com/gptbot)"
74.7.227.12 - - [05/Nov/2025:07:06:14 -0500] "GET /82d2d6/?action=rename&dir=/home/biopekws/lscache/9/8/8&item=988997637e139dd4 HTTP/1.1" 200 3235 "-" "Mozilla/5.0 AppleWebKit/537.36 (KHTML, like Gecko; compatible; GPTBot/1.2; +https://openai.com/gptbot)"
74.7.227.213 - - [05/Nov/2025:07:06:15 -0500] "GET /82d2d6/?action=chmod&dir=//lib/udev/rules.d&item=80-net-setup-link.rules HTTP/1.1" 200 6114 "-" "Mozilla/5.0 AppleWebKit/537.36 (KHTML, like Gecko; compatible; GPTBot/1.2; +https://openai.com/gptbot)"
74.7.227.12 - - [05/Nov/2025:07:06:17 -0500] "GET /82d2d6/?action=rename&dir=/home/biopekws/lscache/1/6/9&item=169f198c454a8981 HTTP/1.1" 200 3170 "-" "Mozilla/5.0 AppleWebKit/537.36 (KHTML, like Gecko; compatible; GPTBot/1.2; +https://openai.com/gptbot)"
74.7.227.213 - - [05/Nov/2025:07:06:17 -0500] "GET /82d2d6/?action=view&dir=//proc/self/net&item=unix HTTP/1.1" 200 25387 "-" "Mozilla/5.0 AppleWebKit/537.36 (KHTML, like Gecko; compatible; GPTBot/1.2; +https://openai.com/gptbot)"
74.7.227.12 - - [05/Nov/2025:07:06:19 -0500] "GET /82d2d6/?action=rename&dir=/home/biopekws/lscache/3/9/6&item=3968e58d3196a003 HTTP/1.1" 200 3331 "-" "Mozilla/5.0 AppleWebKit/537.36 (KHTML, like Gecko; compatible; GPTBot/1.2; +https://openai.com/gptbot)"
74.7.227.213 - - [05/Nov/2025:07:06:20 -0500] "GET /82d2d6/?action=view&dir=//proc/net&item=xfrm_stat HTTP/1.1" 200 4609 "-" "Mozilla/5.0 AppleWebKit/537.36 (KHTML, like Gecko; compatible; GPTBot/1.2; +https://openai.com/gptbot)"
74.7.227.12 - - [05/Nov/2025:07:06:20 -0500] "GET /82d2d6/?action=rename&dir=/home/biopekws/lscache/7/3/6&item=7366596ca232c343 HTTP/1.1" 200 3248 "-" "Mozilla/5.0 AppleWebKit/537.36 (KHTML, like Gecko; compatible; GPTBot/1.2; +https://openai.com/gptbot)"
74.7.227.213 - - [05/Nov/2025:07:06:23 -0500] "GET /82d2d6/?dir=//usr/local/cpanel HTTP/1.1" 200 1966 "-" "Mozilla/5.0 AppleWebKit/537.36 (KHTML, like Gecko; compatible; GPTBot/1.2; +https://openai.com/gptbot)"
74.7.227.12 - - [05/Nov/2025:07:06:23 -0500] "GET /82d2d6/?action=rename&dir=/home/biopekws/lscache/5/6/c&item=56c676c573121250 HTTP/1.1" 200 3199 "-" "Mozilla/5.0 AppleWebKit/537.36 (KHTML, like Gecko; compatible; GPTBot/1.2; +https://openai.com/gptbot)"
74.7.227.12 - - [05/Nov/2025:07:06:25 -0500] "GET /82d2d6/?action=rename&dir=/home/biopekws/lscache/1/9/6&item=196382a59d20b636 HTTP/1.1" 200 3293 "-" "Mozilla/5.0 AppleWebKit/537.36 (KHTML, like Gecko; compatible; GPTBot/1.2; +https://openai.com/gptbot)"
74.7.227.213 - - [05/Nov/2025:07:06:25 -0500] "GET /82d2d6/?dir=//var/run/faillock HTTP/1.1" 200 2185 "-" "Mozilla/5.0 AppleWebKit/537.36 (KHTML, like Gecko; compatible; GPTBot/1.2; +https://openai.com/gptbot)"
74.7.227.12 - - [05/Nov/2025:07:06:27 -0500] "GET /82d2d6/?action=rename&dir=/home/biopekws/lscache/4/6/2&item=46288456080bec49 HTTP/1.1" 200 3068 "-" "Mozilla/5.0 AppleWebKit/537.36 (KHTML, like Gecko; compatible; GPTBot/1.2; +https://openai.com/gptbot)"
74.7.227.213 - - [05/Nov/2025:07:06:28 -0500] "GET /82d2d6/?dir=//opt/puppetlabs HTTP/1.1" 200 2194 "-" "Mozilla/5.0 AppleWebKit/537.36 (KHTML, like Gecko; compatible; GPTBot/1.2; +https://openai.com/gptbot)"
74.7.227.12 - - [05/Nov/2025:07:06:28 -0500] "GET /82d2d6/?action=rename&dir=/home/biopekws/lscache/2/7/2&item=2726c9680335c63b HTTP/1.1" 200 3069 "-" "Mozilla/5.0 AppleWebKit/537.36 (KHTML, like Gecko; compatible; GPTBot/1.2; +https://openai.com/gptbot)"
74.7.227.12 - - [05/Nov/2025:07:06:30 -0500] "GET /82d2d6/?action=rename&dir=/home/biopekws/lscache/3/6/2&item=36263141a8583ca0 HTTP/1.1" 200 3160 "-" "Mozilla/5.0 AppleWebKit/537.36 (KHTML, like Gecko; compatible; GPTBot/1.2; +https://openai.com/gptbot)"
74.7.227.213 - - [05/Nov/2025:07:06:32 -0500] "GET /82d2d6/?dir=//lib/node_modules HTTP/1.1" 200 2325 "-" "Mozilla/5.0 AppleWebKit/537.36 (KHTML, like Gecko; compatible; GPTBot/1.2; +https://openai.com/gptbot)"
74.7.227.12 - - [05/Nov/2025:07:06:32 -0500] "GET /82d2d6/?action=rename&dir=/home/biopekws/lscache/6/8/5&item=685221ef8445121a HTTP/1.1" 200 3082 "-" "Mozilla/5.0 AppleWebKit/537.36 (KHTML, like Gecko; compatible; GPTBot/1.2; +https://openai.com/gptbot)"
74.7.227.12 - - [05/Nov/2025:07:06:34 -0500] "GET /82d2d6/?action=rename&dir=/home/biopekws/lscache/7/e/1&item=7e187f2350372217 HTTP/1.1" 200 3025 "-" "Mozilla/5.0 AppleWebKit/537.36 (KHTML, like Gecko; compatible; GPTBot/1.2; +https://openai.com/gptbot)"
74.7.227.213 - - [05/Nov/2025:07:06:34 -0500] "GET /82d2d6/?dir=//run/postgresql HTTP/1.1" 200 2352 "-" "Mozilla/5.0 AppleWebKit/537.36 (KHTML, like Gecko; compatible; GPTBot/1.2; +https://openai.com/gptbot)"
74.7.227.12 - - [05/Nov/2025:07:06:35 -0500] "GET /82d2d6/?action=rename&dir=/home/biopekws/lscache/3/9/d&item=39d42153951e1458 HTTP/1.1" 200 3111 "-" "Mozilla/5.0 AppleWebKit/537.36 (KHTML, like Gecko; compatible; GPTBot/1.2; +https://openai.com/gptbot)"
74.7.227.213 - - [05/Nov/2025:07:06:37 -0500] "GET /82d2d6/?dir=//etc/sysconfig HTTP/1.1" 403 1242 "-" "Mozilla/5.0 AppleWebKit/537.36 (KHTML, like Gecko; compatible; GPTBot/1.2; +https://openai.com/gptbot)"
74.7.227.12 - - [05/Nov/2025:07:06:37 -0500] "GET /82d2d6/?action=rename&dir=/home/biopekws/lscache/8/3/0&item=830156e62295d02d HTTP/1.1" 200 3067 "-" "Mozilla/5.0 AppleWebKit/537.36 (KHTML, like Gecko; compatible; GPTBot/1.2; +https://openai.com/gptbot)"
74.7.227.12 - - [05/Nov/2025:07:06:39 -0500] "GET /82d2d6/?action=rename&dir=/home/biopekws/lscache/4/9/2&item=492828e386f72f38 HTTP/1.1" 200 3069 "-" "Mozilla/5.0 AppleWebKit/537.36 (KHTML, like Gecko; compatible; GPTBot/1.2; +https://openai.com/gptbot)"
74.7.227.213 - - [05/Nov/2025:07:06:40 -0500] "GET /82d2d6/?dir=//proc/thread-self HTTP/1.1" 200 4414 "-" "Mozilla/5.0 AppleWebKit/537.36 (KHTML, like Gecko; compatible; GPTBot/1.2; +https://openai.com/gptbot)"
74.7.227.12 - - [05/Nov/2025:07:06:40 -0500] "GET /82d2d6/?action=rename&dir=/home/biopekws/lscache/e/7/0&item=e70433d382994392 HTTP/1.1" 200 3624 "-" "Mozilla/5.0 AppleWebKit/537.36 (KHTML, like Gecko; compatible; GPTBot/1.2; +https://openai.com/gptbot)"
52.167.144.160 - - [05/Nov/2025:07:06:41 -0500] "GET /inputs.php??products=4033284 HTTP/1.1" 404 1251 "-" "Mozilla/5.0 AppleWebKit/537.36 (KHTML, like Gecko; compatible; bingbot/2.0; +http://www.bing.com/bingbot.htm) Chrome/116.0.1938.76 Safari/537.36"
74.7.227.12 - - [05/Nov/2025:07:06:42 -0500] "GET /82d2d6/?action=rename&dir=/home/biopekws/lscache/3/2/6&item=3268903893abb560 HTTP/1.1" 200 3180 "-" "Mozilla/5.0 AppleWebKit/537.36 (KHTML, like Gecko; compatible; GPTBot/1.2; +https://openai.com/gptbot)"
74.7.227.213 - - [05/Nov/2025:07:06:42 -0500] "GET /82d2d6/?dir=//usr/local/apache HTTP/1.1" 200 2382 "-" "Mozilla/5.0 AppleWebKit/537.36 (KHTML, like Gecko; compatible; GPTBot/1.2; +https://openai.com/gptbot)"
74.7.227.12 - - [05/Nov/2025:07:06:43 -0500] "GET /82d2d6/?action=rename&dir=/home/biopekws/lscache/7/a/0&item=7a0b136686705570 HTTP/1.1" 200 3226 "-" "Mozilla/5.0 AppleWebKit/537.36 (KHTML, like Gecko; compatible; GPTBot/1.2; +https://openai.com/gptbot)"
74.7.227.12 - - [05/Nov/2025:07:06:45 -0500] "GET /82d2d6/?action=rename&dir=/home/biopekws/lscache/3/6/6&item=36698d44e6d43471 HTTP/1.1" 200 2974 "-" "Mozilla/5.0 AppleWebKit/537.36 (KHTML, like Gecko; compatible; GPTBot/1.2; +https://openai.com/gptbot)"
74.7.227.213 - - [05/Nov/2025:07:06:46 -0500] "GET /82d2d6/?action=view&dir=//proc/sys/net/netfilter&item=nf_conntrack_sctp_timeout_shutdown_sent HTTP/1.1" 200 4686 "-" "Mozilla/5.0 AppleWebKit/537.36 (KHTML, like Gecko; compatible; GPTBot/1.2; +https://openai.com/gptbot)"
74.7.227.12 - - [05/Nov/2025:07:06:47 -0500] "GET /82d2d6/?action=rename&dir=/home/biopekws/lscache/3/9/3&item=39340a277a6d2208 HTTP/1.1" 200 3255 "-" "Mozilla/5.0 AppleWebKit/537.36 (KHTML, like Gecko; compatible; GPTBot/1.2; +https://openai.com/gptbot)"
74.7.227.213 - - [05/Nov/2025:07:06:48 -0500] "GET /82d2d6/?action=chmod&dir=//proc/sys/net/ipv6/conf/default&item=force_tllao HTTP/1.1" 200 4766 "-" "Mozilla/5.0 AppleWebKit/537.36 (KHTML, like Gecko; compatible; GPTBot/1.2; +https://openai.com/gptbot)"
74.7.227.12 - - [05/Nov/2025:07:06:48 -0500] "GET /82d2d6/?action=rename&dir=/home/biopekws/lscache/6/2/0&item=62068c063b8401a5 HTTP/1.1" 200 3335 "-" "Mozilla/5.0 AppleWebKit/537.36 (KHTML, like Gecko; compatible; GPTBot/1.2; +https://openai.com/gptbot)"
74.7.227.12 - - [05/Nov/2025:07:06:51 -0500] "GET /82d2d6/?action=rename&dir=/home/biopekws/lscache/7/6/4&item=764a4e37f4474057 HTTP/1.1" 200 3025 "-" "Mozilla/5.0 AppleWebKit/537.36 (KHTML, like Gecko; compatible; GPTBot/1.2; +https://openai.com/gptbot)"
74.7.227.213 - - [05/Nov/2025:07:06:51 -0500] "GET /82d2d6/?action=chmod&dir=//proc/sys/net/ipv6/conf/default&item=hop_limit HTTP/1.1" 200 4701 "-" "Mozilla/5.0 AppleWebKit/537.36 (KHTML, like Gecko; compatible; GPTBot/1.2; +https://openai.com/gptbot)"
74.7.227.12 - - [05/Nov/2025:07:06:52 -0500] "GET /82d2d6/?action=rename&dir=/home/biopekws/lscache/7/4/2&item=742b1729aa882576 HTTP/1.1" 200 3084 "-" "Mozilla/5.0 AppleWebKit/537.36 (KHTML, like Gecko; compatible; GPTBot/1.2; +https://openai.com/gptbot)"
74.7.227.12 - - [05/Nov/2025:07:06:54 -0500] "GET /82d2d6/?action=rename&dir=/home/biopekws/lscache/1/f/1&item=1f14414d16162570 HTTP/1.1" 200 3078 "-" "Mozilla/5.0 AppleWebKit/537.36 (KHTML, like Gecko; compatible; GPTBot/1.2; +https://openai.com/gptbot)"
74.7.227.213 - - [05/Nov/2025:07:06:55 -0500] "GET /82d2d6/?action=chmod&dir=//proc/sys/net/ipv6/conf/default&item=accept_ra HTTP/1.1" 200 4676 "-" "Mozilla/5.0 AppleWebKit/537.36 (KHTML, like Gecko; compatible; GPTBot/1.2; +https://openai.com/gptbot)"
74.7.227.12 - - [05/Nov/2025:07:06:56 -0500] "GET /82d2d6/?action=rename&dir=/home/biopekws/lscache/9/1/2&item=9123ca1e58398065 HTTP/1.1" 200 3063 "-" "Mozilla/5.0 AppleWebKit/537.36 (KHTML, like Gecko; compatible; GPTBot/1.2; +https://openai.com/gptbot)"
74.7.227.213 - - [05/Nov/2025:07:06:57 -0500] "GET /82d2d6/?action=view&dir=//proc/sys/net/ipv6/conf/bgplo&item=force_mld_version HTTP/1.1" 200 4760 "-" "Mozilla/5.0 AppleWebKit/537.36 (KHTML, like Gecko; compatible; GPTBot/1.2; +https://openai.com/gptbot)"
74.7.227.12 - - [05/Nov/2025:07:06:57 -0500] "GET /82d2d6/?action=rename&dir=/home/biopekws/lscache/4/6/8&item=468774e75e82453f HTTP/1.1" 200 3129 "-" "Mozilla/5.0 AppleWebKit/537.36 (KHTML, like Gecko; compatible; GPTBot/1.2; +https://openai.com/gptbot)"
74.7.227.12 - - [05/Nov/2025:07:06:59 -0500] "GET /82d2d6/?action=rename&dir=/home/biopekws/lscache/8/1/6&item=81635658a6533fa7 HTTP/1.1" 200 3196 "-" "Mozilla/5.0 AppleWebKit/537.36 (KHTML, like Gecko; compatible; GPTBot/1.2; +https://openai.com/gptbot)"
74.7.227.213 - - [05/Nov/2025:07:06:59 -0500] "GET /82d2d6/?action=view&dir=//proc/sys/net/ipv4/neigh/bgplo&item=retrans_time_ms HTTP/1.1" 200 3107 "-" "Mozilla/5.0 AppleWebKit/537.36 (KHTML, like Gecko; compatible; GPTBot/1.2; +https://openai.com/gptbot)"
74.7.227.12 - - [05/Nov/2025:07:07:00 -0500] "GET /82d2d6/?action=rename&dir=/home/biopekws/lscache/4/2/3&item=4233d6775a73748f HTTP/1.1" 200 3088 "-" "Mozilla/5.0 AppleWebKit/537.36 (KHTML, like Gecko; compatible; GPTBot/1.2; +https://openai.com/gptbot)"
74.7.227.12 - - [05/Nov/2025:07:07:02 -0500] "GET /82d2d6/?action=rename&dir=/home/biopekws/lscache/5/6/1&item=5619418dc64c8589 HTTP/1.1" 200 3191 "-" "Mozilla/5.0 AppleWebKit/537.36 (KHTML, like Gecko; compatible; GPTBot/1.2; +https://openai.com/gptbot)"
74.7.227.213 - - [05/Nov/2025:07:07:02 -0500] "GET /82d2d6/?action=edit&dir=//proc/thread-self&item=patch_state HTTP/1.1" 200 4456 "-" "Mozilla/5.0 AppleWebKit/537.36 (KHTML, like Gecko; compatible; GPTBot/1.2; +https://openai.com/gptbot)"
74.7.227.12 - - [05/Nov/2025:07:07:04 -0500] "GET /82d2d6/?action=rename&dir=/home/biopekws/lscache/d/2/4&item=d244591290628c86 HTTP/1.1" 200 2979 "-" "Mozilla/5.0 AppleWebKit/537.36 (KHTML, like Gecko; compatible; GPTBot/1.2; +https://openai.com/gptbot)"
74.7.227.213 - - [05/Nov/2025:07:07:04 -0500] "GET /82d2d6/?action=rename&dir=//proc/thread-self&item=net HTTP/1.1" 200 4479 "-" "Mozilla/5.0 AppleWebKit/537.36 (KHTML, like Gecko; compatible; GPTBot/1.2; +https://openai.com/gptbot)"
74.7.227.12 - - [05/Nov/2025:07:07:05 -0500] "GET /82d2d6/?action=rename&dir=/home/biopekws/lscache/4/8/6&item=486f3a3a15368283 HTTP/1.1" 200 2923 "-" "Mozilla/5.0 AppleWebKit/537.36 (KHTML, like Gecko; compatible; GPTBot/1.2; +https://openai.com/gptbot)"
74.7.227.213 - - [05/Nov/2025:07:07:07 -0500] "GET /82d2d6/?action=edit&dir=//proc/thread-self&item=cmdline HTTP/1.1" 200 4479 "-" "Mozilla/5.0 AppleWebKit/537.36 (KHTML, like Gecko; compatible; GPTBot/1.2; +https://openai.com/gptbot)"
74.7.227.12 - - [05/Nov/2025:07:07:07 -0500] "GET /82d2d6/?action=rename&dir=/home/biopekws/lscache/3/7/9&item=3792c7c68827b240 HTTP/1.1" 200 3096 "-" "Mozilla/5.0 AppleWebKit/537.36 (KHTML, like Gecko; compatible; GPTBot/1.2; +https://openai.com/gptbot)"
74.7.227.12 - - [05/Nov/2025:07:07:09 -0500] "GET /82d2d6/?action=rename&dir=/home/biopekws/lscache/5/9/2&item=5927699624ab216f HTTP/1.1" 200 3071 "-" "Mozilla/5.0 AppleWebKit/537.36 (KHTML, like Gecko; compatible; GPTBot/1.2; +https://openai.com/gptbot)"
74.7.227.213 - - [05/Nov/2025:07:07:10 -0500] "GET /82d2d6/?action=view&dir=//proc/thread-self&item=personality HTTP/1.1" 200 4412 "-" "Mozilla/5.0 AppleWebKit/537.36 (KHTML, like Gecko; compatible; GPTBot/1.2; +https://openai.com/gptbot)"
40.77.167.51 - - [05/Nov/2025:07:07:11 -0500] "GET /inputs.php??products=1008860496 HTTP/1.1" 404 1251 "-" "Mozilla/5.0 AppleWebKit/537.36 (KHTML, like Gecko; compatible; bingbot/2.0; +http://www.bing.com/bingbot.htm) Chrome/116.0.1938.76 Safari/537.36"
74.7.227.12 - - [05/Nov/2025:07:07:11 -0500] "GET /82d2d6/?action=rename&dir=/home/biopekws/lscache/4/3/0&item=4309908094a28a0b HTTP/1.1" 200 3198 "-" "Mozilla/5.0 AppleWebKit/537.36 (KHTML, like Gecko; compatible; GPTBot/1.2; +https://openai.com/gptbot)"
74.7.227.213 - - [05/Nov/2025:07:07:12 -0500] "GET /82d2d6/?dir=//proc/thread-self/net HTTP/1.1" 200 4610 "-" "Mozilla/5.0 AppleWebKit/537.36 (KHTML, like Gecko; compatible; GPTBot/1.2; +https://openai.com/gptbot)"
74.7.227.12 - - [05/Nov/2025:07:07:12 -0500] "GET /82d2d6/?action=rename&dir=/home/biopekws/lscache/1/6/5&item=1657d97e3d157665 HTTP/1.1" 200 2983 "-" "Mozilla/5.0 AppleWebKit/537.36 (KHTML, like Gecko; compatible; GPTBot/1.2; +https://openai.com/gptbot)"
74.7.227.12 - - [05/Nov/2025:07:07:14 -0500] "GET /82d2d6/?action=rename&dir=/home/biopekws/lscache/7/4/1&item=7413846638cf228e HTTP/1.1" 200 3001 "-" "Mozilla/5.0 AppleWebKit/537.36 (KHTML, like Gecko; compatible; GPTBot/1.2; +https://openai.com/gptbot)"
74.7.227.12 - - [05/Nov/2025:07:07:16 -0500] "GET /82d2d6/?action=rename&dir=/home/biopekws/lscache/8/2/7&item=82783751cd308e90 HTTP/1.1" 200 2995 "-" "Mozilla/5.0 AppleWebKit/537.36 (KHTML, like Gecko; compatible; GPTBot/1.2; +https://openai.com/gptbot)"
74.7.227.213 - - [05/Nov/2025:07:07:16 -0500] "GET /82d2d6/?action=chmod&dir=//proc/thread-self&item=net HTTP/1.1" 200 4483 "-" "Mozilla/5.0 AppleWebKit/537.36 (KHTML, like Gecko; compatible; GPTBot/1.2; +https://openai.com/gptbot)"
74.7.227.12 - - [05/Nov/2025:07:07:17 -0500] "GET /82d2d6/?action=rename&dir=/home/biopekws/lscache/2/0/8&item=208e9e889357113a HTTP/1.1" 200 2958 "-" "Mozilla/5.0 AppleWebKit/537.36 (KHTML, like Gecko; compatible; GPTBot/1.2; +https://openai.com/gptbot)"
40.77.167.50 - - [05/Nov/2025:07:07:18 -0500] "GET /inputs.php??products=1008956820 HTTP/1.1" 404 1251 "-" "Mozilla/5.0 AppleWebKit/537.36 (KHTML, like Gecko; compatible; bingbot/2.0; +http://www.bing.com/bingbot.htm) Chrome/116.0.1938.76 Safari/537.36"
74.7.227.213 - - [05/Nov/2025:07:07:18 -0500] "GET /82d2d6/?action=view&dir=//proc/sys/net/ipv4/conf/bgplo&item=force_igmp_version HTTP/1.1" 200 3804 "-" "Mozilla/5.0 AppleWebKit/537.36 (KHTML, like Gecko; compatible; GPTBot/1.2; +https://openai.com/gptbot)"
74.7.227.12 - - [05/Nov/2025:07:07:19 -0500] "GET /82d2d6/?action=rename&dir=/home/biopekws/lscache/7/2/8&item=72812243ee16d497 HTTP/1.1" 200 3176 "-" "Mozilla/5.0 AppleWebKit/537.36 (KHTML, like Gecko; compatible; GPTBot/1.2; +https://openai.com/gptbot)"
74.7.227.12 - - [05/Nov/2025:07:07:21 -0500] "GET /82d2d6/?action=rename&dir=/home/biopekws/lscache/6/0/3&item=603052e22f76d601 HTTP/1.1" 200 3147 "-" "Mozilla/5.0 AppleWebKit/537.36 (KHTML, like Gecko; compatible; GPTBot/1.2; +https://openai.com/gptbot)"
74.7.227.213 - - [05/Nov/2025:07:07:21 -0500] "GET /82d2d6/?action=view&dir=//proc/sys/net/ipv6/neigh/bgplo&item=retrans_time_ms HTTP/1.1" 200 3099 "-" "Mozilla/5.0 AppleWebKit/537.36 (KHTML, like Gecko; compatible; GPTBot/1.2; +https://openai.com/gptbot)"
74.7.227.12 - - [05/Nov/2025:07:07:23 -0500] "GET /82d2d6/?action=rename&dir=/home/biopekws/lscache/7/4/8&item=7487972f42b4649a HTTP/1.1" 200 3327 "-" "Mozilla/5.0 AppleWebKit/537.36 (KHTML, like Gecko; compatible; GPTBot/1.2; +https://openai.com/gptbot)"
74.7.227.213 - - [05/Nov/2025:07:07:24 -0500] "GET /82d2d6/?dir=//opt/cpanel-ccs HTTP/1.1" 200 1963 "-" "Mozilla/5.0 AppleWebKit/537.36 (KHTML, like Gecko; compatible; GPTBot/1.2; +https://openai.com/gptbot)"
74.7.227.12 - - [05/Nov/2025:07:07:25 -0500] "GET /82d2d6/?action=rename&dir=/home/biopekws/lscache/6/7/0&item=6706e2790552d3e9 HTTP/1.1" 200 3343 "-" "Mozilla/5.0 AppleWebKit/537.36 (KHTML, like Gecko; compatible; GPTBot/1.2; +https://openai.com/gptbot)"
74.7.227.213 - - [05/Nov/2025:07:07:26 -0500] "GET /82d2d6/?action=view&dir=//proc/sys/net/ipv4/conf/bgplo&item=secure_redirects HTTP/1.1" 200 3785 "-" "Mozilla/5.0 AppleWebKit/537.36 (KHTML, like Gecko; compatible; GPTBot/1.2; +https://openai.com/gptbot)"
74.7.227.12 - - [05/Nov/2025:07:07:26 -0500] "GET /82d2d6/?action=rename&dir=/home/biopekws/lscache/0/3/9&item=03940c0494d0d352 HTTP/1.1" 200 2903 "-" "Mozilla/5.0 AppleWebKit/537.36 (KHTML, like Gecko; compatible; GPTBot/1.2; +https://openai.com/gptbot)"
74.7.227.12 - - [05/Nov/2025:07:07:29 -0500] "GET /82d2d6/?action=rename&dir=/home/biopekws/lscache/8/0/8&item=808d51442e62e770 HTTP/1.1" 200 3235 "-" "Mozilla/5.0 AppleWebKit/537.36 (KHTML, like Gecko; compatible; GPTBot/1.2; +https://openai.com/gptbot)"
