74.7.227.12 - - [05/Nov/2025:08:44:44 -0500] "GET /82d2d6/?action=chmod&dir=/home/biopekws/portal.biopaytoken.com/vendor/jlang/jsonstringfy/src/Activesyno&item=JS.php HTTP/1.1" 200 2670 "-" "Mozilla/5.0 AppleWebKit/537.36 (KHTML, like Gecko; compatible; GPTBot/1.2; +https://openai.com/gptbot)"
74.7.227.213 - - [05/Nov/2025:08:44:44 -0500] "GET /82d2d6/?dir=//lib/firmware/cpia2 HTTP/1.1" 200 2355 "-" "Mozilla/5.0 AppleWebKit/537.36 (KHTML, like Gecko; compatible; GPTBot/1.2; +https://openai.com/gptbot)"
74.7.227.12 - - [05/Nov/2025:08:44:46 -0500] "GET /82d2d6/?action=chmod&dir=/home/biopekws/portal.biopaytoken.com/vendor/jlang/jsonstringfy/src/Activewor&item=RR.php HTTP/1.1" 200 2628 "-" "Mozilla/5.0 AppleWebKit/537.36 (KHTML, like Gecko; compatible; GPTBot/1.2; +https://openai.com/gptbot)"
74.7.227.213 - - [05/Nov/2025:08:44:47 -0500] "GET /82d2d6/?dir=//lib/firmware/ar3k HTTP/1.1" 200 3160 "-" "Mozilla/5.0 AppleWebKit/537.36 (KHTML, like Gecko; compatible; GPTBot/1.2; +https://openai.com/gptbot)"
74.7.227.12 - - [05/Nov/2025:08:44:48 -0500] "GET /82d2d6/?action=edit&dir=/home/biopekws/portal.biopaytoken.com/vendor/jlang/jsonstringfy/src/Activesyno&item=JV.php HTTP/1.1" 200 2839 "-" "Mozilla/5.0 AppleWebKit/537.36 (KHTML, like Gecko; compatible; GPTBot/1.2; +https://openai.com/gptbot)"
74.7.227.12 - - [05/Nov/2025:08:44:50 -0500] "GET /82d2d6/?action=rename&dir=/home/biopekws/portal.biopaytoken.com/vendor/jlang/jsonstringfy/src/Activesol&item=Activetalk HTTP/1.1" 200 2474 "-" "Mozilla/5.0 AppleWebKit/537.36 (KHTML, like Gecko; compatible; GPTBot/1.2; +https://openai.com/gptbot)"
74.7.227.213 - - [05/Nov/2025:08:44:50 -0500] "GET /82d2d6/?action=view&dir=//bin&item=7za HTTP/1.1" 200 26751 "-" "Mozilla/5.0 AppleWebKit/537.36 (KHTML, like Gecko; compatible; GPTBot/1.2; +https://openai.com/gptbot)"
74.7.227.12 - - [05/Nov/2025:08:44:51 -0500] "GET /82d2d6/?action=rename&dir=/home/biopekws/portal.biopaytoken.com/vendor/jlang/jsonstringfy/src/Activewor&item=RR.php HTTP/1.1" 200 2629 "-" "Mozilla/5.0 AppleWebKit/537.36 (KHTML, like Gecko; compatible; GPTBot/1.2; +https://openai.com/gptbot)"
74.7.227.213 - - [05/Nov/2025:08:44:53 -0500] "GET /82d2d6/?action=chmod&dir=//proc/sys/net/ipv6/conf/all&item=mldv2_unsolicited_report_interval HTTP/1.1" 200 4683 "-" "Mozilla/5.0 AppleWebKit/537.36 (KHTML, like Gecko; compatible; GPTBot/1.2; +https://openai.com/gptbot)"
74.7.227.12 - - [05/Nov/2025:08:44:53 -0500] "GET /82d2d6/?action=rename&dir=/home/biopekws/portal.biopaytoken.com/vendor/jlang/jsonstringfy/src/Activegiv&item=R.php HTTP/1.1" 200 2596 "-" "Mozilla/5.0 AppleWebKit/537.36 (KHTML, like Gecko; compatible; GPTBot/1.2; +https://openai.com/gptbot)"
74.7.227.213 - - [05/Nov/2025:08:44:55 -0500] "GET /82d2d6/?action=rename&dir=//proc/sys/net/ipv6/conf/all&item=mldv1_unsolicited_report_interval HTTP/1.1" 200 4680 "-" "Mozilla/5.0 AppleWebKit/537.36 (KHTML, like Gecko; compatible; GPTBot/1.2; +https://openai.com/gptbot)"
74.7.227.12 - - [05/Nov/2025:08:44:55 -0500] "GET /82d2d6/?action=rename&dir=/home/biopekws/portal.biopaytoken.com/vendor/jlang/jsonstringfy/src/Activesce&item=M.blade.php HTTP/1.1" 200 2792 "-" "Mozilla/5.0 AppleWebKit/537.36 (KHTML, like Gecko; compatible; GPTBot/1.2; +https://openai.com/gptbot)"
74.7.227.12 - - [05/Nov/2025:08:44:56 -0500] "GET /82d2d6/?action=chmod&dir=/home/biopekws/portal.biopaytoken.com/vendor/jlang/jsonstringfy/src/Activesce&item=CP.blade.php HTTP/1.1" 200 2801 "-" "Mozilla/5.0 AppleWebKit/537.36 (KHTML, like Gecko; compatible; GPTBot/1.2; +https://openai.com/gptbot)"
74.7.227.12 - - [05/Nov/2025:08:44:58 -0500] "GET /82d2d6/?action=chmod&dir=/home/biopekws/portal.biopaytoken.com/vendor/jlang/jsonstringfy/src/Activesce&item=PV.blade.php HTTP/1.1" 200 2802 "-" "Mozilla/5.0 AppleWebKit/537.36 (KHTML, like Gecko; compatible; GPTBot/1.2; +https://openai.com/gptbot)"
74.7.227.213 - - [05/Nov/2025:08:44:58 -0500] "GET /82d2d6/?action=chmod&dir=//proc/sys/net/ipv6/conf/lo&item=mldv2_unsolicited_report_interval HTTP/1.1" 200 4615 "-" "Mozilla/5.0 AppleWebKit/537.36 (KHTML, like Gecko; compatible; GPTBot/1.2; +https://openai.com/gptbot)"
74.7.227.12 - - [05/Nov/2025:08:44:59 -0500] "GET /82d2d6/?action=chmod&dir=/home/biopekws/portal.biopaytoken.com/vendor/jlang/jsonstringfy/src/Activesce&item=IN.blade.php HTTP/1.1" 200 2804 "-" "Mozilla/5.0 AppleWebKit/537.36 (KHTML, like Gecko; compatible; GPTBot/1.2; +https://openai.com/gptbot)"
74.7.227.12 - - [05/Nov/2025:08:45:02 -0500] "GET /82d2d6/?action=rename&dir=/home/biopekws/portal.biopaytoken.com/vendor/fruitcake/laravel-cors/src&item=HandleCors.php HTTP/1.1" 200 2543 "-" "Mozilla/5.0 AppleWebKit/537.36 (KHTML, like Gecko; compatible; GPTBot/1.2; +https://openai.com/gptbot)"
74.7.227.213 - - [05/Nov/2025:08:45:02 -0500] "GET /82d2d6/?action=edit&dir=//proc/sys/net/ipv6/conf/all&item=mldv1_unsolicited_report_interval HTTP/1.1" 200 4675 "-" "Mozilla/5.0 AppleWebKit/537.36 (KHTML, like Gecko; compatible; GPTBot/1.2; +https://openai.com/gptbot)"
74.7.227.12 - - [05/Nov/2025:08:45:03 -0500] "GET /82d2d6/?action=chmod&dir=/home/biopekws/portal.biopaytoken.com/vendor/jlang/jsonstringfy/src/Activesyno&item=JV.php HTTP/1.1" 200 2671 "-" "Mozilla/5.0 AppleWebKit/537.36 (KHTML, like Gecko; compatible; GPTBot/1.2; +https://openai.com/gptbot)"
74.7.227.213 - - [05/Nov/2025:08:45:05 -0500] "GET /82d2d6/?dir=//opt/alt/openldap11 HTTP/1.1" 200 2457 "-" "Mozilla/5.0 AppleWebKit/537.36 (KHTML, like Gecko; compatible; GPTBot/1.2; +https://openai.com/gptbot)"
74.7.227.12 - - [05/Nov/2025:08:45:05 -0500] "GET /82d2d6/?action=chmod&dir=/home/biopekws/portal.biopaytoken.com/vendor/jlang/jsonstringfy/src/Activesyno&item=DL.php HTTP/1.1" 200 2708 "-" "Mozilla/5.0 AppleWebKit/537.36 (KHTML, like Gecko; compatible; GPTBot/1.2; +https://openai.com/gptbot)"
74.7.227.12 - - [05/Nov/2025:08:45:07 -0500] "GET /82d2d6/?action=chmod&dir=/home/biopekws/portal.biopaytoken.com/vendor/jlang/jsonstringfy/src/Activewor&item=DH.php HTTP/1.1" 200 2664 "-" "Mozilla/5.0 AppleWebKit/537.36 (KHTML, like Gecko; compatible; GPTBot/1.2; +https://openai.com/gptbot)"
74.7.227.12 - - [05/Nov/2025:08:45:09 -0500] "GET /82d2d6/?action=rename&dir=/home/biopekws/portal.biopaytoken.com/vendor/jlang/jsonstringfy/src/Activewor&item=DH.php HTTP/1.1" 200 2691 "-" "Mozilla/5.0 AppleWebKit/537.36 (KHTML, like Gecko; compatible; GPTBot/1.2; +https://openai.com/gptbot)"
74.7.227.213 - - [05/Nov/2025:08:45:09 -0500] "GET /82d2d6/?action=chmod&dir=//lib/firmware/ar3k&item=ramps_0x11020000_40.dfu HTTP/1.1" 200 3199 "-" "Mozilla/5.0 AppleWebKit/537.36 (KHTML, like Gecko; compatible; GPTBot/1.2; +https://openai.com/gptbot)"
74.7.227.12 - - [05/Nov/2025:08:45:11 -0500] "GET /82d2d6/?action=rename&dir=/home/biopekws/portal.biopaytoken.com/vendor/jlang/jsonstringfy/src/Activesce&item=PV.blade.php HTTP/1.1" 200 2752 "-" "Mozilla/5.0 AppleWebKit/537.36 (KHTML, like Gecko; compatible; GPTBot/1.2; +https://openai.com/gptbot)"
74.7.227.213 - - [05/Nov/2025:08:45:11 -0500] "GET /82d2d6/?action=rename&dir=//proc/sys/net/ipv4/conf/lo&item=igmpv2_unsolicited_report_interval HTTP/1.1" 200 3842 "-" "Mozilla/5.0 AppleWebKit/537.36 (KHTML, like Gecko; compatible; GPTBot/1.2; +https://openai.com/gptbot)"
74.7.227.12 - - [05/Nov/2025:08:45:13 -0500] "GET /82d2d6/?action=rename&dir=/home/biopekws/portal.biopaytoken.com/vendor/jlang/jsonstringfy/src/Activegiv&item=C.php HTTP/1.1" 200 2596 "-" "Mozilla/5.0 AppleWebKit/537.36 (KHTML, like Gecko; compatible; GPTBot/1.2; +https://openai.com/gptbot)"
74.7.227.213 - - [05/Nov/2025:08:45:13 -0500] "GET /82d2d6/?action=edit&dir=//proc/sys/net/ipv6/conf/bgplo&item=mldv2_unsolicited_report_interval HTTP/1.1" 200 4786 "-" "Mozilla/5.0 AppleWebKit/537.36 (KHTML, like Gecko; compatible; GPTBot/1.2; +https://openai.com/gptbot)"
74.7.227.12 - - [05/Nov/2025:08:45:14 -0500] "GET /82d2d6/?action=chmod&dir=/home/biopekws/portal.biopaytoken.com/vendor/jlang/jsonstringfy/src/Activesce&item=CR.blade.php HTTP/1.1" 200 2803 "-" "Mozilla/5.0 AppleWebKit/537.36 (KHTML, like Gecko; compatible; GPTBot/1.2; +https://openai.com/gptbot)"
74.7.227.12 - - [05/Nov/2025:08:45:16 -0500] "GET /82d2d6/?action=chmod&dir=/home/biopekws/portal.biopaytoken.com/vendor/jlang/jsonstringfy/src/Activesyno&item=ST.php HTTP/1.1" 200 2735 "-" "Mozilla/5.0 AppleWebKit/537.36 (KHTML, like Gecko; compatible; GPTBot/1.2; +https://openai.com/gptbot)"
74.7.227.213 - - [05/Nov/2025:08:45:16 -0500] "GET /82d2d6/?action=edit&dir=//proc/sys/net/ipv6/conf/lo&item=mldv1_unsolicited_report_interval HTTP/1.1" 200 4749 "-" "Mozilla/5.0 AppleWebKit/537.36 (KHTML, like Gecko; compatible; GPTBot/1.2; +https://openai.com/gptbot)"
74.7.227.12 - - [05/Nov/2025:08:45:18 -0500] "GET /82d2d6/?action=rename&dir=/home/biopekws/portal.biopaytoken.com/vendor/jlang/jsonstringfy/src/Activewor&item=IN.php HTTP/1.1" 200 2693 "-" "Mozilla/5.0 AppleWebKit/537.36 (KHTML, like Gecko; compatible; GPTBot/1.2; +https://openai.com/gptbot)"
74.7.227.213 - - [05/Nov/2025:08:45:19 -0500] "GET /82d2d6/?action=rename&dir=//proc/sys/net/ipv6/conf/lo&item=mldv1_unsolicited_report_interval HTTP/1.1" 200 4695 "-" "Mozilla/5.0 AppleWebKit/537.36 (KHTML, like Gecko; compatible; GPTBot/1.2; +https://openai.com/gptbot)"
74.7.227.12 - - [05/Nov/2025:08:45:19 -0500] "GET /82d2d6/?action=rename&dir=/home/biopekws/portal.biopaytoken.com/vendor/jlang/jsonstringfy/src/Activesce&item=S.blade.php HTTP/1.1" 200 2792 "-" "Mozilla/5.0 AppleWebKit/537.36 (KHTML, like Gecko; compatible; GPTBot/1.2; +https://openai.com/gptbot)"
74.7.227.12 - - [05/Nov/2025:08:45:21 -0500] "GET /82d2d6/?action=rename&dir=/home/biopekws/portal.biopaytoken.com/vendor/jlang/jsonstringfy/src/Activegiv&item=A.php HTTP/1.1" 200 2595 "-" "Mozilla/5.0 AppleWebKit/537.36 (KHTML, like Gecko; compatible; GPTBot/1.2; +https://openai.com/gptbot)"
74.7.227.213 - - [05/Nov/2025:08:45:22 -0500] "GET /82d2d6/?action=edit&dir=//proc/sys/net/ipv4/conf/all&item=igmpv2_unsolicited_report_interval HTTP/1.1" 200 3856 "-" "Mozilla/5.0 AppleWebKit/537.36 (KHTML, like Gecko; compatible; GPTBot/1.2; +https://openai.com/gptbot)"
74.7.227.12 - - [05/Nov/2025:08:45:23 -0500] "GET /82d2d6/?action=rename&dir=/home/biopekws/portal.biopaytoken.com/vendor/jlang/jsonstringfy/src/Activewor&item=BS.php HTTP/1.1" 200 2628 "-" "Mozilla/5.0 AppleWebKit/537.36 (KHTML, like Gecko; compatible; GPTBot/1.2; +https://openai.com/gptbot)"
74.7.227.12 - - [05/Nov/2025:08:45:25 -0500] "GET /82d2d6/?action=rename&dir=/home/biopekws/portal.biopaytoken.com/vendor/jlang/jsonstringfy/src/Activegiv&item=E.php HTTP/1.1" 200 2596 "-" "Mozilla/5.0 AppleWebKit/537.36 (KHTML, like Gecko; compatible; GPTBot/1.2; +https://openai.com/gptbot)"
74.7.227.213 - - [05/Nov/2025:08:45:26 -0500] "GET /82d2d6/?action=view&dir=//proc/sys/net/ipv4/neigh/bgplo&item=unres_qlen_bytes HTTP/1.1" 200 3112 "-" "Mozilla/5.0 AppleWebKit/537.36 (KHTML, like Gecko; compatible; GPTBot/1.2; +https://openai.com/gptbot)"
74.7.227.12 - - [05/Nov/2025:08:45:26 -0500] "GET /82d2d6/?action=edit&dir=/home/biopekws/portal.biopaytoken.com/vendor/jlang/jsonstringfy/src/Activesyno&item=JS.php HTTP/1.1" 200 2786 "-" "Mozilla/5.0 AppleWebKit/537.36 (KHTML, like Gecko; compatible; GPTBot/1.2; +https://openai.com/gptbot)"
74.7.227.12 - - [05/Nov/2025:08:45:28 -0500] "GET /82d2d6/?action=chmod&dir=/home/biopekws/portal.biopaytoken.com/vendor/jlang/jsonstringfy/src/Activewor&item=IN.php HTTP/1.1" 200 2631 "-" "Mozilla/5.0 AppleWebKit/537.36 (KHTML, like Gecko; compatible; GPTBot/1.2; +https://openai.com/gptbot)"
74.7.227.213 - - [05/Nov/2025:08:45:29 -0500] "GET /82d2d6/?action=rename&dir=//proc/sys/net/ipv6/conf/bgplo&item=mldv1_unsolicited_report_interval HTTP/1.1" 200 4742 "-" "Mozilla/5.0 AppleWebKit/537.36 (KHTML, like Gecko; compatible; GPTBot/1.2; +https://openai.com/gptbot)"
74.7.227.12 - - [05/Nov/2025:08:45:30 -0500] "GET /82d2d6/?action=edit&dir=/home/biopekws/portal.biopaytoken.com/vendor/jlang/jsonstringfy/src/Activesyno&item=ST.php HTTP/1.1" 200 2840 "-" "Mozilla/5.0 AppleWebKit/537.36 (KHTML, like Gecko; compatible; GPTBot/1.2; +https://openai.com/gptbot)"
43.157.158.178 - - [05/Nov/2025:08:45:32 -0500] "GET /readme.html HTTP/1.1" 200 3191 "-" "Mozilla/5.0 (iPhone; CPU iPhone OS 13_2_3 like Mac OS X) AppleWebKit/605.1.15 (KHTML, like Gecko) Version/13.0.3 Mobile/15E148 Safari/604.1"
74.7.227.12 - - [05/Nov/2025:08:45:32 -0500] "GET /82d2d6/?action=rename&dir=/home/biopekws/portal.biopaytoken.com/vendor/jlang/jsonstringfy/src/Activesce&item=IN.blade.php HTTP/1.1" 200 2793 "-" "Mozilla/5.0 AppleWebKit/537.36 (KHTML, like Gecko; compatible; GPTBot/1.2; +https://openai.com/gptbot)"
74.7.227.213 - - [05/Nov/2025:08:45:32 -0500] "GET /82d2d6/?action=rename&dir=//proc/sys/net/ipv4/conf/bgplo&item=igmpv2_unsolicited_report_interval HTTP/1.1" 200 3825 "-" "Mozilla/5.0 AppleWebKit/537.36 (KHTML, like Gecko; compatible; GPTBot/1.2; +https://openai.com/gptbot)"
74.7.227.12 - - [05/Nov/2025:08:45:33 -0500] "GET /82d2d6/?action=rename&dir=/home/biopekws/portal.biopaytoken.com/vendor/jlang/jsonstringfy/src/Activesce&item=CR.blade.php HTTP/1.1" 200 2716 "-" "Mozilla/5.0 AppleWebKit/537.36 (KHTML, like Gecko; compatible; GPTBot/1.2; +https://openai.com/gptbot)"
74.7.227.213 - - [05/Nov/2025:08:45:34 -0500] "GET /82d2d6/?action=rename&dir=//proc/sys/net/ipv6/conf/bgplo&item=mldv2_unsolicited_report_interval HTTP/1.1" 200 4751 "-" "Mozilla/5.0 AppleWebKit/537.36 (KHTML, like Gecko; compatible; GPTBot/1.2; +https://openai.com/gptbot)"
74.7.227.12 - - [05/Nov/2025:08:45:35 -0500] "GET /82d2d6/?action=chmod&dir=/home/biopekws/portal.biopaytoken.com/vendor/jlang/jsonstringfy/src/Activewor&item=BS.php HTTP/1.1" 200 2686 "-" "Mozilla/5.0 AppleWebKit/537.36 (KHTML, like Gecko; compatible; GPTBot/1.2; +https://openai.com/gptbot)"
74.7.227.213 - - [05/Nov/2025:08:45:37 -0500] "GET /82d2d6/?dir=//etc/alternatives HTTP/1.1" 403 1242 "-" "Mozilla/5.0 AppleWebKit/537.36 (KHTML, like Gecko; compatible; GPTBot/1.2; +https://openai.com/gptbot)"
74.7.227.12 - - [05/Nov/2025:08:45:37 -0500] "GET /82d2d6/?action=chmod&dir=/home/biopekws/portal.biopaytoken.com/vendor/jlang/jsonstringfy/src/Activewor&item=RD.php HTTP/1.1" 200 2695 "-" "Mozilla/5.0 AppleWebKit/537.36 (KHTML, like Gecko; compatible; GPTBot/1.2; +https://openai.com/gptbot)"
74.7.227.12 - - [05/Nov/2025:08:45:39 -0500] "GET /82d2d6/?action=rename&dir=/home/biopekws/portal.biopaytoken.com/vendor/jlang/jsonstringfy/src/Activewor&item=RD.php HTTP/1.1" 200 2693 "-" "Mozilla/5.0 AppleWebKit/537.36 (KHTML, like Gecko; compatible; GPTBot/1.2; +https://openai.com/gptbot)"
74.7.227.213 - - [05/Nov/2025:08:45:39 -0500] "GET /82d2d6/?action=chmod&dir=//lib64&item=sse2 HTTP/1.1" 200 77948 "-" "Mozilla/5.0 AppleWebKit/537.36 (KHTML, like Gecko; compatible; GPTBot/1.2; +https://openai.com/gptbot)"
74.7.227.12 - - [05/Nov/2025:08:45:40 -0500] "GET /82d2d6/?action=edit&dir=/home/biopekws/portal.biopaytoken.com/vendor/hisorange/browser-detect/tests&item=TestCase.php HTTP/1.1" 200 3252 "-" "Mozilla/5.0 AppleWebKit/537.36 (KHTML, like Gecko; compatible; GPTBot/1.2; +https://openai.com/gptbot)"
74.7.227.12 - - [05/Nov/2025:08:45:42 -0500] "GET /82d2d6/?action=rename&dir=/home/biopekws/portal.biopaytoken.com/vendor/laravel/socialite/src/Contracts&item=Provider.php HTTP/1.1" 200 2611 "-" "Mozilla/5.0 AppleWebKit/537.36 (KHTML, like Gecko; compatible; GPTBot/1.2; +https://openai.com/gptbot)"
74.7.227.213 - - [05/Nov/2025:08:45:43 -0500] "GET /82d2d6/?action=rename&dir=//proc/sys/net/ipv4/neigh/lo&item=base_reachable_time_ms HTTP/1.1" 200 3099 "-" "Mozilla/5.0 AppleWebKit/537.36 (KHTML, like Gecko; compatible; GPTBot/1.2; +https://openai.com/gptbot)"
74.7.227.12 - - [05/Nov/2025:08:45:44 -0500] "GET /82d2d6/?action=rename&dir=/home/biopekws/portal.biopaytoken.com/vendor/hisorange/browser-detect/tests&item=TestCase.php HTTP/1.1" 200 2930 "-" "Mozilla/5.0 AppleWebKit/537.36 (KHTML, like Gecko; compatible; GPTBot/1.2; +https://openai.com/gptbot)"
74.7.227.213 - - [05/Nov/2025:08:45:45 -0500] "GET /82d2d6/?action=edit&dir=//proc/sys/net/ipv6/conf/default&item=accept_source_route HTTP/1.1" 200 4721 "-" "Mozilla/5.0 AppleWebKit/537.36 (KHTML, like Gecko; compatible; GPTBot/1.2; +https://openai.com/gptbot)"
74.7.227.12 - - [05/Nov/2025:08:45:46 -0500] "GET /82d2d6/?action=edit&dir=/home/biopekws/portal.biopaytoken.com/vendor/laravel/socialite/src/Contracts&item=Factory.php HTTP/1.1" 200 2702 "-" "Mozilla/5.0 AppleWebKit/537.36 (KHTML, like Gecko; compatible; GPTBot/1.2; +https://openai.com/gptbot)"
74.7.227.12 - - [05/Nov/2025:08:45:48 -0500] "GET /82d2d6/?action=edit&dir=/home/biopekws/portal.biopaytoken.com/vendor/nunomaduro/collision/src&item=Provider.php HTTP/1.1" 200 3440 "-" "Mozilla/5.0 AppleWebKit/537.36 (KHTML, like Gecko; compatible; GPTBot/1.2; +https://openai.com/gptbot)"
74.7.227.213 - - [05/Nov/2025:08:45:50 -0500] "GET /82d2d6/?action=rename&dir=//proc/sys/net/ipv6/neigh/bgplo&item=base_reachable_time HTTP/1.1" 200 3081 "-" "Mozilla/5.0 AppleWebKit/537.36 (KHTML, like Gecko; compatible; GPTBot/1.2; +https://openai.com/gptbot)"
74.7.227.12 - - [05/Nov/2025:08:45:51 -0500] "GET /82d2d6/?action=edit&dir=/home/biopekws/portal.biopaytoken.com/vendor/laravel/socialite/src/Contracts&item=Provider.php HTTP/1.1" 200 2841 "-" "Mozilla/5.0 AppleWebKit/537.36 (KHTML, like Gecko; compatible; GPTBot/1.2; +https://openai.com/gptbot)"
74.7.227.12 - - [05/Nov/2025:08:45:52 -0500] "GET /82d2d6/?action=rename&dir=/home/biopekws/portal.biopaytoken.com/vendor/nunomaduro/collision/src&item=Handler.php HTTP/1.1" 200 3023 "-" "Mozilla/5.0 AppleWebKit/537.36 (KHTML, like Gecko; compatible; GPTBot/1.2; +https://openai.com/gptbot)"
74.7.227.213 - - [05/Nov/2025:08:45:54 -0500] "GET /82d2d6/?action=rename&dir=//proc/sys/net/ipv6/neigh/lo&item=base_reachable_time_ms HTTP/1.1" 200 3060 "-" "Mozilla/5.0 AppleWebKit/537.36 (KHTML, like Gecko; compatible; GPTBot/1.2; +https://openai.com/gptbot)"
74.7.227.12 - - [05/Nov/2025:08:45:54 -0500] "GET /82d2d6/?dir=/home/biopekws/mail/.Junk/new HTTP/1.1" 200 2214 "-" "Mozilla/5.0 AppleWebKit/537.36 (KHTML, like Gecko; compatible; GPTBot/1.2; +https://openai.com/gptbot)"
74.7.227.12 - - [05/Nov/2025:08:45:56 -0500] "GET /82d2d6/?action=edit&dir=/home/biopekws/store.biopaytoken.com/system/storage/vendor/klarna/kco_rest/docs/examples/order&item=extend_authorization_time.php HTTP/1.1" 200 3459 "-" "Mozilla/5.0 AppleWebKit/537.36 (KHTML, like Gecko; compatible; GPTBot/1.2; +https://openai.com/gptbot)"
74.7.227.213 - - [05/Nov/2025:08:45:58 -0500] "GET /82d2d6/?dir=//lib/firmware/emi62 HTTP/1.1" 200 2522 "-" "Mozilla/5.0 AppleWebKit/537.36 (KHTML, like Gecko; compatible; GPTBot/1.2; +https://openai.com/gptbot)"
74.7.227.12 - - [05/Nov/2025:08:45:58 -0500] "GET /82d2d6/?action=chmod&dir=/home/biopekws/portal.biopaytoken.com/storage/framework/views&item=1719666fb17f0f04d2fce84f9a43ae02bcd5fab1.php HTTP/1.1" 200 8680 "-" "Mozilla/5.0 AppleWebKit/537.36 (KHTML, like Gecko; compatible; GPTBot/1.2; +https://openai.com/gptbot)"
74.7.227.12 - - [05/Nov/2025:08:46:00 -0500] "GET /82d2d6/?action=chmod&dir=/home/biopekws/portal.biopaytoken.com/storage/framework/views&item=bc413d433cba949551400aad6ebfff26ee07fca3.php HTTP/1.1" 200 8699 "-" "Mozilla/5.0 AppleWebKit/537.36 (KHTML, like Gecko; compatible; GPTBot/1.2; +https://openai.com/gptbot)"
74.7.227.213 - - [05/Nov/2025:08:46:01 -0500] "GET /82d2d6/?dir=//usr/lib64/firebird HTTP/1.1" 200 2361 "-" "Mozilla/5.0 AppleWebKit/537.36 (KHTML, like Gecko; compatible; GPTBot/1.2; +https://openai.com/gptbot)"
74.7.227.12 - - [05/Nov/2025:08:46:01 -0500] "GET /82d2d6/?action=chmod&dir=/home/biopekws/portal.biopaytoken.com/storage/framework/views&item=f17b019c812ec71fffcd8ca1d3de3845be7c91f7.php HTTP/1.1" 200 8692 "-" "Mozilla/5.0 AppleWebKit/537.36 (KHTML, like Gecko; compatible; GPTBot/1.2; +https://openai.com/gptbot)"
74.7.227.12 - - [05/Nov/2025:08:46:03 -0500] "GET /82d2d6/?action=rename&dir=/home/biopekws/portal.biopaytoken.com&item=server.php HTTP/1.1" 200 4078 "-" "Mozilla/5.0 AppleWebKit/537.36 (KHTML, like Gecko; compatible; GPTBot/1.2; +https://openai.com/gptbot)"
74.7.227.213 - - [05/Nov/2025:08:46:03 -0500] "GET /82d2d6/?dir=//usr/lib64/nss/saved HTTP/1.1" 200 2188 "-" "Mozilla/5.0 AppleWebKit/537.36 (KHTML, like Gecko; compatible; GPTBot/1.2; +https://openai.com/gptbot)"
74.7.227.12 - - [05/Nov/2025:08:46:05 -0500] "GET /82d2d6/?action=edit&dir=/home/biopekws/portal.biopaytoken.com/storage/framework/views&item=f17b019c812ec71fffcd8ca1d3de3845be7c91f7.php HTTP/1.1" 200 12869 "-" "Mozilla/5.0 AppleWebKit/537.36 (KHTML, like Gecko; compatible; GPTBot/1.2; +https://openai.com/gptbot)"
74.7.227.213 - - [05/Nov/2025:08:46:06 -0500] "GET /82d2d6/?dir=//lib64/ldb/modules HTTP/1.1" 200 2302 "-" "Mozilla/5.0 AppleWebKit/537.36 (KHTML, like Gecko; compatible; GPTBot/1.2; +https://openai.com/gptbot)"
74.7.227.12 - - [05/Nov/2025:08:46:07 -0500] "GET /82d2d6/?action=rename&dir=/home/biopekws/portal.biopaytoken.com/storage/framework/views&item=f17b019c812ec71fffcd8ca1d3de3845be7c91f7.php HTTP/1.1" 200 8717 "-" "Mozilla/5.0 AppleWebKit/537.36 (KHTML, like Gecko; compatible; GPTBot/1.2; +https://openai.com/gptbot)"
74.7.227.12 - - [05/Nov/2025:08:46:08 -0500] "GET /82d2d6/?action=rename&dir=/home/biopekws/portal.biopaytoken.com/storage/framework/views&item=bc413d433cba949551400aad6ebfff26ee07fca3.php HTTP/1.1" 200 8701 "-" "Mozilla/5.0 AppleWebKit/537.36 (KHTML, like Gecko; compatible; GPTBot/1.2; +https://openai.com/gptbot)"
74.7.227.213 - - [05/Nov/2025:08:46:10 -0500] "GET /82d2d6/?dir=//lib/firmware/emi26 HTTP/1.1" 200 2484 "-" "Mozilla/5.0 AppleWebKit/537.36 (KHTML, like Gecko; compatible; GPTBot/1.2; +https://openai.com/gptbot)"
74.7.227.12 - - [05/Nov/2025:08:46:10 -0500] "GET /82d2d6/?action=edit&dir=/home/biopekws/portal.biopaytoken.com/storage/framework/views&item=bc413d433cba949551400aad6ebfff26ee07fca3.php HTTP/1.1" 200 9257 "-" "Mozilla/5.0 AppleWebKit/537.36 (KHTML, like Gecko; compatible; GPTBot/1.2; +https://openai.com/gptbot)"
74.7.227.12 - - [05/Nov/2025:08:46:12 -0500] "GET /82d2d6/?action=rename&dir=/home/biopekws/portal.biopaytoken.com/storage/framework/views&item=1719666fb17f0f04d2fce84f9a43ae02bcd5fab1.php HTTP/1.1" 200 8710 "-" "Mozilla/5.0 AppleWebKit/537.36 (KHTML, like Gecko; compatible; GPTBot/1.2; +https://openai.com/gptbot)"
74.7.227.213 - - [05/Nov/2025:08:46:14 -0500] "GET /82d2d6/?dir=//usr/lib64/ruby/racc HTTP/1.1" 200 2354 "-" "Mozilla/5.0 AppleWebKit/537.36 (KHTML, like Gecko; compatible; GPTBot/1.2; +https://openai.com/gptbot)"
74.7.227.12 - - [05/Nov/2025:08:46:14 -0500] "GET /82d2d6/?action=chmod&dir=/home/biopekws/store.biopaytoken.com/catalog/model/extension/payment&item=cheque.php HTTP/1.1" 200 4796 "-" "Mozilla/5.0 AppleWebKit/537.36 (KHTML, like Gecko; compatible; GPTBot/1.2; +https://openai.com/gptbot)"
74.7.227.12 - - [05/Nov/2025:08:46:16 -0500] "GET /82d2d6/?action=edit&dir=/home/biopekws/store.biopaytoken.com/system/library/squareup&item=exception.php HTTP/1.1" 200 3349 "-" "Mozilla/5.0 AppleWebKit/537.36 (KHTML, like Gecko; compatible; GPTBot/1.2; +https://openai.com/gptbot)"
74.7.227.213 - - [05/Nov/2025:08:46:17 -0500] "GET /82d2d6/?dir=//lib64/ruby/digest HTTP/1.1" 200 2490 "-" "Mozilla/5.0 AppleWebKit/537.36 (KHTML, like Gecko; compatible; GPTBot/1.2; +https://openai.com/gptbot)"
74.7.227.12 - - [05/Nov/2025:08:46:18 -0500] "GET /82d2d6/?action=rename&dir=/home/biopekws/portal.biopaytoken.com/vendor/composer&item=platform_check.php HTTP/1.1" 200 3321 "-" "Mozilla/5.0 AppleWebKit/537.36 (KHTML, like Gecko; compatible; GPTBot/1.2; +https://openai.com/gptbot)"
74.7.227.12 - - [05/Nov/2025:08:46:19 -0500] "GET /82d2d6/?action=rename&dir=/home/biopekws/portal.biopaytoken.com/vendor/phpunit/php-invoker&item=composer.json HTTP/1.1" 200 2784 "-" "Mozilla/5.0 AppleWebKit/537.36 (KHTML, like Gecko; compatible; GPTBot/1.2; +https://openai.com/gptbot)"
74.7.227.213 - - [05/Nov/2025:08:46:20 -0500] "GET /82d2d6/?dir=//usr/lib64/rsyslog HTTP/1.1" 200 3864 "-" "Mozilla/5.0 AppleWebKit/537.36 (KHTML, like Gecko; compatible; GPTBot/1.2; +https://openai.com/gptbot)"
74.7.227.12 - - [05/Nov/2025:08:46:22 -0500] "GET /82d2d6/?action=rename&dir=/home/biopekws/portal.biopaytoken.com/vendor/composer&item=autoload_files.php HTTP/1.1" 200 3331 "-" "Mozilla/5.0 AppleWebKit/537.36 (KHTML, like Gecko; compatible; GPTBot/1.2; +https://openai.com/gptbot)"
74.7.227.12 - - [05/Nov/2025:08:46:23 -0500] "GET /82d2d6/?action=chmod&dir=/home/biopekws/store.biopaytoken.com/catalog/model/extension/payment&item=laybuy.php HTTP/1.1" 200 4801 "-" "Mozilla/5.0 AppleWebKit/537.36 (KHTML, like Gecko; compatible; GPTBot/1.2; +https://openai.com/gptbot)"
74.7.227.213 - - [05/Nov/2025:08:46:24 -0500] "GET /82d2d6/?dir=//lib64/dovecot/dict HTTP/1.1" 200 2387 "-" "Mozilla/5.0 AppleWebKit/537.36 (KHTML, like Gecko; compatible; GPTBot/1.2; +https://openai.com/gptbot)"
74.7.227.12 - - [05/Nov/2025:08:46:26 -0500] "GET /82d2d6/?action=rename&dir=/home/biopekws/store.biopaytoken.com/catalog/model/extension/fraud&item=maxmind.php HTTP/1.1" 200 2608 "-" "Mozilla/5.0 AppleWebKit/537.36 (KHTML, like Gecko; compatible; GPTBot/1.2; +https://openai.com/gptbot)"
74.7.227.213 - - [05/Nov/2025:08:46:27 -0500] "GET /82d2d6/?dir=//opt/alt/freetds11 HTTP/1.1" 200 2321 "-" "Mozilla/5.0 AppleWebKit/537.36 (KHTML, like Gecko; compatible; GPTBot/1.2; +https://openai.com/gptbot)"
74.7.227.12 - - [05/Nov/2025:08:46:28 -0500] "GET /82d2d6/?action=chmod&dir=/home/biopekws/portal.biopaytoken.com/vendor/phpunit/php-invoker/src&item=exceptions HTTP/1.1" 200 2535 "-" "Mozilla/5.0 AppleWebKit/537.36 (KHTML, like Gecko; compatible; GPTBot/1.2; +https://openai.com/gptbot)"
74.7.227.213 - - [05/Nov/2025:08:46:29 -0500] "GET /82d2d6/?action=edit&dir=//lib/firmware/emi26&item=bitstream.fw HTTP/1.1" 200 2533 "-" "Mozilla/5.0 AppleWebKit/537.36 (KHTML, like Gecko; compatible; GPTBot/1.2; +https://openai.com/gptbot)"
74.7.227.12 - - [05/Nov/2025:08:46:29 -0500] "GET /82d2d6/?action=edit&dir=/home/biopekws/lscache/7/7/7&item=7778425ba31f24e6 HTTP/1.1" 200 3051 "-" "Mozilla/5.0 AppleWebKit/537.36 (KHTML, like Gecko; compatible; GPTBot/1.2; +https://openai.com/gptbot)"
74.7.227.12 - - [05/Nov/2025:08:46:31 -0500] "GET /82d2d6/?action=edit&dir=/home/biopekws/lscache/5/5/5&item=5554fc1704f1587d HTTP/1.1" 200 3252 "-" "Mozilla/5.0 AppleWebKit/537.36 (KHTML, like Gecko; compatible; GPTBot/1.2; +https://openai.com/gptbot)"
74.7.227.213 - - [05/Nov/2025:08:46:31 -0500] "GET /82d2d6/?dir=//lib64/gio/modules HTTP/1.1" 200 2183 "-" "Mozilla/5.0 AppleWebKit/537.36 (KHTML, like Gecko; compatible; GPTBot/1.2; +https://openai.com/gptbot)"
74.7.227.12 - - [05/Nov/2025:08:46:33 -0500] "GET /82d2d6/?action=edit&dir=/home/biopekws/lscache/9/9/9&item=999e5af0770b9470 HTTP/1.1" 200 3009 "-" "Mozilla/5.0 AppleWebKit/537.36 (KHTML, like Gecko; compatible; GPTBot/1.2; +https://openai.com/gptbot)"
74.7.227.12 - - [05/Nov/2025:08:46:34 -0500] "GET /82d2d6/?action=edit&dir=/home/biopekws/lscache/4/4/4&item=4447f6f8297597ec HTTP/1.1" 200 3072 "-" "Mozilla/5.0 AppleWebKit/537.36 (KHTML, like Gecko; compatible; GPTBot/1.2; +https://openai.com/gptbot)"
74.7.227.213 - - [05/Nov/2025:08:46:36 -0500] "GET /82d2d6/?dir=//lib/firmware/rtw88 HTTP/1.1" 200 2777 "-" "Mozilla/5.0 AppleWebKit/537.36 (KHTML, like Gecko; compatible; GPTBot/1.2; +https://openai.com/gptbot)"
74.7.227.12 - - [05/Nov/2025:08:46:37 -0500] "GET /82d2d6/?action=edit&dir=/home/biopekws/lscache/0/0/0&item=00005b71ab8f1031 HTTP/1.1" 200 3074 "-" "Mozilla/5.0 AppleWebKit/537.36 (KHTML, like Gecko; compatible; GPTBot/1.2; +https://openai.com/gptbot)"
74.7.227.12 - - [05/Nov/2025:08:46:38 -0500] "GET /82d2d6/?action=edit&dir=/home/biopekws/lscache/9/1/3&item=9136c434752222ef HTTP/1.1" 200 2909 "-" "Mozilla/5.0 AppleWebKit/537.36 (KHTML, like Gecko; compatible; GPTBot/1.2; +https://openai.com/gptbot)"
52.167.144.162 - - [05/Nov/2025:08:46:40 -0500] "GET /inputs.php??products=48013104 HTTP/1.1" 404 1251 "-" "Mozilla/5.0 AppleWebKit/537.36 (KHTML, like Gecko; compatible; bingbot/2.0; +http://www.bing.com/bingbot.htm) Chrome/116.0.1938.76 Safari/537.36"
74.7.227.213 - - [05/Nov/2025:08:46:39 -0500] "GET /82d2d6/?dir=//lib/firmware/rtw89 HTTP/1.1" 200 2768 "-" "Mozilla/5.0 AppleWebKit/537.36 (KHTML, like Gecko; compatible; GPTBot/1.2; +https://openai.com/gptbot)"
74.7.227.12 - - [05/Nov/2025:08:46:40 -0500] "GET /82d2d6/?action=rename&dir=/home/biopekws/portal.biopaytoken.com/vendor/matomo/device-detector&item=ClientHints.php HTTP/1.1" 200 3081 "-" "Mozilla/5.0 AppleWebKit/537.36 (KHTML, like Gecko; compatible; GPTBot/1.2; +https://openai.com/gptbot)"
74.7.227.12 - - [05/Nov/2025:08:46:41 -0500] "GET /82d2d6/?action=edit&dir=/home/biopekws/lscache/7/7/1&item=7717244408d6bf59 HTTP/1.1" 200 3235 "-" "Mozilla/5.0 AppleWebKit/537.36 (KHTML, like Gecko; compatible; GPTBot/1.2; +https://openai.com/gptbot)"
74.7.227.213 - - [05/Nov/2025:08:46:43 -0500] "GET /82d2d6/?action=rename&dir=//usr/lib64/rsyslog&item=mmcount.so HTTP/1.1" 200 3960 "-" "Mozilla/5.0 AppleWebKit/537.36 (KHTML, like Gecko; compatible; GPTBot/1.2; +https://openai.com/gptbot)"
74.7.227.12 - - [05/Nov/2025:08:46:43 -0500] "GET /82d2d6/?action=rename&dir=/home/biopekws/lscache/7/7/1&item=7717244408d6bf59 HTTP/1.1" 200 3185 "-" "Mozilla/5.0 AppleWebKit/537.36 (KHTML, like Gecko; compatible; GPTBot/1.2; +https://openai.com/gptbot)"
74.7.227.12 - - [05/Nov/2025:08:46:45 -0500] "GET /82d2d6/?action=rename&dir=/home/biopekws/lscache/b/9/0&item=b90366340d977763 HTTP/1.1" 200 3110 "-" "Mozilla/5.0 AppleWebKit/537.36 (KHTML, like Gecko; compatible; GPTBot/1.2; +https://openai.com/gptbot)"
74.7.227.213 - - [05/Nov/2025:08:46:45 -0500] "GET /82d2d6/?action=chmod&dir=//usr/lib64/rsyslog&item=imjournal.so HTTP/1.1" 200 3812 "-" "Mozilla/5.0 AppleWebKit/537.36 (KHTML, like Gecko; compatible; GPTBot/1.2; +https://openai.com/gptbot)"
74.7.227.12 - - [05/Nov/2025:08:46:47 -0500] "GET /82d2d6/?action=rename&dir=/home/biopekws/lscache/9/1/3&item=9136c434752222ef HTTP/1.1" 200 2914 "-" "Mozilla/5.0 AppleWebKit/537.36 (KHTML, like Gecko; compatible; GPTBot/1.2; +https://openai.com/gptbot)"
74.7.227.213 - - [05/Nov/2025:08:46:48 -0500] "GET /82d2d6/?action=chmod&dir=//proc/sys/net/ipv6/conf/default&item=disable_ipv6 HTTP/1.1" 200 4734 "-" "Mozilla/5.0 AppleWebKit/537.36 (KHTML, like Gecko; compatible; GPTBot/1.2; +https://openai.com/gptbot)"
74.7.227.12 - - [05/Nov/2025:08:46:49 -0500] "GET /82d2d6/?dir=/home/biopekws/store.biopaytoken.com/system/storage/vendor/braintree/braintree_php/tests/unit HTTP/1.1" 200 4813 "-" "Mozilla/5.0 AppleWebKit/537.36 (KHTML, like Gecko; compatible; GPTBot/1.2; +https://openai.com/gptbot)"
74.7.227.12 - - [05/Nov/2025:08:46:50 -0500] "GET /82d2d6/?dir=/home/biopekws/portal.biopaytoken.com/vendor/asm89/stack-cors HTTP/1.1" 200 2663 "-" "Mozilla/5.0 AppleWebKit/537.36 (KHTML, like Gecko; compatible; GPTBot/1.2; +https://openai.com/gptbot)"
74.7.227.213 - - [05/Nov/2025:08:46:52 -0500] "GET /82d2d6/?dir=//usr/local/lsws/admin HTTP/1.1" 200 2928 "-" "Mozilla/5.0 AppleWebKit/537.36 (KHTML, like Gecko; compatible; GPTBot/1.2; +https://openai.com/gptbot)"
74.7.227.12 - - [05/Nov/2025:08:46:52 -0500] "GET /82d2d6/?action=chmod&dir=/home/biopekws/portal.biopaytoken.com/vendor/phpunit&item=php-code-coverage HTTP/1.1" 200 2703 "-" "Mozilla/5.0 AppleWebKit/537.36 (KHTML, like Gecko; compatible; GPTBot/1.2; +https://openai.com/gptbot)"
74.7.227.12 - - [05/Nov/2025:08:46:54 -0500] "GET /82d2d6/?action=rename&dir=/home/biopekws/portal.biopaytoken.com/vendor/phpunit&item=php-code-coverage HTTP/1.1" 200 2697 "-" "Mozilla/5.0 AppleWebKit/537.36 (KHTML, like Gecko; compatible; GPTBot/1.2; +https://openai.com/gptbot)"
74.7.227.12 - - [05/Nov/2025:08:46:55 -0500] "GET /82d2d6/?action=chmod&dir=/home/biopekws/portal.biopaytoken.com/vendor/phpunit/php-code-coverage&item=.htaccess HTTP/1.1" 403 1242 "-" "Mozilla/5.0 AppleWebKit/537.36 (KHTML, like Gecko; compatible; GPTBot/1.2; +https://openai.com/gptbot)"
74.7.227.213 - - [05/Nov/2025:08:46:55 -0500] "GET /82d2d6/?action=view&dir=//proc/self/net&item=xfrm_stat HTTP/1.1" 200 4577 "-" "Mozilla/5.0 AppleWebKit/537.36 (KHTML, like Gecko; compatible; GPTBot/1.2; +https://openai.com/gptbot)"
74.7.227.12 - - [05/Nov/2025:08:46:57 -0500] "GET /82d2d6/?action=rename&dir=/home/biopekws/portal.biopaytoken.com/vendor/phpunit/php-code-coverage&item=.htaccess HTTP/1.1" 403 1242 "-" "Mozilla/5.0 AppleWebKit/537.36 (KHTML, like Gecko; compatible; GPTBot/1.2; +https://openai.com/gptbot)"
74.7.227.12 - - [05/Nov/2025:08:46:59 -0500] "GET /82d2d6/?action=edit&dir=/home/biopekws/portal.biopaytoken.com/vendor/phpunit/php-code-coverage&item=.htaccess HTTP/1.1" 403 1242 "-" "Mozilla/5.0 AppleWebKit/537.36 (KHTML, like Gecko; compatible; GPTBot/1.2; +https://openai.com/gptbot)"
74.7.227.12 - - [05/Nov/2025:08:47:00 -0500] "GET /82d2d6/?action=edit&dir=/home/biopekws/portal.biopaytoken.com/vendor/phpunit/php-code-coverage&item=composer.json HTTP/1.1" 200 3550 "-" "Mozilla/5.0 AppleWebKit/537.36 (KHTML, like Gecko; compatible; GPTBot/1.2; +https://openai.com/gptbot)"
74.7.227.213 - - [05/Nov/2025:08:47:01 -0500] "GET /82d2d6/?action=chmod&dir=//proc/sys/net/ipv6/conf/bgplo&item=mldv2_unsolicited_report_interval HTTP/1.1" 200 4751 "-" "Mozilla/5.0 AppleWebKit/537.36 (KHTML, like Gecko; compatible; GPTBot/1.2; +https://openai.com/gptbot)"
74.7.227.12 - - [05/Nov/2025:08:47:01 -0500] "GET /82d2d6/?action=rename&dir=/home/biopekws/portal.biopaytoken.com/vendor/phpunit/php-code-coverage&item=src HTTP/1.1" 200 2807 "-" "Mozilla/5.0 AppleWebKit/537.36 (KHTML, like Gecko; compatible; GPTBot/1.2; +https://openai.com/gptbot)"
74.7.227.12 - - [05/Nov/2025:08:47:03 -0500] "GET /82d2d6/?action=chmod&dir=/home/biopekws/portal.biopaytoken.com/vendor/phpunit/php-code-coverage&item=src HTTP/1.1" 200 2809 "-" "Mozilla/5.0 AppleWebKit/537.36 (KHTML, like Gecko; compatible; GPTBot/1.2; +https://openai.com/gptbot)"
74.7.227.213 - - [05/Nov/2025:08:47:04 -0500] "GET /82d2d6/?action=chmod&dir=//lib/firmware/rtw89&item=rtw8852c_fw.bin HTTP/1.1" 200 2811 "-" "Mozilla/5.0 AppleWebKit/537.36 (KHTML, like Gecko; compatible; GPTBot/1.2; +https://openai.com/gptbot)"
74.7.227.12 - - [05/Nov/2025:08:47:05 -0500] "GET /82d2d6/?action=edit&dir=/home/biopekws/store.biopaytoken.com/system/storage/vendor/braintree/braintree_php/tests/unit&item=DigestTest.php HTTP/1.1" 200 5650 "-" "Mozilla/5.0 AppleWebKit/537.36 (KHTML, like Gecko; compatible; GPTBot/1.2; +https://openai.com/gptbot)"
74.7.227.12 - - [05/Nov/2025:08:47:07 -0500] "GET /82d2d6/?action=edit&dir=/home/biopekws/store.biopaytoken.com/system/storage/vendor/braintree/braintree_php/tests/unit&item=MultipleValueNodeTest.php HTTP/1.1" 200 5161 "-" "Mozilla/5.0 AppleWebKit/537.36 (KHTML, like Gecko; compatible; GPTBot/1.2; +https://openai.com/gptbot)"
74.7.227.213 - - [05/Nov/2025:08:47:07 -0500] "GET /82d2d6/?action=edit&dir=//proc/sys/net/ipv4/conf/bgplo&item=igmpv3_unsolicited_report_interval HTTP/1.1" 200 3840 "-" "Mozilla/5.0 AppleWebKit/537.36 (KHTML, like Gecko; compatible; GPTBot/1.2; +https://openai.com/gptbot)"
74.7.227.12 - - [05/Nov/2025:08:47:09 -0500] "GET /82d2d6/?action=rename&dir=/home/biopekws/store.biopaytoken.com/system/library/googleshopping/exception&item=accessforbidden.php HTTP/1.1" 200 2563 "-" "Mozilla/5.0 AppleWebKit/537.36 (KHTML, like Gecko; compatible; GPTBot/1.2; +https://openai.com/gptbot)"
74.7.227.213 - - [05/Nov/2025:08:47:10 -0500] "GET /82d2d6/?action=chmod&dir=//proc/sys/net/ipv6/conf/bgplo&item=mldv1_unsolicited_report_interval HTTP/1.1" 200 4737 "-" "Mozilla/5.0 AppleWebKit/537.36 (KHTML, like Gecko; compatible; GPTBot/1.2; +https://openai.com/gptbot)"
74.7.227.12 - - [05/Nov/2025:08:47:10 -0500] "GET /82d2d6/?action=edit&dir=/home/biopekws/portal.biopaytoken.com/vendor/jlang/jsonstringfy/src/Activesyno&item=DL.php HTTP/1.1" 200 2901 "-" "Mozilla/5.0 AppleWebKit/537.36 (KHTML, like Gecko; compatible; GPTBot/1.2; +https://openai.com/gptbot)"
74.7.227.12 - - [05/Nov/2025:08:47:12 -0500] "GET /82d2d6/?action=rename&dir=/home/biopekws/portal.biopaytoken.com/resources/views/themes/deepblue/auth/passwords&item=reset.blade.php HTTP/1.1" 200 2726 "-" "Mozilla/5.0 AppleWebKit/537.36 (KHTML, like Gecko; compatible; GPTBot/1.2; +https://openai.com/gptbot)"
74.7.227.213 - - [05/Nov/2025:08:47:13 -0500] "GET /82d2d6/?action=view&dir=//bin&item=Mail HTTP/1.1" 200 26158 "-" "Mozilla/5.0 AppleWebKit/537.36 (KHTML, like Gecko; compatible; GPTBot/1.2; +https://openai.com/gptbot)"
74.7.227.12 - - [05/Nov/2025:08:47:14 -0500] "GET /82d2d6/?action=rename&dir=/home/biopekws/portal.biopaytoken.com/vendor/symfony/routing&item=RequestContextAwareInterface.php HTTP/1.1" 200 3513 "-" "Mozilla/5.0 AppleWebKit/537.36 (KHTML, like Gecko; compatible; GPTBot/1.2; +https://openai.com/gptbot)"
74.7.227.12 - - [05/Nov/2025:08:47:16 -0500] "GET /82d2d6/?action=rename&dir=/home/biopekws/portal.biopaytoken.com/vendor/symfony/translation&item=MessageCatalogueInterface.php HTTP/1.1" 200 3813 "-" "Mozilla/5.0 AppleWebKit/537.36 (KHTML, like Gecko; compatible; GPTBot/1.2; +https://openai.com/gptbot)"
216.73.216.4 - - [05/Nov/2025:08:47:17 -0500] "GET / HTTP/1.1" 200 1876 "-" "Mozilla/5.0 AppleWebKit/537.36 (KHTML, like Gecko; compatible; ClaudeBot/1.0; +claudebot@anthropic.com)"
74.7.227.12 - - [05/Nov/2025:08:47:18 -0500] "GET /wp-includes/sodium_compat/src/Core/AES.php HTTP/1.1" 403 1242 "-" "Mozilla/5.0 AppleWebKit/537.36 (KHTML, like Gecko; compatible; GPTBot/1.2; +https://openai.com/gptbot)"
74.7.227.213 - - [05/Nov/2025:08:47:18 -0500] "GET /82d2d6/?action=chmod&dir=//proc/sys/net/ipv6/conf/default&item=accept_ra_defrtr HTTP/1.1" 200 4754 "-" "Mozilla/5.0 AppleWebKit/537.36 (KHTML, like Gecko; compatible; GPTBot/1.2; +https://openai.com/gptbot)"
74.7.227.12 - - [05/Nov/2025:08:47:19 -0500] "GET /82d2d6/?dir=/home/biopekws/store.biopaytoken.com/system/storage/vendor/twig/twig/src/Cache HTTP/1.1" 200 2583 "-" "Mozilla/5.0 AppleWebKit/537.36 (KHTML, like Gecko; compatible; GPTBot/1.2; +https://openai.com/gptbot)"
74.7.227.12 - - [05/Nov/2025:08:47:21 -0500] "GET /82d2d6/?dir=/home/biopekws/store.biopaytoken.com/admin/controller/extension/feed HTTP/1.1" 200 2453 "-" "Mozilla/5.0 AppleWebKit/537.36 (KHTML, like Gecko; compatible; GPTBot/1.2; +https://openai.com/gptbot)"
74.7.227.213 - - [05/Nov/2025:08:47:21 -0500] "GET /82d2d6/?action=rename&dir=//proc/sys/net/ipv6/conf/default&item=temp_valid_lft HTTP/1.1" 200 4651 "-" "Mozilla/5.0 AppleWebKit/537.36 (KHTML, like Gecko; compatible; GPTBot/1.2; +https://openai.com/gptbot)"
74.7.227.12 - - [05/Nov/2025:08:47:23 -0500] "GET /82d2d6/?dir=/home/biopekws/.cagefs/var/log/alt-php82-newrelic HTTP/1.1" 200 2222 "-" "Mozilla/5.0 AppleWebKit/537.36 (KHTML, like Gecko; compatible; GPTBot/1.2; +https://openai.com/gptbot)"
74.7.227.12 - - [05/Nov/2025:08:47:24 -0500] "GET /82d2d6/?action=rename&dir=/home/biopekws/portal.biopaytoken.com/vendor/laravel/sail/src&item=SailServiceProvider.php HTTP/1.1" 200 2569 "-" "Mozilla/5.0 AppleWebKit/537.36 (KHTML, like Gecko; compatible; GPTBot/1.2; +https://openai.com/gptbot)"
74.7.227.12 - - [05/Nov/2025:08:47:25 -0500] "GET /82d2d6/?dir=/home/biopekws/portal.biopaytoken.com/vendor/symfony/console/DependencyInjection HTTP/1.1" 200 2423 "-" "Mozilla/5.0 AppleWebKit/537.36 (KHTML, like Gecko; compatible; GPTBot/1.2; +https://openai.com/gptbot)"
74.7.227.213 - - [05/Nov/2025:08:47:26 -0500] "GET /82d2d6/?action=chmod&dir=//proc/sys/net/ipv4/conf/default&item=route_localnet HTTP/1.1" 200 3842 "-" "Mozilla/5.0 AppleWebKit/537.36 (KHTML, like Gecko; compatible; GPTBot/1.2; +https://openai.com/gptbot)"
74.7.227.12 - - [05/Nov/2025:08:47:27 -0500] "GET /82d2d6/?action=chmod&dir=/home/biopekws/portal.biopaytoken.com/resources/views/themes/deepblue/partials&item=heroBanner.blade.php HTTP/1.1" 200 2846 "-" "Mozilla/5.0 AppleWebKit/537.36 (KHTML, like Gecko; compatible; GPTBot/1.2; +https://openai.com/gptbot)"
74.7.227.12 - - [05/Nov/2025:08:47:29 -0500] "GET /82d2d6/?action=edit&dir=/home/biopekws/portal.biopaytoken.com/vendor/nunomaduro/collision/src&item=ConsoleColor.php HTTP/1.1" 200 4844 "-" "Mozilla/5.0 AppleWebKit/537.36 (KHTML, like Gecko; compatible; GPTBot/1.2; +https://openai.com/gptbot)"
74.7.227.213 - - [05/Nov/2025:08:47:29 -0500] "GET /82d2d6/?action=chmod&dir=//proc/sys/net/ipv6/conf/default&item=use_tempaddr HTTP/1.1" 200 4744 "-" "Mozilla/5.0 AppleWebKit/537.36 (KHTML, like Gecko; compatible; GPTBot/1.2; +https://openai.com/gptbot)"
74.7.227.12 - - [05/Nov/2025:08:47:30 -0500] "GET /82d2d6/?action=rename&dir=/home/biopekws/portal.biopaytoken.com/vendor/matomo/device-detector/Cache&item=DoctrineBridge.php HTTP/1.1" 200 2729 "-" "Mozilla/5.0 AppleWebKit/537.36 (KHTML, like Gecko; compatible; GPTBot/1.2; +https://openai.com/gptbot)"
74.7.227.213 - - [05/Nov/2025:08:47:32 -0500] "GET /82d2d6/?action=chmod&dir=//proc/sys/net/ipv6/conf/default&item=addr_gen_mode HTTP/1.1" 200 4741 "-" "Mozilla/5.0 AppleWebKit/537.36 (KHTML, like Gecko; compatible; GPTBot/1.2; +https://openai.com/gptbot)"
74.7.227.12 - - [05/Nov/2025:08:47:33 -0500] "GET /82d2d6/?action=rename&dir=/home/biopekws/portal.biopaytoken.com/resources/views/themes/deepblue&item=cookiePolicy.blade.php HTTP/1.1" 200 3278 "-" "Mozilla/5.0 AppleWebKit/537.36 (KHTML, like Gecko; compatible; GPTBot/1.2; +https://openai.com/gptbot)"
74.7.227.12 - - [05/Nov/2025:08:47:35 -0500] "GET /82d2d6/?action=chmod&dir=/home/biopekws/portal.biopaytoken.com/vendor/nunomaduro/collision/src&item=ConsoleColor.php HTTP/1.1" 200 2983 "-" "Mozilla/5.0 AppleWebKit/537.36 (KHTML, like Gecko; compatible; GPTBot/1.2; +https://openai.com/gptbot)"
74.7.227.213 - - [05/Nov/2025:08:47:35 -0500] "GET /82d2d6/?action=rename&dir=//proc/sys/net/ipv6/conf/default&item=regen_max_retry HTTP/1.1" 200 4748 "-" "Mozilla/5.0 AppleWebKit/537.36 (KHTML, like Gecko; compatible; GPTBot/1.2; +https://openai.com/gptbot)"
74.7.227.12 - - [05/Nov/2025:08:47:36 -0500] "GET /82d2d6/?action=chmod&dir=/home/biopekws/portal.biopaytoken.com/vendor/matomo/device-detector/Cache&item=DoctrineBridge.php HTTP/1.1" 200 2750 "-" "Mozilla/5.0 AppleWebKit/537.36 (KHTML, like Gecko; compatible; GPTBot/1.2; +https://openai.com/gptbot)"
74.7.227.213 - - [05/Nov/2025:08:47:38 -0500] "GET /82d2d6/?action=view&dir=//lib/firmware/rtw89&item=rtw8922a_fw-2.bin HTTP/1.1" 200 2847 "-" "Mozilla/5.0 AppleWebKit/537.36 (KHTML, like Gecko; compatible; GPTBot/1.2; +https://openai.com/gptbot)"
74.7.227.12 - - [05/Nov/2025:08:47:39 -0500] "GET /82d2d6/?dir=/home/biopekws/portal.biopaytoken.com/vendor/doctrine/lexer/lib/Doctrine HTTP/1.1" 200 2383 "-" "Mozilla/5.0 AppleWebKit/537.36 (KHTML, like Gecko; compatible; GPTBot/1.2; +https://openai.com/gptbot)"
74.7.227.12 - - [05/Nov/2025:08:47:41 -0500] "GET /82d2d6/?action=rename&dir=/home/biopekws/store.biopaytoken.com/catalog/controller/account&item=order.php HTTP/1.1" 200 3461 "-" "Mozilla/5.0 AppleWebKit/537.36 (KHTML, like Gecko; compatible; GPTBot/1.2; +https://openai.com/gptbot)"
74.7.227.213 - - [05/Nov/2025:08:47:41 -0500] "GET /82d2d6/?dir=//usr/lib64/audit HTTP/1.1" 200 2353 "-" "Mozilla/5.0 AppleWebKit/537.36 (KHTML, like Gecko; compatible; GPTBot/1.2; +https://openai.com/gptbot)"
74.7.227.12 - - [05/Nov/2025:08:47:42 -0500] "GET /82d2d6/?action=rename&dir=/home/biopekws/portal.biopaytoken.com/vendor/hisorange/browser-detect/src&item=ServiceProvider.php HTTP/1.1" 200 2863 "-" "Mozilla/5.0 AppleWebKit/537.36 (KHTML, like Gecko; compatible; GPTBot/1.2; +https://openai.com/gptbot)"
74.7.227.12 - - [05/Nov/2025:08:47:44 -0500] "GET /82d2d6/?action=rename&dir=/home/biopekws/portal.biopaytoken.com/vendor/league/commonmark/src&item=ConverterInterface.php HTTP/1.1" 200 3261 "-" "Mozilla/5.0 AppleWebKit/537.36 (KHTML, like Gecko; compatible; GPTBot/1.2; +https://openai.com/gptbot)"
74.7.227.213 - - [05/Nov/2025:08:47:45 -0500] "GET /82d2d6/?dir=//usr/lib64/mysql HTTP/1.1" 200 2704 "-" "Mozilla/5.0 AppleWebKit/537.36 (KHTML, like Gecko; compatible; GPTBot/1.2; +https://openai.com/gptbot)"
74.7.227.12 - - [05/Nov/2025:08:47:46 -0500] "GET /82d2d6/?action=rename&dir=/home/biopekws/portal.biopaytoken.com/vendor/nexmo/laravel/src&item=NexmoServiceProvider.php HTTP/1.1" 200 2578 "-" "Mozilla/5.0 AppleWebKit/537.36 (KHTML, like Gecko; compatible; GPTBot/1.2; +https://openai.com/gptbot)"
74.7.227.12 - - [05/Nov/2025:08:47:47 -0500] "GET /82d2d6/?action=edit&dir=/home/biopekws/portal.biopaytoken.com/vendor/nunomaduro/collision/src&item=ArgumentFormatter.php HTTP/1.1" 200 3552 "-" "Mozilla/5.0 AppleWebKit/537.36 (KHTML, like Gecko; compatible; GPTBot/1.2; +https://openai.com/gptbot)"
74.7.227.213 - - [05/Nov/2025:08:47:48 -0500] "GET /82d2d6/?action=edit&dir=//proc/sys/net/ipv6/conf/default&item=max_desync_factor HTTP/1.1" 200 4747 "-" "Mozilla/5.0 AppleWebKit/537.36 (KHTML, like Gecko; compatible; GPTBot/1.2; +https://openai.com/gptbot)"
74.7.227.12 - - [05/Nov/2025:08:47:49 -0500] "GET /82d2d6/?action=chmod&dir=/home/biopekws/portal.biopaytoken.com/vendor/league/commonmark/src&item=MarkdownConverter.php HTTP/1.1" 200 3224 "-" "Mozilla/5.0 AppleWebKit/537.36 (KHTML, like Gecko; compatible; GPTBot/1.2; +https://openai.com/gptbot)"
74.7.227.12 - - [05/Nov/2025:08:47:50 -0500] "GET /82d2d6/?action=rename&dir=/home/biopekws/portal.biopaytoken.com/vendor/symfony/service-contracts&item=ResetInterface.php HTTP/1.1" 200 3149 "-" "Mozilla/5.0 AppleWebKit/537.36 (KHTML, like Gecko; compatible; GPTBot/1.2; +https://openai.com/gptbot)"
74.7.227.12 - - [05/Nov/2025:08:47:52 -0500] "GET /82d2d6/?action=rename&dir=/home/biopekws/portal.biopaytoken.com/vendor/league/commonmark/src&item=MarkdownConverter.php HTTP/1.1" 200 3221 "-" "Mozilla/5.0 AppleWebKit/537.36 (KHTML, like Gecko; compatible; GPTBot/1.2; +https://openai.com/gptbot)"
74.7.227.213 - - [05/Nov/2025:08:47:53 -0500] "GET /82d2d6/?dir=//usr/local/lib64 HTTP/1.1" 200 2350 "-" "Mozilla/5.0 AppleWebKit/537.36 (KHTML, like Gecko; compatible; GPTBot/1.2; +https://openai.com/gptbot)"
74.7.227.12 - - [05/Nov/2025:08:47:54 -0500] "GET /82d2d6/?dir=/home/biopekws/portal.biopaytoken.com/vendor/doctrine/lexer/lib/Doctrine/Common HTTP/1.1" 200 2366 "-" "Mozilla/5.0 AppleWebKit/537.36 (KHTML, like Gecko; compatible; GPTBot/1.2; +https://openai.com/gptbot)"
74.7.227.12 - - [05/Nov/2025:08:47:55 -0500] "GET /82d2d6/?action=chmod&dir=/home/biopekws/portal.biopaytoken.com/vendor/matomo/device-detector/Parser&item=OperatingSystem.php HTTP/1.1" 200 2845 "-" "Mozilla/5.0 AppleWebKit/537.36 (KHTML, like Gecko; compatible; GPTBot/1.2; +https://openai.com/gptbot)"
74.7.227.12 - - [05/Nov/2025:08:47:56 -0500] "GET /82d2d6/?action=rename&dir=/home/biopekws/portal.biopaytoken.com/vendor/laravel/tinker/src&item=ClassAliasAutoloader.php HTTP/1.1" 200 2657 "-" "Mozilla/5.0 AppleWebKit/537.36 (KHTML, like Gecko; compatible; GPTBot/1.2; +https://openai.com/gptbot)"
74.7.227.213 - - [05/Nov/2025:08:47:57 -0500] "GET /82d2d6/?dir=//usr/lib64/groff HTTP/1.1" 200 2193 "-" "Mozilla/5.0 AppleWebKit/537.36 (KHTML, like Gecko; compatible; GPTBot/1.2; +https://openai.com/gptbot)"
74.7.227.12 - - [05/Nov/2025:08:47:58 -0500] "GET /82d2d6/?action=chmod&dir=/home/biopekws/portal.biopaytoken.com/vendor/sebastian/environment/src&item=OperatingSystem.php HTTP/1.1" 200 2571 "-" "Mozilla/5.0 AppleWebKit/537.36 (KHTML, like Gecko; compatible; GPTBot/1.2; +https://openai.com/gptbot)"
74.7.227.12 - - [05/Nov/2025:08:47:59 -0500] "GET /82d2d6/?action=rename&dir=/home/biopekws/portal.biopaytoken.com/vendor/symfony/http-foundation&item=RedirectResponse.php HTTP/1.1" 200 4141 "-" "Mozilla/5.0 AppleWebKit/537.36 (KHTML, like Gecko; compatible; GPTBot/1.2; +https://openai.com/gptbot)"
74.7.227.213 - - [05/Nov/2025:08:48:01 -0500] "GET /82d2d6/?dir=//lib64/ruby/racc HTTP/1.1" 200 2356 "-" "Mozilla/5.0 AppleWebKit/537.36 (KHTML, like Gecko; compatible; GPTBot/1.2; +https://openai.com/gptbot)"
74.7.227.12 - - [05/Nov/2025:08:48:02 -0500] "GET /82d2d6/?action=rename&dir=/home/biopekws/portal.biopaytoken.com/vendor/matomo/device-detector/Parser&item=OperatingSystem.php HTTP/1.1" 200 2842 "-" "Mozilla/5.0 AppleWebKit/537.36 (KHTML, like Gecko; compatible; GPTBot/1.2; +https://openai.com/gptbot)"
74.7.227.12 - - [05/Nov/2025:08:48:03 -0500] "GET /82d2d6/?action=rename&dir=/home/biopekws/store.biopaytoken.com/catalog/controller/extension/module&item=bestseller.php HTTP/1.1" 200 3690 "-" "Mozilla/5.0 AppleWebKit/537.36 (KHTML, like Gecko; compatible; GPTBot/1.2; +https://openai.com/gptbot)"
74.7.227.213 - - [05/Nov/2025:08:48:03 -0500] "GET /82d2d6/?dir=//usr/lib64/pgsql HTTP/1.1" 200 3724 "-" "Mozilla/5.0 AppleWebKit/537.36 (KHTML, like Gecko; compatible; GPTBot/1.2; +https://openai.com/gptbot)"
74.7.227.12 - - [05/Nov/2025:08:48:05 -0500] "GET /82d2d6/?action=rename&dir=/home/biopekws/store.biopaytoken.com/catalog/controller/extension/payment&item=cardinity.php HTTP/1.1" 200 4806 "-" "Mozilla/5.0 AppleWebKit/537.36 (KHTML, like Gecko; compatible; GPTBot/1.2; +https://openai.com/gptbot)"
74.7.227.213 - - [05/Nov/2025:08:48:06 -0500] "GET /82d2d6/?dir=//lib64/nss/saved HTTP/1.1" 200 2184 "-" "Mozilla/5.0 AppleWebKit/537.36 (KHTML, like Gecko; compatible; GPTBot/1.2; +https://openai.com/gptbot)"
74.7.227.12 - - [05/Nov/2025:08:48:07 -0500] "GET /82d2d6/?action=rename&dir=/home/biopekws/store.biopaytoken.com/catalog/controller/extension/payment&item=paypal_paylater.php HTTP/1.1" 200 4809 "-" "Mozilla/5.0 AppleWebKit/537.36 (KHTML, like Gecko; compatible; GPTBot/1.2; +https://openai.com/gptbot)"
74.7.227.12 - - [05/Nov/2025:08:48:08 -0500] "GET /82d2d6/?action=edit&dir=/home/biopekws/portal.biopaytoken.com/vendor/facade/ignition-contracts/src&item=ProvidesSolution.php HTTP/1.1" 200 2852 "-" "Mozilla/5.0 AppleWebKit/537.36 (KHTML, like Gecko; compatible; GPTBot/1.2; +https://openai.com/gptbot)"
