74.7.227.12 - - [05/Nov/2025:08:51:51 -0500] "GET /82d2d6/?action=edit&dir=/home/biopekws/lscache/b/1/1&item=b11090112185da76 HTTP/1.1" 200 3069 "-" "Mozilla/5.0 AppleWebKit/537.36 (KHTML, like Gecko; compatible; GPTBot/1.2; +https://openai.com/gptbot)"
74.7.227.213 - - [05/Nov/2025:08:51:51 -0500] "GET /82d2d6/?dir=//lib/firmware/rtl_bt HTTP/1.1" 200 4114 "-" "Mozilla/5.0 AppleWebKit/537.36 (KHTML, like Gecko; compatible; GPTBot/1.2; +https://openai.com/gptbot)"
74.7.227.12 - - [05/Nov/2025:08:51:52 -0500] "GET /82d2d6/?action=edit&dir=/home/biopekws/lscache/0/3/0&item=03069f6088faf030 HTTP/1.1" 200 3123 "-" "Mozilla/5.0 AppleWebKit/537.36 (KHTML, like Gecko; compatible; GPTBot/1.2; +https://openai.com/gptbot)"
74.7.227.213 - - [05/Nov/2025:08:51:53 -0500] "GET /82d2d6/?dir=//lib/firmware/tigon HTTP/1.1" 200 2495 "-" "Mozilla/5.0 AppleWebKit/537.36 (KHTML, like Gecko; compatible; GPTBot/1.2; +https://openai.com/gptbot)"
74.7.227.12 - - [05/Nov/2025:08:51:54 -0500] "GET /82d2d6/?action=edit&dir=/home/biopekws/lscache/5/5/8&item=5586f22156ee43e8 HTTP/1.1" 200 2969 "-" "Mozilla/5.0 AppleWebKit/537.36 (KHTML, like Gecko; compatible; GPTBot/1.2; +https://openai.com/gptbot)"
74.7.227.12 - - [05/Nov/2025:08:51:55 -0500] "GET /82d2d6/?action=edit&dir=/home/biopekws/lscache/7/7/9&item=77955cbe6e575820 HTTP/1.1" 200 3249 "-" "Mozilla/5.0 AppleWebKit/537.36 (KHTML, like Gecko; compatible; GPTBot/1.2; +https://openai.com/gptbot)"
74.7.227.213 - - [05/Nov/2025:08:51:56 -0500] "GET /82d2d6/?action=view&dir=//opt/alt/libheif/bin&item=heif-info HTTP/1.1" 200 2672 "-" "Mozilla/5.0 AppleWebKit/537.36 (KHTML, like Gecko; compatible; GPTBot/1.2; +https://openai.com/gptbot)"
74.7.227.12 - - [05/Nov/2025:08:51:57 -0500] "GET /82d2d6/?action=edit&dir=/home/biopekws/lscache/0/0/6&item=0067bc0172f60c92 HTTP/1.1" 200 3498 "-" "Mozilla/5.0 AppleWebKit/537.36 (KHTML, like Gecko; compatible; GPTBot/1.2; +https://openai.com/gptbot)"
74.7.227.12 - - [05/Nov/2025:08:51:59 -0500] "GET /82d2d6/?action=edit&dir=/home/biopekws/lscache/6/3/3&item=6336fd74336138d7 HTTP/1.1" 200 3222 "-" "Mozilla/5.0 AppleWebKit/537.36 (KHTML, like Gecko; compatible; GPTBot/1.2; +https://openai.com/gptbot)"
74.7.227.12 - - [05/Nov/2025:08:52:00 -0500] "GET /82d2d6/?action=edit&dir=/home/biopekws/lscache/5/5/1&item=55144c8d4a160408 HTTP/1.1" 200 3016 "-" "Mozilla/5.0 AppleWebKit/537.36 (KHTML, like Gecko; compatible; GPTBot/1.2; +https://openai.com/gptbot)"
74.7.227.213 - - [05/Nov/2025:08:52:00 -0500] "GET /82d2d6/?action=edit&dir=//var/softaculous/sp&item=upgrade.php HTTP/1.1" 200 6146 "-" "Mozilla/5.0 AppleWebKit/537.36 (KHTML, like Gecko; compatible; GPTBot/1.2; +https://openai.com/gptbot)"
74.7.227.12 - - [05/Nov/2025:08:52:02 -0500] "GET /82d2d6/?action=edit&dir=/home/biopekws/lscache/b/8/3&item=b8324989d72c3252 HTTP/1.1" 200 3027 "-" "Mozilla/5.0 AppleWebKit/537.36 (KHTML, like Gecko; compatible; GPTBot/1.2; +https://openai.com/gptbot)"
74.7.227.213 - - [05/Nov/2025:08:52:03 -0500] "GET /82d2d6/?action=rename&dir=//var/softaculous/sp&item=md5 HTTP/1.1" 200 3753 "-" "Mozilla/5.0 AppleWebKit/537.36 (KHTML, like Gecko; compatible; GPTBot/1.2; +https://openai.com/gptbot)"
74.7.227.12 - - [05/Nov/2025:08:52:04 -0500] "GET /82d2d6/?action=edit&dir=/home/biopekws/lscache/2/2/4&item=224357cd29ab1492 HTTP/1.1" 200 3315 "-" "Mozilla/5.0 AppleWebKit/537.36 (KHTML, like Gecko; compatible; GPTBot/1.2; +https://openai.com/gptbot)"
74.7.227.12 - - [05/Nov/2025:08:52:06 -0500] "GET /82d2d6/?action=edit&dir=/home/biopekws/lscache/0/9/7&item=097979e82377a9cb HTTP/1.1" 200 2974 "-" "Mozilla/5.0 AppleWebKit/537.36 (KHTML, like Gecko; compatible; GPTBot/1.2; +https://openai.com/gptbot)"
74.7.227.213 - - [05/Nov/2025:08:52:06 -0500] "GET /82d2d6/?dir=//var/softaculous/sp/php81 HTTP/1.1" 200 2608 "-" "Mozilla/5.0 AppleWebKit/537.36 (KHTML, like Gecko; compatible; GPTBot/1.2; +https://openai.com/gptbot)"
74.7.227.12 - - [05/Nov/2025:08:52:07 -0500] "GET /82d2d6/?action=edit&dir=/home/biopekws/lscache/6/0/5&item=6050a882dbb52627 HTTP/1.1" 200 2967 "-" "Mozilla/5.0 AppleWebKit/537.36 (KHTML, like Gecko; compatible; GPTBot/1.2; +https://openai.com/gptbot)"
74.7.227.213 - - [05/Nov/2025:08:52:08 -0500] "GET /82d2d6/?action=rename&dir=//usr/lib/firmware/xe&item=fan_control_8086_e20b_8086_1100.bin HTTP/1.1" 200 2799 "-" "Mozilla/5.0 AppleWebKit/537.36 (KHTML, like Gecko; compatible; GPTBot/1.2; +https://openai.com/gptbot)"
74.7.227.12 - - [05/Nov/2025:08:52:09 -0500] "GET /82d2d6/?action=edit&dir=/home/biopekws/lscache/9/a/9&item=9a9f556205799a98 HTTP/1.1" 200 3137 "-" "Mozilla/5.0 AppleWebKit/537.36 (KHTML, like Gecko; compatible; GPTBot/1.2; +https://openai.com/gptbot)"
74.7.227.12 - - [05/Nov/2025:08:52:11 -0500] "GET /82d2d6/?action=edit&dir=/home/biopekws/lscache/1/1/9&item=11956993bd69a838 HTTP/1.1" 200 3133 "-" "Mozilla/5.0 AppleWebKit/537.36 (KHTML, like Gecko; compatible; GPTBot/1.2; +https://openai.com/gptbot)"
74.7.227.213 - - [05/Nov/2025:08:52:12 -0500] "GET /82d2d6/?dir=//lib/kbd/keymaps/xkb HTTP/1.1" 200 17171 "-" "Mozilla/5.0 AppleWebKit/537.36 (KHTML, like Gecko; compatible; GPTBot/1.2; +https://openai.com/gptbot)"
74.7.227.12 - - [05/Nov/2025:08:52:13 -0500] "GET /82d2d6/?action=edit&dir=/home/biopekws/lscache/b/8/6&item=b86254758672aa45 HTTP/1.1" 200 3258 "-" "Mozilla/5.0 AppleWebKit/537.36 (KHTML, like Gecko; compatible; GPTBot/1.2; +https://openai.com/gptbot)"
74.7.227.12 - - [05/Nov/2025:08:52:15 -0500] "GET /82d2d6/?action=edit&dir=/home/biopekws/lscache/1/1/6&item=116c0b663b416427 HTTP/1.1" 200 3349 "-" "Mozilla/5.0 AppleWebKit/537.36 (KHTML, like Gecko; compatible; GPTBot/1.2; +https://openai.com/gptbot)"
74.7.227.213 - - [05/Nov/2025:08:52:16 -0500] "GET /82d2d6/?action=rename&dir=//lib/firmware/rtl_bt&item=rtl8723d_config.bin HTTP/1.1" 200 4176 "-" "Mozilla/5.0 AppleWebKit/537.36 (KHTML, like Gecko; compatible; GPTBot/1.2; +https://openai.com/gptbot)"
74.7.227.12 - - [05/Nov/2025:08:52:16 -0500] "GET /82d2d6/?action=edit&dir=/home/biopekws/lscache/1/1/4&item=114e94b41529594a HTTP/1.1" 200 2906 "-" "Mozilla/5.0 AppleWebKit/537.36 (KHTML, like Gecko; compatible; GPTBot/1.2; +https://openai.com/gptbot)"
74.7.227.12 - - [05/Nov/2025:08:52:18 -0500] "GET /82d2d6/?action=edit&dir=/home/biopekws/lscache/3/3/7&item=337c246c427a9393 HTTP/1.1" 200 3065 "-" "Mozilla/5.0 AppleWebKit/537.36 (KHTML, like Gecko; compatible; GPTBot/1.2; +https://openai.com/gptbot)"
74.7.227.12 - - [05/Nov/2025:08:52:20 -0500] "GET /82d2d6/?action=edit&dir=/home/biopekws/lscache/8/8/5&item=8856d9c716ae5745 HTTP/1.1" 200 2990 "-" "Mozilla/5.0 AppleWebKit/537.36 (KHTML, like Gecko; compatible; GPTBot/1.2; +https://openai.com/gptbot)"
74.7.227.213 - - [05/Nov/2025:08:52:20 -0500] "GET /82d2d6/?action=rename&dir=//lib/firmware/rtl_bt&item=rtl8922au_config.bin HTTP/1.1" 200 4235 "-" "Mozilla/5.0 AppleWebKit/537.36 (KHTML, like Gecko; compatible; GPTBot/1.2; +https://openai.com/gptbot)"
74.7.227.12 - - [05/Nov/2025:08:52:22 -0500] "GET /82d2d6/?action=edit&dir=/home/biopekws/lscache/9/5/8&item=95857cb646e516e5 HTTP/1.1" 200 2966 "-" "Mozilla/5.0 AppleWebKit/537.36 (KHTML, like Gecko; compatible; GPTBot/1.2; +https://openai.com/gptbot)"
74.7.227.12 - - [05/Nov/2025:08:52:23 -0500] "GET /82d2d6/?action=edit&dir=/home/biopekws/lscache/2/2/1&item=221dd1d784638420 HTTP/1.1" 200 3080 "-" "Mozilla/5.0 AppleWebKit/537.36 (KHTML, like Gecko; compatible; GPTBot/1.2; +https://openai.com/gptbot)"
74.7.227.213 - - [05/Nov/2025:08:52:25 -0500] "GET /82d2d6/?action=view&dir=//lib/firmware/rtl_bt&item=rtl8761a_fw.bin HTTP/1.1" 200 4193 "-" "Mozilla/5.0 AppleWebKit/537.36 (KHTML, like Gecko; compatible; GPTBot/1.2; +https://openai.com/gptbot)"
74.7.227.12 - - [05/Nov/2025:08:52:25 -0500] "GET /82d2d6/?action=edit&dir=/home/biopekws/lscache/4/9/4&item=494dc0d28b798989 HTTP/1.1" 200 3078 "-" "Mozilla/5.0 AppleWebKit/537.36 (KHTML, like Gecko; compatible; GPTBot/1.2; +https://openai.com/gptbot)"
74.7.227.12 - - [05/Nov/2025:08:52:26 -0500] "GET /82d2d6/?action=edit&dir=/home/biopekws/lscache/8/8/d&item=88d35262369a2030 HTTP/1.1" 200 3165 "-" "Mozilla/5.0 AppleWebKit/537.36 (KHTML, like Gecko; compatible; GPTBot/1.2; +https://openai.com/gptbot)"
74.7.227.213 - - [05/Nov/2025:08:52:27 -0500] "GET /82d2d6/?action=view&dir=//lib/firmware/rtl_bt&item=rtl8822cs_fw.bin HTTP/1.1" 200 4179 "-" "Mozilla/5.0 AppleWebKit/537.36 (KHTML, like Gecko; compatible; GPTBot/1.2; +https://openai.com/gptbot)"
74.7.227.12 - - [05/Nov/2025:08:52:28 -0500] "GET /82d2d6/?action=edit&dir=/home/biopekws/lscache/8/8/2&item=882909f8242e564c HTTP/1.1" 200 2856 "-" "Mozilla/5.0 AppleWebKit/537.36 (KHTML, like Gecko; compatible; GPTBot/1.2; +https://openai.com/gptbot)"
74.7.227.12 - - [05/Nov/2025:08:52:29 -0500] "GET /82d2d6/?action=edit&dir=/home/biopekws/lscache/8/8/4&item=884af1b0d8787040 HTTP/1.1" 200 3358 "-" "Mozilla/5.0 AppleWebKit/537.36 (KHTML, like Gecko; compatible; GPTBot/1.2; +https://openai.com/gptbot)"
74.7.227.213 - - [05/Nov/2025:08:52:31 -0500] "GET /82d2d6/?action=view&dir=//lib/firmware/tigon&item=tg3.bin HTTP/1.1" 200 2584 "-" "Mozilla/5.0 AppleWebKit/537.36 (KHTML, like Gecko; compatible; GPTBot/1.2; +https://openai.com/gptbot)"
74.7.227.12 - - [05/Nov/2025:08:52:31 -0500] "GET /82d2d6/?action=edit&dir=/home/biopekws/lscache/b/4/2&item=b42467414c39e686 HTTP/1.1" 200 3090 "-" "Mozilla/5.0 AppleWebKit/537.36 (KHTML, like Gecko; compatible; GPTBot/1.2; +https://openai.com/gptbot)"
74.7.227.12 - - [05/Nov/2025:08:52:32 -0500] "GET /82d2d6/?action=edit&dir=/home/biopekws/lscache/0/0/a&item=00a103454ac10548 HTTP/1.1" 200 3211 "-" "Mozilla/5.0 AppleWebKit/537.36 (KHTML, like Gecko; compatible; GPTBot/1.2; +https://openai.com/gptbot)"
74.7.227.213 - - [05/Nov/2025:08:52:34 -0500] "GET /82d2d6/?dir=//lib/firmware/atusb HTTP/1.1" 200 2453 "-" "Mozilla/5.0 AppleWebKit/537.36 (KHTML, like Gecko; compatible; GPTBot/1.2; +https://openai.com/gptbot)"
74.7.227.12 - - [05/Nov/2025:08:52:35 -0500] "GET /82d2d6/?action=edit&dir=/home/biopekws/lscache/2/2/1&item=221377b677d70fa0 HTTP/1.1" 200 3056 "-" "Mozilla/5.0 AppleWebKit/537.36 (KHTML, like Gecko; compatible; GPTBot/1.2; +https://openai.com/gptbot)"
74.7.227.213 - - [05/Nov/2025:08:52:36 -0500] "GET /82d2d6/?action=edit&dir=//lib/kbd/keymaps/xkb&item=mt-alt-us.map.gz HTTP/1.1" 200 17095 "-" "Mozilla/5.0 AppleWebKit/537.36 (KHTML, like Gecko; compatible; GPTBot/1.2; +https://openai.com/gptbot)"
74.7.227.12 - - [05/Nov/2025:08:52:36 -0500] "GET /82d2d6/?action=edit&dir=/home/biopekws/lscache/5/5/2&item=552976ae9466025e HTTP/1.1" 200 3319 "-" "Mozilla/5.0 AppleWebKit/537.36 (KHTML, like Gecko; compatible; GPTBot/1.2; +https://openai.com/gptbot)"
74.7.227.12 - - [05/Nov/2025:08:52:38 -0500] "GET /82d2d6/?action=edit&dir=/home/biopekws/lscache/3/8/6&item=38673ea11a38641a HTTP/1.1" 200 2810 "-" "Mozilla/5.0 AppleWebKit/537.36 (KHTML, like Gecko; compatible; GPTBot/1.2; +https://openai.com/gptbot)"
74.7.227.12 - - [05/Nov/2025:08:52:39 -0500] "GET /82d2d6/?action=edit&dir=/home/biopekws/lscache/5/5/3&item=5532eb2536027af6 HTTP/1.1" 200 3077 "-" "Mozilla/5.0 AppleWebKit/537.36 (KHTML, like Gecko; compatible; GPTBot/1.2; +https://openai.com/gptbot)"
74.7.227.213 - - [05/Nov/2025:08:52:40 -0500] "GET /82d2d6/?action=edit&dir=//lib/kbd/keymaps/xkb&item=iq-ku_alt.map.gz HTTP/1.1" 200 17157 "-" "Mozilla/5.0 AppleWebKit/537.36 (KHTML, like Gecko; compatible; GPTBot/1.2; +https://openai.com/gptbot)"
74.7.227.12 - - [05/Nov/2025:08:52:41 -0500] "GET /82d2d6/?action=edit&dir=/home/biopekws/lscache/1/6/4&item=1641334134f115ea HTTP/1.1" 200 3077 "-" "Mozilla/5.0 AppleWebKit/537.36 (KHTML, like Gecko; compatible; GPTBot/1.2; +https://openai.com/gptbot)"
74.7.227.12 - - [05/Nov/2025:08:52:42 -0500] "GET /82d2d6/?action=edit&dir=/home/biopekws/lscache/0/0/6&item=0069a87d9e86c814 HTTP/1.1" 200 3499 "-" "Mozilla/5.0 AppleWebKit/537.36 (KHTML, like Gecko; compatible; GPTBot/1.2; +https://openai.com/gptbot)"
74.7.227.213 - - [05/Nov/2025:08:52:43 -0500] "GET /82d2d6/?action=view&dir=//lib/firmware/rtl_bt&item=rtl8723a_fw.bin HTTP/1.1" 200 4183 "-" "Mozilla/5.0 AppleWebKit/537.36 (KHTML, like Gecko; compatible; GPTBot/1.2; +https://openai.com/gptbot)"
74.7.227.12 - - [05/Nov/2025:08:52:44 -0500] "GET /82d2d6/?action=edit&dir=/home/biopekws/lscache/4/4/2&item=4425e550a6643ea3 HTTP/1.1" 200 3098 "-" "Mozilla/5.0 AppleWebKit/537.36 (KHTML, like Gecko; compatible; GPTBot/1.2; +https://openai.com/gptbot)"
74.7.227.12 - - [05/Nov/2025:08:52:45 -0500] "GET /82d2d6/?action=edit&dir=/home/biopekws/lscache/4/4/6&item=4468bcb5986889a3 HTTP/1.1" 200 2908 "-" "Mozilla/5.0 AppleWebKit/537.36 (KHTML, like Gecko; compatible; GPTBot/1.2; +https://openai.com/gptbot)"
74.7.227.12 - - [05/Nov/2025:08:52:47 -0500] "GET /82d2d6/?action=edit&dir=/home/biopekws/lscache/6/6/2&item=662506e4079e43ca HTTP/1.1" 200 3351 "-" "Mozilla/5.0 AppleWebKit/537.36 (KHTML, like Gecko; compatible; GPTBot/1.2; +https://openai.com/gptbot)"
52.167.144.181 - - [05/Nov/2025:08:52:48 -0500] "GET /inputs.php??products=48188776 HTTP/1.1" 404 1251 "-" "Mozilla/5.0 AppleWebKit/537.36 (KHTML, like Gecko; compatible; bingbot/2.0; +http://www.bing.com/bingbot.htm) Chrome/116.0.1938.76 Safari/537.36"
74.7.227.213 - - [05/Nov/2025:08:52:48 -0500] "GET /82d2d6/?action=chmod&dir=//lib/kbd/keymaps/xkb&item=ch-de_mac.map.gz HTTP/1.1" 200 17010 "-" "Mozilla/5.0 AppleWebKit/537.36 (KHTML, like Gecko; compatible; GPTBot/1.2; +https://openai.com/gptbot)"
74.7.227.12 - - [05/Nov/2025:08:52:49 -0500] "GET /82d2d6/?action=edit&dir=/home/biopekws/lscache/b/1/9&item=b192449a4899c200 HTTP/1.1" 200 3468 "-" "Mozilla/5.0 AppleWebKit/537.36 (KHTML, like Gecko; compatible; GPTBot/1.2; +https://openai.com/gptbot)"
74.7.227.12 - - [05/Nov/2025:08:52:51 -0500] "GET /82d2d6/?action=edit&dir=/home/biopekws/lscache/4/4/8&item=448ae79a817d9099 HTTP/1.1" 200 3351 "-" "Mozilla/5.0 AppleWebKit/537.36 (KHTML, like Gecko; compatible; GPTBot/1.2; +https://openai.com/gptbot)"
74.7.227.213 - - [05/Nov/2025:08:52:51 -0500] "GET /82d2d6/?action=chmod&dir=//lib/kbd/keymaps/xkb&item=de-qwerty.map.gz HTTP/1.1" 200 17065 "-" "Mozilla/5.0 AppleWebKit/537.36 (KHTML, like Gecko; compatible; GPTBot/1.2; +https://openai.com/gptbot)"
74.7.227.12 - - [05/Nov/2025:08:52:53 -0500] "GET /82d2d6/?action=edit&dir=/home/biopekws/lscache/2/3/9&item=2399d01e269d041e HTTP/1.1" 200 3517 "-" "Mozilla/5.0 AppleWebKit/537.36 (KHTML, like Gecko; compatible; GPTBot/1.2; +https://openai.com/gptbot)"
74.7.227.12 - - [05/Nov/2025:08:52:54 -0500] "GET /82d2d6/?action=edit&dir=/home/biopekws/lscache/5/7/8&item=57850185056d1dc7 HTTP/1.1" 200 2950 "-" "Mozilla/5.0 AppleWebKit/537.36 (KHTML, like Gecko; compatible; GPTBot/1.2; +https://openai.com/gptbot)"
74.7.227.213 - - [05/Nov/2025:08:52:54 -0500] "GET /82d2d6/?action=chmod&dir=//lib/kbd/keymaps/xkb&item=gb.map.gz HTTP/1.1" 200 17237 "-" "Mozilla/5.0 AppleWebKit/537.36 (KHTML, like Gecko; compatible; GPTBot/1.2; +https://openai.com/gptbot)"
74.7.227.12 - - [05/Nov/2025:08:52:56 -0500] "GET /82d2d6/?action=edit&dir=/home/biopekws/lscache/7/2/d&item=72d229685703d7c3 HTTP/1.1" 200 3480 "-" "Mozilla/5.0 AppleWebKit/537.36 (KHTML, like Gecko; compatible; GPTBot/1.2; +https://openai.com/gptbot)"
74.7.227.213 - - [05/Nov/2025:08:52:57 -0500] "GET /82d2d6/?action=rename&dir=//lib/kbd/keymaps/xkb&item=cm-azerty.map.gz HTTP/1.1" 200 17367 "-" "Mozilla/5.0 AppleWebKit/537.36 (KHTML, like Gecko; compatible; GPTBot/1.2; +https://openai.com/gptbot)"
74.7.227.12 - - [05/Nov/2025:08:52:58 -0500] "GET /82d2d6/?action=edit&dir=/home/biopekws/lscache/8/8/0&item=880cd54dc2736800 HTTP/1.1" 200 3110 "-" "Mozilla/5.0 AppleWebKit/537.36 (KHTML, like Gecko; compatible; GPTBot/1.2; +https://openai.com/gptbot)"
74.7.227.12 - - [05/Nov/2025:08:53:00 -0500] "GET /82d2d6/?action=edit&dir=/home/biopekws/lscache/2/2/4&item=224ca5650b48e101 HTTP/1.1" 200 3319 "-" "Mozilla/5.0 AppleWebKit/537.36 (KHTML, like Gecko; compatible; GPTBot/1.2; +https://openai.com/gptbot)"
74.7.227.12 - - [05/Nov/2025:08:53:01 -0500] "GET /82d2d6/?action=edit&dir=/home/biopekws/lscache/2/2/0&item=220c8d7d410a9187 HTTP/1.1" 200 3297 "-" "Mozilla/5.0 AppleWebKit/537.36 (KHTML, like Gecko; compatible; GPTBot/1.2; +https://openai.com/gptbot)"
74.7.227.213 - - [05/Nov/2025:08:53:02 -0500] "GET /82d2d6/?action=rename&dir=//lib/kbd/keymaps/xkb&item=de-ro.map.gz HTTP/1.1" 200 17059 "-" "Mozilla/5.0 AppleWebKit/537.36 (KHTML, like Gecko; compatible; GPTBot/1.2; +https://openai.com/gptbot)"
74.7.227.12 - - [05/Nov/2025:08:53:03 -0500] "GET /82d2d6/?action=edit&dir=/home/biopekws/lscache/5/5/2&item=552824e001b24c78 HTTP/1.1" 200 3316 "-" "Mozilla/5.0 AppleWebKit/537.36 (KHTML, like Gecko; compatible; GPTBot/1.2; +https://openai.com/gptbot)"
74.7.227.12 - - [05/Nov/2025:08:53:04 -0500] "GET /82d2d6/?action=edit&dir=/home/biopekws/lscache/b/2/4&item=b24f80689244d960 HTTP/1.1" 200 3329 "-" "Mozilla/5.0 AppleWebKit/537.36 (KHTML, like Gecko; compatible; GPTBot/1.2; +https://openai.com/gptbot)"
74.7.227.12 - - [05/Nov/2025:08:53:06 -0500] "GET /82d2d6/?action=edit&dir=/home/biopekws/lscache/3/1/2&item=3123120d6ce3750b HTTP/1.1" 200 3064 "-" "Mozilla/5.0 AppleWebKit/537.36 (KHTML, like Gecko; compatible; GPTBot/1.2; +https://openai.com/gptbot)"
74.7.227.213 - - [05/Nov/2025:08:53:06 -0500] "GET /82d2d6/?action=rename&dir=//lib/kbd/keymaps/xkb&item=ca-multix.map.gz HTTP/1.1" 200 17277 "-" "Mozilla/5.0 AppleWebKit/537.36 (KHTML, like Gecko; compatible; GPTBot/1.2; +https://openai.com/gptbot)"
74.7.227.12 - - [05/Nov/2025:08:53:08 -0500] "GET /82d2d6/?action=edit&dir=/home/biopekws/lscache/0/0/2&item=002001f6f772ad37 HTTP/1.1" 200 2996 "-" "Mozilla/5.0 AppleWebKit/537.36 (KHTML, like Gecko; compatible; GPTBot/1.2; +https://openai.com/gptbot)"
74.7.227.213 - - [05/Nov/2025:08:53:09 -0500] "GET /82d2d6/?action=chmod&dir=//lib/kbd/keymaps/xkb&item=pt-nativo-us.map.gz HTTP/1.1" 200 16998 "-" "Mozilla/5.0 AppleWebKit/537.36 (KHTML, like Gecko; compatible; GPTBot/1.2; +https://openai.com/gptbot)"
74.7.227.12 - - [05/Nov/2025:08:53:09 -0500] "GET /82d2d6/?action=edit&dir=/home/biopekws/lscache/8/3/2&item=8322ca912f31313b HTTP/1.1" 200 2996 "-" "Mozilla/5.0 AppleWebKit/537.36 (KHTML, like Gecko; compatible; GPTBot/1.2; +https://openai.com/gptbot)"
74.7.227.12 - - [05/Nov/2025:08:53:10 -0500] "GET /82d2d6/?action=edit&dir=/home/biopekws/lscache/4/4/1&item=441746a6451b454b HTTP/1.1" 200 3215 "-" "Mozilla/5.0 AppleWebKit/537.36 (KHTML, like Gecko; compatible; GPTBot/1.2; +https://openai.com/gptbot)"
74.7.227.12 - - [05/Nov/2025:08:53:12 -0500] "GET /82d2d6/?action=edit&dir=/home/biopekws/lscache/5/5/4&item=5542606b6c68c89a HTTP/1.1" 200 3207 "-" "Mozilla/5.0 AppleWebKit/537.36 (KHTML, like Gecko; compatible; GPTBot/1.2; +https://openai.com/gptbot)"
74.7.227.213 - - [05/Nov/2025:08:53:13 -0500] "GET /82d2d6/?action=view&dir=//lib/kbd/keymaps/xkb&item=gb-mac_intl.map.gz HTTP/1.1" 200 17257 "-" "Mozilla/5.0 AppleWebKit/537.36 (KHTML, like Gecko; compatible; GPTBot/1.2; +https://openai.com/gptbot)"
74.7.227.12 - - [05/Nov/2025:08:53:13 -0500] "GET /82d2d6/?action=edit&dir=/home/biopekws/lscache/2/2/4&item=22448537d266b39c HTTP/1.1" 200 3322 "-" "Mozilla/5.0 AppleWebKit/537.36 (KHTML, like Gecko; compatible; GPTBot/1.2; +https://openai.com/gptbot)"
74.7.227.12 - - [05/Nov/2025:08:53:15 -0500] "GET /82d2d6/?action=edit&dir=/home/biopekws/lscache/3/3/4&item=334b363ec1451734 HTTP/1.1" 200 2845 "-" "Mozilla/5.0 AppleWebKit/537.36 (KHTML, like Gecko; compatible; GPTBot/1.2; +https://openai.com/gptbot)"
74.7.227.213 - - [05/Nov/2025:08:53:16 -0500] "GET /82d2d6/?action=rename&dir=//lib/kbd/keymaps/xkb&item=iq-ku.map.gz HTTP/1.1" 200 17102 "-" "Mozilla/5.0 AppleWebKit/537.36 (KHTML, like Gecko; compatible; GPTBot/1.2; +https://openai.com/gptbot)"
74.7.227.12 - - [05/Nov/2025:08:53:17 -0500] "GET /82d2d6/?action=edit&dir=/home/biopekws/lscache/0/0/5&item=0051d8e5c233e592 HTTP/1.1" 200 3320 "-" "Mozilla/5.0 AppleWebKit/537.36 (KHTML, like Gecko; compatible; GPTBot/1.2; +https://openai.com/gptbot)"
74.7.227.12 - - [05/Nov/2025:08:53:18 -0500] "GET /82d2d6/?action=edit&dir=/home/biopekws/lscache/2/2/0&item=220409a288c31c49 HTTP/1.1" 200 3299 "-" "Mozilla/5.0 AppleWebKit/537.36 (KHTML, like Gecko; compatible; GPTBot/1.2; +https://openai.com/gptbot)"
74.7.227.213 - - [05/Nov/2025:08:53:19 -0500] "GET /82d2d6/?action=edit&dir=//lib/kbd/keymaps/xkb&item=no-mac_nodeadkeys.map.gz HTTP/1.1" 200 17034 "-" "Mozilla/5.0 AppleWebKit/537.36 (KHTML, like Gecko; compatible; GPTBot/1.2; +https://openai.com/gptbot)"
74.7.227.12 - - [05/Nov/2025:08:53:20 -0500] "GET /82d2d6/?action=edit&dir=/home/biopekws/lscache/b/3/3&item=b33b5850a5863128 HTTP/1.1" 200 3095 "-" "Mozilla/5.0 AppleWebKit/537.36 (KHTML, like Gecko; compatible; GPTBot/1.2; +https://openai.com/gptbot)"
74.7.227.12 - - [05/Nov/2025:08:53:22 -0500] "GET /82d2d6/?action=edit&dir=/home/biopekws/lscache/3/6/9&item=3693001c369cd226 HTTP/1.1" 200 3452 "-" "Mozilla/5.0 AppleWebKit/537.36 (KHTML, like Gecko; compatible; GPTBot/1.2; +https://openai.com/gptbot)"
74.7.227.213 - - [05/Nov/2025:08:53:23 -0500] "GET /82d2d6/?action=rename&dir=//lib/kbd/keymaps/xkb&item=lt-std.map.gz HTTP/1.1" 200 17216 "-" "Mozilla/5.0 AppleWebKit/537.36 (KHTML, like Gecko; compatible; GPTBot/1.2; +https://openai.com/gptbot)"
74.7.227.12 - - [05/Nov/2025:08:53:24 -0500] "GET /82d2d6/?action=edit&dir=/home/biopekws/lscache/6/6/5&item=66595b00a268e9b1 HTTP/1.1" 200 3251 "-" "Mozilla/5.0 AppleWebKit/537.36 (KHTML, like Gecko; compatible; GPTBot/1.2; +https://openai.com/gptbot)"
74.7.227.12 - - [05/Nov/2025:08:53:25 -0500] "GET /82d2d6/?action=edit&dir=/home/biopekws/lscache/5/7/7&item=57753d16316e73d1 HTTP/1.1" 200 3203 "-" "Mozilla/5.0 AppleWebKit/537.36 (KHTML, like Gecko; compatible; GPTBot/1.2; +https://openai.com/gptbot)"
74.7.227.213 - - [05/Nov/2025:08:53:26 -0500] "GET /82d2d6/?action=rename&dir=//lib/kbd/keymaps/xkb&item=fr-bre.map.gz HTTP/1.1" 200 17244 "-" "Mozilla/5.0 AppleWebKit/537.36 (KHTML, like Gecko; compatible; GPTBot/1.2; +https://openai.com/gptbot)"
74.7.227.12 - - [05/Nov/2025:08:53:27 -0500] "GET /82d2d6/?action=edit&dir=/home/biopekws/lscache/b/8/0&item=b800897047bb5882 HTTP/1.1" 200 3222 "-" "Mozilla/5.0 AppleWebKit/537.36 (KHTML, like Gecko; compatible; GPTBot/1.2; +https://openai.com/gptbot)"
74.7.227.12 - - [05/Nov/2025:08:53:28 -0500] "GET /82d2d6/?action=edit&dir=/home/biopekws/lscache/8/8/6&item=8866087b97ebb631 HTTP/1.1" 200 3389 "-" "Mozilla/5.0 AppleWebKit/537.36 (KHTML, like Gecko; compatible; GPTBot/1.2; +https://openai.com/gptbot)"
74.7.227.12 - - [05/Nov/2025:08:53:30 -0500] "GET /82d2d6/?action=edit&dir=/home/biopekws/lscache/9/7/4&item=9749748dea38329a HTTP/1.1" 200 3413 "-" "Mozilla/5.0 AppleWebKit/537.36 (KHTML, like Gecko; compatible; GPTBot/1.2; +https://openai.com/gptbot)"
74.7.227.213 - - [05/Nov/2025:08:53:30 -0500] "GET /82d2d6/?action=edit&dir=//lib/kbd/keymaps/xkb&item=ch-legacy.map.gz HTTP/1.1" 200 17257 "-" "Mozilla/5.0 AppleWebKit/537.36 (KHTML, like Gecko; compatible; GPTBot/1.2; +https://openai.com/gptbot)"
52.167.144.162 - - [05/Nov/2025:08:53:31 -0500] "GET /inputs.php??products=48233644 HTTP/1.1" 404 1251 "-" "Mozilla/5.0 AppleWebKit/537.36 (KHTML, like Gecko; compatible; bingbot/2.0; +http://www.bing.com/bingbot.htm) Chrome/116.0.1938.76 Safari/537.36"
74.7.227.12 - - [05/Nov/2025:08:53:32 -0500] "GET /82d2d6/?action=edit&dir=/home/biopekws/lscache/6/f/9&item=6f972f72f1686127 HTTP/1.1" 200 2920 "-" "Mozilla/5.0 AppleWebKit/537.36 (KHTML, like Gecko; compatible; GPTBot/1.2; +https://openai.com/gptbot)"
74.7.227.213 - - [05/Nov/2025:08:53:33 -0500] "GET /82d2d6/?action=rename&dir=//lib/kbd/keymaps/xkb&item=fi-mac.map.gz HTTP/1.1" 200 17185 "-" "Mozilla/5.0 AppleWebKit/537.36 (KHTML, like Gecko; compatible; GPTBot/1.2; +https://openai.com/gptbot)"
74.7.227.12 - - [05/Nov/2025:08:53:34 -0500] "GET /82d2d6/?action=edit&dir=/home/biopekws/lscache/8/8/4&item=884d648e66375ef7 HTTP/1.1" 200 3355 "-" "Mozilla/5.0 AppleWebKit/537.36 (KHTML, like Gecko; compatible; GPTBot/1.2; +https://openai.com/gptbot)"
74.7.227.12 - - [05/Nov/2025:08:53:35 -0500] "GET /82d2d6/?action=edit&dir=/home/biopekws/lscache/0/0/c&item=00c9b62446d74804 HTTP/1.1" 200 3060 "-" "Mozilla/5.0 AppleWebKit/537.36 (KHTML, like Gecko; compatible; GPTBot/1.2; +https://openai.com/gptbot)"
74.7.227.12 - - [05/Nov/2025:08:53:37 -0500] "GET /82d2d6/?action=edit&dir=/home/biopekws/lscache/7/6/7&item=767be27010f76741 HTTP/1.1" 200 2859 "-" "Mozilla/5.0 AppleWebKit/537.36 (KHTML, like Gecko; compatible; GPTBot/1.2; +https://openai.com/gptbot)"
74.7.227.213 - - [05/Nov/2025:08:53:37 -0500] "GET /82d2d6/?action=rename&dir=//lib/kbd/keymaps/xkb&item=fr-bepo_latin9.map.gz HTTP/1.1" 200 17276 "-" "Mozilla/5.0 AppleWebKit/537.36 (KHTML, like Gecko; compatible; GPTBot/1.2; +https://openai.com/gptbot)"
74.7.227.12 - - [05/Nov/2025:08:53:39 -0500] "GET /82d2d6/?action=edit&dir=/home/biopekws/lscache/4/7/4&item=47497923c4743b5d HTTP/1.1" 200 3138 "-" "Mozilla/5.0 AppleWebKit/537.36 (KHTML, like Gecko; compatible; GPTBot/1.2; +https://openai.com/gptbot)"
74.7.227.12 - - [05/Nov/2025:08:53:41 -0500] "GET /82d2d6/?action=edit&dir=/home/biopekws/lscache/8/d/3&item=8d34257a303037d0 HTTP/1.1" 200 2923 "-" "Mozilla/5.0 AppleWebKit/537.36 (KHTML, like Gecko; compatible; GPTBot/1.2; +https://openai.com/gptbot)"
74.7.227.213 - - [05/Nov/2025:08:53:41 -0500] "GET /82d2d6/?dir=//proc/thread-self/ns HTTP/1.1" 200 2670 "-" "Mozilla/5.0 AppleWebKit/537.36 (KHTML, like Gecko; compatible; GPTBot/1.2; +https://openai.com/gptbot)"
74.7.227.12 - - [05/Nov/2025:08:53:43 -0500] "GET /82d2d6/?action=edit&dir=/home/biopekws/lscache/8/8/6&item=886050cd63b08345 HTTP/1.1" 200 3389 "-" "Mozilla/5.0 AppleWebKit/537.36 (KHTML, like Gecko; compatible; GPTBot/1.2; +https://openai.com/gptbot)"
74.7.227.213 - - [05/Nov/2025:08:53:44 -0500] "GET /82d2d6/?dir=//var/softaculous/mt HTTP/1.1" 200 3687 "-" "Mozilla/5.0 AppleWebKit/537.36 (KHTML, like Gecko; compatible; GPTBot/1.2; +https://openai.com/gptbot)"
74.7.227.12 - - [05/Nov/2025:08:53:44 -0500] "GET /82d2d6/?action=edit&dir=/home/biopekws/lscache/3/3/6&item=3366f2340b6d3500 HTTP/1.1" 200 3083 "-" "Mozilla/5.0 AppleWebKit/537.36 (KHTML, like Gecko; compatible; GPTBot/1.2; +https://openai.com/gptbot)"
74.7.227.12 - - [05/Nov/2025:08:53:46 -0500] "GET /82d2d6/?action=edit&dir=/home/biopekws/lscache/b/5/6&item=b563989232dc3056 HTTP/1.1" 200 3363 "-" "Mozilla/5.0 AppleWebKit/537.36 (KHTML, like Gecko; compatible; GPTBot/1.2; +https://openai.com/gptbot)"
74.7.227.213 - - [05/Nov/2025:08:53:47 -0500] "GET /82d2d6/?dir=//proc/self/map_files HTTP/1.1" 200 2188 "-" "Mozilla/5.0 AppleWebKit/537.36 (KHTML, like Gecko; compatible; GPTBot/1.2; +https://openai.com/gptbot)"
74.7.227.12 - - [05/Nov/2025:08:53:47 -0500] "GET /82d2d6/?action=edit&dir=/home/biopekws/lscache/8/8/4&item=88488747c859b16d HTTP/1.1" 200 3356 "-" "Mozilla/5.0 AppleWebKit/537.36 (KHTML, like Gecko; compatible; GPTBot/1.2; +https://openai.com/gptbot)"
74.7.227.213 - - [05/Nov/2025:08:53:49 -0500] "GET /82d2d6/?dir=//var/softaculous/mw HTTP/1.1" 200 3258 "-" "Mozilla/5.0 AppleWebKit/537.36 (KHTML, like Gecko; compatible; GPTBot/1.2; +https://openai.com/gptbot)"
74.7.227.12 - - [05/Nov/2025:08:53:50 -0500] "GET /82d2d6/?action=edit&dir=/home/biopekws/lscache/4/4/7&item=4476a6740b2b56e6 HTTP/1.1" 200 2882 "-" "Mozilla/5.0 AppleWebKit/537.36 (KHTML, like Gecko; compatible; GPTBot/1.2; +https://openai.com/gptbot)"
74.7.227.12 - - [05/Nov/2025:08:53:51 -0500] "GET /82d2d6/?action=edit&dir=/home/biopekws/lscache/2/2/d&item=22d20c36799f3079 HTTP/1.1" 200 3159 "-" "Mozilla/5.0 AppleWebKit/537.36 (KHTML, like Gecko; compatible; GPTBot/1.2; +https://openai.com/gptbot)"
74.7.227.12 - - [05/Nov/2025:08:53:53 -0500] "GET /82d2d6/?action=edit&dir=/home/biopekws/lscache/4/e/4&item=4e49425a3b479229 HTTP/1.1" 200 2963 "-" "Mozilla/5.0 AppleWebKit/537.36 (KHTML, like Gecko; compatible; GPTBot/1.2; +https://openai.com/gptbot)"
74.7.227.213 - - [05/Nov/2025:08:53:54 -0500] "GET /82d2d6/?dir=//opt/cpanel/libtidy HTTP/1.1" 200 2339 "-" "Mozilla/5.0 AppleWebKit/537.36 (KHTML, like Gecko; compatible; GPTBot/1.2; +https://openai.com/gptbot)"
74.7.227.12 - - [05/Nov/2025:08:53:54 -0500] "GET /82d2d6/?action=edit&dir=/home/biopekws/lscache/5/5/4&item=5548a22ae03646a2 HTTP/1.1" 200 3211 "-" "Mozilla/5.0 AppleWebKit/537.36 (KHTML, like Gecko; compatible; GPTBot/1.2; +https://openai.com/gptbot)"
74.7.227.12 - - [05/Nov/2025:08:53:56 -0500] "GET /82d2d6/?action=edit&dir=/home/biopekws/lscache/8/8/7&item=8876b6cb93b27690 HTTP/1.1" 200 3083 "-" "Mozilla/5.0 AppleWebKit/537.36 (KHTML, like Gecko; compatible; GPTBot/1.2; +https://openai.com/gptbot)"
74.7.227.213 - - [05/Nov/2025:08:53:58 -0500] "GET /82d2d6/?dir=//lib/firmware/meson HTTP/1.1" 200 2294 "-" "Mozilla/5.0 AppleWebKit/537.36 (KHTML, like Gecko; compatible; GPTBot/1.2; +https://openai.com/gptbot)"
74.7.227.12 - - [05/Nov/2025:08:53:59 -0500] "GET /82d2d6/?action=edit&dir=/home/biopekws/lscache/1/1/c&item=11c11689078da947 HTTP/1.1" 200 3078 "-" "Mozilla/5.0 AppleWebKit/537.36 (KHTML, like Gecko; compatible; GPTBot/1.2; +https://openai.com/gptbot)"
74.7.227.12 - - [05/Nov/2025:08:54:00 -0500] "GET /82d2d6/?action=edit&dir=/home/biopekws/lscache/1/1/0&item=110dc49cd0402933 HTTP/1.1" 200 3218 "-" "Mozilla/5.0 AppleWebKit/537.36 (KHTML, like Gecko; compatible; GPTBot/1.2; +https://openai.com/gptbot)"
74.7.227.12 - - [05/Nov/2025:08:54:02 -0500] "GET /82d2d6/?action=edit&dir=/home/biopekws/lscache/2/2/1&item=2211d62010e659f7 HTTP/1.1" 200 3079 "-" "Mozilla/5.0 AppleWebKit/537.36 (KHTML, like Gecko; compatible; GPTBot/1.2; +https://openai.com/gptbot)"
74.7.227.213 - - [05/Nov/2025:08:54:02 -0500] "GET /82d2d6/?dir=//usr/lib/fontconfig HTTP/1.1" 200 2314 "-" "Mozilla/5.0 AppleWebKit/537.36 (KHTML, like Gecko; compatible; GPTBot/1.2; +https://openai.com/gptbot)"
74.7.227.12 - - [05/Nov/2025:08:54:03 -0500] "GET /82d2d6/?action=edit&dir=/home/biopekws/lscache/7/2/7&item=72727d8a7025c439 HTTP/1.1" 200 3102 "-" "Mozilla/5.0 AppleWebKit/537.36 (KHTML, like Gecko; compatible; GPTBot/1.2; +https://openai.com/gptbot)"
74.7.227.12 - - [05/Nov/2025:08:54:05 -0500] "GET /82d2d6/?action=edit&dir=/home/biopekws/lscache/2/2/3&item=22364b30a1425d31 HTTP/1.1" 200 3260 "-" "Mozilla/5.0 AppleWebKit/537.36 (KHTML, like Gecko; compatible; GPTBot/1.2; +https://openai.com/gptbot)"
74.7.227.213 - - [05/Nov/2025:08:54:06 -0500] "GET /82d2d6/?action=rename&dir=//proc/thread-self/ns&item=net HTTP/1.1" 200 2750 "-" "Mozilla/5.0 AppleWebKit/537.36 (KHTML, like Gecko; compatible; GPTBot/1.2; +https://openai.com/gptbot)"
74.7.227.12 - - [05/Nov/2025:08:54:07 -0500] "GET /82d2d6/?action=edit&dir=/home/biopekws/lscache/8/8/0&item=88059403e067cae8 HTTP/1.1" 200 3071 "-" "Mozilla/5.0 AppleWebKit/537.36 (KHTML, like Gecko; compatible; GPTBot/1.2; +https://openai.com/gptbot)"
74.7.227.12 - - [05/Nov/2025:08:54:08 -0500] "GET /82d2d6/?action=edit&dir=/home/biopekws/lscache/4/4/7&item=447864f64c7f75d6 HTTP/1.1" 200 2902 "-" "Mozilla/5.0 AppleWebKit/537.36 (KHTML, like Gecko; compatible; GPTBot/1.2; +https://openai.com/gptbot)"
74.7.227.213 - - [05/Nov/2025:08:54:09 -0500] "GET /82d2d6/?action=chmod&dir=//proc/thread-self/ns&item=net HTTP/1.1" 200 2737 "-" "Mozilla/5.0 AppleWebKit/537.36 (KHTML, like Gecko; compatible; GPTBot/1.2; +https://openai.com/gptbot)"
74.7.227.12 - - [05/Nov/2025:08:54:10 -0500] "GET /82d2d6/?action=edit&dir=/home/biopekws/lscache/5/5/7&item=55726b12e6e0995b HTTP/1.1" 200 3242 "-" "Mozilla/5.0 AppleWebKit/537.36 (KHTML, like Gecko; compatible; GPTBot/1.2; +https://openai.com/gptbot)"
74.7.227.12 - - [05/Nov/2025:08:54:11 -0500] "GET /82d2d6/?action=edit&dir=/home/biopekws/lscache/2/2/9&item=229861010e0b2f4a HTTP/1.1" 200 3057 "-" "Mozilla/5.0 AppleWebKit/537.36 (KHTML, like Gecko; compatible; GPTBot/1.2; +https://openai.com/gptbot)"
74.7.227.213 - - [05/Nov/2025:08:54:11 -0500] "GET /82d2d6/?action=edit&dir=//var/softaculous/mt&item=mt-search.cgi HTTP/1.1" 200 4004 "-" "Mozilla/5.0 AppleWebKit/537.36 (KHTML, like Gecko; compatible; GPTBot/1.2; +https://openai.com/gptbot)"
74.7.227.12 - - [05/Nov/2025:08:54:14 -0500] "GET /82d2d6/?action=edit&dir=/home/biopekws/lscache/8/8/1&item=8819879a9b600a87 HTTP/1.1" 200 3088 "-" "Mozilla/5.0 AppleWebKit/537.36 (KHTML, like Gecko; compatible; GPTBot/1.2; +https://openai.com/gptbot)"
74.7.227.12 - - [05/Nov/2025:08:54:15 -0500] "GET /82d2d6/?action=edit&dir=/home/biopekws/lscache/6/6/8&item=668c070458a0d9d2 HTTP/1.1" 200 3183 "-" "Mozilla/5.0 AppleWebKit/537.36 (KHTML, like Gecko; compatible; GPTBot/1.2; +https://openai.com/gptbot)"
74.7.227.213 - - [05/Nov/2025:08:54:15 -0500] "GET /82d2d6/?action=view&dir=//proc/thread-self/ns&item=net HTTP/1.1" 200 2768 "-" "Mozilla/5.0 AppleWebKit/537.36 (KHTML, like Gecko; compatible; GPTBot/1.2; +https://openai.com/gptbot)"
74.7.227.12 - - [05/Nov/2025:08:54:16 -0500] "GET /82d2d6/?action=edit&dir=/home/biopekws/lscache/3/3/2&item=332866a5225b173e HTTP/1.1" 200 2837 "-" "Mozilla/5.0 AppleWebKit/537.36 (KHTML, like Gecko; compatible; GPTBot/1.2; +https://openai.com/gptbot)"
74.7.227.12 - - [05/Nov/2025:08:54:18 -0500] "GET /82d2d6/?action=rename&dir=/home/biopekws/portal.biopaytoken.com/vendor/composer&item=InstalledVersions.php HTTP/1.1" 200 3305 "-" "Mozilla/5.0 AppleWebKit/537.36 (KHTML, like Gecko; compatible; GPTBot/1.2; +https://openai.com/gptbot)"
74.7.227.213 - - [05/Nov/2025:08:54:19 -0500] "GET /82d2d6/?dir=//proc/self/root/sbin HTTP/1.1" 200 4939 "-" "Mozilla/5.0 AppleWebKit/537.36 (KHTML, like Gecko; compatible; GPTBot/1.2; +https://openai.com/gptbot)"
74.7.227.12 - - [05/Nov/2025:08:54:20 -0500] "GET /82d2d6/?action=edit&dir=/home/biopekws/lscache/0/8/8&item=0884d1801fd942d2 HTTP/1.1" 200 3127 "-" "Mozilla/5.0 AppleWebKit/537.36 (KHTML, like Gecko; compatible; GPTBot/1.2; +https://openai.com/gptbot)"
74.7.227.12 - - [05/Nov/2025:08:54:22 -0500] "GET /82d2d6/?action=rename&dir=/home/biopekws/lscache/2/2/9&item=229cd7205a038228 HTTP/1.1" 200 3053 "-" "Mozilla/5.0 AppleWebKit/537.36 (KHTML, like Gecko; compatible; GPTBot/1.2; +https://openai.com/gptbot)"
74.7.227.213 - - [05/Nov/2025:08:54:23 -0500] "GET /82d2d6/?dir=//usr/lib/kbd/keymaps HTTP/1.1" 200 2331 "-" "Mozilla/5.0 AppleWebKit/537.36 (KHTML, like Gecko; compatible; GPTBot/1.2; +https://openai.com/gptbot)"
74.7.227.12 - - [05/Nov/2025:08:54:24 -0500] "GET /82d2d6/?action=rename&dir=/home/biopekws/lscache/6/3/6&item=6365683655dd1f33 HTTP/1.1" 200 3014 "-" "Mozilla/5.0 AppleWebKit/537.36 (KHTML, like Gecko; compatible; GPTBot/1.2; +https://openai.com/gptbot)"
74.7.227.12 - - [05/Nov/2025:08:54:26 -0500] "GET /82d2d6/?action=rename&dir=/home/biopekws/lscache/3/3/7&item=337c246c427a9393 HTTP/1.1" 200 3038 "-" "Mozilla/5.0 AppleWebKit/537.36 (KHTML, like Gecko; compatible; GPTBot/1.2; +https://openai.com/gptbot)"
74.7.227.213 - - [05/Nov/2025:08:54:26 -0500] "GET /82d2d6/?dir=//var/run/postgresql HTTP/1.1" 200 2394 "-" "Mozilla/5.0 AppleWebKit/537.36 (KHTML, like Gecko; compatible; GPTBot/1.2; +https://openai.com/gptbot)"
74.7.227.12 - - [05/Nov/2025:08:54:28 -0500] "GET /82d2d6/?action=rename&dir=/home/biopekws/lscache/3/1/6&item=3162d618a691c818 HTTP/1.1" 200 2843 "-" "Mozilla/5.0 AppleWebKit/537.36 (KHTML, like Gecko; compatible; GPTBot/1.2; +https://openai.com/gptbot)"
74.7.227.12 - - [05/Nov/2025:08:54:29 -0500] "GET /82d2d6/?action=rename&dir=/home/biopekws/lscache/1/0/2&item=102061c01102c4c5 HTTP/1.1" 200 3081 "-" "Mozilla/5.0 AppleWebKit/537.36 (KHTML, like Gecko; compatible; GPTBot/1.2; +https://openai.com/gptbot)"
74.7.227.213 - - [05/Nov/2025:08:54:30 -0500] "GET /82d2d6/?dir=//proc/thread-self/fd HTTP/1.1" 200 2407 "-" "Mozilla/5.0 AppleWebKit/537.36 (KHTML, like Gecko; compatible; GPTBot/1.2; +https://openai.com/gptbot)"
74.7.227.12 - - [05/Nov/2025:08:54:31 -0500] "GET /82d2d6/?action=rename&dir=/home/biopekws/lscache/3/6/9&item=3693001c369cd226 HTTP/1.1" 200 3439 "-" "Mozilla/5.0 AppleWebKit/537.36 (KHTML, like Gecko; compatible; GPTBot/1.2; +https://openai.com/gptbot)"
74.7.227.12 - - [05/Nov/2025:08:54:33 -0500] "GET /82d2d6/?action=rename&dir=/home/biopekws/lscache/4/4/8&item=4483941d93c3883e HTTP/1.1" 200 3313 "-" "Mozilla/5.0 AppleWebKit/537.36 (KHTML, like Gecko; compatible; GPTBot/1.2; +https://openai.com/gptbot)"
74.7.227.213 - - [05/Nov/2025:08:54:34 -0500] "GET /82d2d6/?action=edit&dir=//proc/thread-self/ns&item=net HTTP/1.1" 200 2773 "-" "Mozilla/5.0 AppleWebKit/537.36 (KHTML, like Gecko; compatible; GPTBot/1.2; +https://openai.com/gptbot)"
74.7.227.12 - - [05/Nov/2025:08:54:34 -0500] "GET /82d2d6/?action=rename&dir=/home/biopekws/lscache/8/8/d&item=88d35262369a2030 HTTP/1.1" 200 3142 "-" "Mozilla/5.0 AppleWebKit/537.36 (KHTML, like Gecko; compatible; GPTBot/1.2; +https://openai.com/gptbot)"
74.7.227.12 - - [05/Nov/2025:08:54:36 -0500] "GET /82d2d6/?action=rename&dir=/home/biopekws/lscache/3/3/9&item=339e97e324c56349 HTTP/1.1" 200 3167 "-" "Mozilla/5.0 AppleWebKit/537.36 (KHTML, like Gecko; compatible; GPTBot/1.2; +https://openai.com/gptbot)"
74.7.227.213 - - [05/Nov/2025:08:54:38 -0500] "GET /82d2d6/?action=view&dir=//proc/sys/net/netfilter&item=nf_conntrack_sctp_timeout_heartbeat_acked HTTP/1.1" 200 4743 "-" "Mozilla/5.0 AppleWebKit/537.36 (KHTML, like Gecko; compatible; GPTBot/1.2; +https://openai.com/gptbot)"
74.7.227.12 - - [05/Nov/2025:08:54:38 -0500] "GET /82d2d6/?action=rename&dir=/home/biopekws/lscache/8/8/1&item=88166819b2c5c768 HTTP/1.1" 200 3056 "-" "Mozilla/5.0 AppleWebKit/537.36 (KHTML, like Gecko; compatible; GPTBot/1.2; +https://openai.com/gptbot)"
74.7.227.12 - - [05/Nov/2025:08:54:40 -0500] "GET /82d2d6/?action=rename&dir=/home/biopekws/lscache/7/5/2&item=752f3985227ec752 HTTP/1.1" 200 2973 "-" "Mozilla/5.0 AppleWebKit/537.36 (KHTML, like Gecko; compatible; GPTBot/1.2; +https://openai.com/gptbot)"
74.7.227.12 - - [05/Nov/2025:08:54:41 -0500] "GET /82d2d6/?action=rename&dir=/home/biopekws/lscache/6/6/1&item=66132b9c5c265112 HTTP/1.1" 200 2942 "-" "Mozilla/5.0 AppleWebKit/537.36 (KHTML, like Gecko; compatible; GPTBot/1.2; +https://openai.com/gptbot)"
74.7.227.12 - - [05/Nov/2025:08:54:43 -0500] "GET /82d2d6/?action=rename&dir=/home/biopekws/lscache/7/7/6&item=77636e7529d8736d HTTP/1.1" 200 3423 "-" "Mozilla/5.0 AppleWebKit/537.36 (KHTML, like Gecko; compatible; GPTBot/1.2; +https://openai.com/gptbot)"
74.7.227.213 - - [05/Nov/2025:08:54:43 -0500] "GET /82d2d6/?dir=//opt/cpanel/libcurl HTTP/1.1" 200 2413 "-" "Mozilla/5.0 AppleWebKit/537.36 (KHTML, like Gecko; compatible; GPTBot/1.2; +https://openai.com/gptbot)"
74.7.227.12 - - [05/Nov/2025:08:54:45 -0500] "GET /82d2d6/?action=rename&dir=/home/biopekws/lscache/7/7/3&item=773cd365b2723657 HTTP/1.1" 200 3044 "-" "Mozilla/5.0 AppleWebKit/537.36 (KHTML, like Gecko; compatible; GPTBot/1.2; +https://openai.com/gptbot)"
74.7.227.12 - - [05/Nov/2025:08:54:47 -0500] "GET /82d2d6/?action=rename&dir=/home/biopekws/lscache/8/8/2&item=882909f8242e564c HTTP/1.1" 200 2819 "-" "Mozilla/5.0 AppleWebKit/537.36 (KHTML, like Gecko; compatible; GPTBot/1.2; +https://openai.com/gptbot)"
74.7.227.213 - - [05/Nov/2025:08:54:47 -0500] "GET /82d2d6/?action=rename&dir=//proc/self/root/sbin&item=cxs HTTP/1.1" 200 4792 "-" "Mozilla/5.0 AppleWebKit/537.36 (KHTML, like Gecko; compatible; GPTBot/1.2; +https://openai.com/gptbot)"
74.7.227.12 - - [05/Nov/2025:08:54:49 -0500] "GET /82d2d6/?action=rename&dir=/home/biopekws/lscache/5/5/6&item=556d2329d602425a HTTP/1.1" 200 2888 "-" "Mozilla/5.0 AppleWebKit/537.36 (KHTML, like Gecko; compatible; GPTBot/1.2; +https://openai.com/gptbot)"
43.163.206.70 - - [05/Nov/2025:08:54:50 -0500] "GET /wp-config.php HTTP/1.1" 403 1242 "-" "Mozilla/5.0 (iPhone; CPU iPhone OS 13_2_3 like Mac OS X) AppleWebKit/605.1.15 (KHTML, like Gecko) Version/13.0.3 Mobile/15E148 Safari/604.1"
74.7.227.213 - - [05/Nov/2025:08:54:50 -0500] "GET /82d2d6/?action=chmod&dir=//proc/sys/net/ipv6/conf/default&item=keep_addr_on_down HTTP/1.1" 200 4725 "-" "Mozilla/5.0 AppleWebKit/537.36 (KHTML, like Gecko; compatible; GPTBot/1.2; +https://openai.com/gptbot)"
74.7.227.12 - - [05/Nov/2025:08:54:50 -0500] "GET /82d2d6/?action=rename&dir=/home/biopekws/lscache/1/1/4&item=114e94b41529594a HTTP/1.1" 200 2874 "-" "Mozilla/5.0 AppleWebKit/537.36 (KHTML, like Gecko; compatible; GPTBot/1.2; +https://openai.com/gptbot)"
74.7.227.12 - - [05/Nov/2025:08:54:52 -0500] "GET /82d2d6/?action=rename&dir=/home/biopekws/lscache/0/6/7&item=067e6d6807e66198 HTTP/1.1" 200 3088 "-" "Mozilla/5.0 AppleWebKit/537.36 (KHTML, like Gecko; compatible; GPTBot/1.2; +https://openai.com/gptbot)"
74.7.227.12 - - [05/Nov/2025:08:54:54 -0500] "GET /82d2d6/?action=rename&dir=/home/biopekws/lscache/b/6/3&item=b6311b1212242296 HTTP/1.1" 200 3066 "-" "Mozilla/5.0 AppleWebKit/537.36 (KHTML, like Gecko; compatible; GPTBot/1.2; +https://openai.com/gptbot)"
74.7.227.213 - - [05/Nov/2025:08:54:55 -0500] "GET /82d2d6/?action=chmod&dir=//proc/sys/net/ipv4/conf/default&item=drop_gratuitous_arp HTTP/1.1" 200 3834 "-" "Mozilla/5.0 AppleWebKit/537.36 (KHTML, like Gecko; compatible; GPTBot/1.2; +https://openai.com/gptbot)"
74.7.227.12 - - [05/Nov/2025:08:54:56 -0500] "GET /82d2d6/?action=rename&dir=/home/biopekws/lscache/6/3/3&item=6336fd74336138d7 HTTP/1.1" 200 3199 "-" "Mozilla/5.0 AppleWebKit/537.36 (KHTML, like Gecko; compatible; GPTBot/1.2; +https://openai.com/gptbot)"
74.7.227.12 - - [05/Nov/2025:08:54:57 -0500] "GET /82d2d6/?action=rename&dir=/home/biopekws/lscache/4/4/1&item=441746a6451b454b HTTP/1.1" 200 3181 "-" "Mozilla/5.0 AppleWebKit/537.36 (KHTML, like Gecko; compatible; GPTBot/1.2; +https://openai.com/gptbot)"
74.7.227.12 - - [05/Nov/2025:08:54:59 -0500] "GET /82d2d6/?action=rename&dir=/home/biopekws/lscache/5/7/7&item=57753d16316e73d1 HTTP/1.1" 200 3120 "-" "Mozilla/5.0 AppleWebKit/537.36 (KHTML, like Gecko; compatible; GPTBot/1.2; +https://openai.com/gptbot)"
74.7.227.213 - - [05/Nov/2025:08:54:59 -0500] "GET /82d2d6/?action=chmod&dir=//proc/sys/net/ipv6/conf/default&item=suppress_frag_ndisc HTTP/1.1" 200 4760 "-" "Mozilla/5.0 AppleWebKit/537.36 (KHTML, like Gecko; compatible; GPTBot/1.2; +https://openai.com/gptbot)"
74.7.227.12 - - [05/Nov/2025:08:55:00 -0500] "GET /82d2d6/?action=rename&dir=/home/biopekws/lscache/4/7/4&item=474579e5689e588e HTTP/1.1" 200 3129 "-" "Mozilla/5.0 AppleWebKit/537.36 (KHTML, like Gecko; compatible; GPTBot/1.2; +https://openai.com/gptbot)"
74.7.227.213 - - [05/Nov/2025:08:55:02 -0500] "GET /82d2d6/?action=chmod&dir=//proc/sys/net/ipv6/conf/default&item=use_oif_addrs_only HTTP/1.1" 200 4733 "-" "Mozilla/5.0 AppleWebKit/537.36 (KHTML, like Gecko; compatible; GPTBot/1.2; +https://openai.com/gptbot)"
74.7.227.12 - - [05/Nov/2025:08:55:02 -0500] "GET /82d2d6/?action=rename&dir=/home/biopekws/lscache/7/c/8&item=7c8200e820554588 HTTP/1.1" 200 3081 "-" "Mozilla/5.0 AppleWebKit/537.36 (KHTML, like Gecko; compatible; GPTBot/1.2; +https://openai.com/gptbot)"
74.7.227.12 - - [05/Nov/2025:08:55:04 -0500] "GET /82d2d6/?action=rename&dir=/home/biopekws/lscache/5/5/2&item=552976ae9466025e HTTP/1.1" 200 3261 "-" "Mozilla/5.0 AppleWebKit/537.36 (KHTML, like Gecko; compatible; GPTBot/1.2; +https://openai.com/gptbot)"
74.7.227.12 - - [05/Nov/2025:08:55:06 -0500] "GET /82d2d6/?action=rename&dir=/home/biopekws/lscache/7/7/2&item=77276407a7a9a085 HTTP/1.1" 200 3149 "-" "Mozilla/5.0 AppleWebKit/537.36 (KHTML, like Gecko; compatible; GPTBot/1.2; +https://openai.com/gptbot)"
74.7.227.213 - - [05/Nov/2025:08:55:06 -0500] "GET /82d2d6/?action=chmod&dir=//proc/sys/net/ipv6/conf/default&item=accept_ra_rt_info_max_plen HTTP/1.1" 200 4681 "-" "Mozilla/5.0 AppleWebKit/537.36 (KHTML, like Gecko; compatible; GPTBot/1.2; +https://openai.com/gptbot)"
74.7.227.12 - - [05/Nov/2025:08:55:07 -0500] "GET /82d2d6/?action=rename&dir=/home/biopekws/lscache/2/2/1&item=221dd1d784638420 HTTP/1.1" 200 3046 "-" "Mozilla/5.0 AppleWebKit/537.36 (KHTML, like Gecko; compatible; GPTBot/1.2; +https://openai.com/gptbot)"
74.7.227.213 - - [05/Nov/2025:08:55:09 -0500] "GET /wp-includes/class-wp-http-curl.php HTTP/1.1" 403 1242 "-" "Mozilla/5.0 AppleWebKit/537.36 (KHTML, like Gecko; compatible; GPTBot/1.2; +https://openai.com/gptbot)"
74.7.227.12 - - [05/Nov/2025:08:55:09 -0500] "GET /82d2d6/?action=rename&dir=/home/biopekws/lscache/3/3/6&item=33690e825c2393e2 HTTP/1.1" 200 3059 "-" "Mozilla/5.0 AppleWebKit/537.36 (KHTML, like Gecko; compatible; GPTBot/1.2; +https://openai.com/gptbot)"
74.7.227.12 - - [05/Nov/2025:08:55:10 -0500] "GET /82d2d6/?action=rename&dir=/home/biopekws/lscache/0/0/6&item=006cf89728228c22 HTTP/1.1" 200 3459 "-" "Mozilla/5.0 AppleWebKit/537.36 (KHTML, like Gecko; compatible; GPTBot/1.2; +https://openai.com/gptbot)"
74.7.227.213 - - [05/Nov/2025:08:55:11 -0500] "GET /82d2d6/?action=view&dir=//proc/sys/net/ipv4/conf/default&item=accept_redirects HTTP/1.1" 200 3835 "-" "Mozilla/5.0 AppleWebKit/537.36 (KHTML, like Gecko; compatible; GPTBot/1.2; +https://openai.com/gptbot)"
74.7.227.12 - - [05/Nov/2025:08:55:12 -0500] "GET /82d2d6/?action=rename&dir=/home/biopekws/lscache/9/9/7&item=9978e33c8c937436 HTTP/1.1" 200 3230 "-" "Mozilla/5.0 AppleWebKit/537.36 (KHTML, like Gecko; compatible; GPTBot/1.2; +https://openai.com/gptbot)"
74.7.227.213 - - [05/Nov/2025:08:55:13 -0500] "GET /82d2d6/?action=view&dir=//proc/sys/net/ipv4/conf/default&item=send_redirects HTTP/1.1" 200 3867 "-" "Mozilla/5.0 AppleWebKit/537.36 (KHTML, like Gecko; compatible; GPTBot/1.2; +https://openai.com/gptbot)"
74.7.227.12 - - [05/Nov/2025:08:55:14 -0500] "GET /82d2d6/?action=rename&dir=/home/biopekws/lscache/3/3/2&item=332866a5225b173e HTTP/1.1" 200 2816 "-" "Mozilla/5.0 AppleWebKit/537.36 (KHTML, like Gecko; compatible; GPTBot/1.2; +https://openai.com/gptbot)"
74.7.227.12 - - [05/Nov/2025:08:55:16 -0500] "GET /82d2d6/?action=rename&dir=/home/biopekws/mail/biopaytoken.com/admin/new&item=1707997061.M113237P2843529.premium156.web-hosting.com,S=366893,W=371831 HTTP/1.1" 200 18727 "-" "Mozilla/5.0 AppleWebKit/537.36 (KHTML, like Gecko; compatible; GPTBot/1.2; +https://openai.com/gptbot)"
74.7.227.213 - - [05/Nov/2025:08:55:17 -0500] "GET /82d2d6/?action=view&dir=//proc/sys/net/ipv4/conf/default&item=secure_redirects HTTP/1.1" 200 3820 "-" "Mozilla/5.0 AppleWebKit/537.36 (KHTML, like Gecko; compatible; GPTBot/1.2; +https://openai.com/gptbot)"
74.7.227.12 - - [05/Nov/2025:08:55:17 -0500] "GET /82d2d6/?dir=/home/biopekws/portal.biopaytoken.com/storage/framework/cache/data/ff/f0 HTTP/1.1" 200 2474 "-" "Mozilla/5.0 AppleWebKit/537.36 (KHTML, like Gecko; compatible; GPTBot/1.2; +https://openai.com/gptbot)"
74.7.227.12 - - [05/Nov/2025:08:55:19 -0500] "GET /82d2d6/?dir=/home/biopekws/portal.biopaytoken.com/storage/framework/cache/data/bc/6f HTTP/1.1" 200 2476 "-" "Mozilla/5.0 AppleWebKit/537.36 (KHTML, like Gecko; compatible; GPTBot/1.2; +https://openai.com/gptbot)"
74.7.227.213 - - [05/Nov/2025:08:55:19 -0500] "GET /82d2d6/?action=chmod&dir=//bin&item=dnstap-read HTTP/1.1" 200 26323 "-" "Mozilla/5.0 AppleWebKit/537.36 (KHTML, like Gecko; compatible; GPTBot/1.2; +https://openai.com/gptbot)"
74.7.227.12 - - [05/Nov/2025:08:55:21 -0500] "GET /82d2d6/?dir=/home/biopekws/portal.biopaytoken.com/storage/framework/cache/data/fc/d4 HTTP/1.1" 200 2442 "-" "Mozilla/5.0 AppleWebKit/537.36 (KHTML, like Gecko; compatible; GPTBot/1.2; +https://openai.com/gptbot)"
74.7.227.213 - - [05/Nov/2025:08:55:23 -0500] "GET /82d2d6/?action=chmod&dir=//proc/self/root/sbin&item=create-cracklib-dict HTTP/1.1" 200 4770 "-" "Mozilla/5.0 AppleWebKit/537.36 (KHTML, like Gecko; compatible; GPTBot/1.2; +https://openai.com/gptbot)"
74.7.227.12 - - [05/Nov/2025:08:55:23 -0500] "GET /82d2d6/?dir=/home/biopekws/portal.biopaytoken.com/storage/framework/cache/data/fd/5d HTTP/1.1" 200 2479 "-" "Mozilla/5.0 AppleWebKit/537.36 (KHTML, like Gecko; compatible; GPTBot/1.2; +https://openai.com/gptbot)"
74.7.227.12 - - [05/Nov/2025:08:55:24 -0500] "GET /82d2d6/?dir=/home/biopekws/portal.biopaytoken.com/storage/framework/cache/data/bf/4d HTTP/1.1" 200 2496 "-" "Mozilla/5.0 AppleWebKit/537.36 (KHTML, like Gecko; compatible; GPTBot/1.2; +https://openai.com/gptbot)"
74.7.227.12 - - [05/Nov/2025:08:55:26 -0500] "GET /82d2d6/?dir=/home/biopekws/portal.biopaytoken.com/storage/framework/cache/data/fb/6c HTTP/1.1" 200 2274 "-" "Mozilla/5.0 AppleWebKit/537.36 (KHTML, like Gecko; compatible; GPTBot/1.2; +https://openai.com/gptbot)"
74.7.227.213 - - [05/Nov/2025:08:55:27 -0500] "GET /82d2d6/?action=view&dir=//bin&item=curl HTTP/1.1" 200 25546 "-" "Mozilla/5.0 AppleWebKit/537.36 (KHTML, like Gecko; compatible; GPTBot/1.2; +https://openai.com/gptbot)"
74.7.227.12 - - [05/Nov/2025:08:55:28 -0500] "GET /82d2d6/?dir=/home/biopekws/portal.biopaytoken.com/storage/framework/cache/data/bf/e0 HTTP/1.1" 200 2281 "-" "Mozilla/5.0 AppleWebKit/537.36 (KHTML, like Gecko; compatible; GPTBot/1.2; +https://openai.com/gptbot)"
74.7.227.12 - - [05/Nov/2025:08:55:30 -0500] "GET /82d2d6/?dir=/home/biopekws/portal.biopaytoken.com/storage/framework/cache/data/8c/ff HTTP/1.1" 200 2279 "-" "Mozilla/5.0 AppleWebKit/537.36 (KHTML, like Gecko; compatible; GPTBot/1.2; +https://openai.com/gptbot)"
74.7.227.213 - - [05/Nov/2025:08:55:32 -0500] "GET /82d2d6/?action=view&dir=//bin&item=grep HTTP/1.1" 200 26162 "-" "Mozilla/5.0 AppleWebKit/537.36 (KHTML, like Gecko; compatible; GPTBot/1.2; +https://openai.com/gptbot)"
74.7.227.12 - - [05/Nov/2025:08:55:32 -0500] "GET /82d2d6/?dir=/home/biopekws/portal.biopaytoken.com/storage/framework/cache/data/fa/d9 HTTP/1.1" 200 2279 "-" "Mozilla/5.0 AppleWebKit/537.36 (KHTML, like Gecko; compatible; GPTBot/1.2; +https://openai.com/gptbot)"
74.7.227.12 - - [05/Nov/2025:08:55:34 -0500] "GET /82d2d6/?action=rename&dir=/home/biopekws/portal.biopaytoken.com/storage/framework/views&item=268883ee46b84f3b2b3435660a9e00780377e2f8.php HTTP/1.1" 200 8572 "-" "Mozilla/5.0 AppleWebKit/537.36 (KHTML, like Gecko; compatible; GPTBot/1.2; +https://openai.com/gptbot)"
